| Back to Multiple platform build/check report for BioC 3.22: simplified long |
|
This page was generated on 2025-10-25 12:04 -0400 (Sat, 25 Oct 2025).
| Hostname | OS | Arch (*) | R version | Installed pkgs |
|---|---|---|---|---|
| nebbiolo2 | Linux (Ubuntu 24.04.3 LTS) | x86_64 | 4.5.1 Patched (2025-08-23 r88802) -- "Great Square Root" | 4901 |
| lconway | macOS 12.7.6 Monterey | x86_64 | 4.5.1 Patched (2025-09-10 r88807) -- "Great Square Root" | 4691 |
| kjohnson3 | macOS 13.7.7 Ventura | arm64 | 4.5.1 Patched (2025-09-10 r88807) -- "Great Square Root" | 4637 |
| taishan | Linux (openEuler 24.03 LTS) | aarch64 | 4.5.0 (2025-04-11) -- "How About a Twenty-Six" | 4658 |
| Click on any hostname to see more info about the system (e.g. compilers) (*) as reported by 'uname -p', except on Windows and Mac OS X | ||||
| Package 362/2361 | Hostname | OS / Arch | INSTALL | BUILD | CHECK | BUILD BIN | ||||||||
| ChromSCape 1.19.1 (landing page) Pacome Prompsy
| nebbiolo2 | Linux (Ubuntu 24.04.3 LTS) / x86_64 | OK | OK | WARNINGS | |||||||||
| lconway | macOS 12.7.6 Monterey / x86_64 | OK | OK | WARNINGS | OK | |||||||||
| kjohnson3 | macOS 13.7.7 Ventura / arm64 | OK | OK | WARNINGS | OK | |||||||||
| taishan | Linux (openEuler 24.03 LTS) / aarch64 | OK | NA | NA | ||||||||||
|
To the developers/maintainers of the ChromSCape package: - Allow up to 24 hours (and sometimes 48 hours) for your latest push to git@git.bioconductor.org:packages/ChromSCape.git to reflect on this report. See Troubleshooting Build Report for more information. - Use the following Renviron settings to reproduce errors and warnings. - If 'R CMD check' started to fail recently on the Linux builder(s) over a missing dependency, add the missing dependency to 'Suggests:' in your DESCRIPTION file. See Renviron.bioc for more information. |
| Package: ChromSCape |
| Version: 1.19.1 |
| Command: /Library/Frameworks/R.framework/Resources/bin/R CMD check --install=check:ChromSCape.install-out.txt --library=/Library/Frameworks/R.framework/Resources/library --no-vignettes --timings ChromSCape_1.19.1.tar.gz |
| StartedAt: 2025-10-24 20:11:29 -0400 (Fri, 24 Oct 2025) |
| EndedAt: 2025-10-24 20:26:32 -0400 (Fri, 24 Oct 2025) |
| EllapsedTime: 903.0 seconds |
| RetCode: 0 |
| Status: WARNINGS |
| CheckDir: ChromSCape.Rcheck |
| Warnings: 1 |
##############################################################################
##############################################################################
###
### Running command:
###
### /Library/Frameworks/R.framework/Resources/bin/R CMD check --install=check:ChromSCape.install-out.txt --library=/Library/Frameworks/R.framework/Resources/library --no-vignettes --timings ChromSCape_1.19.1.tar.gz
###
##############################################################################
##############################################################################
* using log directory ‘/Users/biocbuild/bbs-3.22-bioc/meat/ChromSCape.Rcheck’
* using R version 4.5.1 Patched (2025-09-10 r88807)
* using platform: x86_64-apple-darwin20
* R was compiled by
Apple clang version 14.0.0 (clang-1400.0.29.202)
GNU Fortran (GCC) 14.2.0
* running under: macOS Monterey 12.7.6
* using session charset: UTF-8
* using option ‘--no-vignettes’
* checking for file ‘ChromSCape/DESCRIPTION’ ... OK
* this is package ‘ChromSCape’ version ‘1.19.1’
* package encoding: UTF-8
* checking package namespace information ... OK
* checking package dependencies ... INFO
Imports includes 51 non-default packages.
Importing from so many packages makes the package vulnerable to any of
them becoming unavailable. Move as many as possible to Suggests and
use conditionally.
* checking if this is a source package ... OK
* checking if there is a namespace ... OK
* checking for hidden files and directories ... NOTE
Found the following hidden files and directories:
.BBSoptions
These were most likely included in error. See section ‘Package
structure’ in the ‘Writing R Extensions’ manual.
* checking for portable file names ... OK
* checking for sufficient/correct file permissions ... OK
* checking whether package ‘ChromSCape’ can be installed ... OK
* used C++ compiler: ‘Apple clang version 14.0.0 (clang-1400.0.29.202)’
* used SDK: ‘MacOSX11.3.1.sdk’
* checking installed package size ... OK
* checking package directory ... OK
* checking ‘build’ directory ... OK
* checking DESCRIPTION meta-information ... OK
* checking top-level files ... OK
* checking for left-over files ... OK
* checking index information ... OK
* checking package subdirectories ... OK
* checking code files for non-ASCII characters ... OK
* checking R files for syntax errors ... OK
* checking whether the package can be loaded ... OK
* checking whether the package can be loaded with stated dependencies ... OK
* checking whether the package can be unloaded cleanly ... OK
* checking whether the namespace can be loaded with stated dependencies ... OK
* checking whether the namespace can be unloaded cleanly ... OK
* checking whether startup messages can be suppressed ... OK
* checking dependencies in R code ... WARNING
'loadNamespace' or 'requireNamespace' call not declared from: ‘flexdashboard’
* checking S3 generic/method consistency ... OK
* checking replacement functions ... OK
* checking foreign function calls ... OK
* checking R code for possible problems ... NOTE
bams_to_matrix_indexes: no visible binding for global variable
‘files_dir_list’
enrich_TF_ChEA3_genes: no visible binding for global variable
‘CheA3_TF_nTargets’
filter_correlated_cell_scExp: no visible binding for global variable
‘run_tsne’
generate_analysis: no visible global function definition for ‘head’
generate_analysis: no visible binding for global variable ‘k’
generate_analysis: no visible binding for global variable
‘clusterConsensus’
get_most_variable_cyto: no visible binding for global variable
‘cytoBand’
get_most_variable_cyto: no visible binding for global variable
‘Fri_cyto’
num_cell_after_QC_filt_scExp: no visible binding for global variable
‘sample_id’
num_cell_after_QC_filt_scExp: no visible binding for global variable
‘total_counts’
num_cell_scExp: no visible binding for global variable ‘sample_id’
num_cell_scExp: no visible binding for global variable ‘total_counts’
plot_correlation_PCA_scExp: no visible binding for global variable
‘Component’
plot_coverage_BigWig: no visible binding for global variable ‘molecule’
plot_coverage_BigWig: no visible binding for global variable
‘orientation’
plot_coverage_BigWig: no visible binding for global variable ‘Gene’
plot_gain_or_loss_barplots: no visible binding for global variable
‘Gain_or_Loss’
plot_gain_or_loss_barplots: no visible binding for global variable
‘ncells’
plot_gain_or_loss_barplots: no visible binding for global variable
‘cytoBand’
plot_most_contributing_features: no visible binding for global variable
‘genes’
plot_percent_active_feature_scExp: no visible binding for global
variable ‘group’
plot_percent_active_feature_scExp: no visible binding for global
variable ‘percent_active’
plot_pie_most_contributing_chr: no visible binding for global variable
‘absolute_value’
plot_reduced_dim_scExp: no visible binding for global variable ‘V1’
plot_reduced_dim_scExp: no visible binding for global variable ‘V2’
plot_reduced_dim_scExp: no visible binding for global variable
‘cluster’
plot_top_TF_scExp: no visible binding for global variable ‘TF’
rebin_helper: no visible binding for global variable ‘new_row’
rebin_helper: no visible binding for global variable ‘origin_value’
rebin_matrix: no visible binding for global variable ‘group’
subset_bam_call_peaks: no visible binding for global variable
‘merged_bam’
Undefined global functions or variables:
CheA3_TF_nTargets Component Fri_cyto Gain_or_Loss Gene TF V1 V2
absolute_value cluster clusterConsensus cytoBand files_dir_list genes
group head k merged_bam molecule ncells new_row orientation
origin_value percent_active run_tsne sample_id total_counts
Consider adding
importFrom("utils", "head")
to your NAMESPACE file.
* checking Rd files ... OK
* checking Rd metadata ... OK
* checking Rd cross-references ... OK
* checking for missing documentation entries ... OK
* checking for code/documentation mismatches ... OK
* checking Rd \usage sections ... OK
* checking Rd contents ... OK
* checking for unstated dependencies in examples ... OK
* checking contents of ‘data’ directory ... OK
* checking data for non-ASCII characters ... OK
* checking data for ASCII and uncompressed saves ... OK
* checking line endings in C/C++/Fortran sources/headers ... OK
* checking compiled code ... NOTE
Note: information on .o files is not available
* checking files in ‘vignettes’ ... OK
* checking examples ... OK
Examples with CPU (user + system) or elapsed time > 5s
user system elapsed
get_pathway_mat_scExp 85.894 8.166 94.682
plot_gain_or_loss_barplots 56.973 0.525 57.797
calculate_CNA 28.990 1.712 30.855
plot_reduced_dim_scExp_CNA 28.307 0.265 28.734
calculate_gain_or_loss 27.399 0.710 28.293
calculate_logRatio_CNA 26.587 0.837 27.576
calculate_cyto_mat 26.553 0.833 27.546
get_most_variable_cyto 25.435 0.275 25.859
get_cyto_features 23.066 0.179 23.387
num_cell_after_cor_filt_scExp 13.093 0.151 13.305
filter_correlated_cell_scExp 10.112 0.129 10.299
preprocessing_filtering_and_reduction 10.006 0.202 10.242
import_scExp 8.351 1.048 9.452
rebin_matrix 7.970 0.065 25.122
create_scDataset_raw 7.071 0.540 7.667
CompareWilcox 6.766 0.489 6.713
differential_activation 6.187 0.065 6.293
CompareedgeRGLM 5.164 0.329 5.525
enrich_TF_ChEA3_scExp 1.181 0.101 5.318
* checking for unstated dependencies in ‘tests’ ... OK
* checking tests ...
Running ‘testthat.R’
OK
* checking for unstated dependencies in vignettes ... OK
* checking package vignettes ... OK
* checking running R code from vignettes ... SKIPPED
* checking re-building of vignette outputs ... SKIPPED
* checking PDF version of manual ... OK
* DONE
Status: 1 WARNING, 3 NOTEs
See
‘/Users/biocbuild/bbs-3.22-bioc/meat/ChromSCape.Rcheck/00check.log’
for details.
ChromSCape.Rcheck/00install.out
############################################################################## ############################################################################## ### ### Running command: ### ### /Library/Frameworks/R.framework/Resources/bin/R CMD INSTALL ChromSCape ### ############################################################################## ############################################################################## * installing to library ‘/Library/Frameworks/R.framework/Versions/4.5-x86_64/Resources/library’ * installing *source* package ‘ChromSCape’ ... ** this is package ‘ChromSCape’ version ‘1.19.1’ ** using staged installation ** libs using C++ compiler: ‘Apple clang version 14.0.0 (clang-1400.0.29.202)’ using SDK: ‘MacOSX11.3.1.sdk’ clang++ -arch x86_64 -std=gnu++17 -I"/Library/Frameworks/R.framework/Resources/include" -DNDEBUG -I'/Library/Frameworks/R.framework/Versions/4.5-x86_64/Resources/library/Rcpp/include' -I/opt/R/x86_64/include -fPIC -falign-functions=64 -Wall -g -O2 -c RcppExports.cpp -o RcppExports.o clang++ -arch x86_64 -std=gnu++17 -I"/Library/Frameworks/R.framework/Resources/include" -DNDEBUG -I'/Library/Frameworks/R.framework/Versions/4.5-x86_64/Resources/library/Rcpp/include' -I/opt/R/x86_64/include -fPIC -falign-functions=64 -Wall -g -O2 -c as_dist.cpp -o as_dist.o clang++ -arch x86_64 -std=gnu++17 -dynamiclib -Wl,-headerpad_max_install_names -undefined dynamic_lookup -L/Library/Frameworks/R.framework/Resources/lib -L/opt/R/x86_64/lib -o ChromSCape.so RcppExports.o as_dist.o -F/Library/Frameworks/R.framework/.. -framework R installing to /Library/Frameworks/R.framework/Versions/4.5-x86_64/Resources/library/00LOCK-ChromSCape/00new/ChromSCape/libs ** R ** data ** inst ** byte-compile and prepare package for lazy loading ** help *** installing help indices ** building package indices ** installing vignettes ** testing if installed package can be loaded from temporary location ** checking absolute paths in shared objects and dynamic libraries ** testing if installed package can be loaded from final location ** testing if installed package keeps a record of temporary installation path * DONE (ChromSCape)
ChromSCape.Rcheck/tests/testthat.Rout
R version 4.5.1 Patched (2025-09-10 r88807) -- "Great Square Root"
Copyright (C) 2025 The R Foundation for Statistical Computing
Platform: x86_64-apple-darwin20
R is free software and comes with ABSOLUTELY NO WARRANTY.
You are welcome to redistribute it under certain conditions.
Type 'license()' or 'licence()' for distribution details.
R is a collaborative project with many contributors.
Type 'contributors()' for more information and
'citation()' on how to cite R or R packages in publications.
Type 'demo()' for some demos, 'help()' for on-line help, or
'help.start()' for an HTML browser interface to help.
Type 'q()' to quit R.
> library(testthat)
> library(ChromSCape)
>
> test_check("ChromSCape")
[ FAIL 0 | WARN 2 | SKIP 0 | PASS 11 ]
[ FAIL 0 | WARN 2 | SKIP 0 | PASS 11 ]
>
> proc.time()
user system elapsed
40.901 3.295 44.269
ChromSCape.Rcheck/ChromSCape-Ex.timings
| name | user | system | elapsed | |
| CheA3_TF_nTargets | 0.007 | 0.003 | 0.009 | |
| CompareWilcox | 6.766 | 0.489 | 6.713 | |
| CompareedgeRGLM | 5.164 | 0.329 | 5.525 | |
| annotToCol2 | 1.094 | 0.048 | 1.149 | |
| calculate_CNA | 28.990 | 1.712 | 30.855 | |
| calculate_cyto_mat | 26.553 | 0.833 | 27.546 | |
| calculate_gain_or_loss | 27.399 | 0.710 | 28.293 | |
| calculate_logRatio_CNA | 26.587 | 0.837 | 27.576 | |
| choose_cluster_scExp | 3.490 | 0.495 | 4.026 | |
| colors_scExp | 0.349 | 0.007 | 0.359 | |
| consensus_clustering_scExp | 3.127 | 0.498 | 3.663 | |
| correlation_and_hierarchical_clust_scExp | 0.359 | 0.008 | 0.369 | |
| create_project_folder | 0.001 | 0.002 | 0.003 | |
| create_scDataset_raw | 7.071 | 0.540 | 7.667 | |
| create_scExp | 0.520 | 0.008 | 0.532 | |
| define_feature | 0.157 | 0.005 | 0.162 | |
| detect_samples | 1.066 | 0.074 | 1.153 | |
| differential_activation | 6.187 | 0.065 | 6.293 | |
| differential_analysis_scExp | 3.281 | 0.040 | 3.341 | |
| enrich_TF_ChEA3_genes | 0.592 | 0.172 | 1.971 | |
| enrich_TF_ChEA3_scExp | 1.181 | 0.101 | 5.318 | |
| exclude_features_scExp | 0.454 | 0.007 | 0.465 | |
| feature_annotation_scExp | 1.490 | 0.081 | 1.577 | |
| filter_correlated_cell_scExp | 10.112 | 0.129 | 10.299 | |
| filter_scExp | 0.597 | 0.008 | 0.609 | |
| find_clusters_louvain_scExp | 0.398 | 0.011 | 0.410 | |
| find_top_features | 0.415 | 0.008 | 0.426 | |
| gene_set_enrichment_analysis_scExp | 0.293 | 0.007 | 0.305 | |
| generate_analysis | 0.000 | 0.000 | 0.001 | |
| generate_coverage_tracks | 0 | 0 | 0 | |
| generate_report | 0 | 0 | 0 | |
| getExperimentNames | 0.310 | 0.007 | 0.320 | |
| getMainExperiment | 0.339 | 0.010 | 0.352 | |
| get_cyto_features | 23.066 | 0.179 | 23.387 | |
| get_genomic_coordinates | 0.436 | 0.005 | 0.444 | |
| get_most_variable_cyto | 25.435 | 0.275 | 25.859 | |
| get_pathway_mat_scExp | 85.894 | 8.166 | 94.682 | |
| has_genomic_coordinates | 0.669 | 0.021 | 0.691 | |
| import_scExp | 8.351 | 1.048 | 9.452 | |
| inter_correlation_scExp | 0.411 | 0.020 | 0.434 | |
| intra_correlation_scExp | 0.463 | 0.014 | 0.481 | |
| launchApp | 0.000 | 0.001 | 0.000 | |
| normalize_scExp | 0.471 | 0.027 | 0.503 | |
| num_cell_after_QC_filt_scExp | 0.489 | 0.008 | 0.500 | |
| num_cell_after_cor_filt_scExp | 13.093 | 0.151 | 13.305 | |
| num_cell_before_cor_filt_scExp | 0.267 | 0.012 | 0.281 | |
| num_cell_in_cluster_scExp | 0.468 | 0.011 | 0.482 | |
| num_cell_scExp | 0.381 | 0.005 | 0.389 | |
| plot_cluster_consensus_scExp | 1.211 | 0.023 | 1.244 | |
| plot_correlation_PCA_scExp | 1.465 | 0.067 | 1.544 | |
| plot_coverage_BigWig | 0.281 | 0.012 | 0.295 | |
| plot_differential_summary_scExp | 0.309 | 0.011 | 0.323 | |
| plot_differential_volcano_scExp | 0.390 | 0.015 | 0.407 | |
| plot_distribution_scExp | 0.527 | 0.020 | 0.551 | |
| plot_gain_or_loss_barplots | 56.973 | 0.525 | 57.797 | |
| plot_heatmap_scExp | 0.382 | 0.017 | 0.402 | |
| plot_inter_correlation_scExp | 0.754 | 0.016 | 0.774 | |
| plot_intra_correlation_scExp | 0.751 | 0.024 | 0.780 | |
| plot_most_contributing_features | 0.620 | 0.018 | 0.644 | |
| plot_percent_active_feature_scExp | 0.650 | 0.014 | 0.669 | |
| plot_pie_most_contributing_chr | 0.374 | 0.007 | 0.383 | |
| plot_reduced_dim_scExp | 1.996 | 0.054 | 2.069 | |
| plot_reduced_dim_scExp_CNA | 28.307 | 0.265 | 28.734 | |
| plot_top_TF_scExp | 0.744 | 0.016 | 0.767 | |
| plot_violin_feature_scExp | 0.813 | 0.022 | 0.840 | |
| preprocess_CPM | 0.460 | 0.027 | 0.489 | |
| preprocess_RPKM | 0.469 | 0.022 | 0.493 | |
| preprocess_TFIDF | 0.423 | 0.023 | 0.450 | |
| preprocess_TPM | 0.518 | 0.111 | 0.634 | |
| preprocess_feature_size_only | 0.406 | 0.024 | 0.432 | |
| preprocessing_filtering_and_reduction | 10.006 | 0.202 | 10.242 | |
| read_sparse_matrix | 0.000 | 0.001 | 0.001 | |
| rebin_matrix | 7.970 | 0.065 | 25.122 | |
| reduce_dims_scExp | 1.908 | 0.102 | 2.019 | |
| scExp | 1.243 | 0.041 | 1.292 | |
| subsample_scExp | 0.659 | 0.045 | 0.710 | |
| subset_bam_call_peaks | 0.000 | 0.000 | 0.001 | |
| summary_DA | 0.314 | 0.019 | 0.334 | |
| swapAltExp_sameColData | 0.365 | 0.009 | 0.376 | |
| table_enriched_genes_scExp | 0.271 | 0.012 | 0.286 | |
| wrapper_Signac_FeatureMatrix | 0 | 0 | 0 | |