| Back to Multiple platform build/check report for BioC 3.22: simplified long |
|
This page was generated on 2025-10-25 12:05 -0400 (Sat, 25 Oct 2025).
| Hostname | OS | Arch (*) | R version | Installed pkgs |
|---|---|---|---|---|
| nebbiolo2 | Linux (Ubuntu 24.04.3 LTS) | x86_64 | 4.5.1 Patched (2025-08-23 r88802) -- "Great Square Root" | 4901 |
| lconway | macOS 12.7.6 Monterey | x86_64 | 4.5.1 Patched (2025-09-10 r88807) -- "Great Square Root" | 4691 |
| kjohnson3 | macOS 13.7.7 Ventura | arm64 | 4.5.1 Patched (2025-09-10 r88807) -- "Great Square Root" | 4637 |
| taishan | Linux (openEuler 24.03 LTS) | aarch64 | 4.5.0 (2025-04-11) -- "How About a Twenty-Six" | 4658 |
| Click on any hostname to see more info about the system (e.g. compilers) (*) as reported by 'uname -p', except on Windows and Mac OS X | ||||
| Package 362/2361 | Hostname | OS / Arch | INSTALL | BUILD | CHECK | BUILD BIN | ||||||||
| ChromSCape 1.19.1 (landing page) Pacome Prompsy
| nebbiolo2 | Linux (Ubuntu 24.04.3 LTS) / x86_64 | OK | OK | WARNINGS | |||||||||
| lconway | macOS 12.7.6 Monterey / x86_64 | OK | OK | WARNINGS | OK | |||||||||
| kjohnson3 | macOS 13.7.7 Ventura / arm64 | OK | OK | WARNINGS | OK | |||||||||
| taishan | Linux (openEuler 24.03 LTS) / aarch64 | OK | NA | NA | ||||||||||
|
To the developers/maintainers of the ChromSCape package: - Allow up to 24 hours (and sometimes 48 hours) for your latest push to git@git.bioconductor.org:packages/ChromSCape.git to reflect on this report. See Troubleshooting Build Report for more information. - Use the following Renviron settings to reproduce errors and warnings. - If 'R CMD check' started to fail recently on the Linux builder(s) over a missing dependency, add the missing dependency to 'Suggests:' in your DESCRIPTION file. See Renviron.bioc for more information. |
| Package: ChromSCape |
| Version: 1.19.1 |
| Command: /Library/Frameworks/R.framework/Resources/bin/R CMD check --install=check:ChromSCape.install-out.txt --library=/Library/Frameworks/R.framework/Resources/library --no-vignettes --timings ChromSCape_1.19.1.tar.gz |
| StartedAt: 2025-10-24 18:59:05 -0400 (Fri, 24 Oct 2025) |
| EndedAt: 2025-10-24 19:04:04 -0400 (Fri, 24 Oct 2025) |
| EllapsedTime: 299.6 seconds |
| RetCode: 0 |
| Status: WARNINGS |
| CheckDir: ChromSCape.Rcheck |
| Warnings: 1 |
##############################################################################
##############################################################################
###
### Running command:
###
### /Library/Frameworks/R.framework/Resources/bin/R CMD check --install=check:ChromSCape.install-out.txt --library=/Library/Frameworks/R.framework/Resources/library --no-vignettes --timings ChromSCape_1.19.1.tar.gz
###
##############################################################################
##############################################################################
* using log directory ‘/Users/biocbuild/bbs-3.22-bioc/meat/ChromSCape.Rcheck’
* using R version 4.5.1 Patched (2025-09-10 r88807)
* using platform: aarch64-apple-darwin20
* R was compiled by
Apple clang version 16.0.0 (clang-1600.0.26.6)
GNU Fortran (GCC) 14.2.0
* running under: macOS Ventura 13.7.7
* using session charset: UTF-8
* using option ‘--no-vignettes’
* checking for file ‘ChromSCape/DESCRIPTION’ ... OK
* this is package ‘ChromSCape’ version ‘1.19.1’
* package encoding: UTF-8
* checking package namespace information ... OK
* checking package dependencies ... INFO
Imports includes 51 non-default packages.
Importing from so many packages makes the package vulnerable to any of
them becoming unavailable. Move as many as possible to Suggests and
use conditionally.
* checking if this is a source package ... OK
* checking if there is a namespace ... OK
* checking for hidden files and directories ... NOTE
Found the following hidden files and directories:
.BBSoptions
These were most likely included in error. See section ‘Package
structure’ in the ‘Writing R Extensions’ manual.
* checking for portable file names ... OK
* checking for sufficient/correct file permissions ... OK
* checking whether package ‘ChromSCape’ can be installed ... OK
* used C++ compiler: ‘Apple clang version 15.0.0 (clang-1500.1.0.2.5)’
* used SDK: ‘MacOSX11.3.1.sdk’
* checking installed package size ... OK
* checking package directory ... OK
* checking ‘build’ directory ... OK
* checking DESCRIPTION meta-information ... OK
* checking top-level files ... OK
* checking for left-over files ... OK
* checking index information ... OK
* checking package subdirectories ... OK
* checking code files for non-ASCII characters ... OK
* checking R files for syntax errors ... OK
* checking whether the package can be loaded ... OK
* checking whether the package can be loaded with stated dependencies ... OK
* checking whether the package can be unloaded cleanly ... OK
* checking whether the namespace can be loaded with stated dependencies ... OK
* checking whether the namespace can be unloaded cleanly ... OK
* checking whether startup messages can be suppressed ... OK
* checking dependencies in R code ... WARNING
'loadNamespace' or 'requireNamespace' call not declared from: ‘flexdashboard’
* checking S3 generic/method consistency ... OK
* checking replacement functions ... OK
* checking foreign function calls ... OK
* checking R code for possible problems ... NOTE
bams_to_matrix_indexes: no visible binding for global variable
‘files_dir_list’
enrich_TF_ChEA3_genes: no visible binding for global variable
‘CheA3_TF_nTargets’
filter_correlated_cell_scExp: no visible binding for global variable
‘run_tsne’
generate_analysis: no visible global function definition for ‘head’
generate_analysis: no visible binding for global variable ‘k’
generate_analysis: no visible binding for global variable
‘clusterConsensus’
get_most_variable_cyto: no visible binding for global variable
‘cytoBand’
get_most_variable_cyto: no visible binding for global variable
‘Fri_cyto’
num_cell_after_QC_filt_scExp: no visible binding for global variable
‘sample_id’
num_cell_after_QC_filt_scExp: no visible binding for global variable
‘total_counts’
num_cell_scExp: no visible binding for global variable ‘sample_id’
num_cell_scExp: no visible binding for global variable ‘total_counts’
plot_correlation_PCA_scExp: no visible binding for global variable
‘Component’
plot_coverage_BigWig: no visible binding for global variable ‘molecule’
plot_coverage_BigWig: no visible binding for global variable
‘orientation’
plot_coverage_BigWig: no visible binding for global variable ‘Gene’
plot_gain_or_loss_barplots: no visible binding for global variable
‘Gain_or_Loss’
plot_gain_or_loss_barplots: no visible binding for global variable
‘ncells’
plot_gain_or_loss_barplots: no visible binding for global variable
‘cytoBand’
plot_most_contributing_features: no visible binding for global variable
‘genes’
plot_percent_active_feature_scExp: no visible binding for global
variable ‘group’
plot_percent_active_feature_scExp: no visible binding for global
variable ‘percent_active’
plot_pie_most_contributing_chr: no visible binding for global variable
‘absolute_value’
plot_reduced_dim_scExp: no visible binding for global variable ‘V1’
plot_reduced_dim_scExp: no visible binding for global variable ‘V2’
plot_reduced_dim_scExp: no visible binding for global variable
‘cluster’
plot_top_TF_scExp: no visible binding for global variable ‘TF’
rebin_helper: no visible binding for global variable ‘new_row’
rebin_helper: no visible binding for global variable ‘origin_value’
rebin_matrix: no visible binding for global variable ‘group’
subset_bam_call_peaks: no visible binding for global variable
‘merged_bam’
Undefined global functions or variables:
CheA3_TF_nTargets Component Fri_cyto Gain_or_Loss Gene TF V1 V2
absolute_value cluster clusterConsensus cytoBand files_dir_list genes
group head k merged_bam molecule ncells new_row orientation
origin_value percent_active run_tsne sample_id total_counts
Consider adding
importFrom("utils", "head")
to your NAMESPACE file.
* checking Rd files ... OK
* checking Rd metadata ... OK
* checking Rd cross-references ... OK
* checking for missing documentation entries ... OK
* checking for code/documentation mismatches ... OK
* checking Rd \usage sections ... OK
* checking Rd contents ... OK
* checking for unstated dependencies in examples ... OK
* checking contents of ‘data’ directory ... OK
* checking data for non-ASCII characters ... OK
* checking data for ASCII and uncompressed saves ... OK
* checking line endings in C/C++/Fortran sources/headers ... OK
* checking compiled code ... NOTE
Note: information on .o files is not available
* checking files in ‘vignettes’ ... OK
* checking examples ... OK
Examples with CPU (user + system) or elapsed time > 5s
user system elapsed
get_pathway_mat_scExp 27.637 1.248 29.585
plot_gain_or_loss_barplots 15.226 0.155 15.821
calculate_CNA 6.986 0.824 7.826
plot_reduced_dim_scExp_CNA 7.554 0.043 7.598
calculate_logRatio_CNA 7.041 0.268 7.334
calculate_gain_or_loss 6.532 0.188 6.762
calculate_cyto_mat 6.468 0.201 6.828
get_most_variable_cyto 6.540 0.099 6.661
num_cell_after_cor_filt_scExp 5.681 0.034 6.178
get_cyto_features 5.498 0.066 5.586
rebin_matrix 3.359 0.017 9.379
* checking for unstated dependencies in ‘tests’ ... OK
* checking tests ...
Running ‘testthat.R’
OK
* checking for unstated dependencies in vignettes ... OK
* checking package vignettes ... OK
* checking running R code from vignettes ... SKIPPED
* checking re-building of vignette outputs ... SKIPPED
* checking PDF version of manual ... OK
* DONE
Status: 1 WARNING, 3 NOTEs
See
‘/Users/biocbuild/bbs-3.22-bioc/meat/ChromSCape.Rcheck/00check.log’
for details.
ChromSCape.Rcheck/00install.out
############################################################################## ############################################################################## ### ### Running command: ### ### /Library/Frameworks/R.framework/Resources/bin/R CMD INSTALL ChromSCape ### ############################################################################## ############################################################################## * installing to library ‘/Library/Frameworks/R.framework/Versions/4.5-arm64/Resources/library’ * installing *source* package ‘ChromSCape’ ... ** this is package ‘ChromSCape’ version ‘1.19.1’ ** using staged installation ** libs using C++ compiler: ‘Apple clang version 15.0.0 (clang-1500.1.0.2.5)’ using SDK: ‘MacOSX11.3.1.sdk’ clang++ -arch arm64 -std=gnu++17 -I"/Library/Frameworks/R.framework/Resources/include" -DNDEBUG -I'/Library/Frameworks/R.framework/Versions/4.5-arm64/Resources/library/Rcpp/include' -I/opt/R/arm64/include -fPIC -falign-functions=64 -Wall -g -O2 -c RcppExports.cpp -o RcppExports.o clang++ -arch arm64 -std=gnu++17 -I"/Library/Frameworks/R.framework/Resources/include" -DNDEBUG -I'/Library/Frameworks/R.framework/Versions/4.5-arm64/Resources/library/Rcpp/include' -I/opt/R/arm64/include -fPIC -falign-functions=64 -Wall -g -O2 -c as_dist.cpp -o as_dist.o clang++ -arch arm64 -std=gnu++17 -dynamiclib -Wl,-headerpad_max_install_names -undefined dynamic_lookup -L/Library/Frameworks/R.framework/Resources/lib -L/opt/R/arm64/lib -o ChromSCape.so RcppExports.o as_dist.o -F/Library/Frameworks/R.framework/.. -framework R installing to /Library/Frameworks/R.framework/Versions/4.5-arm64/Resources/library/00LOCK-ChromSCape/00new/ChromSCape/libs ** R ** data ** inst ** byte-compile and prepare package for lazy loading ** help *** installing help indices ** building package indices ** installing vignettes ** testing if installed package can be loaded from temporary location ** checking absolute paths in shared objects and dynamic libraries ** testing if installed package can be loaded from final location ** testing if installed package keeps a record of temporary installation path * DONE (ChromSCape)
ChromSCape.Rcheck/tests/testthat.Rout
R version 4.5.1 Patched (2025-09-10 r88807) -- "Great Square Root"
Copyright (C) 2025 The R Foundation for Statistical Computing
Platform: aarch64-apple-darwin20
R is free software and comes with ABSOLUTELY NO WARRANTY.
You are welcome to redistribute it under certain conditions.
Type 'license()' or 'licence()' for distribution details.
R is a collaborative project with many contributors.
Type 'contributors()' for more information and
'citation()' on how to cite R or R packages in publications.
Type 'demo()' for some demos, 'help()' for on-line help, or
'help.start()' for an HTML browser interface to help.
Type 'q()' to quit R.
> library(testthat)
> library(ChromSCape)
>
> test_check("ChromSCape")
[ FAIL 0 | WARN 2 | SKIP 0 | PASS 11 ]
[ FAIL 0 | WARN 2 | SKIP 0 | PASS 11 ]
>
> proc.time()
user system elapsed
16.274 1.196 17.642
ChromSCape.Rcheck/ChromSCape-Ex.timings
| name | user | system | elapsed | |
| CheA3_TF_nTargets | 0.003 | 0.002 | 0.005 | |
| CompareWilcox | 2.952 | 0.187 | 2.954 | |
| CompareedgeRGLM | 1.530 | 0.133 | 1.663 | |
| annotToCol2 | 0.321 | 0.032 | 0.359 | |
| calculate_CNA | 6.986 | 0.824 | 7.826 | |
| calculate_cyto_mat | 6.468 | 0.201 | 6.828 | |
| calculate_gain_or_loss | 6.532 | 0.188 | 6.762 | |
| calculate_logRatio_CNA | 7.041 | 0.268 | 7.334 | |
| choose_cluster_scExp | 1.273 | 0.264 | 1.544 | |
| colors_scExp | 0.118 | 0.004 | 0.125 | |
| consensus_clustering_scExp | 1.191 | 0.303 | 1.500 | |
| correlation_and_hierarchical_clust_scExp | 0.126 | 0.003 | 0.129 | |
| create_project_folder | 0.000 | 0.001 | 0.001 | |
| create_scDataset_raw | 3.023 | 0.236 | 3.298 | |
| create_scExp | 0.163 | 0.006 | 0.170 | |
| define_feature | 0.056 | 0.008 | 0.063 | |
| detect_samples | 0.545 | 0.011 | 0.557 | |
| differential_activation | 1.991 | 0.049 | 2.047 | |
| differential_analysis_scExp | 1.042 | 0.020 | 1.064 | |
| enrich_TF_ChEA3_genes | 0.203 | 0.055 | 1.453 | |
| enrich_TF_ChEA3_scExp | 0.422 | 0.050 | 4.415 | |
| exclude_features_scExp | 0.143 | 0.005 | 0.157 | |
| feature_annotation_scExp | 0.483 | 0.035 | 0.519 | |
| filter_correlated_cell_scExp | 4.569 | 0.031 | 4.628 | |
| filter_scExp | 0.166 | 0.008 | 0.174 | |
| find_clusters_louvain_scExp | 0.126 | 0.005 | 0.130 | |
| find_top_features | 0.136 | 0.006 | 0.145 | |
| gene_set_enrichment_analysis_scExp | 0.096 | 0.005 | 0.101 | |
| generate_analysis | 0 | 0 | 0 | |
| generate_coverage_tracks | 0 | 0 | 0 | |
| generate_report | 0 | 0 | 0 | |
| getExperimentNames | 0.106 | 0.002 | 0.110 | |
| getMainExperiment | 0.116 | 0.003 | 0.119 | |
| get_cyto_features | 5.498 | 0.066 | 5.586 | |
| get_genomic_coordinates | 0.127 | 0.006 | 0.132 | |
| get_most_variable_cyto | 6.540 | 0.099 | 6.661 | |
| get_pathway_mat_scExp | 27.637 | 1.248 | 29.585 | |
| has_genomic_coordinates | 0.220 | 0.011 | 0.235 | |
| import_scExp | 3.657 | 0.091 | 3.873 | |
| inter_correlation_scExp | 0.141 | 0.006 | 0.151 | |
| intra_correlation_scExp | 0.144 | 0.005 | 0.161 | |
| launchApp | 0 | 0 | 0 | |
| normalize_scExp | 0.137 | 0.011 | 0.171 | |
| num_cell_after_QC_filt_scExp | 0.142 | 0.010 | 0.167 | |
| num_cell_after_cor_filt_scExp | 5.681 | 0.034 | 6.178 | |
| num_cell_before_cor_filt_scExp | 0.095 | 0.005 | 0.106 | |
| num_cell_in_cluster_scExp | 0.148 | 0.003 | 0.161 | |
| num_cell_scExp | 0.116 | 0.007 | 0.132 | |
| plot_cluster_consensus_scExp | 0.371 | 0.027 | 0.422 | |
| plot_correlation_PCA_scExp | 0.421 | 0.011 | 0.439 | |
| plot_coverage_BigWig | 0.099 | 0.003 | 0.109 | |
| plot_differential_summary_scExp | 0.109 | 0.003 | 0.124 | |
| plot_differential_volcano_scExp | 0.130 | 0.009 | 0.154 | |
| plot_distribution_scExp | 0.174 | 0.003 | 0.177 | |
| plot_gain_or_loss_barplots | 15.226 | 0.155 | 15.821 | |
| plot_heatmap_scExp | 0.132 | 0.005 | 0.137 | |
| plot_inter_correlation_scExp | 0.233 | 0.005 | 0.237 | |
| plot_intra_correlation_scExp | 0.237 | 0.004 | 0.242 | |
| plot_most_contributing_features | 0.186 | 0.003 | 0.190 | |
| plot_percent_active_feature_scExp | 0.199 | 0.006 | 0.206 | |
| plot_pie_most_contributing_chr | 0.121 | 0.004 | 0.125 | |
| plot_reduced_dim_scExp | 0.544 | 0.006 | 0.550 | |
| plot_reduced_dim_scExp_CNA | 7.554 | 0.043 | 7.598 | |
| plot_top_TF_scExp | 0.227 | 0.015 | 0.242 | |
| plot_violin_feature_scExp | 0.240 | 0.011 | 0.251 | |
| preprocess_CPM | 0.128 | 0.010 | 0.138 | |
| preprocess_RPKM | 0.134 | 0.011 | 0.145 | |
| preprocess_TFIDF | 0.134 | 0.016 | 0.149 | |
| preprocess_TPM | 0.153 | 0.018 | 0.171 | |
| preprocess_feature_size_only | 0.127 | 0.013 | 0.140 | |
| preprocessing_filtering_and_reduction | 4.051 | 0.055 | 4.107 | |
| read_sparse_matrix | 0.000 | 0.001 | 0.000 | |
| rebin_matrix | 3.359 | 0.017 | 9.379 | |
| reduce_dims_scExp | 0.628 | 0.030 | 0.657 | |
| scExp | 0.371 | 0.013 | 0.385 | |
| subsample_scExp | 0.186 | 0.012 | 0.200 | |
| subset_bam_call_peaks | 0 | 0 | 0 | |
| summary_DA | 0.101 | 0.004 | 0.105 | |
| swapAltExp_sameColData | 0.127 | 0.005 | 0.131 | |
| table_enriched_genes_scExp | 0.095 | 0.003 | 0.098 | |
| wrapper_Signac_FeatureMatrix | 0.000 | 0.000 | 0.001 | |