| Back to Multiple platform build/check report for BioC 3.22: simplified long |
|
This page was generated on 2025-10-24 12:03 -0400 (Fri, 24 Oct 2025).
| Hostname | OS | Arch (*) | R version | Installed pkgs |
|---|---|---|---|---|
| nebbiolo2 | Linux (Ubuntu 24.04.3 LTS) | x86_64 | 4.5.1 Patched (2025-08-23 r88802) -- "Great Square Root" | 4898 |
| lconway | macOS 12.7.6 Monterey | x86_64 | 4.5.1 Patched (2025-09-10 r88807) -- "Great Square Root" | 4688 |
| kjohnson3 | macOS 13.7.7 Ventura | arm64 | 4.5.1 Patched (2025-09-10 r88807) -- "Great Square Root" | 4634 |
| taishan | Linux (openEuler 24.03 LTS) | aarch64 | 4.5.0 (2025-04-11) -- "How About a Twenty-Six" | 4658 |
| Click on any hostname to see more info about the system (e.g. compilers) (*) as reported by 'uname -p', except on Windows and Mac OS X | ||||
| Package 362/2359 | Hostname | OS / Arch | INSTALL | BUILD | CHECK | BUILD BIN | ||||||||
| ChromSCape 1.19.1 (landing page) Pacome Prompsy
| nebbiolo2 | Linux (Ubuntu 24.04.3 LTS) / x86_64 | OK | OK | WARNINGS | |||||||||
| lconway | macOS 12.7.6 Monterey / x86_64 | OK | OK | WARNINGS | OK | |||||||||
| kjohnson3 | macOS 13.7.7 Ventura / arm64 | OK | OK | WARNINGS | OK | |||||||||
| taishan | Linux (openEuler 24.03 LTS) / aarch64 | OK | OK | WARNINGS | ||||||||||
|
To the developers/maintainers of the ChromSCape package: - Allow up to 24 hours (and sometimes 48 hours) for your latest push to git@git.bioconductor.org:packages/ChromSCape.git to reflect on this report. See Troubleshooting Build Report for more information. - Use the following Renviron settings to reproduce errors and warnings. - If 'R CMD check' started to fail recently on the Linux builder(s) over a missing dependency, add the missing dependency to 'Suggests:' in your DESCRIPTION file. See Renviron.bioc for more information. |
| Package: ChromSCape |
| Version: 1.19.1 |
| Command: /home/biocbuild/bbs-3.22-bioc/R/bin/R CMD check --install=check:ChromSCape.install-out.txt --library=/home/biocbuild/bbs-3.22-bioc/R/site-library --timings ChromSCape_1.19.1.tar.gz |
| StartedAt: 2025-10-23 22:06:05 -0400 (Thu, 23 Oct 2025) |
| EndedAt: 2025-10-23 22:19:03 -0400 (Thu, 23 Oct 2025) |
| EllapsedTime: 777.8 seconds |
| RetCode: 0 |
| Status: WARNINGS |
| CheckDir: ChromSCape.Rcheck |
| Warnings: 1 |
##############################################################################
##############################################################################
###
### Running command:
###
### /home/biocbuild/bbs-3.22-bioc/R/bin/R CMD check --install=check:ChromSCape.install-out.txt --library=/home/biocbuild/bbs-3.22-bioc/R/site-library --timings ChromSCape_1.19.1.tar.gz
###
##############################################################################
##############################################################################
* using log directory ‘/home/biocbuild/bbs-3.22-bioc/meat/ChromSCape.Rcheck’
* using R version 4.5.1 Patched (2025-08-23 r88802)
* using platform: x86_64-pc-linux-gnu
* R was compiled by
gcc (Ubuntu 13.3.0-6ubuntu2~24.04) 13.3.0
GNU Fortran (Ubuntu 13.3.0-6ubuntu2~24.04) 13.3.0
* running under: Ubuntu 24.04.3 LTS
* using session charset: UTF-8
* checking for file ‘ChromSCape/DESCRIPTION’ ... OK
* this is package ‘ChromSCape’ version ‘1.19.1’
* package encoding: UTF-8
* checking package namespace information ... OK
* checking package dependencies ... INFO
Imports includes 51 non-default packages.
Importing from so many packages makes the package vulnerable to any of
them becoming unavailable. Move as many as possible to Suggests and
use conditionally.
* checking if this is a source package ... OK
* checking if there is a namespace ... OK
* checking for hidden files and directories ... NOTE
Found the following hidden files and directories:
.BBSoptions
These were most likely included in error. See section ‘Package
structure’ in the ‘Writing R Extensions’ manual.
* checking for portable file names ... OK
* checking for sufficient/correct file permissions ... OK
* checking whether package ‘ChromSCape’ can be installed ... OK
* used C++ compiler: ‘g++ (Ubuntu 13.3.0-6ubuntu2~24.04) 13.3.0’
* checking installed package size ... INFO
installed size is 5.8Mb
sub-directories of 1Mb or more:
data 1.7Mb
www 2.1Mb
* checking package directory ... OK
* checking ‘build’ directory ... OK
* checking DESCRIPTION meta-information ... OK
* checking top-level files ... OK
* checking for left-over files ... OK
* checking index information ... OK
* checking package subdirectories ... OK
* checking code files for non-ASCII characters ... OK
* checking R files for syntax errors ... OK
* checking whether the package can be loaded ... OK
* checking whether the package can be loaded with stated dependencies ... OK
* checking whether the package can be unloaded cleanly ... OK
* checking whether the namespace can be loaded with stated dependencies ... OK
* checking whether the namespace can be unloaded cleanly ... OK
* checking loading without being on the library search path ... OK
* checking whether startup messages can be suppressed ... OK
* checking dependencies in R code ... WARNING
'loadNamespace' or 'requireNamespace' call not declared from: ‘flexdashboard’
* checking S3 generic/method consistency ... OK
* checking replacement functions ... OK
* checking foreign function calls ... OK
* checking R code for possible problems ... NOTE
bams_to_matrix_indexes: no visible binding for global variable
‘files_dir_list’
enrich_TF_ChEA3_genes: no visible binding for global variable
‘CheA3_TF_nTargets’
filter_correlated_cell_scExp: no visible binding for global variable
‘run_tsne’
generate_analysis: no visible global function definition for ‘head’
generate_analysis: no visible binding for global variable ‘k’
generate_analysis: no visible binding for global variable
‘clusterConsensus’
get_most_variable_cyto: no visible binding for global variable
‘cytoBand’
get_most_variable_cyto: no visible binding for global variable
‘Fri_cyto’
num_cell_after_QC_filt_scExp: no visible binding for global variable
‘sample_id’
num_cell_after_QC_filt_scExp: no visible binding for global variable
‘total_counts’
num_cell_scExp: no visible binding for global variable ‘sample_id’
num_cell_scExp: no visible binding for global variable ‘total_counts’
plot_correlation_PCA_scExp: no visible binding for global variable
‘Component’
plot_coverage_BigWig: no visible binding for global variable ‘molecule’
plot_coverage_BigWig: no visible binding for global variable
‘orientation’
plot_coverage_BigWig: no visible binding for global variable ‘Gene’
plot_gain_or_loss_barplots: no visible binding for global variable
‘Gain_or_Loss’
plot_gain_or_loss_barplots: no visible binding for global variable
‘ncells’
plot_gain_or_loss_barplots: no visible binding for global variable
‘cytoBand’
plot_most_contributing_features: no visible binding for global variable
‘genes’
plot_percent_active_feature_scExp: no visible binding for global
variable ‘group’
plot_percent_active_feature_scExp: no visible binding for global
variable ‘percent_active’
plot_pie_most_contributing_chr: no visible binding for global variable
‘absolute_value’
plot_reduced_dim_scExp: no visible binding for global variable ‘V1’
plot_reduced_dim_scExp: no visible binding for global variable ‘V2’
plot_reduced_dim_scExp: no visible binding for global variable
‘cluster’
plot_top_TF_scExp: no visible binding for global variable ‘TF’
rebin_helper: no visible binding for global variable ‘new_row’
rebin_helper: no visible binding for global variable ‘origin_value’
rebin_matrix: no visible binding for global variable ‘group’
subset_bam_call_peaks: no visible binding for global variable
‘merged_bam’
Undefined global functions or variables:
CheA3_TF_nTargets Component Fri_cyto Gain_or_Loss Gene TF V1 V2
absolute_value cluster clusterConsensus cytoBand files_dir_list genes
group head k merged_bam molecule ncells new_row orientation
origin_value percent_active run_tsne sample_id total_counts
Consider adding
importFrom("utils", "head")
to your NAMESPACE file.
* checking Rd files ... OK
* checking Rd metadata ... OK
* checking Rd cross-references ... OK
* checking for missing documentation entries ... OK
* checking for code/documentation mismatches ... OK
* checking Rd \usage sections ... OK
* checking Rd contents ... OK
* checking for unstated dependencies in examples ... OK
* checking contents of ‘data’ directory ... OK
* checking data for non-ASCII characters ... OK
* checking data for ASCII and uncompressed saves ... OK
* checking line endings in C/C++/Fortran sources/headers ... OK
* checking compiled code ... NOTE
Note: information on .o files is not available
* checking files in ‘vignettes’ ... OK
* checking examples ... OK
Examples with CPU (user + system) or elapsed time > 5s
user system elapsed
get_pathway_mat_scExp 70.744 2.342 73.088
plot_gain_or_loss_barplots 49.038 0.381 49.419
calculate_CNA 22.134 1.168 23.304
plot_reduced_dim_scExp_CNA 23.022 0.265 23.287
calculate_logRatio_CNA 22.128 0.416 22.544
calculate_gain_or_loss 21.256 0.463 21.719
get_most_variable_cyto 21.305 0.258 21.563
calculate_cyto_mat 20.876 0.446 21.324
get_cyto_features 18.849 0.135 18.985
num_cell_after_cor_filt_scExp 10.951 0.053 10.984
filter_correlated_cell_scExp 9.918 0.000 9.904
preprocessing_filtering_and_reduction 8.437 0.172 8.603
rebin_matrix 7.194 0.029 21.817
create_scDataset_raw 6.732 0.227 6.958
CompareWilcox 6.499 0.453 6.723
import_scExp 6.714 0.080 6.795
differential_activation 5.487 0.007 5.495
enrich_TF_ChEA3_scExp 1.096 0.026 5.073
* checking for unstated dependencies in ‘tests’ ... OK
* checking tests ...
Running ‘testthat.R’
OK
* checking for unstated dependencies in vignettes ... OK
* checking package vignettes ... OK
* checking re-building of vignette outputs ... OK
* checking PDF version of manual ... OK
* DONE
Status: 1 WARNING, 3 NOTEs
See
‘/home/biocbuild/bbs-3.22-bioc/meat/ChromSCape.Rcheck/00check.log’
for details.
ChromSCape.Rcheck/00install.out
############################################################################## ############################################################################## ### ### Running command: ### ### /home/biocbuild/bbs-3.22-bioc/R/bin/R CMD INSTALL ChromSCape ### ############################################################################## ############################################################################## * installing to library ‘/home/biocbuild/bbs-3.22-bioc/R/site-library’ * installing *source* package ‘ChromSCape’ ... ** this is package ‘ChromSCape’ version ‘1.19.1’ ** using staged installation ** libs using C++ compiler: ‘g++ (Ubuntu 13.3.0-6ubuntu2~24.04) 13.3.0’ g++ -std=gnu++17 -I"/home/biocbuild/bbs-3.22-bioc/R/include" -DNDEBUG -I'/home/biocbuild/bbs-3.22-bioc/R/site-library/Rcpp/include' -I/usr/local/include -fpic -g -O2 -Wall -Werror=format-security -c RcppExports.cpp -o RcppExports.o g++ -std=gnu++17 -I"/home/biocbuild/bbs-3.22-bioc/R/include" -DNDEBUG -I'/home/biocbuild/bbs-3.22-bioc/R/site-library/Rcpp/include' -I/usr/local/include -fpic -g -O2 -Wall -Werror=format-security -c as_dist.cpp -o as_dist.o g++ -std=gnu++17 -shared -L/home/biocbuild/bbs-3.22-bioc/R/lib -L/usr/local/lib -o ChromSCape.so RcppExports.o as_dist.o -L/home/biocbuild/bbs-3.22-bioc/R/lib -lR installing to /home/biocbuild/bbs-3.22-bioc/R/site-library/00LOCK-ChromSCape/00new/ChromSCape/libs ** R ** data ** inst ** byte-compile and prepare package for lazy loading ** help *** installing help indices ** building package indices ** installing vignettes ** testing if installed package can be loaded from temporary location ** checking absolute paths in shared objects and dynamic libraries ** testing if installed package can be loaded from final location ** testing if installed package keeps a record of temporary installation path * DONE (ChromSCape)
ChromSCape.Rcheck/tests/testthat.Rout
R version 4.5.1 Patched (2025-08-23 r88802) -- "Great Square Root"
Copyright (C) 2025 The R Foundation for Statistical Computing
Platform: x86_64-pc-linux-gnu
R is free software and comes with ABSOLUTELY NO WARRANTY.
You are welcome to redistribute it under certain conditions.
Type 'license()' or 'licence()' for distribution details.
R is a collaborative project with many contributors.
Type 'contributors()' for more information and
'citation()' on how to cite R or R packages in publications.
Type 'demo()' for some demos, 'help()' for on-line help, or
'help.start()' for an HTML browser interface to help.
Type 'q()' to quit R.
> library(testthat)
> library(ChromSCape)
>
> test_check("ChromSCape")
[ FAIL 0 | WARN 2 | SKIP 0 | PASS 11 ]
[ FAIL 0 | WARN 2 | SKIP 0 | PASS 11 ]
>
> proc.time()
user system elapsed
39.333 1.844 40.986
ChromSCape.Rcheck/ChromSCape-Ex.timings
| name | user | system | elapsed | |
| CheA3_TF_nTargets | 0.007 | 0.000 | 0.007 | |
| CompareWilcox | 6.499 | 0.453 | 6.723 | |
| CompareedgeRGLM | 4.526 | 0.331 | 4.851 | |
| annotToCol2 | 0.875 | 0.021 | 0.896 | |
| calculate_CNA | 22.134 | 1.168 | 23.304 | |
| calculate_cyto_mat | 20.876 | 0.446 | 21.324 | |
| calculate_gain_or_loss | 21.256 | 0.463 | 21.719 | |
| calculate_logRatio_CNA | 22.128 | 0.416 | 22.544 | |
| choose_cluster_scExp | 3.108 | 0.090 | 3.192 | |
| colors_scExp | 0.268 | 0.001 | 0.269 | |
| consensus_clustering_scExp | 3.809 | 0.105 | 3.909 | |
| correlation_and_hierarchical_clust_scExp | 0.317 | 0.001 | 0.312 | |
| create_project_folder | 0.001 | 0.000 | 0.001 | |
| create_scDataset_raw | 6.732 | 0.227 | 6.958 | |
| create_scExp | 0.460 | 0.000 | 0.459 | |
| define_feature | 0.132 | 0.002 | 0.133 | |
| detect_samples | 1.238 | 0.006 | 1.165 | |
| differential_activation | 5.487 | 0.007 | 5.495 | |
| differential_analysis_scExp | 2.790 | 0.007 | 2.798 | |
| enrich_TF_ChEA3_genes | 0.455 | 0.017 | 1.676 | |
| enrich_TF_ChEA3_scExp | 1.096 | 0.026 | 5.073 | |
| exclude_features_scExp | 0.448 | 0.001 | 0.450 | |
| feature_annotation_scExp | 1.268 | 0.009 | 1.277 | |
| filter_correlated_cell_scExp | 9.918 | 0.000 | 9.904 | |
| filter_scExp | 0.495 | 0.000 | 0.496 | |
| find_clusters_louvain_scExp | 0.289 | 0.002 | 0.290 | |
| find_top_features | 0.301 | 0.001 | 0.302 | |
| gene_set_enrichment_analysis_scExp | 0.192 | 0.002 | 0.195 | |
| generate_analysis | 0.001 | 0.000 | 0.000 | |
| generate_coverage_tracks | 0 | 0 | 0 | |
| generate_report | 0 | 0 | 0 | |
| getExperimentNames | 0.225 | 0.001 | 0.225 | |
| getMainExperiment | 0.264 | 0.001 | 0.265 | |
| get_cyto_features | 18.849 | 0.135 | 18.985 | |
| get_genomic_coordinates | 0.377 | 0.004 | 0.381 | |
| get_most_variable_cyto | 21.305 | 0.258 | 21.563 | |
| get_pathway_mat_scExp | 70.744 | 2.342 | 73.088 | |
| has_genomic_coordinates | 0.594 | 0.001 | 0.595 | |
| import_scExp | 6.714 | 0.080 | 6.795 | |
| inter_correlation_scExp | 0.308 | 0.003 | 0.312 | |
| intra_correlation_scExp | 0.322 | 0.001 | 0.323 | |
| launchApp | 0 | 0 | 0 | |
| normalize_scExp | 0.377 | 0.002 | 0.380 | |
| num_cell_after_QC_filt_scExp | 0.384 | 0.002 | 0.387 | |
| num_cell_after_cor_filt_scExp | 10.951 | 0.053 | 10.984 | |
| num_cell_before_cor_filt_scExp | 0.195 | 0.002 | 0.197 | |
| num_cell_in_cluster_scExp | 0.361 | 0.001 | 0.356 | |
| num_cell_scExp | 0.322 | 0.000 | 0.322 | |
| plot_cluster_consensus_scExp | 0.996 | 0.001 | 0.997 | |
| plot_correlation_PCA_scExp | 1.120 | 0.004 | 1.124 | |
| plot_coverage_BigWig | 0.19 | 0.00 | 0.19 | |
| plot_differential_summary_scExp | 0.214 | 0.000 | 0.214 | |
| plot_differential_volcano_scExp | 0.304 | 0.002 | 0.306 | |
| plot_distribution_scExp | 0.402 | 0.000 | 0.403 | |
| plot_gain_or_loss_barplots | 49.038 | 0.381 | 49.419 | |
| plot_heatmap_scExp | 0.297 | 0.002 | 0.299 | |
| plot_inter_correlation_scExp | 0.628 | 0.009 | 0.638 | |
| plot_intra_correlation_scExp | 0.625 | 0.002 | 0.627 | |
| plot_most_contributing_features | 0.467 | 0.001 | 0.469 | |
| plot_percent_active_feature_scExp | 0.511 | 0.002 | 0.514 | |
| plot_pie_most_contributing_chr | 0.287 | 0.002 | 0.289 | |
| plot_reduced_dim_scExp | 1.646 | 0.003 | 1.650 | |
| plot_reduced_dim_scExp_CNA | 23.022 | 0.265 | 23.287 | |
| plot_top_TF_scExp | 0.621 | 0.002 | 0.623 | |
| plot_violin_feature_scExp | 0.65 | 0.01 | 0.66 | |
| preprocess_CPM | 0.382 | 0.007 | 0.388 | |
| preprocess_RPKM | 0.404 | 0.013 | 0.417 | |
| preprocess_TFIDF | 0.385 | 0.008 | 0.394 | |
| preprocess_TPM | 0.427 | 0.009 | 0.436 | |
| preprocess_feature_size_only | 0.366 | 0.003 | 0.369 | |
| preprocessing_filtering_and_reduction | 8.437 | 0.172 | 8.603 | |
| read_sparse_matrix | 0.001 | 0.000 | 0.000 | |
| rebin_matrix | 7.194 | 0.029 | 21.817 | |
| reduce_dims_scExp | 1.563 | 0.026 | 1.589 | |
| scExp | 1.043 | 0.007 | 1.050 | |
| subsample_scExp | 0.554 | 0.002 | 0.557 | |
| subset_bam_call_peaks | 0 | 0 | 0 | |
| summary_DA | 0.228 | 0.000 | 0.229 | |
| swapAltExp_sameColData | 0.284 | 0.002 | 0.287 | |
| table_enriched_genes_scExp | 0.202 | 0.001 | 0.203 | |
| wrapper_Signac_FeatureMatrix | 0 | 0 | 0 | |