| Back to Multiple platform build/check report for BioC 3.22: simplified long |
|
This page was generated on 2025-10-24 12:05 -0400 (Fri, 24 Oct 2025).
| Hostname | OS | Arch (*) | R version | Installed pkgs |
|---|---|---|---|---|
| nebbiolo2 | Linux (Ubuntu 24.04.3 LTS) | x86_64 | 4.5.1 Patched (2025-08-23 r88802) -- "Great Square Root" | 4898 |
| lconway | macOS 12.7.6 Monterey | x86_64 | 4.5.1 Patched (2025-09-10 r88807) -- "Great Square Root" | 4688 |
| kjohnson3 | macOS 13.7.7 Ventura | arm64 | 4.5.1 Patched (2025-09-10 r88807) -- "Great Square Root" | 4634 |
| taishan | Linux (openEuler 24.03 LTS) | aarch64 | 4.5.0 (2025-04-11) -- "How About a Twenty-Six" | 4658 |
| Click on any hostname to see more info about the system (e.g. compilers) (*) as reported by 'uname -p', except on Windows and Mac OS X | ||||
| Package 1305/2359 | Hostname | OS / Arch | INSTALL | BUILD | CHECK | BUILD BIN | ||||||||
| mina 1.17.0 (landing page) Rui Guan
| nebbiolo2 | Linux (Ubuntu 24.04.3 LTS) / x86_64 | OK | OK | WARNINGS | |||||||||
| lconway | macOS 12.7.6 Monterey / x86_64 | OK | OK | WARNINGS | OK | |||||||||
| kjohnson3 | macOS 13.7.7 Ventura / arm64 | OK | OK | WARNINGS | OK | |||||||||
| taishan | Linux (openEuler 24.03 LTS) / aarch64 | OK | ERROR | skipped | ||||||||||
|
To the developers/maintainers of the mina package: - Allow up to 24 hours (and sometimes 48 hours) for your latest push to git@git.bioconductor.org:packages/mina.git to reflect on this report. See Troubleshooting Build Report for more information. - Use the following Renviron settings to reproduce errors and warnings. - If 'R CMD check' started to fail recently on the Linux builder(s) over a missing dependency, add the missing dependency to 'Suggests:' in your DESCRIPTION file. See Renviron.bioc for more information. |
| Package: mina |
| Version: 1.17.0 |
| Command: /Library/Frameworks/R.framework/Resources/bin/R CMD check --install=check:mina.install-out.txt --library=/Library/Frameworks/R.framework/Resources/library --no-vignettes --timings mina_1.17.0.tar.gz |
| StartedAt: 2025-10-23 22:25:32 -0400 (Thu, 23 Oct 2025) |
| EndedAt: 2025-10-23 22:29:41 -0400 (Thu, 23 Oct 2025) |
| EllapsedTime: 249.1 seconds |
| RetCode: 0 |
| Status: WARNINGS |
| CheckDir: mina.Rcheck |
| Warnings: 1 |
##############################################################################
##############################################################################
###
### Running command:
###
### /Library/Frameworks/R.framework/Resources/bin/R CMD check --install=check:mina.install-out.txt --library=/Library/Frameworks/R.framework/Resources/library --no-vignettes --timings mina_1.17.0.tar.gz
###
##############################################################################
##############################################################################
* using log directory ‘/Users/biocbuild/bbs-3.22-bioc/meat/mina.Rcheck’
* using R version 4.5.1 Patched (2025-09-10 r88807)
* using platform: x86_64-apple-darwin20
* R was compiled by
Apple clang version 14.0.0 (clang-1400.0.29.202)
GNU Fortran (GCC) 14.2.0
* running under: macOS Monterey 12.7.6
* using session charset: UTF-8
* using option ‘--no-vignettes’
* checking for file ‘mina/DESCRIPTION’ ... OK
* this is package ‘mina’ version ‘1.17.0’
* package encoding: UTF-8
* checking package namespace information ... OK
* checking package dependencies ... OK
* checking if this is a source package ... OK
* checking if there is a namespace ... OK
* checking for hidden files and directories ... OK
* checking for portable file names ... OK
* checking for sufficient/correct file permissions ... OK
* checking whether package ‘mina’ can be installed ... OK
* used C++ compiler: ‘Apple clang version 14.0.0 (clang-1400.0.29.202)’
* used SDK: ‘MacOSX11.3.1.sdk’
* checking installed package size ... INFO
installed size is 8.2Mb
sub-directories of 1Mb or more:
data 7.6Mb
* checking package directory ... OK
* checking ‘build’ directory ... OK
* checking DESCRIPTION meta-information ... OK
* checking top-level files ... OK
* checking for left-over files ... OK
* checking index information ... OK
* checking package subdirectories ... OK
* checking code files for non-ASCII characters ... OK
* checking R files for syntax errors ... OK
* checking whether the package can be loaded ... OK
* checking whether the package can be loaded with stated dependencies ... OK
* checking whether the package can be unloaded cleanly ... OK
* checking whether the namespace can be loaded with stated dependencies ... OK
* checking whether the namespace can be unloaded cleanly ... OK
* checking dependencies in R code ... OK
* checking S3 generic/method consistency ... OK
* checking replacement functions ... OK
* checking foreign function calls ... OK
* checking R code for possible problems ... NOTE
sparcc: no visible binding for global variable ‘i’
net_dis_pcoa,character: no visible binding for global variable ‘y’
net_dis_pcoa,character: no visible binding for global variable ‘Group’
net_dis_plot,mina: no visible binding for global variable ‘Group1’
net_dis_plot,mina: no visible binding for global variable ‘Group2’
net_dis_plot,mina: no visible binding for global variable ‘Distance’
net_dis_plot,mina: no visible binding for global variable ‘Sig’
Undefined global functions or variables:
Distance Group Group1 Group2 Sig i y
* checking Rd files ... NOTE
checkRd: (-1) re_format_AP.Rd:10: Lost braces; missing escapes or markup?
10 | \item{x}{an {APResult} object from \pkg{apcluster}.}
| ^
* checking Rd metadata ... OK
* checking Rd cross-references ... OK
* checking for missing documentation entries ... OK
* checking for code/documentation mismatches ... OK
* checking Rd \usage sections ... OK
* checking Rd contents ... OK
* checking for unstated dependencies in examples ... OK
* checking contents of ‘data’ directory ... OK
* checking data for non-ASCII characters ... OK
* checking LazyData ... WARNING
LazyData DB of 7.6 MB without LazyDataCompression set
See §1.1.6 of 'Writing R Extensions'
* checking data for ASCII and uncompressed saves ... OK
* checking line endings in C/C++/Fortran sources/headers ... OK
* checking compiled code ... NOTE
Note: information on .o files is not available
* checking files in ‘vignettes’ ... OK
* checking examples ... OK
Examples with CPU (user + system) or elapsed time > 5s
user system elapsed
net_dis_plot 33.299 39.381 34.246
net_dis-mina 17.177 23.310 18.032
dis_stat_accessor 14.046 14.974 14.149
bs_pm-mina 8.419 17.225 6.943
com_plot-mina 11.409 8.711 2.347
net_cls-mina 17.477 0.585 17.632
net_cls 6.374 0.738 6.557
net_cls-matrix 6.036 0.493 6.003
net_dis 2.057 3.340 2.198
* checking for unstated dependencies in vignettes ... OK
* checking package vignettes ... OK
* checking running R code from vignettes ... SKIPPED
* checking re-building of vignette outputs ... SKIPPED
* checking PDF version of manual ... OK
* DONE
Status: 1 WARNING, 3 NOTEs
See
‘/Users/biocbuild/bbs-3.22-bioc/meat/mina.Rcheck/00check.log’
for details.
mina.Rcheck/00install.out
############################################################################## ############################################################################## ### ### Running command: ### ### /Library/Frameworks/R.framework/Resources/bin/R CMD INSTALL mina ### ############################################################################## ############################################################################## * installing to library ‘/Library/Frameworks/R.framework/Versions/4.5-x86_64/Resources/library’ * installing *source* package ‘mina’ ... ** this is package ‘mina’ version ‘1.17.0’ ** using staged installation ** libs using C++ compiler: ‘Apple clang version 14.0.0 (clang-1400.0.29.202)’ using SDK: ‘MacOSX11.3.1.sdk’ clang++ -arch x86_64 -std=gnu++17 -I"/Library/Frameworks/R.framework/Resources/include" -DNDEBUG -I'/Library/Frameworks/R.framework/Versions/4.5-x86_64/Resources/library/Rcpp/include' -I'/Library/Frameworks/R.framework/Versions/4.5-x86_64/Resources/library/RcppParallel/include' -I'/Library/Frameworks/R.framework/Versions/4.5-x86_64/Resources/library/RcppArmadillo/include' -I/opt/R/x86_64/include -fPIC -falign-functions=64 -Wall -g -O2 -c RcppExports.cpp -o RcppExports.o clang++ -arch x86_64 -std=gnu++17 -I"/Library/Frameworks/R.framework/Resources/include" -DNDEBUG -I'/Library/Frameworks/R.framework/Versions/4.5-x86_64/Resources/library/Rcpp/include' -I'/Library/Frameworks/R.framework/Versions/4.5-x86_64/Resources/library/RcppParallel/include' -I'/Library/Frameworks/R.framework/Versions/4.5-x86_64/Resources/library/RcppArmadillo/include' -I/opt/R/x86_64/include -fPIC -falign-functions=64 -Wall -g -O2 -c cp_cor.cpp -o cp_cor.o clang++ -arch x86_64 -std=gnu++17 -dynamiclib -Wl,-headerpad_max_install_names -undefined dynamic_lookup -L/Library/Frameworks/R.framework/Resources/lib -L/opt/R/x86_64/lib -o mina.so RcppExports.o cp_cor.o -F/Library/Frameworks/R.framework/.. -framework R installing to /Library/Frameworks/R.framework/Versions/4.5-x86_64/Resources/library/00LOCK-mina/00new/mina/libs ** R ** data *** moving datasets to lazyload DB ** byte-compile and prepare package for lazy loading Creating a new generic function for ‘norm’ in package ‘mina’ ** help *** installing help indices ** building package indices ** installing vignettes ** testing if installed package can be loaded from temporary location ** checking absolute paths in shared objects and dynamic libraries ** testing if installed package can be loaded from final location ** testing if installed package keeps a record of temporary installation path * DONE (mina)
mina.Rcheck/mina-Ex.timings
| name | user | system | elapsed | |
| adj-matrix | 0.635 | 0.148 | 0.385 | |
| adj-mina | 0.955 | 0.241 | 0.705 | |
| adj | 0.900 | 0.082 | 0.645 | |
| adj_method_list | 0.082 | 0.205 | 0.176 | |
| bs_pm-mina | 8.419 | 17.225 | 6.943 | |
| bs_pm | 2.169 | 2.378 | 2.147 | |
| check_mina | 0.055 | 0.026 | 0.080 | |
| check_mina_de | 0.058 | 0.022 | 0.080 | |
| check_mina_qu | 0.053 | 0.023 | 0.077 | |
| cls_tab | 0.059 | 0.057 | 0.122 | |
| com_dis-matrix | 0.451 | 0.052 | 0.223 | |
| com_dis-mina | 0.303 | 0.125 | 0.065 | |
| com_dis | 0.473 | 0.180 | 0.243 | |
| com_dis_list | 0.107 | 0.125 | 0.166 | |
| com_plot-mina | 11.409 | 8.711 | 2.347 | |
| com_plot | 0.240 | 0.131 | 0.245 | |
| com_r2-mina | 0.715 | 0.159 | 0.487 | |
| com_r2 | 0.898 | 0.425 | 0.638 | |
| data-hmp | 0.002 | 0.001 | 0.003 | |
| data-maize | 0.001 | 0.001 | 0.001 | |
| des_accessor | 0.003 | 0.001 | 0.003 | |
| dis_accessor | 0.287 | 0.036 | 0.054 | |
| dis_stat_accessor | 14.046 | 14.974 | 14.149 | |
| dmr-matrix | 0.528 | 0.193 | 0.296 | |
| dmr-mina | 0.549 | 0.271 | 0.386 | |
| dmr | 0.519 | 0.183 | 0.287 | |
| dmr_accessor | 0.543 | 0.170 | 0.308 | |
| fit_tabs-mina | 0.665 | 0.206 | 0.880 | |
| fit_tabs | 1.017 | 0.301 | 1.327 | |
| get_net_cls_tab-matrix-data.frame-method | 4.023 | 0.459 | 3.960 | |
| get_net_cls_tab | 4.242 | 0.425 | 4.161 | |
| get_r2-mat | 0.625 | 0.212 | 0.403 | |
| get_r2 | 0.638 | 0.210 | 0.420 | |
| get_rep-matrix | 0.243 | 0.012 | 0.257 | |
| get_rep-mima | 0.637 | 0.106 | 0.747 | |
| hmp_des | 0.001 | 0.001 | 0.002 | |
| hmp_otu | 0.001 | 0.001 | 0.003 | |
| maize_asv | 0.001 | 0.001 | 0.002 | |
| maize_asv2 | 0.001 | 0.002 | 0.002 | |
| maize_des | 0.000 | 0.001 | 0.002 | |
| maize_des2 | 0.001 | 0.001 | 0.002 | |
| mina-class | 0.000 | 0.000 | 0.001 | |
| net_cls-matrix | 6.036 | 0.493 | 6.003 | |
| net_cls-mina | 17.477 | 0.585 | 17.632 | |
| net_cls | 6.374 | 0.738 | 6.557 | |
| net_cls_tab-mina-method | 1.645 | 0.260 | 1.390 | |
| net_cls_tab | 4.385 | 0.434 | 4.312 | |
| net_dis-mina | 17.177 | 23.310 | 18.032 | |
| net_dis | 2.057 | 3.340 | 2.198 | |
| net_dis_indi | 0.000 | 0.001 | 0.001 | |
| net_dis_pcoa | 0.000 | 0.000 | 0.001 | |
| net_dis_plot | 33.299 | 39.381 | 34.246 | |
| net_grp_cmp | 0.000 | 0.001 | 0.001 | |
| net_node_cmp | 0 | 0 | 0 | |
| norm_accessor | 0.030 | 0.001 | 0.032 | |
| norm_tab-matrix | 0.661 | 0.150 | 0.821 | |
| norm_tab-mina | 0.574 | 0.010 | 0.590 | |
| norm_tab | 0.029 | 0.000 | 0.030 | |
| norm_tab_method_list | 0.061 | 0.040 | 0.119 | |
| pcoa_plot | 1.302 | 0.488 | 0.878 | |
| sim_par | 0.000 | 0.000 | 0.001 | |
| sparcc | 0.000 | 0.000 | 0.001 | |
| tab_accessor | 0.001 | 0.001 | 0.001 | |
| tina-matrix-method | 0 | 0 | 0 | |
| tina | 0 | 0 | 0 | |