| Back to Multiple platform build/check report for BioC 3.22: simplified long |
|
This page was generated on 2025-10-25 12:06 -0400 (Sat, 25 Oct 2025).
| Hostname | OS | Arch (*) | R version | Installed pkgs |
|---|---|---|---|---|
| nebbiolo2 | Linux (Ubuntu 24.04.3 LTS) | x86_64 | 4.5.1 Patched (2025-08-23 r88802) -- "Great Square Root" | 4901 |
| lconway | macOS 12.7.6 Monterey | x86_64 | 4.5.1 Patched (2025-09-10 r88807) -- "Great Square Root" | 4691 |
| kjohnson3 | macOS 13.7.7 Ventura | arm64 | 4.5.1 Patched (2025-09-10 r88807) -- "Great Square Root" | 4637 |
| taishan | Linux (openEuler 24.03 LTS) | aarch64 | 4.5.0 (2025-04-11) -- "How About a Twenty-Six" | 4658 |
| Click on any hostname to see more info about the system (e.g. compilers) (*) as reported by 'uname -p', except on Windows and Mac OS X | ||||
| Package 1306/2361 | Hostname | OS / Arch | INSTALL | BUILD | CHECK | BUILD BIN | ||||||||
| mina 1.17.0 (landing page) Rui Guan
| nebbiolo2 | Linux (Ubuntu 24.04.3 LTS) / x86_64 | OK | OK | WARNINGS | |||||||||
| lconway | macOS 12.7.6 Monterey / x86_64 | OK | OK | WARNINGS | OK | |||||||||
| kjohnson3 | macOS 13.7.7 Ventura / arm64 | OK | OK | WARNINGS | OK | |||||||||
| taishan | Linux (openEuler 24.03 LTS) / aarch64 | OK | NA | NA | ||||||||||
|
To the developers/maintainers of the mina package: - Allow up to 24 hours (and sometimes 48 hours) for your latest push to git@git.bioconductor.org:packages/mina.git to reflect on this report. See Troubleshooting Build Report for more information. - Use the following Renviron settings to reproduce errors and warnings. - If 'R CMD check' started to fail recently on the Linux builder(s) over a missing dependency, add the missing dependency to 'Suggests:' in your DESCRIPTION file. See Renviron.bioc for more information. |
| Package: mina |
| Version: 1.17.0 |
| Command: /Library/Frameworks/R.framework/Resources/bin/R CMD check --install=check:mina.install-out.txt --library=/Library/Frameworks/R.framework/Resources/library --no-vignettes --timings mina_1.17.0.tar.gz |
| StartedAt: 2025-10-24 20:43:24 -0400 (Fri, 24 Oct 2025) |
| EndedAt: 2025-10-24 20:45:02 -0400 (Fri, 24 Oct 2025) |
| EllapsedTime: 98.1 seconds |
| RetCode: 0 |
| Status: WARNINGS |
| CheckDir: mina.Rcheck |
| Warnings: 1 |
##############################################################################
##############################################################################
###
### Running command:
###
### /Library/Frameworks/R.framework/Resources/bin/R CMD check --install=check:mina.install-out.txt --library=/Library/Frameworks/R.framework/Resources/library --no-vignettes --timings mina_1.17.0.tar.gz
###
##############################################################################
##############################################################################
* using log directory ‘/Users/biocbuild/bbs-3.22-bioc/meat/mina.Rcheck’
* using R version 4.5.1 Patched (2025-09-10 r88807)
* using platform: aarch64-apple-darwin20
* R was compiled by
Apple clang version 16.0.0 (clang-1600.0.26.6)
GNU Fortran (GCC) 14.2.0
* running under: macOS Ventura 13.7.7
* using session charset: UTF-8
* using option ‘--no-vignettes’
* checking for file ‘mina/DESCRIPTION’ ... OK
* this is package ‘mina’ version ‘1.17.0’
* package encoding: UTF-8
* checking package namespace information ... OK
* checking package dependencies ... OK
* checking if this is a source package ... OK
* checking if there is a namespace ... OK
* checking for hidden files and directories ... OK
* checking for portable file names ... OK
* checking for sufficient/correct file permissions ... OK
* checking whether package ‘mina’ can be installed ... OK
* used C++ compiler: ‘Apple clang version 15.0.0 (clang-1500.1.0.2.5)’
* used SDK: ‘MacOSX11.3.1.sdk’
* checking installed package size ... INFO
installed size is 9.1Mb
sub-directories of 1Mb or more:
data 8.5Mb
* checking package directory ... OK
* checking ‘build’ directory ... OK
* checking DESCRIPTION meta-information ... OK
* checking top-level files ... OK
* checking for left-over files ... OK
* checking index information ... OK
* checking package subdirectories ... OK
* checking code files for non-ASCII characters ... OK
* checking R files for syntax errors ... OK
* checking whether the package can be loaded ... OK
* checking whether the package can be loaded with stated dependencies ... OK
* checking whether the package can be unloaded cleanly ... OK
* checking whether the namespace can be loaded with stated dependencies ... OK
* checking whether the namespace can be unloaded cleanly ... OK
* checking dependencies in R code ... OK
* checking S3 generic/method consistency ... OK
* checking replacement functions ... OK
* checking foreign function calls ... OK
* checking R code for possible problems ... NOTE
sparcc: no visible binding for global variable ‘i’
net_dis_pcoa,character: no visible binding for global variable ‘y’
net_dis_pcoa,character: no visible binding for global variable ‘Group’
net_dis_plot,mina: no visible binding for global variable ‘Group1’
net_dis_plot,mina: no visible binding for global variable ‘Group2’
net_dis_plot,mina: no visible binding for global variable ‘Distance’
net_dis_plot,mina: no visible binding for global variable ‘Sig’
Undefined global functions or variables:
Distance Group Group1 Group2 Sig i y
* checking Rd files ... NOTE
checkRd: (-1) re_format_AP.Rd:10: Lost braces; missing escapes or markup?
10 | \item{x}{an {APResult} object from \pkg{apcluster}.}
| ^
* checking Rd metadata ... OK
* checking Rd cross-references ... OK
* checking for missing documentation entries ... OK
* checking for code/documentation mismatches ... OK
* checking Rd \usage sections ... OK
* checking Rd contents ... OK
* checking for unstated dependencies in examples ... OK
* checking contents of ‘data’ directory ... OK
* checking data for non-ASCII characters ... OK
* checking LazyData ... WARNING
LazyData DB of 7.6 MB without LazyDataCompression set
See §1.1.6 of 'Writing R Extensions'
* checking data for ASCII and uncompressed saves ... OK
* checking line endings in C/C++/Fortran sources/headers ... OK
* checking compiled code ... NOTE
Note: information on .o files is not available
* checking files in ‘vignettes’ ... OK
* checking examples ... OK
Examples with CPU (user + system) or elapsed time > 5s
user system elapsed
net_dis_plot 13.619 4.195 15.481
net_dis-mina 7.128 2.211 8.009
net_cls-mina 6.972 0.467 7.384
dis_stat_accessor 5.481 1.299 5.846
net_cls 5.488 0.309 5.638
net_cls-matrix 5.456 0.289 5.634
* checking for unstated dependencies in vignettes ... OK
* checking package vignettes ... OK
* checking running R code from vignettes ... SKIPPED
* checking re-building of vignette outputs ... SKIPPED
* checking PDF version of manual ... OK
* DONE
Status: 1 WARNING, 3 NOTEs
See
‘/Users/biocbuild/bbs-3.22-bioc/meat/mina.Rcheck/00check.log’
for details.
mina.Rcheck/00install.out
############################################################################## ############################################################################## ### ### Running command: ### ### /Library/Frameworks/R.framework/Resources/bin/R CMD INSTALL mina ### ############################################################################## ############################################################################## * installing to library ‘/Library/Frameworks/R.framework/Versions/4.5-arm64/Resources/library’ * installing *source* package ‘mina’ ... ** this is package ‘mina’ version ‘1.17.0’ ** using staged installation ** libs using C++ compiler: ‘Apple clang version 15.0.0 (clang-1500.1.0.2.5)’ using SDK: ‘MacOSX11.3.1.sdk’ clang++ -arch arm64 -std=gnu++17 -I"/Library/Frameworks/R.framework/Resources/include" -DNDEBUG -I'/Library/Frameworks/R.framework/Versions/4.5-arm64/Resources/library/Rcpp/include' -I'/Library/Frameworks/R.framework/Versions/4.5-arm64/Resources/library/RcppParallel/include' -I'/Library/Frameworks/R.framework/Versions/4.5-arm64/Resources/library/RcppArmadillo/include' -I/opt/R/arm64/include -fPIC -falign-functions=64 -Wall -g -O2 -c RcppExports.cpp -o RcppExports.o clang++ -arch arm64 -std=gnu++17 -I"/Library/Frameworks/R.framework/Resources/include" -DNDEBUG -I'/Library/Frameworks/R.framework/Versions/4.5-arm64/Resources/library/Rcpp/include' -I'/Library/Frameworks/R.framework/Versions/4.5-arm64/Resources/library/RcppParallel/include' -I'/Library/Frameworks/R.framework/Versions/4.5-arm64/Resources/library/RcppArmadillo/include' -I/opt/R/arm64/include -fPIC -falign-functions=64 -Wall -g -O2 -c cp_cor.cpp -o cp_cor.o clang++ -arch arm64 -std=gnu++17 -dynamiclib -Wl,-headerpad_max_install_names -undefined dynamic_lookup -L/Library/Frameworks/R.framework/Resources/lib -L/opt/R/arm64/lib -o mina.so RcppExports.o cp_cor.o -F/Library/Frameworks/R.framework/.. -framework R installing to /Library/Frameworks/R.framework/Versions/4.5-arm64/Resources/library/00LOCK-mina/00new/mina/libs ** R ** data *** moving datasets to lazyload DB ** byte-compile and prepare package for lazy loading Creating a new generic function for ‘norm’ in package ‘mina’ ** help *** installing help indices ** building package indices ** installing vignettes ** testing if installed package can be loaded from temporary location ** checking absolute paths in shared objects and dynamic libraries ** testing if installed package can be loaded from final location ** testing if installed package keeps a record of temporary installation path * DONE (mina)
mina.Rcheck/mina-Ex.timings
| name | user | system | elapsed | |
| adj-matrix | 0.309 | 0.019 | 0.156 | |
| adj-mina | 0.471 | 0.023 | 0.299 | |
| adj | 0.418 | 0.016 | 0.261 | |
| adj_method_list | 0.025 | 0.015 | 0.051 | |
| bs_pm-mina | 3.075 | 0.491 | 2.571 | |
| bs_pm | 0.799 | 0.259 | 0.841 | |
| check_mina | 0.018 | 0.005 | 0.024 | |
| check_mina_de | 0.018 | 0.004 | 0.022 | |
| check_mina_qu | 0.017 | 0.004 | 0.022 | |
| cls_tab | 0.019 | 0.010 | 0.030 | |
| com_dis-matrix | 0.266 | 0.009 | 0.098 | |
| com_dis-mina | 0.212 | 0.006 | 0.037 | |
| com_dis | 0.263 | 0.007 | 0.092 | |
| com_dis_list | 0.030 | 0.011 | 0.042 | |
| com_plot-mina | 3.574 | 0.283 | 0.771 | |
| com_plot | 0.074 | 0.014 | 0.082 | |
| com_r2-mina | 0.329 | 0.010 | 0.164 | |
| com_r2 | 0.353 | 0.032 | 0.216 | |
| data-hmp | 0.001 | 0.001 | 0.002 | |
| data-maize | 0.000 | 0.000 | 0.001 | |
| des_accessor | 0.001 | 0.000 | 0.001 | |
| dis_accessor | 0.203 | 0.004 | 0.033 | |
| dis_stat_accessor | 5.481 | 1.299 | 5.846 | |
| dmr-matrix | 0.291 | 0.012 | 0.144 | |
| dmr-mina | 0.307 | 0.025 | 0.156 | |
| dmr | 0.304 | 0.013 | 0.150 | |
| dmr_accessor | 0.298 | 0.008 | 0.148 | |
| fit_tabs-mina | 0.218 | 0.077 | 0.315 | |
| fit_tabs | 0.388 | 0.085 | 0.484 | |
| get_net_cls_tab-matrix-data.frame-method | 0.713 | 0.066 | 0.646 | |
| get_net_cls_tab | 0.767 | 0.067 | 0.658 | |
| get_r2-mat | 0.336 | 0.008 | 0.163 | |
| get_r2 | 0.330 | 0.014 | 0.175 | |
| get_rep-matrix | 0.082 | 0.015 | 0.097 | |
| get_rep-mima | 0.224 | 0.037 | 0.272 | |
| hmp_des | 0.000 | 0.001 | 0.001 | |
| hmp_otu | 0.000 | 0.000 | 0.001 | |
| maize_asv | 0.000 | 0.001 | 0.001 | |
| maize_asv2 | 0 | 0 | 0 | |
| maize_des | 0.000 | 0.001 | 0.001 | |
| maize_des2 | 0.000 | 0.000 | 0.001 | |
| mina-class | 0.001 | 0.000 | 0.000 | |
| net_cls-matrix | 5.456 | 0.289 | 5.634 | |
| net_cls-mina | 6.972 | 0.467 | 7.384 | |
| net_cls | 5.488 | 0.309 | 5.638 | |
| net_cls_tab-mina-method | 1.381 | 0.093 | 1.306 | |
| net_cls_tab | 0.727 | 0.072 | 0.614 | |
| net_dis-mina | 7.128 | 2.211 | 8.009 | |
| net_dis | 0.830 | 0.349 | 0.859 | |
| net_dis_indi | 0.000 | 0.001 | 0.001 | |
| net_dis_pcoa | 0.000 | 0.000 | 0.001 | |
| net_dis_plot | 13.619 | 4.195 | 15.481 | |
| net_grp_cmp | 0 | 0 | 0 | |
| net_node_cmp | 0.000 | 0.001 | 0.000 | |
| norm_accessor | 0.011 | 0.002 | 0.014 | |
| norm_tab-matrix | 0.228 | 0.022 | 0.261 | |
| norm_tab-mina | 0.228 | 0.032 | 0.268 | |
| norm_tab | 0.011 | 0.001 | 0.012 | |
| norm_tab_method_list | 0.021 | 0.013 | 0.035 | |
| pcoa_plot | 0.679 | 0.034 | 0.372 | |
| sim_par | 0.000 | 0.001 | 0.000 | |
| sparcc | 0 | 0 | 0 | |
| tab_accessor | 0 | 0 | 0 | |
| tina-matrix-method | 0 | 0 | 0 | |
| tina | 0 | 0 | 0 | |