| Back to Multiple platform build/check report for BioC 3.22: simplified long |
|
This page was generated on 2025-10-25 12:04 -0400 (Sat, 25 Oct 2025).
| Hostname | OS | Arch (*) | R version | Installed pkgs |
|---|---|---|---|---|
| nebbiolo2 | Linux (Ubuntu 24.04.3 LTS) | x86_64 | 4.5.1 Patched (2025-08-23 r88802) -- "Great Square Root" | 4901 |
| lconway | macOS 12.7.6 Monterey | x86_64 | 4.5.1 Patched (2025-09-10 r88807) -- "Great Square Root" | 4691 |
| kjohnson3 | macOS 13.7.7 Ventura | arm64 | 4.5.1 Patched (2025-09-10 r88807) -- "Great Square Root" | 4637 |
| taishan | Linux (openEuler 24.03 LTS) | aarch64 | 4.5.0 (2025-04-11) -- "How About a Twenty-Six" | 4658 |
| Click on any hostname to see more info about the system (e.g. compilers) (*) as reported by 'uname -p', except on Windows and Mac OS X | ||||
| Package 819/2361 | Hostname | OS / Arch | INSTALL | BUILD | CHECK | BUILD BIN | ||||||||
| genefu 2.41.0 (landing page) Benjamin Haibe-Kains
| nebbiolo2 | Linux (Ubuntu 24.04.3 LTS) / x86_64 | OK | OK | WARNINGS | |||||||||
| lconway | macOS 12.7.6 Monterey / x86_64 | OK | OK | WARNINGS | OK | |||||||||
| kjohnson3 | macOS 13.7.7 Ventura / arm64 | OK | OK | WARNINGS | OK | |||||||||
| taishan | Linux (openEuler 24.03 LTS) / aarch64 | OK | NA | NA | ||||||||||
|
To the developers/maintainers of the genefu package: - Allow up to 24 hours (and sometimes 48 hours) for your latest push to git@git.bioconductor.org:packages/genefu.git to reflect on this report. See Troubleshooting Build Report for more information. - Use the following Renviron settings to reproduce errors and warnings. - If 'R CMD check' started to fail recently on the Linux builder(s) over a missing dependency, add the missing dependency to 'Suggests:' in your DESCRIPTION file. See Renviron.bioc for more information. |
| Package: genefu |
| Version: 2.41.0 |
| Command: /Library/Frameworks/R.framework/Resources/bin/R CMD check --install=check:genefu.install-out.txt --library=/Library/Frameworks/R.framework/Resources/library --no-vignettes --timings genefu_2.41.0.tar.gz |
| StartedAt: 2025-10-24 21:23:46 -0400 (Fri, 24 Oct 2025) |
| EndedAt: 2025-10-24 21:26:31 -0400 (Fri, 24 Oct 2025) |
| EllapsedTime: 164.5 seconds |
| RetCode: 0 |
| Status: WARNINGS |
| CheckDir: genefu.Rcheck |
| Warnings: 1 |
##############################################################################
##############################################################################
###
### Running command:
###
### /Library/Frameworks/R.framework/Resources/bin/R CMD check --install=check:genefu.install-out.txt --library=/Library/Frameworks/R.framework/Resources/library --no-vignettes --timings genefu_2.41.0.tar.gz
###
##############################################################################
##############################################################################
* using log directory ‘/Users/biocbuild/bbs-3.22-bioc/meat/genefu.Rcheck’
* using R version 4.5.1 Patched (2025-09-10 r88807)
* using platform: x86_64-apple-darwin20
* R was compiled by
Apple clang version 14.0.0 (clang-1400.0.29.202)
GNU Fortran (GCC) 14.2.0
* running under: macOS Monterey 12.7.6
* using session charset: UTF-8
* using option ‘--no-vignettes’
* checking for file ‘genefu/DESCRIPTION’ ... OK
* checking extension type ... Package
* this is package ‘genefu’ version ‘2.41.0’
* package encoding: UTF-8
* checking package namespace information ... OK
* checking package dependencies ... OK
* checking if this is a source package ... OK
* checking if there is a namespace ... OK
* checking for hidden files and directories ... OK
* checking for portable file names ... OK
* checking for sufficient/correct file permissions ... OK
* checking whether package ‘genefu’ can be installed ... WARNING
Found the following significant warnings:
Warning: replacing previous import ‘limma::logsumexp’ by ‘mclust::logsumexp’ when loading ‘genefu’
See ‘/Users/biocbuild/bbs-3.22-bioc/meat/genefu.Rcheck/00install.out’ for details.
* checking installed package size ... INFO
installed size is 5.2Mb
sub-directories of 1Mb or more:
data 4.0Mb
* checking package directory ... OK
* checking ‘build’ directory ... OK
* checking DESCRIPTION meta-information ... OK
* checking top-level files ... OK
* checking for left-over files ... OK
* checking index information ... OK
* checking package subdirectories ... OK
* checking code files for non-ASCII characters ... OK
* checking R files for syntax errors ... OK
* checking whether the package can be loaded ... OK
* checking whether the package can be loaded with stated dependencies ... OK
* checking whether the package can be unloaded cleanly ... OK
* checking whether the namespace can be loaded with stated dependencies ... OK
* checking whether the namespace can be unloaded cleanly ... OK
* checking dependencies in R code ... NOTE
Packages in Depends field not imported from:
‘AIMS’ ‘biomaRt’ ‘iC10’
These packages need to be imported from (in the NAMESPACE file)
for when this namespace is loaded but not attached.
Unexported objects imported by ':::' calls:
‘mclust:::grid1’ ‘mclust:::grid2’
See the note in ?`:::` about the use of this operator.
* checking S3 generic/method consistency ... OK
* checking replacement functions ... OK
* checking foreign function calls ... OK
* checking R code for possible problems ... OK
* checking Rd files ... NOTE
checkRd: (-1) fuzzy.ttest.Rd:41: Lost braces; missing escapes or markup?
41 | in w1 and w2 should lay in [0,1] and \verb{0 <= (w1[i] + w2[i]) <= 1} for i in {0,1,...,n} where
| ^
* checking Rd metadata ... OK
* checking Rd cross-references ... OK
* checking for missing documentation entries ... OK
* checking for code/documentation mismatches ... OK
* checking Rd \usage sections ... OK
* checking Rd contents ... OK
* checking for unstated dependencies in examples ... OK
* checking contents of ‘data’ directory ... OK
* checking data for non-ASCII characters ... OK
* checking data for ASCII and uncompressed saves ... OK
* checking files in ‘vignettes’ ... OK
* checking examples ... OK
* checking for unstated dependencies in vignettes ... OK
* checking package vignettes ... OK
* checking running R code from vignettes ... SKIPPED
* checking re-building of vignette outputs ... SKIPPED
* checking PDF version of manual ... OK
* DONE
Status: 1 WARNING, 2 NOTEs
See
‘/Users/biocbuild/bbs-3.22-bioc/meat/genefu.Rcheck/00check.log’
for details.
genefu.Rcheck/00install.out
############################################################################## ############################################################################## ### ### Running command: ### ### /Library/Frameworks/R.framework/Resources/bin/R CMD INSTALL genefu ### ############################################################################## ############################################################################## * installing to library ‘/Library/Frameworks/R.framework/Versions/4.5-x86_64/Resources/library’ * installing *source* package ‘genefu’ ... ** this is package ‘genefu’ version ‘2.41.0’ ** using staged installation ** R ** data ** inst ** byte-compile and prepare package for lazy loading Warning: replacing previous import ‘limma::logsumexp’ by ‘mclust::logsumexp’ when loading ‘genefu’ ** help *** installing help indices ** building package indices ** installing vignettes ** testing if installed package can be loaded from temporary location Warning: replacing previous import ‘limma::logsumexp’ by ‘mclust::logsumexp’ when loading ‘genefu’ ** testing if installed package can be loaded from final location Warning: replacing previous import ‘limma::logsumexp’ by ‘mclust::logsumexp’ when loading ‘genefu’ ** testing if installed package keeps a record of temporary installation path * DONE (genefu)
genefu.Rcheck/genefu-Ex.timings
| name | user | system | elapsed | |
| bimod | 0.217 | 0.011 | 0.229 | |
| boxplotplus2 | 0.008 | 0.001 | 0.008 | |
| claudinLow | 1.197 | 0.024 | 1.234 | |
| compareProtoCor | 1.303 | 0.021 | 1.339 | |
| compute.pairw.cor.meta | 1.653 | 0.036 | 1.708 | |
| compute.proto.cor.meta | 1.302 | 0.020 | 1.335 | |
| cordiff.dep | 0.110 | 0.005 | 0.116 | |
| endoPredict | 0.121 | 0.007 | 0.129 | |
| fuzzy.ttest | 0.163 | 0.018 | 0.183 | |
| gene70 | 0.265 | 0.011 | 0.283 | |
| gene76 | 0.125 | 0.006 | 0.130 | |
| geneid.map | 0.125 | 0.007 | 0.132 | |
| genius | 0.256 | 0.025 | 0.282 | |
| ggi | 0.130 | 0.008 | 0.140 | |
| ihc4 | 0.118 | 0.008 | 0.126 | |
| intrinsic.cluster | 0.430 | 0.019 | 0.433 | |
| intrinsic.cluster.predict | 0.201 | 0.011 | 0.217 | |
| map.datasets | 1.281 | 0.022 | 1.314 | |
| molecular.subtyping | 2.350 | 0.118 | 2.516 | |
| npi | 0.116 | 0.008 | 0.126 | |
| oncotypedx | 0.138 | 0.007 | 0.146 | |
| ovcAngiogenic | 0.157 | 0.010 | 0.169 | |
| ovcCrijns | 0.136 | 0.008 | 0.147 | |
| ovcTCGA | 0.246 | 0.006 | 0.254 | |
| ovcYoshihara | 0.164 | 0.008 | 0.175 | |
| pik3cags | 0.133 | 0.007 | 0.140 | |
| power.cor | 0.000 | 0.000 | 0.001 | |
| ps.cluster | 0.422 | 0.015 | 0.424 | |
| read.m.file | 0.022 | 0.003 | 0.026 | |
| rename.duplicate | 0.001 | 0.000 | 0.002 | |
| rescale | 0.275 | 0.013 | 0.290 | |
| rorS | 0.179 | 0.007 | 0.190 | |
| setcolclass.df | 0.002 | 0.000 | 0.002 | |
| sig.score | 0.127 | 0.007 | 0.135 | |
| spearmanCI | 0.001 | 0.001 | 0.001 | |
| st.gallen | 0.110 | 0.005 | 0.117 | |
| stab.fs | 0.244 | 0.008 | 0.254 | |
| stab.fs.ranking | 1.644 | 0.063 | 1.728 | |
| strescR | 0.000 | 0.001 | 0.001 | |
| subtype.cluster | 0.653 | 0.038 | 0.699 | |
| subtype.cluster.predict | 0.282 | 0.014 | 0.302 | |
| tamr13 | 0.140 | 0.013 | 0.164 | |
| tbrm | 0.000 | 0.000 | 0.001 | |
| weighted.meanvar | 0.000 | 0.000 | 0.001 | |
| write.m.file | 0.003 | 0.002 | 0.007 | |