| Back to Multiple platform build/check report for BioC 3.22: simplified long |
|
This page was generated on 2025-10-25 12:03 -0400 (Sat, 25 Oct 2025).
| Hostname | OS | Arch (*) | R version | Installed pkgs |
|---|---|---|---|---|
| nebbiolo2 | Linux (Ubuntu 24.04.3 LTS) | x86_64 | 4.5.1 Patched (2025-08-23 r88802) -- "Great Square Root" | 4901 |
| lconway | macOS 12.7.6 Monterey | x86_64 | 4.5.1 Patched (2025-09-10 r88807) -- "Great Square Root" | 4691 |
| kjohnson3 | macOS 13.7.7 Ventura | arm64 | 4.5.1 Patched (2025-09-10 r88807) -- "Great Square Root" | 4637 |
| taishan | Linux (openEuler 24.03 LTS) | aarch64 | 4.5.0 (2025-04-11) -- "How About a Twenty-Six" | 4658 |
| Click on any hostname to see more info about the system (e.g. compilers) (*) as reported by 'uname -p', except on Windows and Mac OS X | ||||
| Package 819/2361 | Hostname | OS / Arch | INSTALL | BUILD | CHECK | BUILD BIN | ||||||||
| genefu 2.41.0 (landing page) Benjamin Haibe-Kains
| nebbiolo2 | Linux (Ubuntu 24.04.3 LTS) / x86_64 | OK | OK | WARNINGS | |||||||||
| lconway | macOS 12.7.6 Monterey / x86_64 | OK | OK | WARNINGS | OK | |||||||||
| kjohnson3 | macOS 13.7.7 Ventura / arm64 | OK | OK | WARNINGS | OK | |||||||||
| taishan | Linux (openEuler 24.03 LTS) / aarch64 | OK | NA | NA | ||||||||||
|
To the developers/maintainers of the genefu package: - Allow up to 24 hours (and sometimes 48 hours) for your latest push to git@git.bioconductor.org:packages/genefu.git to reflect on this report. See Troubleshooting Build Report for more information. - Use the following Renviron settings to reproduce errors and warnings. - If 'R CMD check' started to fail recently on the Linux builder(s) over a missing dependency, add the missing dependency to 'Suggests:' in your DESCRIPTION file. See Renviron.bioc for more information. |
| Package: genefu |
| Version: 2.41.0 |
| Command: /home/biocbuild/bbs-3.22-bioc/R/bin/R CMD check --install=check:genefu.install-out.txt --library=/home/biocbuild/bbs-3.22-bioc/R/site-library --timings genefu_2.41.0.tar.gz |
| StartedAt: 2025-10-24 23:57:28 -0400 (Fri, 24 Oct 2025) |
| EndedAt: 2025-10-25 00:00:21 -0400 (Sat, 25 Oct 2025) |
| EllapsedTime: 173.2 seconds |
| RetCode: 0 |
| Status: WARNINGS |
| CheckDir: genefu.Rcheck |
| Warnings: 1 |
##############################################################################
##############################################################################
###
### Running command:
###
### /home/biocbuild/bbs-3.22-bioc/R/bin/R CMD check --install=check:genefu.install-out.txt --library=/home/biocbuild/bbs-3.22-bioc/R/site-library --timings genefu_2.41.0.tar.gz
###
##############################################################################
##############################################################################
* using log directory ‘/home/biocbuild/bbs-3.22-bioc/meat/genefu.Rcheck’
* using R version 4.5.1 Patched (2025-08-23 r88802)
* using platform: x86_64-pc-linux-gnu
* R was compiled by
gcc (Ubuntu 13.3.0-6ubuntu2~24.04) 13.3.0
GNU Fortran (Ubuntu 13.3.0-6ubuntu2~24.04) 13.3.0
* running under: Ubuntu 24.04.3 LTS
* using session charset: UTF-8
* checking for file ‘genefu/DESCRIPTION’ ... OK
* checking extension type ... Package
* this is package ‘genefu’ version ‘2.41.0’
* package encoding: UTF-8
* checking package namespace information ... OK
* checking package dependencies ... OK
* checking if this is a source package ... OK
* checking if there is a namespace ... OK
* checking for hidden files and directories ... OK
* checking for portable file names ... OK
* checking for sufficient/correct file permissions ... OK
* checking whether package ‘genefu’ can be installed ... WARNING
Found the following significant warnings:
Warning: replacing previous import ‘limma::logsumexp’ by ‘mclust::logsumexp’ when loading ‘genefu’
See ‘/home/biocbuild/bbs-3.22-bioc/meat/genefu.Rcheck/00install.out’ for details.
* checking installed package size ... INFO
installed size is 5.2Mb
sub-directories of 1Mb or more:
data 4.0Mb
* checking package directory ... OK
* checking ‘build’ directory ... OK
* checking DESCRIPTION meta-information ... OK
* checking top-level files ... OK
* checking for left-over files ... OK
* checking index information ... OK
* checking package subdirectories ... OK
* checking code files for non-ASCII characters ... OK
* checking R files for syntax errors ... OK
* checking whether the package can be loaded ... OK
* checking whether the package can be loaded with stated dependencies ... OK
* checking whether the package can be unloaded cleanly ... OK
* checking whether the namespace can be loaded with stated dependencies ... OK
* checking whether the namespace can be unloaded cleanly ... OK
* checking loading without being on the library search path ... OK
* checking dependencies in R code ... NOTE
Packages in Depends field not imported from:
‘AIMS’ ‘biomaRt’ ‘iC10’
These packages need to be imported from (in the NAMESPACE file)
for when this namespace is loaded but not attached.
Unexported objects imported by ':::' calls:
‘mclust:::grid1’ ‘mclust:::grid2’
See the note in ?`:::` about the use of this operator.
* checking S3 generic/method consistency ... OK
* checking replacement functions ... OK
* checking foreign function calls ... OK
* checking R code for possible problems ... OK
* checking Rd files ... NOTE
checkRd: (-1) fuzzy.ttest.Rd:41: Lost braces; missing escapes or markup?
41 | in w1 and w2 should lay in [0,1] and \verb{0 <= (w1[i] + w2[i]) <= 1} for i in {0,1,...,n} where
| ^
* checking Rd metadata ... OK
* checking Rd cross-references ... OK
* checking for missing documentation entries ... OK
* checking for code/documentation mismatches ... OK
* checking Rd \usage sections ... OK
* checking Rd contents ... OK
* checking for unstated dependencies in examples ... OK
* checking contents of ‘data’ directory ... OK
* checking data for non-ASCII characters ... OK
* checking data for ASCII and uncompressed saves ... OK
* checking files in ‘vignettes’ ... OK
* checking examples ... OK
* checking for unstated dependencies in vignettes ... OK
* checking package vignettes ... OK
* checking re-building of vignette outputs ... OK
* checking PDF version of manual ... OK
* DONE
Status: 1 WARNING, 2 NOTEs
See
‘/home/biocbuild/bbs-3.22-bioc/meat/genefu.Rcheck/00check.log’
for details.
genefu.Rcheck/00install.out
############################################################################## ############################################################################## ### ### Running command: ### ### /home/biocbuild/bbs-3.22-bioc/R/bin/R CMD INSTALL genefu ### ############################################################################## ############################################################################## * installing to library ‘/home/biocbuild/bbs-3.22-bioc/R/site-library’ * installing *source* package ‘genefu’ ... ** this is package ‘genefu’ version ‘2.41.0’ ** using staged installation ** R ** data ** inst ** byte-compile and prepare package for lazy loading Warning: replacing previous import ‘limma::logsumexp’ by ‘mclust::logsumexp’ when loading ‘genefu’ ** help *** installing help indices ** building package indices ** installing vignettes ** testing if installed package can be loaded from temporary location Warning: replacing previous import ‘limma::logsumexp’ by ‘mclust::logsumexp’ when loading ‘genefu’ ** testing if installed package can be loaded from final location Warning: replacing previous import ‘limma::logsumexp’ by ‘mclust::logsumexp’ when loading ‘genefu’ ** testing if installed package keeps a record of temporary installation path * DONE (genefu)
genefu.Rcheck/genefu-Ex.timings
| name | user | system | elapsed | |
| bimod | 0.202 | 0.004 | 0.207 | |
| boxplotplus2 | 0.007 | 0.000 | 0.007 | |
| claudinLow | 0.604 | 0.020 | 0.626 | |
| compareProtoCor | 1.759 | 0.085 | 1.846 | |
| compute.pairw.cor.meta | 1.524 | 0.039 | 1.565 | |
| compute.proto.cor.meta | 1.189 | 0.039 | 1.227 | |
| cordiff.dep | 0.111 | 0.001 | 0.112 | |
| endoPredict | 0.114 | 0.000 | 0.116 | |
| fuzzy.ttest | 0.110 | 0.000 | 0.111 | |
| gene70 | 0.249 | 0.017 | 0.265 | |
| gene76 | 0.127 | 0.004 | 0.131 | |
| geneid.map | 0.117 | 0.001 | 0.119 | |
| genius | 0.203 | 0.015 | 0.218 | |
| ggi | 0.111 | 0.004 | 0.115 | |
| ihc4 | 0.101 | 0.002 | 0.104 | |
| intrinsic.cluster | 0.363 | 0.007 | 0.358 | |
| intrinsic.cluster.predict | 0.167 | 0.006 | 0.173 | |
| map.datasets | 1.172 | 0.021 | 1.193 | |
| molecular.subtyping | 2.101 | 0.049 | 2.153 | |
| npi | 0.094 | 0.006 | 0.100 | |
| oncotypedx | 0.128 | 0.003 | 0.131 | |
| ovcAngiogenic | 0.112 | 0.002 | 0.114 | |
| ovcCrijns | 0.108 | 0.003 | 0.111 | |
| ovcTCGA | 0.207 | 0.004 | 0.211 | |
| ovcYoshihara | 0.112 | 0.012 | 0.123 | |
| pik3cags | 0.106 | 0.005 | 0.111 | |
| power.cor | 0 | 0 | 0 | |
| ps.cluster | 0.337 | 0.015 | 0.340 | |
| read.m.file | 0.019 | 0.002 | 0.020 | |
| rename.duplicate | 0.001 | 0.000 | 0.002 | |
| rescale | 0.231 | 0.003 | 0.234 | |
| rorS | 0.166 | 0.002 | 0.167 | |
| setcolclass.df | 0.002 | 0.000 | 0.001 | |
| sig.score | 0.113 | 0.004 | 0.117 | |
| spearmanCI | 0 | 0 | 0 | |
| st.gallen | 0.100 | 0.002 | 0.101 | |
| stab.fs | 0.197 | 0.012 | 0.208 | |
| stab.fs.ranking | 1.194 | 0.063 | 1.256 | |
| strescR | 0.001 | 0.000 | 0.000 | |
| subtype.cluster | 0.626 | 0.032 | 0.657 | |
| subtype.cluster.predict | 0.276 | 0.009 | 0.284 | |
| tamr13 | 0.129 | 0.003 | 0.132 | |
| tbrm | 0.000 | 0.000 | 0.001 | |
| weighted.meanvar | 0.001 | 0.000 | 0.000 | |
| write.m.file | 0.002 | 0.000 | 0.003 | |