Back to Multiple platform build/check report for BioC 3.22:   simplified   long
ABCDEFGHIJKLMN[O]PQRSTUVWXYZ

This page was generated on 2025-10-25 12:05 -0400 (Sat, 25 Oct 2025).

HostnameOSArch (*)R versionInstalled pkgs
nebbiolo2Linux (Ubuntu 24.04.3 LTS)x86_644.5.1 Patched (2025-08-23 r88802) -- "Great Square Root" 4901
lconwaymacOS 12.7.6 Montereyx86_644.5.1 Patched (2025-09-10 r88807) -- "Great Square Root" 4691
kjohnson3macOS 13.7.7 Venturaarm644.5.1 Patched (2025-09-10 r88807) -- "Great Square Root" 4637
taishanLinux (openEuler 24.03 LTS)aarch644.5.0 (2025-04-11) -- "How About a Twenty-Six" 4658
Click on any hostname to see more info about the system (e.g. compilers)      (*) as reported by 'uname -p', except on Windows and Mac OS X

Package 1505/2361HostnameOS / ArchINSTALLBUILDCHECKBUILD BIN
OmnipathR 3.17.7  (landing page)
Denes Turei
Snapshot Date: 2025-10-24 13:45 -0400 (Fri, 24 Oct 2025)
git_url: https://git.bioconductor.org/packages/OmnipathR
git_branch: devel
git_last_commit: d96c638
git_last_commit_date: 2025-10-24 13:24:39 -0400 (Fri, 24 Oct 2025)
nebbiolo2Linux (Ubuntu 24.04.3 LTS) / x86_64  OK    OK    ERROR  
lconwaymacOS 12.7.6 Monterey / x86_64  OK    OK    ERROR    OK  
kjohnson3macOS 13.7.7 Ventura / arm64  OK    OK    ERROR    OK  
taishanLinux (openEuler 24.03 LTS) / aarch64  OK    NA    NA  


CHECK results for OmnipathR on lconway

To the developers/maintainers of the OmnipathR package:
- Allow up to 24 hours (and sometimes 48 hours) for your latest push to git@git.bioconductor.org:packages/OmnipathR.git to reflect on this report. See Troubleshooting Build Report for more information.
- Use the following Renviron settings to reproduce errors and warnings.
- If 'R CMD check' started to fail recently on the Linux builder(s) over a missing dependency, add the missing dependency to 'Suggests:' in your DESCRIPTION file. See Renviron.bioc for more information.

raw results


Summary

Package: OmnipathR
Version: 3.17.7
Command: /Library/Frameworks/R.framework/Resources/bin/R CMD check --install=check:OmnipathR.install-out.txt --library=/Library/Frameworks/R.framework/Resources/library --no-vignettes --timings OmnipathR_3.17.7.tar.gz
StartedAt: 2025-10-24 23:03:01 -0400 (Fri, 24 Oct 2025)
EndedAt: 2025-10-24 23:21:25 -0400 (Fri, 24 Oct 2025)
EllapsedTime: 1103.5 seconds
RetCode: 1
Status:   ERROR  
CheckDir: OmnipathR.Rcheck
Warnings: NA

Command output

##############################################################################
##############################################################################
###
### Running command:
###
###   /Library/Frameworks/R.framework/Resources/bin/R CMD check --install=check:OmnipathR.install-out.txt --library=/Library/Frameworks/R.framework/Resources/library --no-vignettes --timings OmnipathR_3.17.7.tar.gz
###
##############################################################################
##############################################################################


* using log directory ‘/Users/biocbuild/bbs-3.22-bioc/meat/OmnipathR.Rcheck’
* using R version 4.5.1 Patched (2025-09-10 r88807)
* using platform: x86_64-apple-darwin20
* R was compiled by
    Apple clang version 14.0.0 (clang-1400.0.29.202)
    GNU Fortran (GCC) 14.2.0
* running under: macOS Monterey 12.7.6
* using session charset: UTF-8
* using option ‘--no-vignettes’
* checking for file ‘OmnipathR/DESCRIPTION’ ... OK
* checking extension type ... Package
* this is package ‘OmnipathR’ version ‘3.17.7’
* package encoding: UTF-8
* checking package namespace information ... OK
* checking package dependencies ... INFO
Imports includes 35 non-default packages.
Importing from so many packages makes the package vulnerable to any of
them becoming unavailable.  Move as many as possible to Suggests and
use conditionally.
* checking if this is a source package ... OK
* checking if there is a namespace ... OK
* checking for hidden files and directories ... OK
* checking for portable file names ... OK
* checking for sufficient/correct file permissions ... OK
* checking whether package ‘OmnipathR’ can be installed ... OK
* checking installed package size ... OK
* checking package directory ... OK
* checking DESCRIPTION meta-information ... OK
* checking top-level files ... OK
* checking for left-over files ... OK
* checking index information ... OK
* checking package subdirectories ... OK
* checking code files for non-ASCII characters ... OK
* checking R files for syntax errors ... OK
* checking whether the package can be loaded ... OK
* checking whether the package can be loaded with stated dependencies ... OK
* checking whether the package can be unloaded cleanly ... OK
* checking whether the namespace can be loaded with stated dependencies ... OK
* checking whether the namespace can be unloaded cleanly ... OK
* checking whether startup messages can be suppressed ... NOTE
[2025-10-24 23:03:40] [TRACE]   [OmnipathR] Reading JSON from `/Users/biocbuild/Library/Caches/OmnipathR/cache.json` (encoding: UTF-8).
[2025-10-24 23:03:40] [TRACE]   [OmnipathR] JSON validation successful: TRUE
[2025-10-24 23:03:40] [INFO]    [OmnipathR] Initialized cache: `/Users/biocbuild/Library/Caches/OmnipathR`.
[2025-10-24 23:03:40] [INFO]    [OmnipathR] Package `OmnipathR` packaged: NA
[2025-10-24 23:03:40] [INFO]    [OmnipathR] Package `OmnipathR` date/publication: 2025-10-24
[2025-10-24 23:03:40] [INFO]    [OmnipathR] Package `OmnipathR` built: R 4.5.1; ; 2025-10-24 19:18:43 UTC; unix
[2025-10-24 23:03:40] [INFO]    [OmnipathR] Package `OmnipathR` version: 3.17.7
[2025-10-24 23:03:40] [INFO]    [OmnipathR] Package `OmnipathR` repository: Bioconductor 3.22
[2025-10-24 23:03:41] [INFO]    [OmnipathR] Session info: [version=R version 4.5.1 Patched (2025-09-10 r88807); os=macOS Monterey 12.7.6; system=x86_64, darwin20; ui=X11; language=(EN); collate=C; ctype=en_US.UTF-8; tz=America/New_York; date=2025-10-24; pandoc=2.7.3 @ /usr/local/bin/ (via rmarkdown); quarto=1.4.553 @ /usr/local/bin/quarto]
[2025-10-24 23:03:41] [INFO]    [OmnipathR] External libraries: [cairo=1.17.6; cairoFT=; pango=1.50.14; png=1.6.44; jpeg=9.5; tiff=LIBTIFF, Version 4.5.0; tcl=8.6.13; curl=8.7.1; zlib=1.2.11; bzlib=1.0.8, 13-Jul-2019; xz=5.6.3; deflate=1.23; PCRE=10.44 2024-06-07; ICU=70.1; TRE=TRE 0.8.0 R_fixes (BSD); iconv=Apple or GNU libiconv 1.11 /Library/Frameworks/R.framework/Versions/4.5-x86_64/Resources/lib/libR.dylib; readline=5.2; BLAS=/Library/Frameworks/R.framework/Versions/4.5-x86_64/Resources/lib/libRblas.0.dylib; lapack=/Library/Frameworks/R.framework/Versions/4.5-x86_64/Resources/lib/libRlapack.dylib; lapack_version=3.12.1]
[2025-10-24 23:03:41] [INFO]    [OmnipathR] Loaded packages: backports 1.5.0(2024-05-23); bit 4.6.0(2025-03-06); bit64 4.6.0-1(2025-01-16); blob 1.2.4(2023-03-17); cachem 1.1.0(2024-05-16); cellranger 1.1.0(2016-07-27); checkmate 2.3.3(2025-08-18); chromote 0.5.1(2025-04-24); cli 3.6.5(2025-04-23); crayon 1.5.3(2024-06-20); curl 7.0.0(2025-08-19); DBI 1.2.3(2024-06-02); digest 0.6.37(2024-08-19); dplyr 1.1.4(2023-11-17); evaluate 1.0.5(2025-08-27); fastmap 1.2.0(2024-05-15); fs 1.6.6(2025-04-12); generics 0.1.4(2025-05-09); glue 1.8.0(2024-09-30); hms 1.1.4(2025-10-17); htmltools 0.5.8.1(2024-04-04); httr 1.4.7(2023-08-15); httr2 1.2.1(2025-07-22); igraph 2.2.0(2025-10-13); jsonlite 2.0.0(2025-03-27); knitr 1.50(2025-03-16); later 1.4.4(2025-08-27); lifecycle 1.0.4(2023-11-07); logger 0.4.1(2025-09-11); lubridate 1.9.4(2024-12-08); magrittr 2.0.4(2025-09-12); memoise 2.0.1(2021-11-26); OmnipathR 3.17.7(2025-10-24); otel 0.2.0(2025-08-29); pillar 1.11.1(2025-09-17); pkgconfig 2.0.3(2019-09-22); prettyunits 1.2.0(2023-09-24); processx 3.8.6(2025-02-21); progress 1.2.3(2023-12-06); promises 1.4.0(2025-10-22); ps 1.9.1(2025-04-12); purrr 1.1.0(2025-07-10); R.methodsS3 1.8.2(2022-06-13); R.oo 1.27.1(2025-05-02); R.utils 2.13.0(2025-02-24); R6 2.6.1(2025-02-15); rappdirs 0.3.3(2021-01-31); Rcpp 1.1.0(2025-07-02); readr 2.1.5(2024-01-10); readxl 1.4.5(2025-03-07); rlang 1.1.6(2025-04-11); rmarkdown 2.30(2025-09-28); RSQLite 2.4.3(2025-08-20); rvest 1.0.5(2025-08-29); sessioninfo 1.2.3(2025-02-05); stringi 1.8.7(2025-03-27); stringr 1.5.2(2025-09-08); tibble 3.3.0(2025-06-08); tidyr 1.3.1(2024-01-24); tidyselect 1.2.1(2024-03-11); timechange 0.3.0(2024-01-18); tzdb 0.5.0(2025-03-15); vctrs 0.6.5(2023-12-01); websocket 1.4.4(2025-04-10); withr 3.0.2(2024-10-28); xfun 0.53(2025-08-19); XML 3.99-0.19(2025-08-22); xml2 1.4.0(2025-08-20); yaml 2.3.10(2024-07-26); zip 2.3.3(2025-05-13)
[2025-10-24 23:03:41] [INFO]    [OmnipathR] CURL: version: 8.14.1; headers: 8.14.1; ssl_version: LibreSSL/3.3.6 (SecureTransport); libz_version: 1.2.11; libssh_version: NA; libidn_version: NA; host: x86_64-apple-darwin22.6.0; protocols: dict, file, ftp, ftps, gopher, gophers, http, https, imap, imaps, ldap, ldaps, mqtt, pop3, pop3s, rtsp, smb, smbs, smtp, smtps, telnet, tftp, ws, wss; ipv6: TRUE; http2: TRUE; idn: FALSE; url_parser: TRUE
[2025-10-24 23:03:41] [TRACE]   [OmnipathR] Running on a build server, wiping cache.
[2025-10-24 23:03:41] [TRACE]   [OmnipathR] Cache is at `/Users/biocbuild/Library/Caches/OmnipathR`.
[2025-10-24 23:03:41] [TRACE]   [OmnipathR] Contains 1 files.
[2025-10-24 23:03:41] [TRACE]   [OmnipathR] Cache is locked: FALSE.
[2025-10-24 23:03:41] [TRACE]   [OmnipathR] Reading JSON from `/Users/biocbuild/Library/Caches/OmnipathR/cache.json` (encoding: UTF-8).
[2025-10-24 23:03:41] [TRACE]   [OmnipathR] JSON validation successful: TRUE
[2025-10-24 23:03:41] [SUCCESS] [OmnipathR] Removing all cache contents from `/Users/biocbuild/Library/Caches/OmnipathR`.
[2025-10-24 23:03:41] [TRACE]   [OmnipathR] Pandoc version: `2.7.3`.
[2025-10-24 23:03:41] [TRACE]   [OmnipathR] Reading JSON from `/Library/Frameworks/R.framework/Versions/4.5-x86_64/Resources/library/OmnipathR/db/db_def.json` (encoding: UTF-8).
[2025-10-24 23:03:41] [TRACE]   [OmnipathR] JSON validation successful: TRUE
[2025-10-24 23:03:41] [TRACE]   [OmnipathR] Reading JSON from `/Library/Frameworks/R.framework/Versions/4.5-x86_64/Resources/library/OmnipathR/internal/magic_bytes.json` (encoding: UTF-8).
[2025-10-24 23:03:41] [TRACE]   [OmnipathR] JSON validation successful: TRUE
[2025-10-24 23:03:41] [TRACE]   [OmnipathR] Reading JSON from `/Library/Frameworks/R.framework/Versions/4.5-x86_64/Resources/library/OmnipathR/internal/urls.json` (encoding: UTF-8).
[2025-10-24 23:03:41] [TRACE]   [OmnipathR] JSON validation successful: TRUE
[2025-10-24 23:03:41] [TRACE]   [OmnipathR] Reading JSON from `/Library/Frameworks/R.framework/Versions/4.5-x86_64/Resources/library/OmnipathR/internal/id_types.json` (encoding: UTF-8).
[2025-10-24 23:03:41] [TRACE]   [OmnipathR] JSON validation successful: TRUE
[2025-10-24 23:03:41] [TRACE]   [OmnipathR] Cache locked: FALSE

It looks like this package (or a package it requires) has a startup
message which cannot be suppressed: see ?packageStartupMessage.
* checking dependencies in R code ... OK
* checking S3 generic/method consistency ... OK
* checking replacement functions ... OK
* checking foreign function calls ... OK
* checking R code for possible problems ... NOTE
[2025-10-24 23:04:07] [TRACE]   [OmnipathR] Reading JSON from `/Users/biocbuild/Library/Caches/OmnipathR/cache.json` (encoding: UTF-8).
[2025-10-24 23:04:07] [TRACE]   [OmnipathR] JSON validation successful: TRUE
[2025-10-24 23:04:07] [INFO]    [OmnipathR] Initialized cache: `/Users/biocbuild/Library/Caches/OmnipathR`.
[2025-10-24 23:04:07] [INFO]    [OmnipathR] Package `OmnipathR` packaged: NA
[2025-10-24 23:04:07] [INFO]    [OmnipathR] Package `OmnipathR` date/publication: 2025-10-24
[2025-10-24 23:04:07] [INFO]    [OmnipathR] Package `OmnipathR` built: R 4.5.1; ; 2025-10-24 19:18:43 UTC; unix
[2025-10-24 23:04:07] [INFO]    [OmnipathR] Package `OmnipathR` version: 3.17.7
[2025-10-24 23:04:07] [INFO]    [OmnipathR] Package `OmnipathR` repository: Bioconductor 3.22
[2025-10-24 23:04:07] [INFO]    [OmnipathR] Session info: [version=R version 4.5.1 Patched (2025-09-10 r88807); os=macOS Monterey 12.7.6; system=x86_64, darwin20; ui=X11; language=(EN); collate=C; ctype=en_US.UTF-8; tz=America/New_York; date=2025-10-24; pandoc=2.7.3 @ /usr/local/bin/ (via rmarkdown); quarto=1.4.553 @ /usr/local/bin/quarto]
[2025-10-24 23:04:08] [INFO]    [OmnipathR] External libraries: [cairo=1.17.6; cairoFT=; pango=1.50.14; png=1.6.44; jpeg=9.5; tiff=LIBTIFF, Version 4.5.0; tcl=8.6.13; curl=8.7.1; zlib=1.2.11; bzlib=1.0.8, 13-Jul-2019; xz=5.6.3; deflate=1.23; PCRE=10.44 2024-06-07; ICU=70.1; TRE=TRE 0.8.0 R_fixes (BSD); iconv=Apple or GNU libiconv 1.11 /Library/Frameworks/R.framework/Versions/4.5-x86_64/Resources/lib/libR.dylib; readline=5.2; BLAS=/Library/Frameworks/R.framework/Versions/4.5-x86_64/Resources/lib/libRblas.0.dylib; lapack=/Library/Frameworks/R.framework/Versions/4.5-x86_64/Resources/lib/libRlapack.dylib; lapack_version=3.12.1]
[2025-10-24 23:04:08] [INFO]    [OmnipathR] Loaded packages: backports 1.5.0(2024-05-23); bit 4.6.0(2025-03-06); bit64 4.6.0-1(2025-01-16); blob 1.2.4(2023-03-17); cachem 1.1.0(2024-05-16); cellranger 1.1.0(2016-07-27); checkmate 2.3.3(2025-08-18); chromote 0.5.1(2025-04-24); cli 3.6.5(2025-04-23); crayon 1.5.3(2024-06-20); curl 7.0.0(2025-08-19); DBI 1.2.3(2024-06-02); digest 0.6.37(2024-08-19); dplyr 1.1.4(2023-11-17); evaluate 1.0.5(2025-08-27); fastmap 1.2.0(2024-05-15); fs 1.6.6(2025-04-12); generics 0.1.4(2025-05-09); glue 1.8.0(2024-09-30); hms 1.1.4(2025-10-17); htmltools 0.5.8.1(2024-04-04); httr 1.4.7(2023-08-15); httr2 1.2.1(2025-07-22); igraph 2.2.0(2025-10-13); jsonlite 2.0.0(2025-03-27); knitr 1.50(2025-03-16); later 1.4.4(2025-08-27); lifecycle 1.0.4(2023-11-07); logger 0.4.1(2025-09-11); lubridate 1.9.4(2024-12-08); magrittr 2.0.4(2025-09-12); memoise 2.0.1(2021-11-26); OmnipathR 3.17.7(2025-10-24); otel 0.2.0(2025-08-29); pillar 1.11.1(2025-09-17); pkgconfig 2.0.3(2019-09-22); prettyunits 1.2.0(2023-09-24); processx 3.8.6(2025-02-21); progress 1.2.3(2023-12-06); promises 1.4.0(2025-10-22); ps 1.9.1(2025-04-12); purrr 1.1.0(2025-07-10); R.methodsS3 1.8.2(2022-06-13); R.oo 1.27.1(2025-05-02); R.utils 2.13.0(2025-02-24); R6 2.6.1(2025-02-15); rappdirs 0.3.3(2021-01-31); Rcpp 1.1.0(2025-07-02); readr 2.1.5(2024-01-10); readxl 1.4.5(2025-03-07); rlang 1.1.6(2025-04-11); rmarkdown 2.30(2025-09-28); RSQLite 2.4.3(2025-08-20); rvest 1.0.5(2025-08-29); sessioninfo 1.2.3(2025-02-05); stringi 1.8.7(2025-03-27); stringr 1.5.2(2025-09-08); tibble 3.3.0(2025-06-08); tidyr 1.3.1(2024-01-24); tidyselect 1.2.1(2024-03-11); timechange 0.3.0(2024-01-18); tzdb 0.5.0(2025-03-15); vctrs 0.6.5(2023-12-01); websocket 1.4.4(2025-04-10); withr 3.0.2(2024-10-28); xfun 0.53(2025-08-19); XML 3.99-0.19(2025-08-22); xml2 1.4.0(2025-08-20); yaml 2.3.10(2024-07-26); zip 2.3.3(2025-05-13)
[2025-10-24 23:04:08] [INFO]    [OmnipathR] CURL: version: 8.14.1; headers: 8.14.1; ssl_version: LibreSSL/3.3.6 (SecureTransport); libz_version: 1.2.11; libssh_version: NA; libidn_version: NA; host: x86_64-apple-darwin22.6.0; protocols: dict, file, ftp, ftps, gopher, gophers, http, https, imap, imaps, ldap, ldaps, mqtt, pop3, pop3s, rtsp, smb, smbs, smtp, smtps, telnet, tftp, ws, wss; ipv6: TRUE; http2: TRUE; idn: FALSE; url_parser: TRUE
[2025-10-24 23:04:08] [TRACE]   [OmnipathR] Running on a build server, wiping cache.
[2025-10-24 23:04:08] [TRACE]   [OmnipathR] Cache is at `/Users/biocbuild/Library/Caches/OmnipathR`.
[2025-10-24 23:04:08] [TRACE]   [OmnipathR] Contains 1 files.
[2025-10-24 23:04:08] [TRACE]   [OmnipathR] Cache is locked: FALSE.
[2025-10-24 23:04:08] [TRACE]   [OmnipathR] Reading JSON from `/Users/biocbuild/Library/Caches/OmnipathR/cache.json` (encoding: UTF-8).
[2025-10-24 23:04:08] [TRACE]   [OmnipathR] JSON validation successful: TRUE
[2025-10-24 23:04:08] [SUCCESS] [OmnipathR] Removing all cache contents from `/Users/biocbuild/Library/Caches/OmnipathR`.
[2025-10-24 23:04:08] [TRACE]   [OmnipathR] Pandoc version: `2.7.3`.
[2025-10-24 23:04:08] [TRACE]   [OmnipathR] Reading JSON from `/Library/Frameworks/R.framework/Versions/4.5-x86_64/Resources/library/OmnipathR/db/db_def.json` (encoding: UTF-8).
[2025-10-24 23:04:08] [TRACE]   [OmnipathR] JSON validation successful: TRUE
[2025-10-24 23:04:08] [TRACE]   [OmnipathR] Reading JSON from `/Library/Frameworks/R.framework/Versions/4.5-x86_64/Resources/library/OmnipathR/internal/magic_bytes.json` (encoding: UTF-8).
[2025-10-24 23:04:08] [TRACE]   [OmnipathR] JSON validation successful: TRUE
[2025-10-24 23:04:08] [TRACE]   [OmnipathR] Reading JSON from `/Library/Frameworks/R.framework/Versions/4.5-x86_64/Resources/library/OmnipathR/internal/urls.json` (encoding: UTF-8).
[2025-10-24 23:04:08] [TRACE]   [OmnipathR] JSON validation successful: TRUE
[2025-10-24 23:04:08] [TRACE]   [OmnipathR] Reading JSON from `/Library/Frameworks/R.framework/Versions/4.5-x86_64/Resources/library/OmnipathR/internal/id_types.json` (encoding: UTF-8).
[2025-10-24 23:04:08] [TRACE]   [OmnipathR] JSON validation successful: TRUE
[2025-10-24 23:04:08] [TRACE]   [OmnipathR] Cache locked: FALSE
.cosmos_pkn: no visible global function definition for
  ‘metabolite_idsc’
cosmos_ksn: no visible binding for global variable
  ‘substrate_genesymbol’
cosmos_ksn: no visible binding for global variable ‘residue_type’
cosmos_ksn: no visible binding for global variable ‘residue_offset’
cosmos_ksn: no visible binding for global variable ‘enzyme_genesymbol’
cosmos_ksn: no visible binding for global variable ‘mor’
recon3d_genes: no visible binding for global variable ‘notes’
recon3d_genes: no visible binding for global variable ‘annotation’
recon3d_genes: no visible binding for global variable
  ‘original_bigg_ids’
recon3d_metabolites: no visible binding for global variable ‘notes’
recon3d_metabolites: no visible binding for global variable
  ‘original_bigg_ids’
recon3d_metabolites: no visible binding for global variable
  ‘annotation’
recon3d_metabolites: no visible global function definition for
  ‘chalmers_gem_matlab_tibble’
recon3d_metabolites: no visible binding for global variable ‘hmdb’
recon3d_metabolites: no visible binding for global variable ‘metHMDBID’
recon3d_reactions: no visible binding for global variable ‘notes’
recon3d_reactions: no visible binding for global variable ‘metabolites’
recon3d_reactions: no visible binding for global variable
  ‘original_bigg_ids’
taxon_names_table: no visible binding for global variable
  ‘latin_name_uniprot’
taxon_names_table: no visible binding for global variable
  ‘latin_name_ensembl’
taxon_names_table: no visible binding for global variable
  ‘latin_name_oma’
taxon_names_table: no visible binding for global variable
  ‘common_name_ensembl’
taxon_names_table: no visible binding for global variable
  ‘common_name_uniprot’
Undefined global functions or variables:
  annotation chalmers_gem_matlab_tibble common_name_ensembl
  common_name_uniprot enzyme_genesymbol hmdb latin_name_ensembl
  latin_name_oma latin_name_uniprot metHMDBID metabolite_idsc
  metabolites mor notes original_bigg_ids residue_offset residue_type
  substrate_genesymbol
* checking Rd files ... OK
* checking Rd metadata ... OK
* checking Rd cross-references ... OK
* checking for missing documentation entries ... WARNING
Undocumented code objects:
  ‘recon3d_raw’ ‘recon3d_raw_vmh’
All user-level objects in a package should have documentation entries.
See chapter ‘Writing R documentation files’ in the ‘Writing R
Extensions’ manual.
* checking for code/documentation mismatches ... OK
* checking Rd \usage sections ... WARNING
Undocumented arguments in Rd file 'recon3d.Rd'
  ‘extra_hmdb’

Undocumented arguments in Rd file 'translate_ids_multi.Rd'
  ‘ramp’ ‘expand’

Functions with \usage entries need to have the appropriate \alias
entries, and all their arguments documented.
The \usage entries must correspond to syntactically valid R code.
See chapter ‘Writing R documentation files’ in the ‘Writing R
Extensions’ manual.
* checking Rd contents ... OK
* checking for unstated dependencies in examples ... OK
* checking R/sysdata.rda ... OK
* checking files in ‘vignettes’ ... OK
* checking examples ... ERROR
Running examples in ‘OmnipathR-Ex.R’ failed
The error most likely occurred in:

> base::assign(".ptime", proc.time(), pos = "CheckExEnv")
> ### Name: recon3d_metabolites
> ### Title: Metabolites from Recon-3D
> ### Aliases: recon3d_metabolites recon3d_reactions recon3d_genes
> ###   recon3d_compartments
> 
> ### ** Examples
> 
> recon3d_metabolites()
Warning in readLines(con = path, encoding = encoding) :
  incomplete final line found on '/Users/biocbuild/Library/Caches/OmnipathR/be81cd1c9a119b749e4206f26272806591e8fb4c-1.gz'
Error in chalmers_gem_matlab_tibble(., "mets", "metHMDBID") : 
  could not find function "chalmers_gem_matlab_tibble"
Calls: recon3d_metabolites ... same_src.data.frame -> is.data.frame -> %>% -> unnest -> unnest
Execution halted
Examples with CPU (user + system) or elapsed time > 5s
                                       user system elapsed
curated_ligrec_stats                 43.952 21.341 137.901
annotation_categories                57.856  0.336  59.888
filter_extra_attrs                   42.837 12.882  68.148
omnipath-interactions                33.539  3.376  60.956
all_uniprots                         26.622  3.107  50.809
extra_attrs_to_cols                  20.799  3.110  31.370
extra_attr_values                    19.649  3.799  35.776
nichenet_gr_network_omnipath         16.910  1.706  20.965
extra_attrs                          12.437  3.105  19.207
go_annot_download                    13.695  1.832  14.790
curated_ligand_receptor_interactions  7.908  6.690  24.432
nichenet_signaling_network_omnipath  12.559  1.222  16.300
giant_component                      12.542  1.188  16.512
has_extra_attrs                       9.990  2.914  12.945
omnipath_for_cosmos                  10.659  0.867  31.705
pivot_annotations                    10.345  0.991  19.537
filter_by_resource                    9.795  0.753  12.687
filter_intercell                      8.577  0.690  17.145
find_all_paths                        7.528  0.523   8.215
print_interactions                    7.023  0.537  11.739
pubmed_open                           4.816  0.245   5.091
ensembl_id_mapping_table              3.205  0.408  22.991
enzsub_graph                          3.249  0.270   6.323
print_path_vs                         2.764  0.273   5.692
kegg_conv                             1.585  0.223  11.098
metalinksdb_sqlite                    1.037  0.357  10.703
kinasephos                            1.132  0.204  30.298
kegg_picture                          0.998  0.069   5.329
kegg_rm_prefix                        0.823  0.103   5.991
kegg_link                             0.768  0.109   5.982
* checking for unstated dependencies in ‘tests’ ... OK
* checking tests ...
  Running ‘testthat.R’
 OK
* checking for unstated dependencies in vignettes ... OK
* checking package vignettes ... OK
* checking running R code from vignettes ... SKIPPED
* checking re-building of vignette outputs ... SKIPPED
* checking PDF version of manual ... OK
* DONE

Status: 1 ERROR, 2 WARNINGs, 2 NOTEs
See
  ‘/Users/biocbuild/bbs-3.22-bioc/meat/OmnipathR.Rcheck/00check.log’
for details.


Installation output

OmnipathR.Rcheck/00install.out

##############################################################################
##############################################################################
###
### Running command:
###
###   /Library/Frameworks/R.framework/Resources/bin/R CMD INSTALL OmnipathR
###
##############################################################################
##############################################################################


* installing to library ‘/Library/Frameworks/R.framework/Versions/4.5-x86_64/Resources/library’
* installing *source* package ‘OmnipathR’ ...
** this is package ‘OmnipathR’ version ‘3.17.7’
** using staged installation
** R
** inst
** byte-compile and prepare package for lazy loading
** help
*** installing help indices
*** copying figures
** building package indices
** installing vignettes
** testing if installed package can be loaded from temporary location
[2025-10-24 15:18:56] [TRACE]   [OmnipathR] Reading JSON from `/Users/biocbuild/Library/Caches/OmnipathR/cache.json` (encoding: UTF-8).
[2025-10-24 15:18:56] [TRACE]   [OmnipathR] JSON validation successful: TRUE
[2025-10-24 15:18:56] [INFO]    [OmnipathR] Initialized cache: `/Users/biocbuild/Library/Caches/OmnipathR`.
[2025-10-24 15:18:56] [INFO]    [OmnipathR] Package `OmnipathR` packaged: NA
[2025-10-24 15:18:56] [INFO]    [OmnipathR] Package `OmnipathR` date/publication: 2025-10-24
[2025-10-24 15:18:56] [INFO]    [OmnipathR] Package `OmnipathR` built: R 4.5.1; ; 2025-10-24 19:18:43 UTC; unix
[2025-10-24 15:18:56] [INFO]    [OmnipathR] Package `OmnipathR` version: 3.17.7
[2025-10-24 15:18:56] [INFO]    [OmnipathR] Package `OmnipathR` repository: Bioconductor 3.22
[2025-10-24 15:18:57] [INFO]    [OmnipathR] Session info: [version=R version 4.5.1 Patched (2025-09-10 r88807); os=macOS Monterey 12.7.6; system=x86_64, darwin20; ui=X11; language=(EN); collate=C; ctype=en_US.UTF-8; tz=America/New_York; date=2025-10-24; pandoc=2.7.3 @ /usr/local/bin/ (via rmarkdown); quarto=1.4.553 @ /usr/local/bin/quarto]
[2025-10-24 15:18:58] [INFO]    [OmnipathR] External libraries: [cairo=1.17.6; cairoFT=; pango=1.50.14; png=1.6.44; jpeg=9.5; tiff=LIBTIFF, Version 4.5.0; tcl=8.6.13; curl=8.7.1; zlib=1.2.11; bzlib=1.0.8, 13-Jul-2019; xz=5.6.3; deflate=1.23; PCRE=10.44 2024-06-07; ICU=70.1; TRE=TRE 0.8.0 R_fixes (BSD); iconv=Apple or GNU libiconv 1.11 /Library/Frameworks/R.framework/Versions/4.5-x86_64/Resources/lib/libR.dylib; readline=5.2; BLAS=/Library/Frameworks/R.framework/Versions/4.5-x86_64/Resources/lib/libRblas.0.dylib; lapack=/Library/Frameworks/R.framework/Versions/4.5-x86_64/Resources/lib/libRlapack.dylib; lapack_version=3.12.1]
[2025-10-24 15:18:58] [INFO]    [OmnipathR] Loaded packages: backports 1.5.0(2024-05-23); bit 4.6.0(2025-03-06); bit64 4.6.0-1(2025-01-16); blob 1.2.4(2023-03-17); cachem 1.1.0(2024-05-16); cellranger 1.1.0(2016-07-27); checkmate 2.3.3(2025-08-18); chromote 0.5.1(2025-04-24); cli 3.6.5(2025-04-23); crayon 1.5.3(2024-06-20); curl 7.0.0(2025-08-19); DBI 1.2.3(2024-06-02); digest 0.6.37(2024-08-19); dplyr 1.1.4(2023-11-17); evaluate 1.0.5(2025-08-27); fastmap 1.2.0(2024-05-15); fs 1.6.6(2025-04-12); generics 0.1.4(2025-05-09); glue 1.8.0(2024-09-30); hms 1.1.4(2025-10-17); htmltools 0.5.8.1(2024-04-04); httr 1.4.7(2023-08-15); httr2 1.2.1(2025-07-22); igraph 2.2.0(2025-10-13); jsonlite 2.0.0(2025-03-27); knitr 1.50(2025-03-16); later 1.4.4(2025-08-27); lifecycle 1.0.4(2023-11-07); logger 0.4.1(2025-09-11); lubridate 1.9.4(2024-12-08); magrittr 2.0.4(2025-09-12); memoise 2.0.1(2021-11-26); OmnipathR 3.17.7(2025-10-24); otel 0.2.0(2025-08-29); pillar 1.11.1(2025-09-17); pkgconfig 2.0.3(2019-09-22); prettyunits 1.2.0(2023-09-24); processx 3.8.6(2025-02-21); progress 1.2.3(2023-12-06); promises 1.4.0(2025-10-22); ps 1.9.1(2025-04-12); purrr 1.1.0(2025-07-10); R.methodsS3 1.8.2(2022-06-13); R.oo 1.27.1(2025-05-02); R.utils 2.13.0(2025-02-24); R6 2.6.1(2025-02-15); rappdirs 0.3.3(2021-01-31); Rcpp 1.1.0(2025-07-02); readr 2.1.5(2024-01-10); readxl 1.4.5(2025-03-07); rlang 1.1.6(2025-04-11); rmarkdown 2.30(2025-09-28); RSQLite 2.4.3(2025-08-20); rvest 1.0.5(2025-08-29); sessioninfo 1.2.3(2025-02-05); stringi 1.8.7(2025-03-27); stringr 1.5.2(2025-09-08); tibble 3.3.0(2025-06-08); tidyr 1.3.1(2024-01-24); tidyselect 1.2.1(2024-03-11); timechange 0.3.0(2024-01-18); tzdb 0.5.0(2025-03-15); vctrs 0.6.5(2023-12-01); websocket 1.4.4(2025-04-10); withr 3.0.2(2024-10-28); xfun 0.53(2025-08-19); XML 3.99-0.19(2025-08-22); xml2 1.4.0(2025-08-20); yaml 2.3.10(2024-07-26); zip 2.3.3(2025-05-13)
[2025-10-24 15:18:58] [INFO]    [OmnipathR] CURL: version: 8.14.1; headers: 8.14.1; ssl_version: LibreSSL/3.3.6 (SecureTransport); libz_version: 1.2.11; libssh_version: NA; libidn_version: NA; host: x86_64-apple-darwin22.6.0; protocols: dict, file, ftp, ftps, gopher, gophers, http, https, imap, imaps, ldap, ldaps, mqtt, pop3, pop3s, rtsp, smb, smbs, smtp, smtps, telnet, tftp, ws, wss; ipv6: TRUE; http2: TRUE; idn: FALSE; url_parser: TRUE
[2025-10-24 15:18:58] [TRACE]   [OmnipathR] Running on a build server, wiping cache.
[2025-10-24 15:18:58] [TRACE]   [OmnipathR] Cache is at `/Users/biocbuild/Library/Caches/OmnipathR`.
[2025-10-24 15:18:58] [TRACE]   [OmnipathR] Contains 1 files.
[2025-10-24 15:18:58] [TRACE]   [OmnipathR] Cache is locked: FALSE.
[2025-10-24 15:18:58] [TRACE]   [OmnipathR] Reading JSON from `/Users/biocbuild/Library/Caches/OmnipathR/cache.json` (encoding: UTF-8).
[2025-10-24 15:18:58] [TRACE]   [OmnipathR] JSON validation successful: TRUE
[2025-10-24 15:18:58] [SUCCESS] [OmnipathR] Removing all cache contents from `/Users/biocbuild/Library/Caches/OmnipathR`.
[2025-10-24 15:18:58] [TRACE]   [OmnipathR] Pandoc version: `2.7.3`.
[2025-10-24 15:18:58] [TRACE]   [OmnipathR] Reading JSON from `/Library/Frameworks/R.framework/Versions/4.5-x86_64/Resources/library/00LOCK-OmnipathR/00new/OmnipathR/db/db_def.json` (encoding: UTF-8).
[2025-10-24 15:18:58] [TRACE]   [OmnipathR] JSON validation successful: TRUE
[2025-10-24 15:18:58] [TRACE]   [OmnipathR] Reading JSON from `/Library/Frameworks/R.framework/Versions/4.5-x86_64/Resources/library/00LOCK-OmnipathR/00new/OmnipathR/internal/magic_bytes.json` (encoding: UTF-8).
[2025-10-24 15:18:58] [TRACE]   [OmnipathR] JSON validation successful: TRUE
[2025-10-24 15:18:58] [TRACE]   [OmnipathR] Reading JSON from `/Library/Frameworks/R.framework/Versions/4.5-x86_64/Resources/library/00LOCK-OmnipathR/00new/OmnipathR/internal/urls.json` (encoding: UTF-8).
[2025-10-24 15:18:58] [TRACE]   [OmnipathR] JSON validation successful: TRUE
[2025-10-24 15:18:58] [TRACE]   [OmnipathR] Reading JSON from `/Library/Frameworks/R.framework/Versions/4.5-x86_64/Resources/library/00LOCK-OmnipathR/00new/OmnipathR/internal/id_types.json` (encoding: UTF-8).
[2025-10-24 15:18:58] [TRACE]   [OmnipathR] JSON validation successful: TRUE
[2025-10-24 15:18:58] [TRACE]   [OmnipathR] Cache locked: FALSE
** testing if installed package can be loaded from final location
[2025-10-24 15:19:00] [TRACE]   [OmnipathR] Reading JSON from `/Users/biocbuild/Library/Caches/OmnipathR/cache.json` (encoding: UTF-8).
[2025-10-24 15:19:00] [TRACE]   [OmnipathR] JSON validation successful: TRUE
[2025-10-24 15:19:00] [INFO]    [OmnipathR] Initialized cache: `/Users/biocbuild/Library/Caches/OmnipathR`.
[2025-10-24 15:19:00] [INFO]    [OmnipathR] Package `OmnipathR` packaged: NA
[2025-10-24 15:19:00] [INFO]    [OmnipathR] Package `OmnipathR` date/publication: 2025-10-24
[2025-10-24 15:19:00] [INFO]    [OmnipathR] Package `OmnipathR` built: R 4.5.1; ; 2025-10-24 19:18:43 UTC; unix
[2025-10-24 15:19:00] [INFO]    [OmnipathR] Package `OmnipathR` version: 3.17.7
[2025-10-24 15:19:00] [INFO]    [OmnipathR] Package `OmnipathR` repository: Bioconductor 3.22
[2025-10-24 15:19:01] [INFO]    [OmnipathR] Session info: [version=R version 4.5.1 Patched (2025-09-10 r88807); os=macOS Monterey 12.7.6; system=x86_64, darwin20; ui=X11; language=(EN); collate=C; ctype=en_US.UTF-8; tz=America/New_York; date=2025-10-24; pandoc=2.7.3 @ /usr/local/bin/ (via rmarkdown); quarto=1.4.553 @ /usr/local/bin/quarto]
[2025-10-24 15:19:01] [INFO]    [OmnipathR] External libraries: [cairo=1.17.6; cairoFT=; pango=1.50.14; png=1.6.44; jpeg=9.5; tiff=LIBTIFF, Version 4.5.0; tcl=8.6.13; curl=8.7.1; zlib=1.2.11; bzlib=1.0.8, 13-Jul-2019; xz=5.6.3; deflate=1.23; PCRE=10.44 2024-06-07; ICU=70.1; TRE=TRE 0.8.0 R_fixes (BSD); iconv=Apple or GNU libiconv 1.11 /Library/Frameworks/R.framework/Versions/4.5-x86_64/Resources/lib/libR.dylib; readline=5.2; BLAS=/Library/Frameworks/R.framework/Versions/4.5-x86_64/Resources/lib/libRblas.0.dylib; lapack=/Library/Frameworks/R.framework/Versions/4.5-x86_64/Resources/lib/libRlapack.dylib; lapack_version=3.12.1]
[2025-10-24 15:19:01] [INFO]    [OmnipathR] Loaded packages: backports 1.5.0(2024-05-23); bit 4.6.0(2025-03-06); bit64 4.6.0-1(2025-01-16); blob 1.2.4(2023-03-17); cachem 1.1.0(2024-05-16); cellranger 1.1.0(2016-07-27); checkmate 2.3.3(2025-08-18); chromote 0.5.1(2025-04-24); cli 3.6.5(2025-04-23); crayon 1.5.3(2024-06-20); curl 7.0.0(2025-08-19); DBI 1.2.3(2024-06-02); digest 0.6.37(2024-08-19); dplyr 1.1.4(2023-11-17); evaluate 1.0.5(2025-08-27); fastmap 1.2.0(2024-05-15); fs 1.6.6(2025-04-12); generics 0.1.4(2025-05-09); glue 1.8.0(2024-09-30); hms 1.1.4(2025-10-17); htmltools 0.5.8.1(2024-04-04); httr 1.4.7(2023-08-15); httr2 1.2.1(2025-07-22); igraph 2.2.0(2025-10-13); jsonlite 2.0.0(2025-03-27); knitr 1.50(2025-03-16); later 1.4.4(2025-08-27); lifecycle 1.0.4(2023-11-07); logger 0.4.1(2025-09-11); lubridate 1.9.4(2024-12-08); magrittr 2.0.4(2025-09-12); memoise 2.0.1(2021-11-26); OmnipathR 3.17.7(2025-10-24); otel 0.2.0(2025-08-29); pillar 1.11.1(2025-09-17); pkgconfig 2.0.3(2019-09-22); prettyunits 1.2.0(2023-09-24); processx 3.8.6(2025-02-21); progress 1.2.3(2023-12-06); promises 1.4.0(2025-10-22); ps 1.9.1(2025-04-12); purrr 1.1.0(2025-07-10); R.methodsS3 1.8.2(2022-06-13); R.oo 1.27.1(2025-05-02); R.utils 2.13.0(2025-02-24); R6 2.6.1(2025-02-15); rappdirs 0.3.3(2021-01-31); Rcpp 1.1.0(2025-07-02); readr 2.1.5(2024-01-10); readxl 1.4.5(2025-03-07); rlang 1.1.6(2025-04-11); rmarkdown 2.30(2025-09-28); RSQLite 2.4.3(2025-08-20); rvest 1.0.5(2025-08-29); sessioninfo 1.2.3(2025-02-05); stringi 1.8.7(2025-03-27); stringr 1.5.2(2025-09-08); tibble 3.3.0(2025-06-08); tidyr 1.3.1(2024-01-24); tidyselect 1.2.1(2024-03-11); timechange 0.3.0(2024-01-18); tzdb 0.5.0(2025-03-15); vctrs 0.6.5(2023-12-01); websocket 1.4.4(2025-04-10); withr 3.0.2(2024-10-28); xfun 0.53(2025-08-19); XML 3.99-0.19(2025-08-22); xml2 1.4.0(2025-08-20); yaml 2.3.10(2024-07-26); zip 2.3.3(2025-05-13)
[2025-10-24 15:19:01] [INFO]    [OmnipathR] CURL: version: 8.14.1; headers: 8.14.1; ssl_version: LibreSSL/3.3.6 (SecureTransport); libz_version: 1.2.11; libssh_version: NA; libidn_version: NA; host: x86_64-apple-darwin22.6.0; protocols: dict, file, ftp, ftps, gopher, gophers, http, https, imap, imaps, ldap, ldaps, mqtt, pop3, pop3s, rtsp, smb, smbs, smtp, smtps, telnet, tftp, ws, wss; ipv6: TRUE; http2: TRUE; idn: FALSE; url_parser: TRUE
[2025-10-24 15:19:01] [TRACE]   [OmnipathR] Running on a build server, wiping cache.
[2025-10-24 15:19:01] [TRACE]   [OmnipathR] Cache is at `/Users/biocbuild/Library/Caches/OmnipathR`.
[2025-10-24 15:19:01] [TRACE]   [OmnipathR] Contains 1 files.
[2025-10-24 15:19:01] [TRACE]   [OmnipathR] Cache is locked: FALSE.
[2025-10-24 15:19:01] [TRACE]   [OmnipathR] Reading JSON from `/Users/biocbuild/Library/Caches/OmnipathR/cache.json` (encoding: UTF-8).
[2025-10-24 15:19:01] [TRACE]   [OmnipathR] JSON validation successful: TRUE
[2025-10-24 15:19:01] [SUCCESS] [OmnipathR] Removing all cache contents from `/Users/biocbuild/Library/Caches/OmnipathR`.
[2025-10-24 15:19:01] [TRACE]   [OmnipathR] Pandoc version: `2.7.3`.
[2025-10-24 15:19:01] [TRACE]   [OmnipathR] Reading JSON from `/Library/Frameworks/R.framework/Versions/4.5-x86_64/Resources/library/OmnipathR/db/db_def.json` (encoding: UTF-8).
[2025-10-24 15:19:01] [TRACE]   [OmnipathR] JSON validation successful: TRUE
[2025-10-24 15:19:01] [TRACE]   [OmnipathR] Reading JSON from `/Library/Frameworks/R.framework/Versions/4.5-x86_64/Resources/library/OmnipathR/internal/magic_bytes.json` (encoding: UTF-8).
[2025-10-24 15:19:01] [TRACE]   [OmnipathR] JSON validation successful: TRUE
[2025-10-24 15:19:01] [TRACE]   [OmnipathR] Reading JSON from `/Library/Frameworks/R.framework/Versions/4.5-x86_64/Resources/library/OmnipathR/internal/urls.json` (encoding: UTF-8).
[2025-10-24 15:19:01] [TRACE]   [OmnipathR] JSON validation successful: TRUE
[2025-10-24 15:19:01] [TRACE]   [OmnipathR] Reading JSON from `/Library/Frameworks/R.framework/Versions/4.5-x86_64/Resources/library/OmnipathR/internal/id_types.json` (encoding: UTF-8).
[2025-10-24 15:19:01] [TRACE]   [OmnipathR] JSON validation successful: TRUE
[2025-10-24 15:19:01] [TRACE]   [OmnipathR] Cache locked: FALSE
** testing if installed package keeps a record of temporary installation path
* DONE (OmnipathR)

Tests output

OmnipathR.Rcheck/tests/testthat.Rout


R version 4.5.1 Patched (2025-09-10 r88807) -- "Great Square Root"
Copyright (C) 2025 The R Foundation for Statistical Computing
Platform: x86_64-apple-darwin20

R is free software and comes with ABSOLUTELY NO WARRANTY.
You are welcome to redistribute it under certain conditions.
Type 'license()' or 'licence()' for distribution details.

R is a collaborative project with many contributors.
Type 'contributors()' for more information and
'citation()' on how to cite R or R packages in publications.

Type 'demo()' for some demos, 'help()' for on-line help, or
'help.start()' for an HTML browser interface to help.
Type 'q()' to quit R.

> #!/usr/bin/env Rscript
> 
> #
> #  This file is part of the `OmnipathR` R package
> #
> #  Copyright
> #  2018-2024
> #  Saez Lab, Uniklinik RWTH Aachen, Heidelberg University
> #
> #  File author(s): Alberto Valdeolivas
> #                  Dénes Türei (turei.denes@gmail.com)
> #                  Attila Gábor
> #
> #  Distributed under the MIT (Expat) License.
> #  See accompanying file `LICENSE` or find a copy at
> #      https://directory.fsf.org/wiki/License:Expat
> #
> #  Website: https://r.omnipathdb.org/
> #  Git repo: https://github.com/saezlab/OmnipathR
> #
> 
> 
> library(testthat)
> library(OmnipathR)
[2025-10-24 23:19:46] [TRACE]   [OmnipathR] Reading JSON from `/Users/biocbuild/Library/Caches/OmnipathR/cache.json` (encoding: UTF-8).
[2025-10-24 23:19:46] [TRACE]   [OmnipathR] JSON validation successful: TRUE
[2025-10-24 23:19:46] [INFO]    [OmnipathR] Initialized cache: `/Users/biocbuild/Library/Caches/OmnipathR`.
[2025-10-24 23:19:46] [INFO]    [OmnipathR] Package `OmnipathR` packaged: NA
[2025-10-24 23:19:46] [INFO]    [OmnipathR] Package `OmnipathR` date/publication: 2025-10-24
[2025-10-24 23:19:46] [INFO]    [OmnipathR] Package `OmnipathR` built: R 4.5.1; ; 2025-10-24 19:18:43 UTC; unix
[2025-10-24 23:19:46] [INFO]    [OmnipathR] Package `OmnipathR` version: 3.17.7
[2025-10-24 23:19:46] [INFO]    [OmnipathR] Package `OmnipathR` repository: Bioconductor 3.22
[2025-10-24 23:19:47] [INFO]    [OmnipathR] Session info: [version=R version 4.5.1 Patched (2025-09-10 r88807); os=macOS Monterey 12.7.6; system=x86_64, darwin20; ui=X11; language=C; collate=C; ctype=en_US.UTF-8; tz=America/New_York; date=2025-10-24; pandoc=2.7.3 @ /usr/local/bin/ (via rmarkdown); quarto=1.4.553 @ /usr/local/bin/quarto]
[2025-10-24 23:19:47] [INFO]    [OmnipathR] External libraries: [cairo=1.17.6; cairoFT=; pango=1.50.14; png=1.6.44; jpeg=9.5; tiff=LIBTIFF, Version 4.5.0; tcl=8.6.13; curl=8.7.1; zlib=1.2.11; bzlib=1.0.8, 13-Jul-2019; xz=5.6.3; deflate=1.23; PCRE=10.44 2024-06-07; ICU=70.1; TRE=TRE 0.8.0 R_fixes (BSD); iconv=Apple or GNU libiconv 1.11 /Library/Frameworks/R.framework/Versions/4.5-x86_64/Resources/lib/libR.dylib; readline=5.2; BLAS=/Library/Frameworks/R.framework/Versions/4.5-x86_64/Resources/lib/libRblas.0.dylib; lapack=/Library/Frameworks/R.framework/Versions/4.5-x86_64/Resources/lib/libRlapack.dylib; lapack_version=3.12.1]
[2025-10-24 23:19:48] [INFO]    [OmnipathR] Loaded packages: backports 1.5.0(2024-05-23); bit 4.6.0(2025-03-06); bit64 4.6.0-1(2025-01-16); blob 1.2.4(2023-03-17); brio 1.1.5(2024-04-24); cachem 1.1.0(2024-05-16); cellranger 1.1.0(2016-07-27); checkmate 2.3.3(2025-08-18); chromote 0.5.1(2025-04-24); cli 3.6.5(2025-04-23); crayon 1.5.3(2024-06-20); curl 7.0.0(2025-08-19); DBI 1.2.3(2024-06-02); digest 0.6.37(2024-08-19); dplyr 1.1.4(2023-11-17); evaluate 1.0.5(2025-08-27); fastmap 1.2.0(2024-05-15); fs 1.6.6(2025-04-12); generics 0.1.4(2025-05-09); glue 1.8.0(2024-09-30); hms 1.1.4(2025-10-17); htmltools 0.5.8.1(2024-04-04); httr 1.4.7(2023-08-15); httr2 1.2.1(2025-07-22); igraph 2.2.0(2025-10-13); jsonlite 2.0.0(2025-03-27); knitr 1.50(2025-03-16); later 1.4.4(2025-08-27); lifecycle 1.0.4(2023-11-07); logger 0.4.1(2025-09-11); lubridate 1.9.4(2024-12-08); magrittr 2.0.4(2025-09-12); memoise 2.0.1(2021-11-26); OmnipathR 3.17.7(2025-10-24); otel 0.2.0(2025-08-29); pillar 1.11.1(2025-09-17); pkgconfig 2.0.3(2019-09-22); prettyunits 1.2.0(2023-09-24); processx 3.8.6(2025-02-21); progress 1.2.3(2023-12-06); promises 1.4.0(2025-10-22); ps 1.9.1(2025-04-12); purrr 1.1.0(2025-07-10); R.methodsS3 1.8.2(2022-06-13); R.oo 1.27.1(2025-05-02); R.utils 2.13.0(2025-02-24); R6 2.6.1(2025-02-15); rappdirs 0.3.3(2021-01-31); Rcpp 1.1.0(2025-07-02); readr 2.1.5(2024-01-10); readxl 1.4.5(2025-03-07); rlang 1.1.6(2025-04-11); rmarkdown 2.30(2025-09-28); RSQLite 2.4.3(2025-08-20); rvest 1.0.5(2025-08-29); sessioninfo 1.2.3(2025-02-05); stringi 1.8.7(2025-03-27); stringr 1.5.2(2025-09-08); testthat 3.2.3(2025-01-13); tibble 3.3.0(2025-06-08); tidyr 1.3.1(2024-01-24); tidyselect 1.2.1(2024-03-11); timechange 0.3.0(2024-01-18); tzdb 0.5.0(2025-03-15); vctrs 0.6.5(2023-12-01); websocket 1.4.4(2025-04-10); withr 3.0.2(2024-10-28); xfun 0.53(2025-08-19); XML 3.99-0.19(2025-08-22); xml2 1.4.0(2025-08-20); yaml 2.3.10(2024-07-26); zip 2.3.3(2025-05-13)
[2025-10-24 23:19:48] [INFO]    [OmnipathR] CURL: version: 8.14.1; headers: 8.14.1; ssl_version: LibreSSL/3.3.6 (SecureTransport); libz_version: 1.2.11; libssh_version: NA; libidn_version: NA; host: x86_64-apple-darwin22.6.0; protocols: dict, file, ftp, ftps, gopher, gophers, http, https, imap, imaps, ldap, ldaps, mqtt, pop3, pop3s, rtsp, smb, smbs, smtp, smtps, telnet, tftp, ws, wss; ipv6: TRUE; http2: TRUE; idn: FALSE; url_parser: TRUE
[2025-10-24 23:19:48] [TRACE]   [OmnipathR] Running on a build server, wiping cache.
[2025-10-24 23:19:48] [TRACE]   [OmnipathR] Cache is at `/Users/biocbuild/Library/Caches/OmnipathR`.
[2025-10-24 23:19:48] [TRACE]   [OmnipathR] Contains 12 files.
[2025-10-24 23:19:48] [TRACE]   [OmnipathR] Cache is locked: FALSE.
[2025-10-24 23:19:48] [TRACE]   [OmnipathR] Reading JSON from `/Users/biocbuild/Library/Caches/OmnipathR/cache.json` (encoding: UTF-8).
[2025-10-24 23:19:48] [TRACE]   [OmnipathR] JSON validation successful: TRUE
[2025-10-24 23:19:48] [SUCCESS] [OmnipathR] Removing all cache contents from `/Users/biocbuild/Library/Caches/OmnipathR`.
[2025-10-24 23:19:48] [TRACE]   [OmnipathR] Pandoc version: `2.7.3`.
[2025-10-24 23:19:48] [TRACE]   [OmnipathR] Reading JSON from `/Library/Frameworks/R.framework/Versions/4.5-x86_64/Resources/library/OmnipathR/db/db_def.json` (encoding: UTF-8).
[2025-10-24 23:19:48] [TRACE]   [OmnipathR] JSON validation successful: TRUE
[2025-10-24 23:19:48] [TRACE]   [OmnipathR] Reading JSON from `/Library/Frameworks/R.framework/Versions/4.5-x86_64/Resources/library/OmnipathR/internal/magic_bytes.json` (encoding: UTF-8).
[2025-10-24 23:19:48] [TRACE]   [OmnipathR] JSON validation successful: TRUE
[2025-10-24 23:19:48] [TRACE]   [OmnipathR] Reading JSON from `/Library/Frameworks/R.framework/Versions/4.5-x86_64/Resources/library/OmnipathR/internal/urls.json` (encoding: UTF-8).
[2025-10-24 23:19:48] [TRACE]   [OmnipathR] JSON validation successful: TRUE
[2025-10-24 23:19:48] [TRACE]   [OmnipathR] Reading JSON from `/Library/Frameworks/R.framework/Versions/4.5-x86_64/Resources/library/OmnipathR/internal/id_types.json` (encoding: UTF-8).
[2025-10-24 23:19:48] [TRACE]   [OmnipathR] JSON validation successful: TRUE
[2025-10-24 23:19:48] [TRACE]   [OmnipathR] Cache locked: FALSE
> 
> test_check('OmnipathR')
[ FAIL 0 | WARN 12 | SKIP 0 | PASS 38 ]

[ FAIL 0 | WARN 12 | SKIP 0 | PASS 38 ]
> 
> proc.time()
   user  system elapsed 
 47.760   5.951  82.141 

Example timings

OmnipathR.Rcheck/OmnipathR-Ex.timings

nameusersystemelapsed
OmnipathR0.0010.0010.001
all_uniprot_acs0.0220.0030.025
all_uniprots26.622 3.10750.809
ancestors0.0120.0020.014
annotated_network1.4330.1344.673
annotation_categories57.856 0.33659.888
annotation_resources0.0600.0090.746
annotations0.6310.0521.421
biomart_query1.4160.1944.528
bioplex10.0110.0020.013
bioplex20.0120.0020.013
bioplex30.0110.0020.011
bioplex_all0.0110.0020.013
bioplex_hct116_10.0110.0020.013
bma_motif_es0.6840.0881.488
bma_motif_vs0.2160.0250.753
chalmers_gem0.0110.0010.011
chalmers_gem_id_mapping_table0.0100.0010.012
chalmers_gem_id_type0.0020.0000.003
chalmers_gem_metabolites0.0100.0020.011
chalmers_gem_network0.0090.0020.011
chalmers_gem_raw0.0100.0020.012
chalmers_gem_reactions0.0110.0020.012
common_name0.1180.0070.126
complex_genes0.7610.0662.437
complex_resources0.0650.0080.659
complexes0.1820.0200.714
consensuspathdb_download0.0000.0010.000
consensuspathdb_raw_table0.0120.0030.014
cosmos_pkn000
curated_ligand_receptor_interactions 7.908 6.69024.432
curated_ligrec_stats 43.952 21.341137.901
database_summary1.9310.2343.546
descendants0.0120.0020.015
ensembl_dataset0.0580.0030.060
ensembl_id_mapping_table 3.205 0.40822.991
ensembl_id_type0.0030.0000.004
ensembl_name0.3820.0200.715
ensembl_organisms0.2020.0310.360
ensembl_organisms_raw0.1970.0320.364
ensembl_orthology0.0000.0010.001
enzsub_graph3.2490.2706.323
enzsub_resources0.0570.0110.757
enzyme_substrate1.0480.0562.325
evex_download0.0270.0010.039
evidences000
extra_attr_values19.649 3.79935.776
extra_attrs12.437 3.10519.207
extra_attrs_to_cols20.799 3.11031.370
filter_by_resource 9.795 0.75312.687
filter_extra_attrs42.83712.88268.148
filter_intercell 8.577 0.69017.145
filter_intercell_network0.0230.0030.027
find_all_paths7.5280.5238.215
from_evidences0.0000.0000.001
get_db000
get_ontology_db0.0110.0010.013
giant_component12.542 1.18816.512
go_annot_download13.695 1.83214.790
go_annot_slim0.0000.0010.000
go_ontology_download0.0110.0020.013
guide2pharma_download0.0100.0020.012
harmonizome_download0.0100.0020.012
has_extra_attrs 9.990 2.91412.945
hmdb_id_mapping_table0.0110.0010.012
hmdb_id_type0.0020.0000.003
hmdb_metabolite_fields0.0010.0000.002
hmdb_protein_fields0.0010.0000.000
hmdb_table0.0120.0060.022
homologene_download0.0120.0120.036
homologene_raw0.0580.0310.097
homologene_uniprot_orthology0.0100.0020.012
hpo_download2.8010.4763.389
htridb_download0.0110.0020.013
id_translation_resources000
id_types0.0650.0880.219
inbiomap_download000
inbiomap_raw0.0000.0000.001
interaction_datasets0.7110.1151.287
interaction_graph0.4890.0361.044
interaction_resources0.0630.0110.554
interaction_types0.0780.0140.100
intercell0.9010.1381.906
intercell_categories0.7080.0891.022
intercell_consensus_filter1.4900.1623.252
intercell_generic_categories0.0840.0100.094
intercell_network0.0110.0020.013
intercell_resources0.0650.0090.628
intercell_summary0.0860.0270.114
is_ontology_id000
is_swissprot0.0640.0060.071
is_trembl0.0610.0050.066
is_uniprot0.0150.0030.025
kegg_api_templates0.0020.0030.004
kegg_conv 1.585 0.22311.098
kegg_databases0.0000.0010.001
kegg_ddi0.7060.0882.900
kegg_find0.7310.0903.323
kegg_info0.0110.0020.014
kegg_link0.7680.1095.982
kegg_list0.7000.0831.763
kegg_open0.0110.0020.013
kegg_operations000
kegg_organism_codes0.0230.0650.090
kegg_organisms0.0280.0070.035
kegg_pathway_annotations0.0010.0000.001
kegg_pathway_download0.0110.0020.013
kegg_pathway_list0.0110.0020.013
kegg_pathways_download0.0000.0010.000
kegg_picture0.9980.0695.329
kegg_process0.0210.0030.025
kegg_query0.0090.0000.010
kegg_request0.0740.0090.083
kegg_rm_prefix0.8230.1035.991
kinasephos 1.132 0.20430.298
latin_name0.2330.0090.242
load_db0.0990.0220.122
metalinksdb_sqlite 1.037 0.35710.703
metalinksdb_table0.2720.0500.328
metalinksdb_tables0.0210.0050.026
ncbi_taxid0.2440.0100.256
nichenet_build_model0.0010.0000.000
nichenet_expression_data0.0110.0020.013
nichenet_gr_network0.0290.0060.036
nichenet_gr_network_evex0.0100.0020.011
nichenet_gr_network_harmonizome0.0110.0010.013
nichenet_gr_network_htridb0.0100.0020.012
nichenet_gr_network_omnipath16.910 1.70620.965
nichenet_gr_network_pathwaycommons0.0120.0020.014
nichenet_gr_network_regnetwork0.0130.0020.015
nichenet_gr_network_remap0.0130.0020.015
nichenet_gr_network_trrust0.0110.0010.012
nichenet_ligand_activities0.0000.0000.001
nichenet_ligand_target_links0.0000.0010.001
nichenet_ligand_target_matrix000
nichenet_lr_network0.0340.0050.039
nichenet_lr_network_guide2pharma0.0110.0020.012
nichenet_lr_network_omnipath0.0290.0040.034
nichenet_lr_network_ramilowski0.0110.0020.013
nichenet_main000
nichenet_networks0.0540.0090.065
nichenet_optimization0.0000.0010.000
nichenet_remove_orphan_ligands0.0290.0050.035
nichenet_results_dir0.0000.0000.001
nichenet_signaling_network0.0370.0060.042
nichenet_signaling_network_cpdb0.0120.0020.014
nichenet_signaling_network_evex0.0120.0020.014
nichenet_signaling_network_harmonizome0.0120.0010.013
nichenet_signaling_network_inbiomap0.0000.0000.001
nichenet_signaling_network_omnipath12.559 1.22216.300
nichenet_signaling_network_pathwaycommons0.0100.0020.011
nichenet_signaling_network_vinayagam0.0110.0020.013
nichenet_test000
nichenet_workarounds0.0000.0000.001
obo_parser0.1520.0190.201
oma_code0.1260.0050.130
oma_organisms0.0730.0150.089
oma_pairwise0.0100.0020.012
oma_pairwise_genesymbols0.0110.0010.013
oma_pairwise_translated0.0110.0010.013
omnipath-interactions33.539 3.37660.956
omnipath_cache_autoclean000
omnipath_cache_clean0.0090.0030.012
omnipath_cache_clean_db0.1020.0220.123
omnipath_cache_download_ready0.5570.1260.753
omnipath_cache_filter_versions0.0960.0260.129
omnipath_cache_get0.0820.0200.104
omnipath_cache_key0.0010.0010.001
omnipath_cache_latest_or_new0.0590.0140.073
omnipath_cache_load0.5640.0482.908
omnipath_cache_move_in0.1900.0470.249
omnipath_cache_remove0.1160.0300.156
omnipath_cache_save0.1550.0310.344
omnipath_cache_search0.0010.0000.000
omnipath_cache_set_ext0.1360.0240.167
omnipath_cache_update_status0.1270.0280.188
omnipath_cache_wipe0.0010.0000.001
omnipath_config_path0.0010.0000.001
omnipath_for_cosmos10.659 0.86731.705
omnipath_load_config0.0010.0000.001
omnipath_log0.0000.0010.000
omnipath_logfile0.0010.0000.002
omnipath_msg0.0070.0010.008
omnipath_query4.2390.2494.515
omnipath_reset_config0.0000.0010.000
omnipath_save_config000
omnipath_set_cachedir0.0300.0060.037
omnipath_set_console_loglevel0.0040.0010.005
omnipath_set_logfile_loglevel0.0040.0010.005
omnipath_set_loglevel0.0020.0010.002
omnipath_show_db0.0760.0180.094
omnipath_unlock_cache_db0.0000.0000.001
only_from000
ontology_ensure_id0.0000.0000.001
ontology_ensure_name000
ontology_name_id0.0010.0010.001
organism_for0.1710.0070.178
pathwaycommons_download0.0010.0010.001
pivot_annotations10.345 0.99119.537
preppi_download0.0000.0000.001
preppi_filter0.0010.0010.001
print_bma_motif_es0.5810.0851.732
print_bma_motif_vs0.1610.0160.661
print_interactions 7.023 0.53711.739
print_path_es0.9530.0782.399
print_path_vs2.7640.2735.692
pubmed_open4.8160.2455.091
query_info0.4420.0310.682
ramilowski_download0.0010.0000.002
ramp_id_mapping_table0.0010.0000.001
ramp_id_type0.0030.0000.003
ramp_sqlite0.0010.0000.001
ramp_table0.0000.0000.001
ramp_tables0.0010.0010.000