Back to Multiple platform build/check report for BioC 3.22:   simplified   long
AB[C]DEFGHIJKLMNOPQRSTUVWXYZ

This page was generated on 2025-10-25 12:04 -0400 (Sat, 25 Oct 2025).

HostnameOSArch (*)R versionInstalled pkgs
nebbiolo2Linux (Ubuntu 24.04.3 LTS)x86_644.5.1 Patched (2025-08-23 r88802) -- "Great Square Root" 4901
lconwaymacOS 12.7.6 Montereyx86_644.5.1 Patched (2025-09-10 r88807) -- "Great Square Root" 4691
kjohnson3macOS 13.7.7 Venturaarm644.5.1 Patched (2025-09-10 r88807) -- "Great Square Root" 4637
taishanLinux (openEuler 24.03 LTS)aarch644.5.0 (2025-04-11) -- "How About a Twenty-Six" 4658
Click on any hostname to see more info about the system (e.g. compilers)      (*) as reported by 'uname -p', except on Windows and Mac OS X

Package 289/2361HostnameOS / ArchINSTALLBUILDCHECKBUILD BIN
CatsCradle 1.3.2  (landing page)
Michael Shapiro
Snapshot Date: 2025-10-24 13:45 -0400 (Fri, 24 Oct 2025)
git_url: https://git.bioconductor.org/packages/CatsCradle
git_branch: devel
git_last_commit: 082a1e2
git_last_commit_date: 2025-10-23 16:39:15 -0400 (Thu, 23 Oct 2025)
nebbiolo2Linux (Ubuntu 24.04.3 LTS) / x86_64  OK    OK    WARNINGS  YES
lconwaymacOS 12.7.6 Monterey / x86_64  OK    OK    WARNINGS    OK  YES
kjohnson3macOS 13.7.7 Ventura / arm64  OK    OK    WARNINGS    OK  YES
taishanLinux (openEuler 24.03 LTS) / aarch64  OK    NA    NA  


CHECK results for CatsCradle on lconway

To the developers/maintainers of the CatsCradle package:
- Allow up to 24 hours (and sometimes 48 hours) for your latest push to git@git.bioconductor.org:packages/CatsCradle.git to reflect on this report. See Troubleshooting Build Report for more information.
- Use the following Renviron settings to reproduce errors and warnings.
- If 'R CMD check' started to fail recently on the Linux builder(s) over a missing dependency, add the missing dependency to 'Suggests:' in your DESCRIPTION file. See Renviron.bioc for more information.

raw results


Summary

Package: CatsCradle
Version: 1.3.2
Command: /Library/Frameworks/R.framework/Resources/bin/R CMD check --install=check:CatsCradle.install-out.txt --library=/Library/Frameworks/R.framework/Resources/library --no-vignettes --timings CatsCradle_1.3.2.tar.gz
StartedAt: 2025-10-24 20:01:21 -0400 (Fri, 24 Oct 2025)
EndedAt: 2025-10-24 20:11:29 -0400 (Fri, 24 Oct 2025)
EllapsedTime: 607.8 seconds
RetCode: 0
Status:   WARNINGS  
CheckDir: CatsCradle.Rcheck
Warnings: 1

Command output

##############################################################################
##############################################################################
###
### Running command:
###
###   /Library/Frameworks/R.framework/Resources/bin/R CMD check --install=check:CatsCradle.install-out.txt --library=/Library/Frameworks/R.framework/Resources/library --no-vignettes --timings CatsCradle_1.3.2.tar.gz
###
##############################################################################
##############################################################################


* using log directory ‘/Users/biocbuild/bbs-3.22-bioc/meat/CatsCradle.Rcheck’
* using R version 4.5.1 Patched (2025-09-10 r88807)
* using platform: x86_64-apple-darwin20
* R was compiled by
    Apple clang version 14.0.0 (clang-1400.0.29.202)
    GNU Fortran (GCC) 14.2.0
* running under: macOS Monterey 12.7.6
* using session charset: UTF-8
* using option ‘--no-vignettes’
* checking for file ‘CatsCradle/DESCRIPTION’ ... OK
* this is package ‘CatsCradle’ version ‘1.3.2’
* package encoding: UTF-8
* checking package namespace information ... OK
* checking package dependencies ... INFO
Imports includes 21 non-default packages.
Importing from so many packages makes the package vulnerable to any of
them becoming unavailable.  Move as many as possible to Suggests and
use conditionally.
* checking if this is a source package ... OK
* checking if there is a namespace ... OK
* checking for hidden files and directories ... OK
* checking for portable file names ... OK
* checking for sufficient/correct file permissions ... OK
* checking whether package ‘CatsCradle’ can be installed ... OK
* checking installed package size ... OK
* checking package directory ... OK
* checking ‘build’ directory ... OK
* checking DESCRIPTION meta-information ... OK
* checking top-level files ... OK
* checking for left-over files ... OK
* checking index information ... OK
* checking package subdirectories ... OK
* checking code files for non-ASCII characters ... OK
* checking R files for syntax errors ... OK
* checking whether the package can be loaded ... OK
* checking whether the package can be loaded with stated dependencies ... OK
* checking whether the package can be unloaded cleanly ... OK
* checking whether the namespace can be loaded with stated dependencies ... OK
* checking whether the namespace can be unloaded cleanly ... OK
* checking dependencies in R code ... OK
* checking S3 generic/method consistency ... OK
* checking replacement functions ... OK
* checking foreign function calls ... OK
* checking R code for possible problems ... NOTE
edgeLengthPlot: no visible binding for global variable ‘cellTypePair’
edgeLengthPlot: no visible binding for global variable ‘cutoff’
make.getExample : getExample: no visible binding for global variable
  ‘seuratGenes’
make.getExample : getExample: no visible binding for global variable
  ‘seuratCells’
make.getExample : getExample: no visible binding for global variable
  ‘xeniumCells’
make.getExample : getExample: no visible binding for global variable
  ‘moransI’
make.getExample : getExample: no visible binding for global variable
  ‘moransILigandReceptor’
make.getExample : getExample: no visible binding for global variable
  ‘humanLRN’
make.getExample : getExample: no visible binding for global variable
  ‘mouseLRN’
meanGeneClusterOnCellUMAP: no visible binding for global variable
  ‘UMAP_1’
meanGeneClusterOnCellUMAP: no visible binding for global variable
  ‘UMAP_2’
plotLRDotplot: no visible binding for global variable ‘sender’
plotLRDotplot: no visible binding for global variable ‘negLog10PValue’
plotLRDotplot: no visible binding for global variable ‘receiver’
Undefined global functions or variables:
  UMAP_1 UMAP_2 cellTypePair cutoff humanLRN moransI
  moransILigandReceptor mouseLRN negLog10PValue receiver sender
  seuratCells seuratGenes xeniumCells
* checking Rd files ... OK
* checking Rd metadata ... OK
* checking Rd cross-references ... OK
* checking for missing documentation entries ... OK
* checking for code/documentation mismatches ... OK
* checking Rd \usage sections ... OK
* checking Rd contents ... OK
* checking for unstated dependencies in examples ... OK
* checking contents of ‘data’ directory ... OK
* checking data for non-ASCII characters ... OK
* checking data for ASCII and uncompressed saves ... WARNING
  Warning: large data file saved inefficiently:
                             size ASCII compress
  ligandReceptorResults.rda 1.5Mb FALSE     none
* checking files in ‘vignettes’ ... OK
* checking examples ... OK
Examples with CPU (user + system) or elapsed time > 5s
                                      user system elapsed
annotateGeneAsVector                50.131  0.534  50.876
computeNBHDVsCTObject               20.579  0.203  21.073
randomiseNodeIndices                16.267  0.350  16.707
getObjectSubsetClusteringPValue     14.813  0.851  15.748
transposeObject                     12.270  0.109  12.456
aggregateGeneExpression             11.437  0.309  11.808
computeGraphEmbedding               10.380  0.093  10.536
predictAnnotation                    9.528  0.493  10.085
predictAnnotationAllGenes            8.821  0.542   9.436
predictGeneAnnotationImpl            7.544  0.389   7.983
runGeometricClusteringTrials         6.809  0.166   7.019
medianComplementPValue               6.707  0.098   6.830
getObjectSubsetClusteringStatistics  6.530  0.125   6.677
tagRowAndColNames                    6.515  0.069   6.610
getNearbyGenes                       6.464  0.060   6.555
combinatorialSpheres                 6.353  0.078   6.464
symmetriseNN                         6.245  0.148   6.424
geneSetsVsGeneClustersPValueMatrix   6.213  0.070   6.323
getAverageExpressionDF               6.149  0.087   6.283
symmetryCheckNN                      6.159  0.060   6.241
meanGeneClusterOnCellUMAP            6.103  0.070   6.197
desymmetriseNN                       5.995  0.130   6.158
getGeneClusterAveragesPerCell        5.997  0.107   6.155
getNearestNeighbourLists             6.038  0.063   6.123
getAverageExpressionMatrix           6.035  0.057   6.137
meanZPerClusterOnUMAP                5.979  0.047   6.049
meanZPerCluster                      5.967  0.054   6.049
getGeneNeighbors                     5.789  0.060   5.882
getClusterOrder                      5.667  0.061   5.772
* checking for unstated dependencies in vignettes ... OK
* checking package vignettes ... OK
* checking running R code from vignettes ... SKIPPED
* checking re-building of vignette outputs ... SKIPPED
* checking PDF version of manual ... OK
* DONE

Status: 1 WARNING, 1 NOTE
See
  ‘/Users/biocbuild/bbs-3.22-bioc/meat/CatsCradle.Rcheck/00check.log’
for details.


Installation output

CatsCradle.Rcheck/00install.out

##############################################################################
##############################################################################
###
### Running command:
###
###   /Library/Frameworks/R.framework/Resources/bin/R CMD INSTALL CatsCradle
###
##############################################################################
##############################################################################


* installing to library ‘/Library/Frameworks/R.framework/Versions/4.5-x86_64/Resources/library’
* installing *source* package ‘CatsCradle’ ...
** this is package ‘CatsCradle’ version ‘1.3.2’
** using staged installation
** R
** data
** inst
** byte-compile and prepare package for lazy loading
** help
*** installing help indices
** building package indices
** installing vignettes
** testing if installed package can be loaded from temporary location
** testing if installed package can be loaded from final location
** testing if installed package keeps a record of temporary installation path
* DONE (CatsCradle)

Tests output


Example timings

CatsCradle.Rcheck/CatsCradle-Ex.timings

nameusersystemelapsed
aggregateGeneExpression11.437 0.30911.808
annotateGeneAsVector50.131 0.53450.876
annotateGenesByGeneSet1.8200.3232.152
cellTypesPerCellTypeGraphFromCellMatrix0.2030.0090.215
collapseExtendedNBHDs2.7430.0682.822
combinatorialSpheres6.3530.0786.464
computeCellTypesPerCellTypeMatrix0.1240.0070.132
computeEdgeGraph0.1430.0060.151
computeEdgeObject0.9500.0491.008
computeGraphEmbedding10.380 0.09310.536
computeNBHDByCTMatrix0.1070.0040.113
computeNBHDVsCTObject20.579 0.20321.073
computeNeighbourEnrichment0.1410.0090.155
computeNeighboursDelaunay0.0960.0050.102
computeNeighboursEuclidean0.7120.0500.769
cullEdges0.6540.0260.686
desymmetriseNN5.9950.1306.158
directedHausdorfDistance0.0000.0000.001
edgeCutoffsByClustering0.4350.0190.457
edgeCutoffsByPercentile0.3210.0050.328
edgeCutoffsByWatershed0.3660.0080.377
edgeCutoffsByZScore0.4260.0230.455
edgeLengthPlot0.3910.0060.398
edgeLengthsAndCellTypePairs0.4040.0170.425
exampleObjects000
geneSetsVsGeneClustersPValueMatrix6.2130.0706.323
getAverageExpressionDF6.1490.0876.283
getAverageExpressionMatrix6.0350.0576.137
getClusterOrder5.6670.0615.772
getExtendedNBHDs0.8910.0220.921
getFeatureZScores0.2760.0100.290
getGeneClusterAveragesPerCell5.9970.1076.155
getGeneNeighbors5.7890.0605.882
getLigandReceptorNetwork0.0330.0060.041
getLigandReceptorPairsInPanel0.1210.0070.129
getNearbyGenes6.4640.0606.555
getNearestNeighbourLists6.0380.0636.123
getObjectSubsetClusteringPValue14.813 0.85115.748
getObjectSubsetClusteringStatistics6.5300.1256.677
make.getExample0.0840.0060.090
makeLRInteractionHeatmap0.1300.0080.139
makeSummedLRInteractionHeatmap0.1120.0060.122
meanGeneClusterOnCellUMAP6.1030.0706.197
meanZPerCluster5.9670.0546.049
meanZPerClusterOnUMAP5.9790.0476.049
medianComplementDistance0.0000.0000.001
medianComplementPValue6.7070.0986.830
nbhdsAsEdgesToNbhdsAsList0.9050.1551.065
neighbourhoodDiameter0.9230.1681.097
performLigandReceptorAnalysis1.2941.0112.349
performLigandReceptorAnalysisPermutation1.4111.6503.134
plotLRDotplot1.8690.0361.919
predictAnnotation 9.528 0.49310.085
predictAnnotationAllGenes8.8210.5429.436
predictGeneAnnotationImpl7.5440.3897.983
randomiseNodeIndices16.267 0.35016.707
runGeometricClusteringTrials6.8090.1667.019
runMoransI1.2280.0961.333
sankeyFromMatrix0.0030.0000.005
symmetriseNN6.2450.1486.424
symmetryCheckNN6.1590.0606.241
tagRowAndColNames6.5150.0696.610
transposeObject12.270 0.10912.456