| Back to Multiple platform build/check report for BioC 3.16: simplified long |
|
This page was generated on 2023-04-12 11:05:28 -0400 (Wed, 12 Apr 2023).
| Hostname | OS | Arch (*) | R version | Installed pkgs |
|---|---|---|---|---|
| nebbiolo2 | Linux (Ubuntu 20.04.5 LTS) | x86_64 | 4.2.3 (2023-03-15) -- "Shortstop Beagle" | 4502 |
| palomino4 | Windows Server 2022 Datacenter | x64 | 4.2.3 (2023-03-15 ucrt) -- "Shortstop Beagle" | 4282 |
| lconway | macOS 12.5.1 Monterey | x86_64 | 4.2.3 (2023-03-15) -- "Shortstop Beagle" | 4310 |
| Click on any hostname to see more info about the system (e.g. compilers) (*) as reported by 'uname -p', except on Windows and Mac OS X | ||||
|
To the developers/maintainers of the ChromSCape package: - Please allow up to 24 hours (and sometimes 48 hours) for your latest push to git@git.bioconductor.org:packages/ChromSCape.git to reflect on this report. See How and When does the builder pull? When will my changes propagate? for more information. - Make sure to use the following settings in order to reproduce any error or warning you see on this page. |
| Package 324/2183 | Hostname | OS / Arch | INSTALL | BUILD | CHECK | BUILD BIN | ||||||||
| ChromSCape 1.8.0 (landing page) Pacome Prompsy
| nebbiolo2 | Linux (Ubuntu 20.04.5 LTS) / x86_64 | OK | OK | WARNINGS | |||||||||
| palomino4 | Windows Server 2022 Datacenter / x64 | OK | OK | WARNINGS | OK | |||||||||
| lconway | macOS 12.5.1 Monterey / x86_64 | OK | OK | WARNINGS | OK | |||||||||
| Package: ChromSCape |
| Version: 1.8.0 |
| Command: F:\biocbuild\bbs-3.16-bioc\R\bin\R.exe CMD check --no-multiarch --install=check:ChromSCape.install-out.txt --library=F:\biocbuild\bbs-3.16-bioc\R\library --no-vignettes --timings ChromSCape_1.8.0.tar.gz |
| StartedAt: 2023-04-10 23:55:39 -0400 (Mon, 10 Apr 2023) |
| EndedAt: 2023-04-11 00:10:28 -0400 (Tue, 11 Apr 2023) |
| EllapsedTime: 889.2 seconds |
| RetCode: 0 |
| Status: WARNINGS |
| CheckDir: ChromSCape.Rcheck |
| Warnings: 1 |
##############################################################################
##############################################################################
###
### Running command:
###
### F:\biocbuild\bbs-3.16-bioc\R\bin\R.exe CMD check --no-multiarch --install=check:ChromSCape.install-out.txt --library=F:\biocbuild\bbs-3.16-bioc\R\library --no-vignettes --timings ChromSCape_1.8.0.tar.gz
###
##############################################################################
##############################################################################
* using log directory 'F:/biocbuild/bbs-3.16-bioc/meat/ChromSCape.Rcheck'
* using R version 4.2.3 (2023-03-15 ucrt)
* using platform: x86_64-w64-mingw32 (64-bit)
* using session charset: UTF-8
* using option '--no-vignettes'
* checking for file 'ChromSCape/DESCRIPTION' ... OK
* this is package 'ChromSCape' version '1.8.0'
* package encoding: UTF-8
* checking package namespace information ... OK
* checking package dependencies ... OK
* checking if this is a source package ... OK
* checking if there is a namespace ... OK
* checking for hidden files and directories ... NOTE
Found the following hidden files and directories:
.BBSoptions
These were most likely included in error. See section 'Package
structure' in the 'Writing R Extensions' manual.
* checking for portable file names ... OK
* checking whether package 'ChromSCape' can be installed ... OK
* checking installed package size ... NOTE
installed size is 5.5Mb
sub-directories of 1Mb or more:
data 1.5Mb
www 2.1Mb
* checking package directory ... OK
* checking 'build' directory ... OK
* checking DESCRIPTION meta-information ... OK
* checking top-level files ... OK
* checking for left-over files ... OK
* checking index information ... OK
* checking package subdirectories ... OK
* checking R files for non-ASCII characters ... OK
* checking R files for syntax errors ... OK
* checking whether the package can be loaded ... OK
* checking whether the package can be loaded with stated dependencies ... OK
* checking whether the package can be unloaded cleanly ... OK
* checking whether the namespace can be loaded with stated dependencies ... OK
* checking whether the namespace can be unloaded cleanly ... OK
* checking dependencies in R code ... OK
* checking S3 generic/method consistency ... OK
* checking replacement functions ... OK
* checking foreign function calls ... OK
* checking R code for possible problems ... NOTE
bams_to_matrix_indexes: no visible binding for global variable
'files_dir_list'
enrich_TF_ChEA3_genes: no visible binding for global variable
'CheA3_TF_nTargets'
filter_correlated_cell_scExp: no visible binding for global variable
'run_tsne'
generate_analysis: no visible binding for global variable 'k'
generate_analysis: no visible binding for global variable
'clusterConsensus'
get_most_variable_cyto: no visible binding for global variable
'cytoBand'
get_most_variable_cyto: no visible binding for global variable
'Fri_cyto'
num_cell_after_QC_filt_scExp: no visible binding for global variable
'sample_id'
num_cell_after_QC_filt_scExp: no visible binding for global variable
'total_counts'
num_cell_scExp: no visible binding for global variable 'sample_id'
num_cell_scExp: no visible binding for global variable 'total_counts'
plot_correlation_PCA_scExp: no visible binding for global variable
'Component'
plot_coverage_BigWig: no visible binding for global variable 'molecule'
plot_coverage_BigWig: no visible binding for global variable
'orientation'
plot_coverage_BigWig: no visible binding for global variable 'Gene'
plot_gain_or_loss_barplots: no visible binding for global variable
'Gain_or_Loss'
plot_gain_or_loss_barplots: no visible binding for global variable
'ncells'
plot_gain_or_loss_barplots: no visible binding for global variable
'cytoBand'
plot_most_contributing_features: no visible binding for global variable
'genes'
plot_percent_active_feature_scExp: no visible binding for global
variable 'group'
plot_percent_active_feature_scExp: no visible binding for global
variable 'percent_active'
plot_pie_most_contributing_chr: no visible binding for global variable
'absolute_value'
plot_reduced_dim_scExp: no visible binding for global variable 'V1'
plot_reduced_dim_scExp: no visible binding for global variable 'V2'
plot_reduced_dim_scExp: no visible binding for global variable
'cluster'
plot_top_TF_scExp: no visible binding for global variable 'TF'
rebin_matrix: no visible binding for global variable 'new_row'
rebin_matrix: no visible binding for global variable 'origin_value'
subset_bam_call_peaks: no visible binding for global variable
'merged_bam'
Undefined global functions or variables:
CheA3_TF_nTargets Component Fri_cyto Gain_or_Loss Gene TF V1 V2
absolute_value cluster clusterConsensus cytoBand files_dir_list genes
group k merged_bam molecule ncells new_row orientation origin_value
percent_active run_tsne sample_id total_counts
* checking Rd files ... NOTE
prepare_Rd: raw_counts_to_sparse_matrix.Rd:6-8: Dropping empty section \source
* checking Rd metadata ... OK
* checking Rd cross-references ... OK
* checking for missing documentation entries ... OK
* checking for code/documentation mismatches ... OK
* checking Rd \usage sections ... OK
* checking Rd contents ... OK
* checking for unstated dependencies in examples ... OK
* checking contents of 'data' directory ... OK
* checking data for non-ASCII characters ... OK
* checking data for ASCII and uncompressed saves ... OK
* checking line endings in C/C++/Fortran sources/headers ... OK
* checking compiled code ... NOTE
Note: information on .o files for x64 is not available
File 'F:/biocbuild/bbs-3.16-bioc/R/library/ChromSCape/libs/x64/ChromSCape.dll':
Found 'abort', possibly from 'abort' (C), 'runtime' (Fortran)
Found 'exit', possibly from 'exit' (C), 'stop' (Fortran)
Compiled code should not call entry points which might terminate R nor
write to stdout/stderr instead of to the console, nor use Fortran I/O
nor system RNGs. The detected symbols are linked into the code but
might come from libraries and not actually be called.
See 'Writing portable packages' in the 'Writing R Extensions' manual.
* checking files in 'vignettes' ... OK
* checking examples ... WARNING
Found the following significant warnings:
Warning: 'as(<matrix>, "dspMatrix")' is deprecated.
Deprecated functions may be defunct as soon as of the next release of
R.
See ?Deprecated.
Examples with CPU (user + system) or elapsed time > 5s
user system elapsed
plot_gain_or_loss_barplots 54.00 0.55 54.58
get_pathway_mat_scExp 40.41 3.27 43.79
plot_reduced_dim_scExp_CNA 26.10 0.31 26.44
get_most_variable_cyto 24.59 0.37 24.97
calculate_logRatio_CNA 23.92 0.37 24.36
calculate_CNA 22.89 1.04 23.94
calculate_cyto_mat 22.97 0.59 23.56
calculate_gain_or_loss 22.36 0.47 22.83
get_cyto_features 22.08 0.24 22.33
num_cell_after_cor_filt_scExp 11.96 0.09 28.58
filter_correlated_cell_scExp 11.46 0.17 27.23
CompareedgeRGLM 9.95 0.29 10.23
preprocessing_filtering_and_reduction 10.06 0.06 10.14
import_scExp 7.62 0.18 7.79
create_scDataset_raw 7.05 0.41 7.45
differential_activation 6.08 0.19 6.31
choose_cluster_scExp 5.44 0.77 6.27
CompareWilcox 4.58 0.28 49.59
enrich_TF_ChEA3_scExp 1.86 0.18 5.25
find_clusters_louvain_scExp 1.47 0.13 5.44
* checking for unstated dependencies in 'tests' ... OK
* checking tests ...
Running 'testthat.R'
OK
* checking for unstated dependencies in vignettes ... OK
* checking package vignettes in 'inst/doc' ... OK
* checking running R code from vignettes ... SKIPPED
* checking re-building of vignette outputs ... SKIPPED
* checking PDF version of manual ... OK
* DONE
Status: 1 WARNING, 5 NOTEs
See
'F:/biocbuild/bbs-3.16-bioc/meat/ChromSCape.Rcheck/00check.log'
for details.
ChromSCape.Rcheck/00install.out
############################################################################## ############################################################################## ### ### Running command: ### ### F:\biocbuild\bbs-3.16-bioc\R\bin\R.exe CMD INSTALL ChromSCape ### ############################################################################## ############################################################################## * installing to library 'F:/biocbuild/bbs-3.16-bioc/R/library' * installing *source* package 'ChromSCape' ... ** using staged installation ** libs g++ -std=gnu++14 -I"F:/biocbuild/bbs-3.16-bioc/R/include" -DNDEBUG -I'F:/biocbuild/bbs-3.16-bioc/R/library/Rcpp/include' -I"C:/rtools42/x86_64-w64-mingw32.static.posix/include" -O2 -Wall -mfpmath=sse -msse2 -mstackrealign -c RcppExports.cpp -o RcppExports.o g++ -std=gnu++14 -I"F:/biocbuild/bbs-3.16-bioc/R/include" -DNDEBUG -I'F:/biocbuild/bbs-3.16-bioc/R/library/Rcpp/include' -I"C:/rtools42/x86_64-w64-mingw32.static.posix/include" -O2 -Wall -mfpmath=sse -msse2 -mstackrealign -c as_dist.cpp -o as_dist.o g++ -std=gnu++14 -shared -s -static-libgcc -o ChromSCape.dll tmp.def RcppExports.o as_dist.o -LC:/rtools42/x86_64-w64-mingw32.static.posix/lib/x64 -LC:/rtools42/x86_64-w64-mingw32.static.posix/lib -LF:/biocbuild/bbs-3.16-bioc/R/bin/x64 -lR installing to F:/biocbuild/bbs-3.16-bioc/R/library/00LOCK-ChromSCape/00new/ChromSCape/libs/x64 ** R ** data ** inst ** byte-compile and prepare package for lazy loading ** help *** installing help indices ** building package indices ** installing vignettes ** testing if installed package can be loaded from temporary location ** testing if installed package can be loaded from final location ** testing if installed package keeps a record of temporary installation path * DONE (ChromSCape)
ChromSCape.Rcheck/tests/testthat.Rout
R version 4.2.3 (2023-03-15 ucrt) -- "Shortstop Beagle"
Copyright (C) 2023 The R Foundation for Statistical Computing
Platform: x86_64-w64-mingw32/x64 (64-bit)
R is free software and comes with ABSOLUTELY NO WARRANTY.
You are welcome to redistribute it under certain conditions.
Type 'license()' or 'licence()' for distribution details.
R is a collaborative project with many contributors.
Type 'contributors()' for more information and
'citation()' on how to cite R or R packages in publications.
Type 'demo()' for some demos, 'help()' for on-line help, or
'help.start()' for an HTML browser interface to help.
Type 'q()' to quit R.
> library(testthat)
> library(ChromSCape)
>
> test_check("ChromSCape")
[ FAIL 0 | WARN 2 | SKIP 0 | PASS 11 ]
[ FAIL 0 | WARN 2 | SKIP 0 | PASS 11 ]
>
> proc.time()
user system elapsed
40.54 3.46 78.07
ChromSCape.Rcheck/ChromSCape-Ex.timings
| name | user | system | elapsed | |
| CheA3_TF_nTargets | 0.02 | 0.01 | 0.03 | |
| CompareWilcox | 4.58 | 0.28 | 49.59 | |
| CompareedgeRGLM | 9.95 | 0.29 | 10.23 | |
| annotToCol2 | 1.19 | 0.21 | 1.41 | |
| calculate_CNA | 22.89 | 1.04 | 23.94 | |
| calculate_cyto_mat | 22.97 | 0.59 | 23.56 | |
| calculate_gain_or_loss | 22.36 | 0.47 | 22.83 | |
| calculate_logRatio_CNA | 23.92 | 0.37 | 24.36 | |
| choose_cluster_scExp | 5.44 | 0.77 | 6.27 | |
| colors_scExp | 0.36 | 0.11 | 0.47 | |
| consensus_clustering_scExp | 3.54 | 0.56 | 4.15 | |
| correlation_and_hierarchical_clust_scExp | 0.33 | 0.13 | 0.46 | |
| create_project_folder | 0.00 | 0.01 | 0.01 | |
| create_scDataset_raw | 7.05 | 0.41 | 7.45 | |
| create_scExp | 0.62 | 0.08 | 0.72 | |
| define_feature | 0.17 | 0.02 | 0.19 | |
| detect_samples | 1.02 | 0.06 | 1.03 | |
| differential_activation | 6.08 | 0.19 | 6.31 | |
| differential_analysis_scExp | 3.29 | 0.09 | 3.39 | |
| enrich_TF_ChEA3_genes | 0.86 | 0.13 | 1.84 | |
| enrich_TF_ChEA3_scExp | 1.86 | 0.18 | 5.25 | |
| exclude_features_scExp | 0.82 | 0.07 | 0.88 | |
| feature_annotation_scExp | 2.04 | 0.09 | 2.14 | |
| filter_correlated_cell_scExp | 11.46 | 0.17 | 27.23 | |
| filter_scExp | 1.01 | 0.03 | 1.05 | |
| find_clusters_louvain_scExp | 1.47 | 0.13 | 5.44 | |
| find_top_features | 0.36 | 0.12 | 0.50 | |
| gene_set_enrichment_analysis_scExp | 0.28 | 0.13 | 0.40 | |
| generate_analysis | 0 | 0 | 0 | |
| generate_coverage_tracks | 0 | 0 | 0 | |
| generate_report | 0 | 0 | 0 | |
| getExperimentNames | 0.28 | 0.12 | 0.41 | |
| getMainExperiment | 0.30 | 0.14 | 0.44 | |
| get_cyto_features | 22.08 | 0.24 | 22.33 | |
| get_genomic_coordinates | 0.63 | 0.00 | 0.63 | |
| get_most_variable_cyto | 24.59 | 0.37 | 24.97 | |
| get_pathway_mat_scExp | 40.41 | 3.27 | 43.79 | |
| has_genomic_coordinates | 1.08 | 0.04 | 1.13 | |
| import_scExp | 7.62 | 0.18 | 7.79 | |
| inter_correlation_scExp | 0.55 | 0.18 | 0.74 | |
| intra_correlation_scExp | 0.40 | 0.13 | 0.53 | |
| launchApp | 0 | 0 | 0 | |
| normalize_scExp | 0.68 | 0.01 | 0.69 | |
| num_cell_after_QC_filt_scExp | 0.73 | 0.04 | 0.76 | |
| num_cell_after_cor_filt_scExp | 11.96 | 0.09 | 28.58 | |
| num_cell_before_cor_filt_scExp | 0.30 | 0.14 | 0.43 | |
| num_cell_in_cluster_scExp | 0.61 | 0.11 | 0.72 | |
| num_cell_scExp | 0.66 | 0.02 | 0.68 | |
| plot_cluster_consensus_scExp | 1.11 | 0.10 | 1.21 | |
| plot_correlation_PCA_scExp | 1.15 | 0.15 | 1.30 | |
| plot_coverage_BigWig | 0.22 | 0.21 | 0.44 | |
| plot_differential_summary_scExp | 0.31 | 0.10 | 0.40 | |
| plot_differential_volcano_scExp | 0.39 | 0.06 | 0.46 | |
| plot_distribution_scExp | 0.43 | 0.09 | 0.51 | |
| plot_gain_or_loss_barplots | 54.00 | 0.55 | 54.58 | |
| plot_heatmap_scExp | 0.37 | 0.13 | 0.50 | |
| plot_inter_correlation_scExp | 0.66 | 0.15 | 0.83 | |
| plot_intra_correlation_scExp | 0.65 | 0.12 | 0.78 | |
| plot_most_contributing_features | 0.58 | 0.16 | 0.73 | |
| plot_percent_active_feature_scExp | 1.78 | 0.09 | 1.88 | |
| plot_pie_most_contributing_chr | 0.36 | 0.13 | 0.48 | |
| plot_reduced_dim_scExp | 3.64 | 0.19 | 3.83 | |
| plot_reduced_dim_scExp_CNA | 26.10 | 0.31 | 26.44 | |
| plot_top_TF_scExp | 0.53 | 0.12 | 0.65 | |
| plot_violin_feature_scExp | 2.19 | 0.14 | 2.33 | |
| preprocess_CPM | 0.59 | 0.03 | 0.63 | |
| preprocess_RPKM | 0.81 | 0.00 | 0.81 | |
| preprocess_TFIDF | 0.67 | 0.02 | 0.69 | |
| preprocess_TPM | 0.72 | 0.01 | 0.74 | |
| preprocess_feature_size_only | 0.80 | 0.02 | 0.81 | |
| preprocessing_filtering_and_reduction | 10.06 | 0.06 | 10.14 | |
| read_sparse_matrix | 0 | 0 | 0 | |
| rebin_matrix | 3.67 | 0.00 | 3.69 | |
| reduce_dims_scExp | 1.77 | 0.03 | 1.84 | |
| scExp | 1.19 | 0.11 | 1.30 | |
| subsample_scExp | 1.08 | 0.02 | 1.11 | |
| subset_bam_call_peaks | 0 | 0 | 0 | |
| summary_DA | 0.29 | 0.09 | 0.39 | |
| swapAltExp_sameColData | 0.31 | 0.14 | 0.45 | |
| table_enriched_genes_scExp | 0.24 | 0.11 | 0.34 | |
| wrapper_Signac_FeatureMatrix | 0 | 0 | 0 | |