| Back to Multiple platform build/check report for BioC 3.16: simplified long |
|
This page was generated on 2023-04-12 11:05:00 -0400 (Wed, 12 Apr 2023).
| Hostname | OS | Arch (*) | R version | Installed pkgs |
|---|---|---|---|---|
| nebbiolo2 | Linux (Ubuntu 20.04.5 LTS) | x86_64 | 4.2.3 (2023-03-15) -- "Shortstop Beagle" | 4502 |
| palomino4 | Windows Server 2022 Datacenter | x64 | 4.2.3 (2023-03-15 ucrt) -- "Shortstop Beagle" | 4282 |
| lconway | macOS 12.5.1 Monterey | x86_64 | 4.2.3 (2023-03-15) -- "Shortstop Beagle" | 4310 |
| Click on any hostname to see more info about the system (e.g. compilers) (*) as reported by 'uname -p', except on Windows and Mac OS X | ||||
|
To the developers/maintainers of the ChromSCape package: - Please allow up to 24 hours (and sometimes 48 hours) for your latest push to git@git.bioconductor.org:packages/ChromSCape.git to reflect on this report. See How and When does the builder pull? When will my changes propagate? for more information. - Make sure to use the following settings in order to reproduce any error or warning you see on this page. |
| Package 324/2183 | Hostname | OS / Arch | INSTALL | BUILD | CHECK | BUILD BIN | ||||||||
| ChromSCape 1.8.0 (landing page) Pacome Prompsy
| nebbiolo2 | Linux (Ubuntu 20.04.5 LTS) / x86_64 | OK | OK | WARNINGS | |||||||||
| palomino4 | Windows Server 2022 Datacenter / x64 | OK | OK | WARNINGS | OK | |||||||||
| lconway | macOS 12.5.1 Monterey / x86_64 | OK | OK | WARNINGS | OK | |||||||||
| Package: ChromSCape |
| Version: 1.8.0 |
| Command: /home/biocbuild/bbs-3.16-bioc/R/bin/R CMD check --install=check:ChromSCape.install-out.txt --library=/home/biocbuild/bbs-3.16-bioc/R/site-library --timings ChromSCape_1.8.0.tar.gz |
| StartedAt: 2023-04-10 19:41:45 -0400 (Mon, 10 Apr 2023) |
| EndedAt: 2023-04-10 19:53:50 -0400 (Mon, 10 Apr 2023) |
| EllapsedTime: 725.0 seconds |
| RetCode: 0 |
| Status: WARNINGS |
| CheckDir: ChromSCape.Rcheck |
| Warnings: 1 |
##############################################################################
##############################################################################
###
### Running command:
###
### /home/biocbuild/bbs-3.16-bioc/R/bin/R CMD check --install=check:ChromSCape.install-out.txt --library=/home/biocbuild/bbs-3.16-bioc/R/site-library --timings ChromSCape_1.8.0.tar.gz
###
##############################################################################
##############################################################################
* using log directory ‘/home/biocbuild/bbs-3.16-bioc/meat/ChromSCape.Rcheck’
* using R version 4.2.3 (2023-03-15)
* using platform: x86_64-pc-linux-gnu (64-bit)
* using session charset: UTF-8
* checking for file ‘ChromSCape/DESCRIPTION’ ... OK
* this is package ‘ChromSCape’ version ‘1.8.0’
* package encoding: UTF-8
* checking package namespace information ... OK
* checking package dependencies ... OK
* checking if this is a source package ... OK
* checking if there is a namespace ... OK
* checking for hidden files and directories ... NOTE
Found the following hidden files and directories:
.BBSoptions
These were most likely included in error. See section ‘Package
structure’ in the ‘Writing R Extensions’ manual.
* checking for portable file names ... OK
* checking for sufficient/correct file permissions ... OK
* checking whether package ‘ChromSCape’ can be installed ... OK
* checking installed package size ... NOTE
installed size is 5.6Mb
sub-directories of 1Mb or more:
data 1.5Mb
www 2.1Mb
* checking package directory ... OK
* checking ‘build’ directory ... OK
* checking DESCRIPTION meta-information ... OK
* checking top-level files ... OK
* checking for left-over files ... OK
* checking index information ... OK
* checking package subdirectories ... OK
* checking R files for non-ASCII characters ... OK
* checking R files for syntax errors ... OK
* checking whether the package can be loaded ... OK
* checking whether the package can be loaded with stated dependencies ... OK
* checking whether the package can be unloaded cleanly ... OK
* checking whether the namespace can be loaded with stated dependencies ... OK
* checking whether the namespace can be unloaded cleanly ... OK
* checking loading without being on the library search path ... OK
* checking dependencies in R code ... OK
* checking S3 generic/method consistency ... OK
* checking replacement functions ... OK
* checking foreign function calls ... OK
* checking R code for possible problems ... NOTE
bams_to_matrix_indexes: no visible binding for global variable
‘files_dir_list’
enrich_TF_ChEA3_genes: no visible binding for global variable
‘CheA3_TF_nTargets’
filter_correlated_cell_scExp: no visible binding for global variable
‘run_tsne’
generate_analysis: no visible binding for global variable ‘k’
generate_analysis: no visible binding for global variable
‘clusterConsensus’
get_most_variable_cyto: no visible binding for global variable
‘cytoBand’
get_most_variable_cyto: no visible binding for global variable
‘Fri_cyto’
num_cell_after_QC_filt_scExp: no visible binding for global variable
‘sample_id’
num_cell_after_QC_filt_scExp: no visible binding for global variable
‘total_counts’
num_cell_scExp: no visible binding for global variable ‘sample_id’
num_cell_scExp: no visible binding for global variable ‘total_counts’
plot_correlation_PCA_scExp: no visible binding for global variable
‘Component’
plot_coverage_BigWig: no visible binding for global variable ‘molecule’
plot_coverage_BigWig: no visible binding for global variable
‘orientation’
plot_coverage_BigWig: no visible binding for global variable ‘Gene’
plot_gain_or_loss_barplots: no visible binding for global variable
‘Gain_or_Loss’
plot_gain_or_loss_barplots: no visible binding for global variable
‘ncells’
plot_gain_or_loss_barplots: no visible binding for global variable
‘cytoBand’
plot_most_contributing_features: no visible binding for global variable
‘genes’
plot_percent_active_feature_scExp: no visible binding for global
variable ‘group’
plot_percent_active_feature_scExp: no visible binding for global
variable ‘percent_active’
plot_pie_most_contributing_chr: no visible binding for global variable
‘absolute_value’
plot_reduced_dim_scExp: no visible binding for global variable ‘V1’
plot_reduced_dim_scExp: no visible binding for global variable ‘V2’
plot_reduced_dim_scExp: no visible binding for global variable
‘cluster’
plot_top_TF_scExp: no visible binding for global variable ‘TF’
rebin_matrix: no visible binding for global variable ‘new_row’
rebin_matrix: no visible binding for global variable ‘origin_value’
subset_bam_call_peaks: no visible binding for global variable
‘merged_bam’
Undefined global functions or variables:
CheA3_TF_nTargets Component Fri_cyto Gain_or_Loss Gene TF V1 V2
absolute_value cluster clusterConsensus cytoBand files_dir_list genes
group k merged_bam molecule ncells new_row orientation origin_value
percent_active run_tsne sample_id total_counts
* checking Rd files ... NOTE
prepare_Rd: raw_counts_to_sparse_matrix.Rd:6-8: Dropping empty section \source
* checking Rd metadata ... OK
* checking Rd cross-references ... OK
* checking for missing documentation entries ... OK
* checking for code/documentation mismatches ... OK
* checking Rd \usage sections ... OK
* checking Rd contents ... OK
* checking for unstated dependencies in examples ... OK
* checking contents of ‘data’ directory ... OK
* checking data for non-ASCII characters ... OK
* checking data for ASCII and uncompressed saves ... OK
* checking line endings in C/C++/Fortran sources/headers ... OK
* checking compiled code ... NOTE
Note: information on .o files is not available
* checking files in ‘vignettes’ ... OK
* checking examples ... WARNING
Found the following significant warnings:
Warning: 'as(<matrix>, "dspMatrix")' is deprecated.
Deprecated functions may be defunct as soon as of the next release of
R.
See ?Deprecated.
Examples with CPU (user + system) or elapsed time > 5s
user system elapsed
plot_gain_or_loss_barplots 53.248 0.380 53.692
get_pathway_mat_scExp 30.137 1.824 31.961
calculate_gain_or_loss 25.964 0.356 26.353
calculate_CNA 23.325 0.859 24.186
plot_reduced_dim_scExp_CNA 23.750 0.232 23.981
calculate_cyto_mat 22.985 0.376 23.362
get_most_variable_cyto 22.758 0.568 23.482
calculate_logRatio_CNA 22.607 0.280 22.893
get_cyto_features 19.882 0.564 20.446
filter_correlated_cell_scExp 11.736 1.148 13.145
num_cell_after_cor_filt_scExp 10.743 0.465 11.123
preprocessing_filtering_and_reduction 9.305 0.052 9.344
create_scDataset_raw 8.186 0.324 8.510
import_scExp 6.058 0.076 6.134
differential_activation 5.452 0.080 5.532
enrich_TF_ChEA3_scExp 1.263 0.064 5.342
* checking for unstated dependencies in ‘tests’ ... OK
* checking tests ...
Running ‘testthat.R’
OK
* checking for unstated dependencies in vignettes ... OK
* checking package vignettes in ‘inst/doc’ ... OK
* checking running R code from vignettes ...
‘vignette.Rmd’ using ‘UTF-8’... OK
NONE
* checking re-building of vignette outputs ... OK
* checking PDF version of manual ... OK
* DONE
Status: 1 WARNING, 5 NOTEs
See
‘/home/biocbuild/bbs-3.16-bioc/meat/ChromSCape.Rcheck/00check.log’
for details.
ChromSCape.Rcheck/00install.out
############################################################################## ############################################################################## ### ### Running command: ### ### /home/biocbuild/bbs-3.16-bioc/R/bin/R CMD INSTALL ChromSCape ### ############################################################################## ############################################################################## * installing to library ‘/home/biocbuild/bbs-3.16-bioc/R/site-library’ * installing *source* package ‘ChromSCape’ ... ** using staged installation ** libs g++ -std=gnu++14 -I"/home/biocbuild/bbs-3.16-bioc/R/include" -DNDEBUG -I'/home/biocbuild/bbs-3.16-bioc/R/site-library/Rcpp/include' -I/usr/local/include -fpic -g -O2 -Wall -c RcppExports.cpp -o RcppExports.o g++ -std=gnu++14 -I"/home/biocbuild/bbs-3.16-bioc/R/include" -DNDEBUG -I'/home/biocbuild/bbs-3.16-bioc/R/site-library/Rcpp/include' -I/usr/local/include -fpic -g -O2 -Wall -c as_dist.cpp -o as_dist.o g++ -std=gnu++14 -shared -L/home/biocbuild/bbs-3.16-bioc/R/lib -L/usr/local/lib -o ChromSCape.so RcppExports.o as_dist.o -L/home/biocbuild/bbs-3.16-bioc/R/lib -lR installing to /home/biocbuild/bbs-3.16-bioc/R/site-library/00LOCK-ChromSCape/00new/ChromSCape/libs ** R ** data ** inst ** byte-compile and prepare package for lazy loading ** help *** installing help indices ** building package indices ** installing vignettes ** testing if installed package can be loaded from temporary location ** checking absolute paths in shared objects and dynamic libraries ** testing if installed package can be loaded from final location ** testing if installed package keeps a record of temporary installation path * DONE (ChromSCape)
ChromSCape.Rcheck/tests/testthat.Rout
R version 4.2.3 (2023-03-15) -- "Shortstop Beagle"
Copyright (C) 2023 The R Foundation for Statistical Computing
Platform: x86_64-pc-linux-gnu (64-bit)
R is free software and comes with ABSOLUTELY NO WARRANTY.
You are welcome to redistribute it under certain conditions.
Type 'license()' or 'licence()' for distribution details.
R is a collaborative project with many contributors.
Type 'contributors()' for more information and
'citation()' on how to cite R or R packages in publications.
Type 'demo()' for some demos, 'help()' for on-line help, or
'help.start()' for an HTML browser interface to help.
Type 'q()' to quit R.
> library(testthat)
> library(ChromSCape)
>
> test_check("ChromSCape")
[ FAIL 0 | WARN 2 | SKIP 0 | PASS 11 ]
[ FAIL 0 | WARN 2 | SKIP 0 | PASS 11 ]
>
> proc.time()
user system elapsed
38.071 1.731 39.545
ChromSCape.Rcheck/ChromSCape-Ex.timings
| name | user | system | elapsed | |
| CheA3_TF_nTargets | 0.009 | 0.000 | 0.009 | |
| CompareWilcox | 4.498 | 0.472 | 4.719 | |
| CompareedgeRGLM | 4.491 | 0.120 | 4.605 | |
| annotToCol2 | 1.050 | 0.052 | 1.102 | |
| calculate_CNA | 23.325 | 0.859 | 24.186 | |
| calculate_cyto_mat | 22.985 | 0.376 | 23.362 | |
| calculate_gain_or_loss | 25.964 | 0.356 | 26.353 | |
| calculate_logRatio_CNA | 22.607 | 0.280 | 22.893 | |
| choose_cluster_scExp | 3.513 | 0.072 | 3.572 | |
| colors_scExp | 0.326 | 0.000 | 0.326 | |
| consensus_clustering_scExp | 3.153 | 0.116 | 3.263 | |
| correlation_and_hierarchical_clust_scExp | 0.341 | 0.000 | 0.334 | |
| create_project_folder | 0.002 | 0.000 | 0.002 | |
| create_scDataset_raw | 8.186 | 0.324 | 8.510 | |
| create_scExp | 0.691 | 0.000 | 0.690 | |
| define_feature | 0.163 | 0.000 | 0.163 | |
| detect_samples | 1.205 | 0.028 | 1.159 | |
| differential_activation | 5.452 | 0.080 | 5.532 | |
| differential_analysis_scExp | 2.768 | 0.024 | 2.791 | |
| enrich_TF_ChEA3_genes | 0.591 | 0.036 | 1.909 | |
| enrich_TF_ChEA3_scExp | 1.263 | 0.064 | 5.342 | |
| exclude_features_scExp | 0.698 | 0.056 | 0.754 | |
| feature_annotation_scExp | 1.876 | 0.208 | 2.084 | |
| filter_correlated_cell_scExp | 11.736 | 1.148 | 13.145 | |
| filter_scExp | 0.856 | 0.064 | 0.920 | |
| find_clusters_louvain_scExp | 0.528 | 0.373 | 0.576 | |
| find_top_features | 0.35 | 0.02 | 0.37 | |
| gene_set_enrichment_analysis_scExp | 0.215 | 0.000 | 0.215 | |
| generate_analysis | 0 | 0 | 0 | |
| generate_coverage_tracks | 0.001 | 0.000 | 0.000 | |
| generate_report | 0 | 0 | 0 | |
| getExperimentNames | 0.237 | 0.012 | 0.248 | |
| getMainExperiment | 0.281 | 0.008 | 0.289 | |
| get_cyto_features | 19.882 | 0.564 | 20.446 | |
| get_genomic_coordinates | 0.527 | 0.028 | 0.554 | |
| get_most_variable_cyto | 22.758 | 0.568 | 23.482 | |
| get_pathway_mat_scExp | 30.137 | 1.824 | 31.961 | |
| has_genomic_coordinates | 0.940 | 0.032 | 0.973 | |
| import_scExp | 6.058 | 0.076 | 6.134 | |
| inter_correlation_scExp | 0.396 | 0.000 | 0.395 | |
| intra_correlation_scExp | 0.352 | 0.012 | 0.364 | |
| launchApp | 0 | 0 | 0 | |
| normalize_scExp | 0.545 | 0.012 | 0.556 | |
| num_cell_after_QC_filt_scExp | 0.629 | 0.032 | 0.661 | |
| num_cell_after_cor_filt_scExp | 10.743 | 0.465 | 11.123 | |
| num_cell_before_cor_filt_scExp | 0.227 | 0.000 | 0.227 | |
| num_cell_in_cluster_scExp | 0.485 | 0.004 | 0.474 | |
| num_cell_scExp | 0.512 | 0.020 | 0.533 | |
| plot_cluster_consensus_scExp | 0.986 | 0.032 | 1.018 | |
| plot_correlation_PCA_scExp | 0.877 | 0.012 | 0.890 | |
| plot_coverage_BigWig | 0.218 | 0.000 | 0.218 | |
| plot_differential_summary_scExp | 0.246 | 0.000 | 0.247 | |
| plot_differential_volcano_scExp | 0.347 | 0.000 | 0.348 | |
| plot_distribution_scExp | 0.386 | 0.004 | 0.391 | |
| plot_gain_or_loss_barplots | 53.248 | 0.380 | 53.692 | |
| plot_heatmap_scExp | 0.325 | 0.008 | 0.333 | |
| plot_inter_correlation_scExp | 0.546 | 0.008 | 0.553 | |
| plot_intra_correlation_scExp | 0.538 | 0.000 | 0.537 | |
| plot_most_contributing_features | 0.493 | 0.000 | 0.493 | |
| plot_percent_active_feature_scExp | 1.867 | 0.012 | 1.879 | |
| plot_pie_most_contributing_chr | 0.298 | 0.000 | 0.298 | |
| plot_reduced_dim_scExp | 2.877 | 0.008 | 2.885 | |
| plot_reduced_dim_scExp_CNA | 23.750 | 0.232 | 23.981 | |
| plot_top_TF_scExp | 0.502 | 0.000 | 0.501 | |
| plot_violin_feature_scExp | 1.916 | 0.016 | 1.932 | |
| preprocess_CPM | 0.604 | 0.020 | 0.624 | |
| preprocess_RPKM | 0.681 | 0.016 | 0.697 | |
| preprocess_TFIDF | 0.598 | 0.012 | 0.610 | |
| preprocess_TPM | 0.652 | 0.016 | 0.668 | |
| preprocess_feature_size_only | 0.575 | 0.004 | 0.579 | |
| preprocessing_filtering_and_reduction | 9.305 | 0.052 | 9.344 | |
| read_sparse_matrix | 0 | 0 | 0 | |
| rebin_matrix | 3.552 | 0.004 | 3.555 | |
| reduce_dims_scExp | 1.655 | 0.000 | 1.656 | |
| scExp | 1.051 | 0.012 | 1.064 | |
| subsample_scExp | 0.815 | 0.016 | 0.832 | |
| subset_bam_call_peaks | 0 | 0 | 0 | |
| summary_DA | 0.245 | 0.004 | 0.250 | |
| swapAltExp_sameColData | 0.332 | 0.000 | 0.332 | |
| table_enriched_genes_scExp | 0.226 | 0.000 | 0.226 | |
| wrapper_Signac_FeatureMatrix | 0 | 0 | 0 | |