| Back to Multiple platform build/check report for BioC 3.16: simplified long |
|
This page was generated on 2023-04-12 11:06:02 -0400 (Wed, 12 Apr 2023).
| Hostname | OS | Arch (*) | R version | Installed pkgs |
|---|---|---|---|---|
| nebbiolo2 | Linux (Ubuntu 20.04.5 LTS) | x86_64 | 4.2.3 (2023-03-15) -- "Shortstop Beagle" | 4502 |
| palomino4 | Windows Server 2022 Datacenter | x64 | 4.2.3 (2023-03-15 ucrt) -- "Shortstop Beagle" | 4282 |
| lconway | macOS 12.5.1 Monterey | x86_64 | 4.2.3 (2023-03-15) -- "Shortstop Beagle" | 4310 |
| Click on any hostname to see more info about the system (e.g. compilers) (*) as reported by 'uname -p', except on Windows and Mac OS X | ||||
|
To the developers/maintainers of the ChromSCape package: - Please allow up to 24 hours (and sometimes 48 hours) for your latest push to git@git.bioconductor.org:packages/ChromSCape.git to reflect on this report. See How and When does the builder pull? When will my changes propagate? for more information. - Make sure to use the following settings in order to reproduce any error or warning you see on this page. |
| Package 324/2183 | Hostname | OS / Arch | INSTALL | BUILD | CHECK | BUILD BIN | ||||||||
| ChromSCape 1.8.0 (landing page) Pacome Prompsy
| nebbiolo2 | Linux (Ubuntu 20.04.5 LTS) / x86_64 | OK | OK | WARNINGS | |||||||||
| palomino4 | Windows Server 2022 Datacenter / x64 | OK | OK | WARNINGS | OK | |||||||||
| lconway | macOS 12.5.1 Monterey / x86_64 | OK | OK | WARNINGS | OK | |||||||||
| Package: ChromSCape |
| Version: 1.8.0 |
| Command: /Library/Frameworks/R.framework/Resources/bin/R CMD check --install=check:ChromSCape.install-out.txt --library=/Library/Frameworks/R.framework/Resources/library --no-vignettes --timings ChromSCape_1.8.0.tar.gz |
| StartedAt: 2023-04-10 19:22:47 -0400 (Mon, 10 Apr 2023) |
| EndedAt: 2023-04-10 19:34:15 -0400 (Mon, 10 Apr 2023) |
| EllapsedTime: 688.8 seconds |
| RetCode: 0 |
| Status: WARNINGS |
| CheckDir: ChromSCape.Rcheck |
| Warnings: 1 |
##############################################################################
##############################################################################
###
### Running command:
###
### /Library/Frameworks/R.framework/Resources/bin/R CMD check --install=check:ChromSCape.install-out.txt --library=/Library/Frameworks/R.framework/Resources/library --no-vignettes --timings ChromSCape_1.8.0.tar.gz
###
##############################################################################
##############################################################################
* using log directory ‘/Users/biocbuild/bbs-3.16-bioc/meat/ChromSCape.Rcheck’
* using R version 4.2.3 (2023-03-15)
* using platform: x86_64-apple-darwin17.0 (64-bit)
* using session charset: UTF-8
* using option ‘--no-vignettes’
* checking for file ‘ChromSCape/DESCRIPTION’ ... OK
* this is package ‘ChromSCape’ version ‘1.8.0’
* package encoding: UTF-8
* checking package namespace information ... OK
* checking package dependencies ... OK
* checking if this is a source package ... OK
* checking if there is a namespace ... OK
* checking for hidden files and directories ... NOTE
Found the following hidden files and directories:
.BBSoptions
These were most likely included in error. See section ‘Package
structure’ in the ‘Writing R Extensions’ manual.
* checking for portable file names ... OK
* checking for sufficient/correct file permissions ... OK
* checking whether package ‘ChromSCape’ can be installed ... OK
* checking installed package size ... OK
* checking package directory ... OK
* checking ‘build’ directory ... OK
* checking DESCRIPTION meta-information ... OK
* checking top-level files ... OK
* checking for left-over files ... OK
* checking index information ... OK
* checking package subdirectories ... OK
* checking R files for non-ASCII characters ... OK
* checking R files for syntax errors ... OK
* checking whether the package can be loaded ... OK
* checking whether the package can be loaded with stated dependencies ... OK
* checking whether the package can be unloaded cleanly ... OK
* checking whether the namespace can be loaded with stated dependencies ... OK
* checking whether the namespace can be unloaded cleanly ... OK
* checking dependencies in R code ... OK
* checking S3 generic/method consistency ... OK
* checking replacement functions ... OK
* checking foreign function calls ... OK
* checking R code for possible problems ... NOTE
bams_to_matrix_indexes: no visible binding for global variable
‘files_dir_list’
enrich_TF_ChEA3_genes: no visible binding for global variable
‘CheA3_TF_nTargets’
filter_correlated_cell_scExp: no visible binding for global variable
‘run_tsne’
generate_analysis: no visible binding for global variable ‘k’
generate_analysis: no visible binding for global variable
‘clusterConsensus’
get_most_variable_cyto: no visible binding for global variable
‘cytoBand’
get_most_variable_cyto: no visible binding for global variable
‘Fri_cyto’
num_cell_after_QC_filt_scExp: no visible binding for global variable
‘sample_id’
num_cell_after_QC_filt_scExp: no visible binding for global variable
‘total_counts’
num_cell_scExp: no visible binding for global variable ‘sample_id’
num_cell_scExp: no visible binding for global variable ‘total_counts’
plot_correlation_PCA_scExp: no visible binding for global variable
‘Component’
plot_coverage_BigWig: no visible binding for global variable ‘molecule’
plot_coverage_BigWig: no visible binding for global variable
‘orientation’
plot_coverage_BigWig: no visible binding for global variable ‘Gene’
plot_gain_or_loss_barplots: no visible binding for global variable
‘Gain_or_Loss’
plot_gain_or_loss_barplots: no visible binding for global variable
‘ncells’
plot_gain_or_loss_barplots: no visible binding for global variable
‘cytoBand’
plot_most_contributing_features: no visible binding for global variable
‘genes’
plot_percent_active_feature_scExp: no visible binding for global
variable ‘group’
plot_percent_active_feature_scExp: no visible binding for global
variable ‘percent_active’
plot_pie_most_contributing_chr: no visible binding for global variable
‘absolute_value’
plot_reduced_dim_scExp: no visible binding for global variable ‘V1’
plot_reduced_dim_scExp: no visible binding for global variable ‘V2’
plot_reduced_dim_scExp: no visible binding for global variable
‘cluster’
plot_top_TF_scExp: no visible binding for global variable ‘TF’
rebin_matrix: no visible binding for global variable ‘new_row’
rebin_matrix: no visible binding for global variable ‘origin_value’
subset_bam_call_peaks: no visible binding for global variable
‘merged_bam’
Undefined global functions or variables:
CheA3_TF_nTargets Component Fri_cyto Gain_or_Loss Gene TF V1 V2
absolute_value cluster clusterConsensus cytoBand files_dir_list genes
group k merged_bam molecule ncells new_row orientation origin_value
percent_active run_tsne sample_id total_counts
* checking Rd files ... NOTE
prepare_Rd: raw_counts_to_sparse_matrix.Rd:6-8: Dropping empty section \source
* checking Rd metadata ... OK
* checking Rd cross-references ... OK
* checking for missing documentation entries ... OK
* checking for code/documentation mismatches ... OK
* checking Rd \usage sections ... OK
* checking Rd contents ... OK
* checking for unstated dependencies in examples ... OK
* checking contents of ‘data’ directory ... OK
* checking data for non-ASCII characters ... OK
* checking data for ASCII and uncompressed saves ... OK
* checking line endings in C/C++/Fortran sources/headers ... OK
* checking compiled code ... NOTE
Note: information on .o files is not available
* checking files in ‘vignettes’ ... OK
* checking examples ... WARNING
Found the following significant warnings:
Warning: 'as(<matrix>, "dspMatrix")' is deprecated.
Deprecated functions may be defunct as soon as of the next release of
R.
See ?Deprecated.
Examples with CPU (user + system) or elapsed time > 5s
user system elapsed
plot_gain_or_loss_barplots 44.770 0.448 45.506
get_pathway_mat_scExp 34.017 5.247 39.895
calculate_CNA 21.643 1.527 23.319
get_most_variable_cyto 22.787 0.187 23.154
calculate_cyto_mat 21.453 0.760 22.396
plot_reduced_dim_scExp_CNA 21.813 0.229 22.193
calculate_logRatio_CNA 21.183 0.679 22.038
calculate_gain_or_loss 21.277 0.582 25.510
get_cyto_features 20.904 0.446 21.548
num_cell_after_cor_filt_scExp 9.755 0.492 10.293
filter_correlated_cell_scExp 9.446 0.529 10.032
create_scDataset_raw 7.496 0.496 8.062
preprocessing_filtering_and_reduction 7.792 0.181 8.028
import_scExp 6.449 0.519 7.022
differential_activation 5.485 0.095 5.634
enrich_TF_ChEA3_scExp 1.026 0.098 5.123
enrich_TF_ChEA3_genes 0.551 0.167 6.584
* checking for unstated dependencies in ‘tests’ ... OK
* checking tests ...
Running ‘testthat.R’
OK
* checking for unstated dependencies in vignettes ... OK
* checking package vignettes in ‘inst/doc’ ... OK
* checking running R code from vignettes ... SKIPPED
* checking re-building of vignette outputs ... SKIPPED
* checking PDF version of manual ... OK
* DONE
Status: 1 WARNING, 4 NOTEs
See
‘/Users/biocbuild/bbs-3.16-bioc/meat/ChromSCape.Rcheck/00check.log’
for details.
ChromSCape.Rcheck/00install.out
############################################################################## ############################################################################## ### ### Running command: ### ### /Library/Frameworks/R.framework/Resources/bin/R CMD INSTALL ChromSCape ### ############################################################################## ############################################################################## * installing to library ‘/Library/Frameworks/R.framework/Versions/4.2/Resources/library’ * installing *source* package ‘ChromSCape’ ... ** using staged installation ** libs clang++ -mmacosx-version-min=10.13 -std=gnu++14 -I"/Library/Frameworks/R.framework/Resources/include" -DNDEBUG -I'/Library/Frameworks/R.framework/Versions/4.2/Resources/library/Rcpp/include' -I/usr/local/include -fPIC -Wall -g -O2 -c RcppExports.cpp -o RcppExports.o clang++ -mmacosx-version-min=10.13 -std=gnu++14 -I"/Library/Frameworks/R.framework/Resources/include" -DNDEBUG -I'/Library/Frameworks/R.framework/Versions/4.2/Resources/library/Rcpp/include' -I/usr/local/include -fPIC -Wall -g -O2 -c as_dist.cpp -o as_dist.o clang++ -mmacosx-version-min=10.13 -std=gnu++14 -dynamiclib -Wl,-headerpad_max_install_names -undefined dynamic_lookup -single_module -multiply_defined suppress -L/Library/Frameworks/R.framework/Resources/lib -L/usr/local/lib -o ChromSCape.so RcppExports.o as_dist.o -F/Library/Frameworks/R.framework/.. -framework R -Wl,-framework -Wl,CoreFoundation installing to /Library/Frameworks/R.framework/Versions/4.2/Resources/library/00LOCK-ChromSCape/00new/ChromSCape/libs ** R ** data ** inst ** byte-compile and prepare package for lazy loading ** help *** installing help indices ** building package indices ** installing vignettes ** testing if installed package can be loaded from temporary location ** checking absolute paths in shared objects and dynamic libraries ** testing if installed package can be loaded from final location ** testing if installed package keeps a record of temporary installation path * DONE (ChromSCape)
ChromSCape.Rcheck/tests/testthat.Rout
R version 4.2.3 (2023-03-15) -- "Shortstop Beagle"
Copyright (C) 2023 The R Foundation for Statistical Computing
Platform: x86_64-apple-darwin17.0 (64-bit)
R is free software and comes with ABSOLUTELY NO WARRANTY.
You are welcome to redistribute it under certain conditions.
Type 'license()' or 'licence()' for distribution details.
R is a collaborative project with many contributors.
Type 'contributors()' for more information and
'citation()' on how to cite R or R packages in publications.
Type 'demo()' for some demos, 'help()' for on-line help, or
'help.start()' for an HTML browser interface to help.
Type 'q()' to quit R.
> library(testthat)
> library(ChromSCape)
>
> test_check("ChromSCape")
[ FAIL 0 | WARN 2 | SKIP 0 | PASS 11 ]
[ FAIL 0 | WARN 2 | SKIP 0 | PASS 11 ]
>
> proc.time()
user system elapsed
34.885 3.957 39.449
ChromSCape.Rcheck/ChromSCape-Ex.timings
| name | user | system | elapsed | |
| CheA3_TF_nTargets | 0.007 | 0.002 | 0.009 | |
| CompareWilcox | 3.712 | 0.525 | 3.619 | |
| CompareedgeRGLM | 4.319 | 0.326 | 4.658 | |
| annotToCol2 | 1.021 | 0.059 | 1.083 | |
| calculate_CNA | 21.643 | 1.527 | 23.319 | |
| calculate_cyto_mat | 21.453 | 0.760 | 22.396 | |
| calculate_gain_or_loss | 21.277 | 0.582 | 25.510 | |
| calculate_logRatio_CNA | 21.183 | 0.679 | 22.038 | |
| choose_cluster_scExp | 3.441 | 0.737 | 4.225 | |
| colors_scExp | 0.350 | 0.008 | 0.362 | |
| consensus_clustering_scExp | 3.131 | 0.758 | 3.955 | |
| correlation_and_hierarchical_clust_scExp | 0.358 | 0.006 | 0.365 | |
| create_project_folder | 0.002 | 0.003 | 0.005 | |
| create_scDataset_raw | 7.496 | 0.496 | 8.062 | |
| create_scExp | 0.793 | 0.010 | 0.877 | |
| define_feature | 0.175 | 0.005 | 0.186 | |
| detect_samples | 0.936 | 0.066 | 1.021 | |
| differential_activation | 5.485 | 0.095 | 5.634 | |
| differential_analysis_scExp | 2.653 | 0.048 | 2.710 | |
| enrich_TF_ChEA3_genes | 0.551 | 0.167 | 6.584 | |
| enrich_TF_ChEA3_scExp | 1.026 | 0.098 | 5.123 | |
| exclude_features_scExp | 0.711 | 0.008 | 0.722 | |
| feature_annotation_scExp | 1.734 | 0.098 | 1.849 | |
| filter_correlated_cell_scExp | 9.446 | 0.529 | 10.032 | |
| filter_scExp | 0.740 | 0.032 | 0.779 | |
| find_clusters_louvain_scExp | 0.647 | 0.531 | 0.729 | |
| find_top_features | 0.392 | 0.049 | 0.458 | |
| gene_set_enrichment_analysis_scExp | 0.230 | 0.009 | 0.241 | |
| generate_analysis | 0 | 0 | 0 | |
| generate_coverage_tracks | 0.000 | 0.000 | 0.001 | |
| generate_report | 0 | 0 | 0 | |
| getExperimentNames | 0.270 | 0.011 | 0.282 | |
| getMainExperiment | 0.305 | 0.019 | 0.325 | |
| get_cyto_features | 20.904 | 0.446 | 21.548 | |
| get_genomic_coordinates | 0.576 | 0.013 | 0.590 | |
| get_most_variable_cyto | 22.787 | 0.187 | 23.154 | |
| get_pathway_mat_scExp | 34.017 | 5.247 | 39.895 | |
| has_genomic_coordinates | 0.907 | 0.018 | 0.929 | |
| import_scExp | 6.449 | 0.519 | 7.022 | |
| inter_correlation_scExp | 0.440 | 0.020 | 0.463 | |
| intra_correlation_scExp | 0.352 | 0.013 | 0.367 | |
| launchApp | 0 | 0 | 0 | |
| normalize_scExp | 0.569 | 0.027 | 0.604 | |
| num_cell_after_QC_filt_scExp | 0.707 | 0.063 | 0.776 | |
| num_cell_after_cor_filt_scExp | 9.755 | 0.492 | 10.293 | |
| num_cell_before_cor_filt_scExp | 0.227 | 0.018 | 0.248 | |
| num_cell_in_cluster_scExp | 0.532 | 0.023 | 0.557 | |
| num_cell_scExp | 0.500 | 0.026 | 0.530 | |
| plot_cluster_consensus_scExp | 0.979 | 0.079 | 1.086 | |
| plot_correlation_PCA_scExp | 0.897 | 0.021 | 0.929 | |
| plot_coverage_BigWig | 0.233 | 0.009 | 0.242 | |
| plot_differential_summary_scExp | 0.231 | 0.017 | 0.248 | |
| plot_differential_volcano_scExp | 0.322 | 0.019 | 0.343 | |
| plot_distribution_scExp | 0.445 | 0.013 | 0.461 | |
| plot_gain_or_loss_barplots | 44.770 | 0.448 | 45.506 | |
| plot_heatmap_scExp | 0.356 | 0.012 | 0.369 | |
| plot_inter_correlation_scExp | 0.507 | 0.007 | 0.516 | |
| plot_intra_correlation_scExp | 0.498 | 0.011 | 0.512 | |
| plot_most_contributing_features | 0.482 | 0.017 | 0.503 | |
| plot_percent_active_feature_scExp | 1.694 | 0.033 | 1.748 | |
| plot_pie_most_contributing_chr | 0.283 | 0.014 | 0.300 | |
| plot_reduced_dim_scExp | 2.612 | 0.034 | 2.664 | |
| plot_reduced_dim_scExp_CNA | 21.813 | 0.229 | 22.193 | |
| plot_top_TF_scExp | 0.489 | 0.013 | 0.505 | |
| plot_violin_feature_scExp | 1.989 | 0.038 | 2.048 | |
| preprocess_CPM | 0.555 | 0.027 | 0.585 | |
| preprocess_RPKM | 0.587 | 0.063 | 0.653 | |
| preprocess_TFIDF | 0.548 | 0.032 | 0.589 | |
| preprocess_TPM | 0.601 | 0.060 | 0.673 | |
| preprocess_feature_size_only | 0.547 | 0.024 | 0.580 | |
| preprocessing_filtering_and_reduction | 7.792 | 0.181 | 8.028 | |
| read_sparse_matrix | 0.000 | 0.000 | 0.001 | |
| rebin_matrix | 3.016 | 0.053 | 3.088 | |
| reduce_dims_scExp | 1.568 | 0.031 | 1.602 | |
| scExp | 1.029 | 0.032 | 1.078 | |
| subsample_scExp | 0.825 | 0.072 | 0.913 | |
| subset_bam_call_peaks | 0.000 | 0.001 | 0.001 | |
| summary_DA | 0.307 | 0.008 | 0.321 | |
| swapAltExp_sameColData | 0.325 | 0.015 | 0.351 | |
| table_enriched_genes_scExp | 0.221 | 0.008 | 0.233 | |
| wrapper_Signac_FeatureMatrix | 0 | 0 | 0 | |