| Back to Multiple platform build/check report for BioC 3.22: simplified long |
|
This page was generated on 2025-11-04 12:04 -0500 (Tue, 04 Nov 2025).
| Hostname | OS | Arch (*) | R version | Installed pkgs |
|---|---|---|---|---|
| nebbiolo2 | Linux (Ubuntu 24.04.3 LTS) | x86_64 | 4.5.1 Patched (2025-08-23 r88802) -- "Great Square Root" | 4902 |
| lconway | macOS 12.7.6 Monterey | x86_64 | 4.5.1 Patched (2025-09-10 r88807) -- "Great Square Root" | 4692 |
| kjohnson3 | macOS 13.7.7 Ventura | arm64 | 4.5.1 Patched (2025-09-10 r88807) -- "Great Square Root" | 4638 |
| Click on any hostname to see more info about the system (e.g. compilers) (*) as reported by 'uname -p', except on Windows and Mac OS X | ||||
| Package 1505/2361 | Hostname | OS / Arch | INSTALL | BUILD | CHECK | BUILD BIN | ||||||||
| OmnipathR 3.18.0 (landing page) Denes Turei
| nebbiolo2 | Linux (Ubuntu 24.04.3 LTS) / x86_64 | OK | OK | ERROR | |||||||||
| lconway | macOS 12.7.6 Monterey / x86_64 | OK | OK | ERROR | OK | |||||||||
| kjohnson3 | macOS 13.7.7 Ventura / arm64 | OK | OK | ERROR | OK | |||||||||
|
To the developers/maintainers of the OmnipathR package: - Allow up to 24 hours (and sometimes 48 hours) for your latest push to git@git.bioconductor.org:packages/OmnipathR.git to reflect on this report. See Troubleshooting Build Report for more information. - Use the following Renviron settings to reproduce errors and warnings. - If 'R CMD check' started to fail recently on the Linux builder(s) over a missing dependency, add the missing dependency to 'Suggests:' in your DESCRIPTION file. See Renviron.bioc for more information. |
| Package: OmnipathR |
| Version: 3.18.0 |
| Command: /Library/Frameworks/R.framework/Resources/bin/R CMD check --install=check:OmnipathR.install-out.txt --library=/Library/Frameworks/R.framework/Resources/library --no-vignettes --timings OmnipathR_3.18.0.tar.gz |
| StartedAt: 2025-11-03 23:04:26 -0500 (Mon, 03 Nov 2025) |
| EndedAt: 2025-11-03 23:22:13 -0500 (Mon, 03 Nov 2025) |
| EllapsedTime: 1066.8 seconds |
| RetCode: 1 |
| Status: ERROR |
| CheckDir: OmnipathR.Rcheck |
| Warnings: NA |
##############################################################################
##############################################################################
###
### Running command:
###
### /Library/Frameworks/R.framework/Resources/bin/R CMD check --install=check:OmnipathR.install-out.txt --library=/Library/Frameworks/R.framework/Resources/library --no-vignettes --timings OmnipathR_3.18.0.tar.gz
###
##############################################################################
##############################################################################
* using log directory ‘/Users/biocbuild/bbs-3.22-bioc/meat/OmnipathR.Rcheck’
* using R version 4.5.1 Patched (2025-09-10 r88807)
* using platform: x86_64-apple-darwin20
* R was compiled by
Apple clang version 14.0.0 (clang-1400.0.29.202)
GNU Fortran (GCC) 14.2.0
* running under: macOS Monterey 12.7.6
* using session charset: UTF-8
* using option ‘--no-vignettes’
* checking for file ‘OmnipathR/DESCRIPTION’ ... OK
* checking extension type ... Package
* this is package ‘OmnipathR’ version ‘3.18.0’
* package encoding: UTF-8
* checking package namespace information ... OK
* checking package dependencies ... INFO
Imports includes 35 non-default packages.
Importing from so many packages makes the package vulnerable to any of
them becoming unavailable. Move as many as possible to Suggests and
use conditionally.
* checking if this is a source package ... OK
* checking if there is a namespace ... OK
* checking for hidden files and directories ... OK
* checking for portable file names ... OK
* checking for sufficient/correct file permissions ... OK
* checking whether package ‘OmnipathR’ can be installed ... OK
* checking installed package size ... OK
* checking package directory ... OK
* checking DESCRIPTION meta-information ... OK
* checking top-level files ... OK
* checking for left-over files ... OK
* checking index information ... OK
* checking package subdirectories ... OK
* checking code files for non-ASCII characters ... OK
* checking R files for syntax errors ... OK
* checking whether the package can be loaded ... OK
* checking whether the package can be loaded with stated dependencies ... OK
* checking whether the package can be unloaded cleanly ... OK
* checking whether the namespace can be loaded with stated dependencies ... OK
* checking whether the namespace can be unloaded cleanly ... OK
* checking whether startup messages can be suppressed ... NOTE
[2025-11-03 23:05:04] [TRACE] [OmnipathR] Reading JSON from `/Users/biocbuild/Library/Caches/OmnipathR/cache.json` (encoding: UTF-8).
[2025-11-03 23:05:04] [TRACE] [OmnipathR] JSON validation successful: TRUE
[2025-11-03 23:05:04] [INFO] [OmnipathR] Initialized cache: `/Users/biocbuild/Library/Caches/OmnipathR`.
[2025-11-03 23:05:04] [INFO] [OmnipathR] Package `OmnipathR` packaged: NA
[2025-11-03 23:05:04] [INFO] [OmnipathR] Package `OmnipathR` date/publication: 2025-11-03
[2025-11-03 23:05:04] [INFO] [OmnipathR] Package `OmnipathR` built: R 4.5.1; ; 2025-11-03 20:15:34 UTC; unix
[2025-11-03 23:05:04] [INFO] [OmnipathR] Package `OmnipathR` version: 3.18.0
[2025-11-03 23:05:04] [INFO] [OmnipathR] Package `OmnipathR` repository: Bioconductor 3.22
[2025-11-03 23:05:05] [INFO] [OmnipathR] Session info: [version=R version 4.5.1 Patched (2025-09-10 r88807); os=macOS Monterey 12.7.6; system=x86_64, darwin20; ui=X11; language=(EN); collate=C; ctype=en_US.UTF-8; tz=America/New_York; date=2025-11-03; pandoc=2.7.3 @ /usr/local/bin/ (via rmarkdown); quarto=1.4.553 @ /usr/local/bin/quarto]
[2025-11-03 23:05:05] [INFO] [OmnipathR] External libraries: [cairo=1.17.6; cairoFT=; pango=1.50.14; png=1.6.44; jpeg=9.5; tiff=LIBTIFF, Version 4.5.0; tcl=8.6.13; curl=8.7.1; zlib=1.2.11; bzlib=1.0.8, 13-Jul-2019; xz=5.6.3; deflate=1.23; PCRE=10.44 2024-06-07; ICU=70.1; TRE=TRE 0.8.0 R_fixes (BSD); iconv=Apple or GNU libiconv 1.11 /Library/Frameworks/R.framework/Versions/4.5-x86_64/Resources/lib/libR.dylib; readline=5.2; BLAS=/Library/Frameworks/R.framework/Versions/4.5-x86_64/Resources/lib/libRblas.0.dylib; lapack=/Library/Frameworks/R.framework/Versions/4.5-x86_64/Resources/lib/libRlapack.dylib; lapack_version=3.12.1]
[2025-11-03 23:05:05] [INFO] [OmnipathR] Loaded packages: backports 1.5.0(2024-05-23); bit 4.6.0(2025-03-06); bit64 4.6.0-1(2025-01-16); blob 1.2.4(2023-03-17); cachem 1.1.0(2024-05-16); cellranger 1.1.0(2016-07-27); checkmate 2.3.3(2025-08-18); chromote 0.5.1(2025-04-24); cli 3.6.5(2025-04-23); crayon 1.5.3(2024-06-20); curl 7.0.0(2025-08-19); DBI 1.2.3(2024-06-02); digest 0.6.37(2024-08-19); dplyr 1.1.4(2023-11-17); evaluate 1.0.5(2025-08-27); fastmap 1.2.0(2024-05-15); fs 1.6.6(2025-04-12); generics 0.1.4(2025-05-09); glue 1.8.0(2024-09-30); hms 1.1.4(2025-10-17); htmltools 0.5.8.1(2024-04-04); httr 1.4.7(2023-08-15); httr2 1.2.1(2025-07-22); igraph 2.2.1(2025-10-27); jsonlite 2.0.0(2025-03-27); knitr 1.50(2025-03-16); later 1.4.4(2025-08-27); lifecycle 1.0.4(2023-11-07); logger 0.4.1(2025-09-11); lubridate 1.9.4(2024-12-08); magrittr 2.0.4(2025-09-12); memoise 2.0.1(2021-11-26); OmnipathR 3.18.0(2025-11-03); otel 0.2.0(2025-08-29); pillar 1.11.1(2025-09-17); pkgconfig 2.0.3(2019-09-22); prettyunits 1.2.0(2023-09-24); processx 3.8.6(2025-02-21); progress 1.2.3(2023-12-06); promises 1.5.0(2025-11-01); ps 1.9.1(2025-04-12); purrr 1.1.0(2025-07-10); R.methodsS3 1.8.2(2022-06-13); R.oo 1.27.1(2025-05-02); R.utils 2.13.0(2025-02-24); R6 2.6.1(2025-02-15); rappdirs 0.3.3(2021-01-31); Rcpp 1.1.0(2025-07-02); readr 2.1.5(2024-01-10); readxl 1.4.5(2025-03-07); rlang 1.1.6(2025-04-11); rmarkdown 2.30(2025-09-28); RSQLite 2.4.3(2025-08-20); rvest 1.0.5(2025-08-29); sessioninfo 1.2.3(2025-02-05); stringi 1.8.7(2025-03-27); stringr 1.5.2(2025-09-08); tibble 3.3.0(2025-06-08); tidyr 1.3.1(2024-01-24); tidyselect 1.2.1(2024-03-11); timechange 0.3.0(2024-01-18); tzdb 0.5.0(2025-03-15); vctrs 0.6.5(2023-12-01); websocket 1.4.4(2025-04-10); withr 3.0.2(2024-10-28); xfun 0.54(2025-10-30); XML 3.99-0.19(2025-08-22); xml2 1.4.1(2025-10-27); yaml 2.3.10(2024-07-26); zip 2.3.3(2025-05-13)
[2025-11-03 23:05:05] [INFO] [OmnipathR] CURL: version: 8.14.1; headers: 8.14.1; ssl_version: LibreSSL/3.3.6 (SecureTransport); libz_version: 1.2.11; libssh_version: NA; libidn_version: NA; host: x86_64-apple-darwin22.6.0; protocols: dict, file, ftp, ftps, gopher, gophers, http, https, imap, imaps, ldap, ldaps, mqtt, pop3, pop3s, rtsp, smb, smbs, smtp, smtps, telnet, tftp, ws, wss; ipv6: TRUE; http2: TRUE; idn: FALSE; url_parser: TRUE
[2025-11-03 23:05:05] [TRACE] [OmnipathR] Running on a build server, wiping cache.
[2025-11-03 23:05:05] [TRACE] [OmnipathR] Cache is at `/Users/biocbuild/Library/Caches/OmnipathR`.
[2025-11-03 23:05:05] [TRACE] [OmnipathR] Contains 1 files.
[2025-11-03 23:05:05] [TRACE] [OmnipathR] Cache is locked: FALSE.
[2025-11-03 23:05:05] [TRACE] [OmnipathR] Reading JSON from `/Users/biocbuild/Library/Caches/OmnipathR/cache.json` (encoding: UTF-8).
[2025-11-03 23:05:05] [TRACE] [OmnipathR] JSON validation successful: TRUE
[2025-11-03 23:05:05] [SUCCESS] [OmnipathR] Removing all cache contents from `/Users/biocbuild/Library/Caches/OmnipathR`.
[2025-11-03 23:05:05] [TRACE] [OmnipathR] Pandoc version: `2.7.3`.
[2025-11-03 23:05:05] [TRACE] [OmnipathR] Reading JSON from `/Library/Frameworks/R.framework/Versions/4.5-x86_64/Resources/library/OmnipathR/db/db_def.json` (encoding: UTF-8).
[2025-11-03 23:05:05] [TRACE] [OmnipathR] JSON validation successful: TRUE
[2025-11-03 23:05:05] [TRACE] [OmnipathR] Reading JSON from `/Library/Frameworks/R.framework/Versions/4.5-x86_64/Resources/library/OmnipathR/internal/magic_bytes.json` (encoding: UTF-8).
[2025-11-03 23:05:05] [TRACE] [OmnipathR] JSON validation successful: TRUE
[2025-11-03 23:05:05] [TRACE] [OmnipathR] Reading JSON from `/Library/Frameworks/R.framework/Versions/4.5-x86_64/Resources/library/OmnipathR/internal/urls.json` (encoding: UTF-8).
[2025-11-03 23:05:05] [TRACE] [OmnipathR] JSON validation successful: TRUE
[2025-11-03 23:05:05] [TRACE] [OmnipathR] Reading JSON from `/Library/Frameworks/R.framework/Versions/4.5-x86_64/Resources/library/OmnipathR/internal/id_types.json` (encoding: UTF-8).
[2025-11-03 23:05:05] [TRACE] [OmnipathR] JSON validation successful: TRUE
[2025-11-03 23:05:05] [TRACE] [OmnipathR] Cache locked: FALSE
It looks like this package (or a package it requires) has a startup
message which cannot be suppressed: see ?packageStartupMessage.
* checking dependencies in R code ... OK
* checking S3 generic/method consistency ... OK
* checking replacement functions ... OK
* checking foreign function calls ... OK
* checking R code for possible problems ... NOTE
[2025-11-03 23:05:29] [TRACE] [OmnipathR] Reading JSON from `/Users/biocbuild/Library/Caches/OmnipathR/cache.json` (encoding: UTF-8).
[2025-11-03 23:05:29] [TRACE] [OmnipathR] JSON validation successful: TRUE
[2025-11-03 23:05:29] [INFO] [OmnipathR] Initialized cache: `/Users/biocbuild/Library/Caches/OmnipathR`.
[2025-11-03 23:05:29] [INFO] [OmnipathR] Package `OmnipathR` packaged: NA
[2025-11-03 23:05:29] [INFO] [OmnipathR] Package `OmnipathR` date/publication: 2025-11-03
[2025-11-03 23:05:29] [INFO] [OmnipathR] Package `OmnipathR` built: R 4.5.1; ; 2025-11-03 20:15:34 UTC; unix
[2025-11-03 23:05:29] [INFO] [OmnipathR] Package `OmnipathR` version: 3.18.0
[2025-11-03 23:05:29] [INFO] [OmnipathR] Package `OmnipathR` repository: Bioconductor 3.22
[2025-11-03 23:05:30] [INFO] [OmnipathR] Session info: [version=R version 4.5.1 Patched (2025-09-10 r88807); os=macOS Monterey 12.7.6; system=x86_64, darwin20; ui=X11; language=(EN); collate=C; ctype=en_US.UTF-8; tz=America/New_York; date=2025-11-03; pandoc=2.7.3 @ /usr/local/bin/ (via rmarkdown); quarto=1.4.553 @ /usr/local/bin/quarto]
[2025-11-03 23:05:30] [INFO] [OmnipathR] External libraries: [cairo=1.17.6; cairoFT=; pango=1.50.14; png=1.6.44; jpeg=9.5; tiff=LIBTIFF, Version 4.5.0; tcl=8.6.13; curl=8.7.1; zlib=1.2.11; bzlib=1.0.8, 13-Jul-2019; xz=5.6.3; deflate=1.23; PCRE=10.44 2024-06-07; ICU=70.1; TRE=TRE 0.8.0 R_fixes (BSD); iconv=Apple or GNU libiconv 1.11 /Library/Frameworks/R.framework/Versions/4.5-x86_64/Resources/lib/libR.dylib; readline=5.2; BLAS=/Library/Frameworks/R.framework/Versions/4.5-x86_64/Resources/lib/libRblas.0.dylib; lapack=/Library/Frameworks/R.framework/Versions/4.5-x86_64/Resources/lib/libRlapack.dylib; lapack_version=3.12.1]
[2025-11-03 23:05:31] [INFO] [OmnipathR] Loaded packages: backports 1.5.0(2024-05-23); bit 4.6.0(2025-03-06); bit64 4.6.0-1(2025-01-16); blob 1.2.4(2023-03-17); cachem 1.1.0(2024-05-16); cellranger 1.1.0(2016-07-27); checkmate 2.3.3(2025-08-18); chromote 0.5.1(2025-04-24); cli 3.6.5(2025-04-23); crayon 1.5.3(2024-06-20); curl 7.0.0(2025-08-19); DBI 1.2.3(2024-06-02); digest 0.6.37(2024-08-19); dplyr 1.1.4(2023-11-17); evaluate 1.0.5(2025-08-27); fastmap 1.2.0(2024-05-15); fs 1.6.6(2025-04-12); generics 0.1.4(2025-05-09); glue 1.8.0(2024-09-30); hms 1.1.4(2025-10-17); htmltools 0.5.8.1(2024-04-04); httr 1.4.7(2023-08-15); httr2 1.2.1(2025-07-22); igraph 2.2.1(2025-10-27); jsonlite 2.0.0(2025-03-27); knitr 1.50(2025-03-16); later 1.4.4(2025-08-27); lifecycle 1.0.4(2023-11-07); logger 0.4.1(2025-09-11); lubridate 1.9.4(2024-12-08); magrittr 2.0.4(2025-09-12); memoise 2.0.1(2021-11-26); OmnipathR 3.18.0(2025-11-03); otel 0.2.0(2025-08-29); pillar 1.11.1(2025-09-17); pkgconfig 2.0.3(2019-09-22); prettyunits 1.2.0(2023-09-24); processx 3.8.6(2025-02-21); progress 1.2.3(2023-12-06); promises 1.5.0(2025-11-01); ps 1.9.1(2025-04-12); purrr 1.1.0(2025-07-10); R.methodsS3 1.8.2(2022-06-13); R.oo 1.27.1(2025-05-02); R.utils 2.13.0(2025-02-24); R6 2.6.1(2025-02-15); rappdirs 0.3.3(2021-01-31); Rcpp 1.1.0(2025-07-02); readr 2.1.5(2024-01-10); readxl 1.4.5(2025-03-07); rlang 1.1.6(2025-04-11); rmarkdown 2.30(2025-09-28); RSQLite 2.4.3(2025-08-20); rvest 1.0.5(2025-08-29); sessioninfo 1.2.3(2025-02-05); stringi 1.8.7(2025-03-27); stringr 1.5.2(2025-09-08); tibble 3.3.0(2025-06-08); tidyr 1.3.1(2024-01-24); tidyselect 1.2.1(2024-03-11); timechange 0.3.0(2024-01-18); tzdb 0.5.0(2025-03-15); vctrs 0.6.5(2023-12-01); websocket 1.4.4(2025-04-10); withr 3.0.2(2024-10-28); xfun 0.54(2025-10-30); XML 3.99-0.19(2025-08-22); xml2 1.4.1(2025-10-27); yaml 2.3.10(2024-07-26); zip 2.3.3(2025-05-13)
[2025-11-03 23:05:31] [INFO] [OmnipathR] CURL: version: 8.14.1; headers: 8.14.1; ssl_version: LibreSSL/3.3.6 (SecureTransport); libz_version: 1.2.11; libssh_version: NA; libidn_version: NA; host: x86_64-apple-darwin22.6.0; protocols: dict, file, ftp, ftps, gopher, gophers, http, https, imap, imaps, ldap, ldaps, mqtt, pop3, pop3s, rtsp, smb, smbs, smtp, smtps, telnet, tftp, ws, wss; ipv6: TRUE; http2: TRUE; idn: FALSE; url_parser: TRUE
[2025-11-03 23:05:31] [TRACE] [OmnipathR] Running on a build server, wiping cache.
[2025-11-03 23:05:31] [TRACE] [OmnipathR] Cache is at `/Users/biocbuild/Library/Caches/OmnipathR`.
[2025-11-03 23:05:31] [TRACE] [OmnipathR] Contains 1 files.
[2025-11-03 23:05:31] [TRACE] [OmnipathR] Cache is locked: FALSE.
[2025-11-03 23:05:31] [TRACE] [OmnipathR] Reading JSON from `/Users/biocbuild/Library/Caches/OmnipathR/cache.json` (encoding: UTF-8).
[2025-11-03 23:05:31] [TRACE] [OmnipathR] JSON validation successful: TRUE
[2025-11-03 23:05:31] [SUCCESS] [OmnipathR] Removing all cache contents from `/Users/biocbuild/Library/Caches/OmnipathR`.
[2025-11-03 23:05:31] [TRACE] [OmnipathR] Pandoc version: `2.7.3`.
[2025-11-03 23:05:31] [TRACE] [OmnipathR] Reading JSON from `/Library/Frameworks/R.framework/Versions/4.5-x86_64/Resources/library/OmnipathR/db/db_def.json` (encoding: UTF-8).
[2025-11-03 23:05:31] [TRACE] [OmnipathR] JSON validation successful: TRUE
[2025-11-03 23:05:31] [TRACE] [OmnipathR] Reading JSON from `/Library/Frameworks/R.framework/Versions/4.5-x86_64/Resources/library/OmnipathR/internal/magic_bytes.json` (encoding: UTF-8).
[2025-11-03 23:05:31] [TRACE] [OmnipathR] JSON validation successful: TRUE
[2025-11-03 23:05:31] [TRACE] [OmnipathR] Reading JSON from `/Library/Frameworks/R.framework/Versions/4.5-x86_64/Resources/library/OmnipathR/internal/urls.json` (encoding: UTF-8).
[2025-11-03 23:05:31] [TRACE] [OmnipathR] JSON validation successful: TRUE
[2025-11-03 23:05:31] [TRACE] [OmnipathR] Reading JSON from `/Library/Frameworks/R.framework/Versions/4.5-x86_64/Resources/library/OmnipathR/internal/id_types.json` (encoding: UTF-8).
[2025-11-03 23:05:31] [TRACE] [OmnipathR] JSON validation successful: TRUE
[2025-11-03 23:05:31] [TRACE] [OmnipathR] Cache locked: FALSE
.cosmos_pkn: no visible global function definition for
‘metabolite_idsc’
cosmos_ksn: no visible binding for global variable
‘substrate_genesymbol’
cosmos_ksn: no visible binding for global variable ‘residue_type’
cosmos_ksn: no visible binding for global variable ‘residue_offset’
cosmos_ksn: no visible binding for global variable ‘enzyme_genesymbol’
cosmos_ksn: no visible binding for global variable ‘mor’
recon3d_compartments: no visible global function definition for
‘.slow_dowtest’
recon3d_genes: no visible global function definition for
‘.slow_dowtest’
recon3d_genes: no visible binding for global variable ‘notes’
recon3d_genes: no visible binding for global variable ‘annotation’
recon3d_genes: no visible binding for global variable
‘original_bigg_ids’
recon3d_metabolites: no visible global function definition for
‘.slow_dowtest’
recon3d_metabolites: no visible binding for global variable ‘notes’
recon3d_metabolites: no visible binding for global variable
‘original_bigg_ids’
recon3d_metabolites: no visible binding for global variable
‘annotation’
recon3d_metabolites: no visible binding for global variable ‘hmdb’
recon3d_metabolites: no visible binding for global variable ‘metHMDBID’
recon3d_raw: no visible global function definition for ‘.slow_dowtest’
recon3d_raw_vmh: no visible global function definition for
‘.slow_dowtest’
recon3d_reactions: no visible global function definition for
‘.slow_dowtest’
recon3d_reactions: no visible binding for global variable ‘notes’
recon3d_reactions: no visible binding for global variable ‘metabolites’
recon3d_reactions: no visible binding for global variable
‘original_bigg_ids’
recon3d_table: no visible global function definition for
‘.slow_dowtest’
taxon_names_table: no visible binding for global variable
‘latin_name_uniprot’
taxon_names_table: no visible binding for global variable
‘latin_name_ensembl’
taxon_names_table: no visible binding for global variable
‘latin_name_oma’
taxon_names_table: no visible binding for global variable
‘common_name_ensembl’
taxon_names_table: no visible binding for global variable
‘common_name_uniprot’
Undefined global functions or variables:
.slow_dowtest annotation common_name_ensembl common_name_uniprot
enzyme_genesymbol hmdb latin_name_ensembl latin_name_oma
latin_name_uniprot metHMDBID metabolite_idsc metabolites mor notes
original_bigg_ids residue_offset residue_type substrate_genesymbol
* checking Rd files ... OK
* checking Rd metadata ... OK
* checking Rd cross-references ... OK
* checking for missing documentation entries ... OK
* checking for code/documentation mismatches ... OK
* checking Rd \usage sections ... OK
* checking Rd contents ... OK
* checking for unstated dependencies in examples ... OK
* checking R/sysdata.rda ... OK
* checking files in ‘vignettes’ ... OK
* checking examples ... ERROR
Running examples in ‘OmnipathR-Ex.R’ failed
The error most likely occurred in:
> base::assign(".ptime", proc.time(), pos = "CheckExEnv")
> ### Name: recon3d_metabolites
> ### Title: Metabolites from Recon-3D
> ### Aliases: recon3d_metabolites recon3d_reactions recon3d_genes
> ### recon3d_compartments
>
> ### ** Examples
>
> recon3d_metabolites()
Error in .slow_dowtest() : could not find function ".slow_dowtest"
Calls: recon3d_metabolites
Execution halted
Examples with CPU (user + system) or elapsed time > 5s
user system elapsed
curated_ligrec_stats 44.555 19.361 135.949
annotation_categories 59.581 0.341 61.581
filter_extra_attrs 42.593 12.350 67.975
omnipath-interactions 32.806 3.061 59.146
all_uniprots 26.577 3.053 43.595
extra_attr_values 19.573 3.318 34.358
extra_attrs_to_cols 18.982 3.867 23.049
curated_ligand_receptor_interactions 7.973 12.224 37.544
nichenet_gr_network_omnipath 17.274 1.652 21.387
go_annot_download 13.805 1.777 14.815
extra_attrs 11.209 3.159 15.239
giant_component 12.788 1.155 16.887
nichenet_signaling_network_omnipath 12.701 1.207 16.632
has_extra_attrs 10.080 3.029 13.148
filter_by_resource 11.969 0.770 18.850
pivot_annotations 10.725 1.014 19.535
omnipath_for_cosmos 10.392 0.917 34.794
find_all_paths 7.467 0.483 8.010
filter_intercell 7.265 0.609 12.203
print_interactions 7.288 0.567 11.957
hpo_download 2.799 0.511 6.248
ensembl_id_mapping_table 2.654 0.490 23.631
print_path_vs 2.823 0.303 5.639
enzsub_graph 2.276 0.245 5.600
kegg_conv 1.501 0.210 11.778
metalinksdb_sqlite 1.087 0.338 10.687
kinasephos 1.115 0.164 17.003
kegg_picture 1.035 0.053 5.619
kegg_rm_prefix 0.767 0.092 5.884
kegg_link 0.732 0.097 5.858
* checking for unstated dependencies in ‘tests’ ... OK
* checking tests ...
Running ‘testthat.R’
OK
* checking for unstated dependencies in vignettes ... OK
* checking package vignettes ... OK
* checking running R code from vignettes ... SKIPPED
* checking re-building of vignette outputs ... SKIPPED
* checking PDF version of manual ... OK
* DONE
Status: 1 ERROR, 2 NOTEs
See
‘/Users/biocbuild/bbs-3.22-bioc/meat/OmnipathR.Rcheck/00check.log’
for details.
OmnipathR.Rcheck/00install.out
############################################################################## ############################################################################## ### ### Running command: ### ### /Library/Frameworks/R.framework/Resources/bin/R CMD INSTALL OmnipathR ### ############################################################################## ############################################################################## * installing to library ‘/Library/Frameworks/R.framework/Versions/4.5-x86_64/Resources/library’ * installing *source* package ‘OmnipathR’ ... ** this is package ‘OmnipathR’ version ‘3.18.0’ ** using staged installation ** R ** inst ** byte-compile and prepare package for lazy loading ** help *** installing help indices *** copying figures ** building package indices ** installing vignettes ** testing if installed package can be loaded from temporary location [2025-11-03 15:15:47] [TRACE] [OmnipathR] Reading JSON from `/Users/biocbuild/Library/Caches/OmnipathR/cache.json` (encoding: UTF-8). [2025-11-03 15:15:47] [TRACE] [OmnipathR] JSON validation successful: TRUE [2025-11-03 15:15:47] [INFO] [OmnipathR] Initialized cache: `/Users/biocbuild/Library/Caches/OmnipathR`. [2025-11-03 15:15:47] [INFO] [OmnipathR] Package `OmnipathR` packaged: NA [2025-11-03 15:15:47] [INFO] [OmnipathR] Package `OmnipathR` date/publication: 2025-11-03 [2025-11-03 15:15:47] [INFO] [OmnipathR] Package `OmnipathR` built: R 4.5.1; ; 2025-11-03 20:15:34 UTC; unix [2025-11-03 15:15:47] [INFO] [OmnipathR] Package `OmnipathR` version: 3.18.0 [2025-11-03 15:15:47] [INFO] [OmnipathR] Package `OmnipathR` repository: Bioconductor 3.22 [2025-11-03 15:15:48] [INFO] [OmnipathR] Session info: [version=R version 4.5.1 Patched (2025-09-10 r88807); os=macOS Monterey 12.7.6; system=x86_64, darwin20; ui=X11; language=(EN); collate=C; ctype=en_US.UTF-8; tz=America/New_York; date=2025-11-03; pandoc=2.7.3 @ /usr/local/bin/ (via rmarkdown); quarto=1.4.553 @ /usr/local/bin/quarto] [2025-11-03 15:15:49] [INFO] [OmnipathR] External libraries: [cairo=1.17.6; cairoFT=; pango=1.50.14; png=1.6.44; jpeg=9.5; tiff=LIBTIFF, Version 4.5.0; tcl=8.6.13; curl=8.7.1; zlib=1.2.11; bzlib=1.0.8, 13-Jul-2019; xz=5.6.3; deflate=1.23; PCRE=10.44 2024-06-07; ICU=70.1; TRE=TRE 0.8.0 R_fixes (BSD); iconv=Apple or GNU libiconv 1.11 /Library/Frameworks/R.framework/Versions/4.5-x86_64/Resources/lib/libR.dylib; readline=5.2; BLAS=/Library/Frameworks/R.framework/Versions/4.5-x86_64/Resources/lib/libRblas.0.dylib; lapack=/Library/Frameworks/R.framework/Versions/4.5-x86_64/Resources/lib/libRlapack.dylib; lapack_version=3.12.1] [2025-11-03 15:15:49] [INFO] [OmnipathR] Loaded packages: backports 1.5.0(2024-05-23); bit 4.6.0(2025-03-06); bit64 4.6.0-1(2025-01-16); blob 1.2.4(2023-03-17); cachem 1.1.0(2024-05-16); cellranger 1.1.0(2016-07-27); checkmate 2.3.3(2025-08-18); chromote 0.5.1(2025-04-24); cli 3.6.5(2025-04-23); crayon 1.5.3(2024-06-20); curl 7.0.0(2025-08-19); DBI 1.2.3(2024-06-02); digest 0.6.37(2024-08-19); dplyr 1.1.4(2023-11-17); evaluate 1.0.5(2025-08-27); fastmap 1.2.0(2024-05-15); fs 1.6.6(2025-04-12); generics 0.1.4(2025-05-09); glue 1.8.0(2024-09-30); hms 1.1.4(2025-10-17); htmltools 0.5.8.1(2024-04-04); httr 1.4.7(2023-08-15); httr2 1.2.1(2025-07-22); igraph 2.2.1(2025-10-27); jsonlite 2.0.0(2025-03-27); knitr 1.50(2025-03-16); later 1.4.4(2025-08-27); lifecycle 1.0.4(2023-11-07); logger 0.4.1(2025-09-11); lubridate 1.9.4(2024-12-08); magrittr 2.0.4(2025-09-12); memoise 2.0.1(2021-11-26); OmnipathR 3.18.0(2025-11-03); otel 0.2.0(2025-08-29); pillar 1.11.1(2025-09-17); pkgconfig 2.0.3(2019-09-22); prettyunits 1.2.0(2023-09-24); processx 3.8.6(2025-02-21); progress 1.2.3(2023-12-06); promises 1.5.0(2025-11-01); ps 1.9.1(2025-04-12); purrr 1.1.0(2025-07-10); R.methodsS3 1.8.2(2022-06-13); R.oo 1.27.1(2025-05-02); R.utils 2.13.0(2025-02-24); R6 2.6.1(2025-02-15); rappdirs 0.3.3(2021-01-31); Rcpp 1.1.0(2025-07-02); readr 2.1.5(2024-01-10); readxl 1.4.5(2025-03-07); rlang 1.1.6(2025-04-11); rmarkdown 2.30(2025-09-28); RSQLite 2.4.3(2025-08-20); rvest 1.0.5(2025-08-29); sessioninfo 1.2.3(2025-02-05); stringi 1.8.7(2025-03-27); stringr 1.5.2(2025-09-08); tibble 3.3.0(2025-06-08); tidyr 1.3.1(2024-01-24); tidyselect 1.2.1(2024-03-11); timechange 0.3.0(2024-01-18); tzdb 0.5.0(2025-03-15); vctrs 0.6.5(2023-12-01); websocket 1.4.4(2025-04-10); withr 3.0.2(2024-10-28); xfun 0.54(2025-10-30); XML 3.99-0.19(2025-08-22); xml2 1.4.1(2025-10-27); yaml 2.3.10(2024-07-26); zip 2.3.3(2025-05-13) [2025-11-03 15:15:49] [INFO] [OmnipathR] CURL: version: 8.14.1; headers: 8.14.1; ssl_version: LibreSSL/3.3.6 (SecureTransport); libz_version: 1.2.11; libssh_version: NA; libidn_version: NA; host: x86_64-apple-darwin22.6.0; protocols: dict, file, ftp, ftps, gopher, gophers, http, https, imap, imaps, ldap, ldaps, mqtt, pop3, pop3s, rtsp, smb, smbs, smtp, smtps, telnet, tftp, ws, wss; ipv6: TRUE; http2: TRUE; idn: FALSE; url_parser: TRUE [2025-11-03 15:15:49] [TRACE] [OmnipathR] Running on a build server, wiping cache. [2025-11-03 15:15:49] [TRACE] [OmnipathR] Cache is at `/Users/biocbuild/Library/Caches/OmnipathR`. [2025-11-03 15:15:49] [TRACE] [OmnipathR] Contains 1 files. [2025-11-03 15:15:49] [TRACE] [OmnipathR] Cache is locked: FALSE. [2025-11-03 15:15:49] [TRACE] [OmnipathR] Reading JSON from `/Users/biocbuild/Library/Caches/OmnipathR/cache.json` (encoding: UTF-8). [2025-11-03 15:15:49] [TRACE] [OmnipathR] JSON validation successful: TRUE [2025-11-03 15:15:49] [SUCCESS] [OmnipathR] Removing all cache contents from `/Users/biocbuild/Library/Caches/OmnipathR`. [2025-11-03 15:15:49] [TRACE] [OmnipathR] Pandoc version: `2.7.3`. [2025-11-03 15:15:49] [TRACE] [OmnipathR] Reading JSON from `/Library/Frameworks/R.framework/Versions/4.5-x86_64/Resources/library/00LOCK-OmnipathR/00new/OmnipathR/db/db_def.json` (encoding: UTF-8). [2025-11-03 15:15:49] [TRACE] [OmnipathR] JSON validation successful: TRUE [2025-11-03 15:15:49] [TRACE] [OmnipathR] Reading JSON from `/Library/Frameworks/R.framework/Versions/4.5-x86_64/Resources/library/00LOCK-OmnipathR/00new/OmnipathR/internal/magic_bytes.json` (encoding: UTF-8). [2025-11-03 15:15:49] [TRACE] [OmnipathR] JSON validation successful: TRUE [2025-11-03 15:15:49] [TRACE] [OmnipathR] Reading JSON from `/Library/Frameworks/R.framework/Versions/4.5-x86_64/Resources/library/00LOCK-OmnipathR/00new/OmnipathR/internal/urls.json` (encoding: UTF-8). [2025-11-03 15:15:49] [TRACE] [OmnipathR] JSON validation successful: TRUE [2025-11-03 15:15:49] [TRACE] [OmnipathR] Reading JSON from `/Library/Frameworks/R.framework/Versions/4.5-x86_64/Resources/library/00LOCK-OmnipathR/00new/OmnipathR/internal/id_types.json` (encoding: UTF-8). [2025-11-03 15:15:49] [TRACE] [OmnipathR] JSON validation successful: TRUE [2025-11-03 15:15:49] [TRACE] [OmnipathR] Cache locked: FALSE ** testing if installed package can be loaded from final location [2025-11-03 15:15:51] [TRACE] [OmnipathR] Reading JSON from `/Users/biocbuild/Library/Caches/OmnipathR/cache.json` (encoding: UTF-8). [2025-11-03 15:15:51] [TRACE] [OmnipathR] JSON validation successful: TRUE [2025-11-03 15:15:51] [INFO] [OmnipathR] Initialized cache: `/Users/biocbuild/Library/Caches/OmnipathR`. [2025-11-03 15:15:51] [INFO] [OmnipathR] Package `OmnipathR` packaged: NA [2025-11-03 15:15:51] [INFO] [OmnipathR] Package `OmnipathR` date/publication: 2025-11-03 [2025-11-03 15:15:51] [INFO] [OmnipathR] Package `OmnipathR` built: R 4.5.1; ; 2025-11-03 20:15:34 UTC; unix [2025-11-03 15:15:51] [INFO] [OmnipathR] Package `OmnipathR` version: 3.18.0 [2025-11-03 15:15:51] [INFO] [OmnipathR] Package `OmnipathR` repository: Bioconductor 3.22 [2025-11-03 15:15:52] [INFO] [OmnipathR] Session info: [version=R version 4.5.1 Patched (2025-09-10 r88807); os=macOS Monterey 12.7.6; system=x86_64, darwin20; ui=X11; language=(EN); collate=C; ctype=en_US.UTF-8; tz=America/New_York; date=2025-11-03; pandoc=2.7.3 @ /usr/local/bin/ (via rmarkdown); quarto=1.4.553 @ /usr/local/bin/quarto] [2025-11-03 15:15:52] [INFO] [OmnipathR] External libraries: [cairo=1.17.6; cairoFT=; pango=1.50.14; png=1.6.44; jpeg=9.5; tiff=LIBTIFF, Version 4.5.0; tcl=8.6.13; curl=8.7.1; zlib=1.2.11; bzlib=1.0.8, 13-Jul-2019; xz=5.6.3; deflate=1.23; PCRE=10.44 2024-06-07; ICU=70.1; TRE=TRE 0.8.0 R_fixes (BSD); iconv=Apple or GNU libiconv 1.11 /Library/Frameworks/R.framework/Versions/4.5-x86_64/Resources/lib/libR.dylib; readline=5.2; BLAS=/Library/Frameworks/R.framework/Versions/4.5-x86_64/Resources/lib/libRblas.0.dylib; lapack=/Library/Frameworks/R.framework/Versions/4.5-x86_64/Resources/lib/libRlapack.dylib; lapack_version=3.12.1] [2025-11-03 15:15:52] [INFO] [OmnipathR] Loaded packages: backports 1.5.0(2024-05-23); bit 4.6.0(2025-03-06); bit64 4.6.0-1(2025-01-16); blob 1.2.4(2023-03-17); cachem 1.1.0(2024-05-16); cellranger 1.1.0(2016-07-27); checkmate 2.3.3(2025-08-18); chromote 0.5.1(2025-04-24); cli 3.6.5(2025-04-23); crayon 1.5.3(2024-06-20); curl 7.0.0(2025-08-19); DBI 1.2.3(2024-06-02); digest 0.6.37(2024-08-19); dplyr 1.1.4(2023-11-17); evaluate 1.0.5(2025-08-27); fastmap 1.2.0(2024-05-15); fs 1.6.6(2025-04-12); generics 0.1.4(2025-05-09); glue 1.8.0(2024-09-30); hms 1.1.4(2025-10-17); htmltools 0.5.8.1(2024-04-04); httr 1.4.7(2023-08-15); httr2 1.2.1(2025-07-22); igraph 2.2.1(2025-10-27); jsonlite 2.0.0(2025-03-27); knitr 1.50(2025-03-16); later 1.4.4(2025-08-27); lifecycle 1.0.4(2023-11-07); logger 0.4.1(2025-09-11); lubridate 1.9.4(2024-12-08); magrittr 2.0.4(2025-09-12); memoise 2.0.1(2021-11-26); OmnipathR 3.18.0(2025-11-03); otel 0.2.0(2025-08-29); pillar 1.11.1(2025-09-17); pkgconfig 2.0.3(2019-09-22); prettyunits 1.2.0(2023-09-24); processx 3.8.6(2025-02-21); progress 1.2.3(2023-12-06); promises 1.5.0(2025-11-01); ps 1.9.1(2025-04-12); purrr 1.1.0(2025-07-10); R.methodsS3 1.8.2(2022-06-13); R.oo 1.27.1(2025-05-02); R.utils 2.13.0(2025-02-24); R6 2.6.1(2025-02-15); rappdirs 0.3.3(2021-01-31); Rcpp 1.1.0(2025-07-02); readr 2.1.5(2024-01-10); readxl 1.4.5(2025-03-07); rlang 1.1.6(2025-04-11); rmarkdown 2.30(2025-09-28); RSQLite 2.4.3(2025-08-20); rvest 1.0.5(2025-08-29); sessioninfo 1.2.3(2025-02-05); stringi 1.8.7(2025-03-27); stringr 1.5.2(2025-09-08); tibble 3.3.0(2025-06-08); tidyr 1.3.1(2024-01-24); tidyselect 1.2.1(2024-03-11); timechange 0.3.0(2024-01-18); tzdb 0.5.0(2025-03-15); vctrs 0.6.5(2023-12-01); websocket 1.4.4(2025-04-10); withr 3.0.2(2024-10-28); xfun 0.54(2025-10-30); XML 3.99-0.19(2025-08-22); xml2 1.4.1(2025-10-27); yaml 2.3.10(2024-07-26); zip 2.3.3(2025-05-13) [2025-11-03 15:15:52] [INFO] [OmnipathR] CURL: version: 8.14.1; headers: 8.14.1; ssl_version: LibreSSL/3.3.6 (SecureTransport); libz_version: 1.2.11; libssh_version: NA; libidn_version: NA; host: x86_64-apple-darwin22.6.0; protocols: dict, file, ftp, ftps, gopher, gophers, http, https, imap, imaps, ldap, ldaps, mqtt, pop3, pop3s, rtsp, smb, smbs, smtp, smtps, telnet, tftp, ws, wss; ipv6: TRUE; http2: TRUE; idn: FALSE; url_parser: TRUE [2025-11-03 15:15:52] [TRACE] [OmnipathR] Running on a build server, wiping cache. [2025-11-03 15:15:52] [TRACE] [OmnipathR] Cache is at `/Users/biocbuild/Library/Caches/OmnipathR`. [2025-11-03 15:15:52] [TRACE] [OmnipathR] Contains 1 files. [2025-11-03 15:15:52] [TRACE] [OmnipathR] Cache is locked: FALSE. [2025-11-03 15:15:52] [TRACE] [OmnipathR] Reading JSON from `/Users/biocbuild/Library/Caches/OmnipathR/cache.json` (encoding: UTF-8). [2025-11-03 15:15:52] [TRACE] [OmnipathR] JSON validation successful: TRUE [2025-11-03 15:15:52] [SUCCESS] [OmnipathR] Removing all cache contents from `/Users/biocbuild/Library/Caches/OmnipathR`. [2025-11-03 15:15:52] [TRACE] [OmnipathR] Pandoc version: `2.7.3`. [2025-11-03 15:15:52] [TRACE] [OmnipathR] Reading JSON from `/Library/Frameworks/R.framework/Versions/4.5-x86_64/Resources/library/OmnipathR/db/db_def.json` (encoding: UTF-8). [2025-11-03 15:15:52] [TRACE] [OmnipathR] JSON validation successful: TRUE [2025-11-03 15:15:52] [TRACE] [OmnipathR] Reading JSON from `/Library/Frameworks/R.framework/Versions/4.5-x86_64/Resources/library/OmnipathR/internal/magic_bytes.json` (encoding: UTF-8). [2025-11-03 15:15:52] [TRACE] [OmnipathR] JSON validation successful: TRUE [2025-11-03 15:15:52] [TRACE] [OmnipathR] Reading JSON from `/Library/Frameworks/R.framework/Versions/4.5-x86_64/Resources/library/OmnipathR/internal/urls.json` (encoding: UTF-8). [2025-11-03 15:15:52] [TRACE] [OmnipathR] JSON validation successful: TRUE [2025-11-03 15:15:52] [TRACE] [OmnipathR] Reading JSON from `/Library/Frameworks/R.framework/Versions/4.5-x86_64/Resources/library/OmnipathR/internal/id_types.json` (encoding: UTF-8). [2025-11-03 15:15:52] [TRACE] [OmnipathR] JSON validation successful: TRUE [2025-11-03 15:15:52] [TRACE] [OmnipathR] Cache locked: FALSE ** testing if installed package keeps a record of temporary installation path * DONE (OmnipathR)
OmnipathR.Rcheck/tests/testthat.Rout
R version 4.5.1 Patched (2025-09-10 r88807) -- "Great Square Root"
Copyright (C) 2025 The R Foundation for Statistical Computing
Platform: x86_64-apple-darwin20
R is free software and comes with ABSOLUTELY NO WARRANTY.
You are welcome to redistribute it under certain conditions.
Type 'license()' or 'licence()' for distribution details.
R is a collaborative project with many contributors.
Type 'contributors()' for more information and
'citation()' on how to cite R or R packages in publications.
Type 'demo()' for some demos, 'help()' for on-line help, or
'help.start()' for an HTML browser interface to help.
Type 'q()' to quit R.
> #!/usr/bin/env Rscript
>
> #
> # This file is part of the `OmnipathR` R package
> #
> # Copyright
> # 2018-2024
> # Saez Lab, Uniklinik RWTH Aachen, Heidelberg University
> #
> # File author(s): Alberto Valdeolivas
> # Dénes Türei (turei.denes@gmail.com)
> # Attila Gábor
> #
> # Distributed under the MIT (Expat) License.
> # See accompanying file `LICENSE` or find a copy at
> # https://directory.fsf.org/wiki/License:Expat
> #
> # Website: https://r.omnipathdb.org/
> # Git repo: https://github.com/saezlab/OmnipathR
> #
>
>
> library(testthat)
> library(OmnipathR)
[2025-11-03 23:20:27] [TRACE] [OmnipathR] Reading JSON from `/Users/biocbuild/Library/Caches/OmnipathR/cache.json` (encoding: UTF-8).
[2025-11-03 23:20:27] [TRACE] [OmnipathR] JSON validation successful: TRUE
[2025-11-03 23:20:27] [INFO] [OmnipathR] Initialized cache: `/Users/biocbuild/Library/Caches/OmnipathR`.
[2025-11-03 23:20:27] [INFO] [OmnipathR] Package `OmnipathR` packaged: NA
[2025-11-03 23:20:27] [INFO] [OmnipathR] Package `OmnipathR` date/publication: 2025-11-03
[2025-11-03 23:20:27] [INFO] [OmnipathR] Package `OmnipathR` built: R 4.5.1; ; 2025-11-03 20:15:34 UTC; unix
[2025-11-03 23:20:27] [INFO] [OmnipathR] Package `OmnipathR` version: 3.18.0
[2025-11-03 23:20:27] [INFO] [OmnipathR] Package `OmnipathR` repository: Bioconductor 3.22
[2025-11-03 23:20:28] [INFO] [OmnipathR] Session info: [version=R version 4.5.1 Patched (2025-09-10 r88807); os=macOS Monterey 12.7.6; system=x86_64, darwin20; ui=X11; language=C; collate=C; ctype=en_US.UTF-8; tz=America/New_York; date=2025-11-03; pandoc=2.7.3 @ /usr/local/bin/ (via rmarkdown); quarto=1.4.553 @ /usr/local/bin/quarto]
[2025-11-03 23:20:28] [INFO] [OmnipathR] External libraries: [cairo=1.17.6; cairoFT=; pango=1.50.14; png=1.6.44; jpeg=9.5; tiff=LIBTIFF, Version 4.5.0; tcl=8.6.13; curl=8.7.1; zlib=1.2.11; bzlib=1.0.8, 13-Jul-2019; xz=5.6.3; deflate=1.23; PCRE=10.44 2024-06-07; ICU=70.1; TRE=TRE 0.8.0 R_fixes (BSD); iconv=Apple or GNU libiconv 1.11 /Library/Frameworks/R.framework/Versions/4.5-x86_64/Resources/lib/libR.dylib; readline=5.2; BLAS=/Library/Frameworks/R.framework/Versions/4.5-x86_64/Resources/lib/libRblas.0.dylib; lapack=/Library/Frameworks/R.framework/Versions/4.5-x86_64/Resources/lib/libRlapack.dylib; lapack_version=3.12.1]
[2025-11-03 23:20:29] [INFO] [OmnipathR] Loaded packages: backports 1.5.0(2024-05-23); bit 4.6.0(2025-03-06); bit64 4.6.0-1(2025-01-16); blob 1.2.4(2023-03-17); brio 1.1.5(2024-04-24); cachem 1.1.0(2024-05-16); cellranger 1.1.0(2016-07-27); checkmate 2.3.3(2025-08-18); chromote 0.5.1(2025-04-24); cli 3.6.5(2025-04-23); crayon 1.5.3(2024-06-20); curl 7.0.0(2025-08-19); DBI 1.2.3(2024-06-02); digest 0.6.37(2024-08-19); dplyr 1.1.4(2023-11-17); evaluate 1.0.5(2025-08-27); fastmap 1.2.0(2024-05-15); fs 1.6.6(2025-04-12); generics 0.1.4(2025-05-09); glue 1.8.0(2024-09-30); hms 1.1.4(2025-10-17); htmltools 0.5.8.1(2024-04-04); httr 1.4.7(2023-08-15); httr2 1.2.1(2025-07-22); igraph 2.2.1(2025-10-27); jsonlite 2.0.0(2025-03-27); knitr 1.50(2025-03-16); later 1.4.4(2025-08-27); lifecycle 1.0.4(2023-11-07); logger 0.4.1(2025-09-11); lubridate 1.9.4(2024-12-08); magrittr 2.0.4(2025-09-12); memoise 2.0.1(2021-11-26); OmnipathR 3.18.0(2025-11-03); otel 0.2.0(2025-08-29); pillar 1.11.1(2025-09-17); pkgconfig 2.0.3(2019-09-22); prettyunits 1.2.0(2023-09-24); processx 3.8.6(2025-02-21); progress 1.2.3(2023-12-06); promises 1.5.0(2025-11-01); ps 1.9.1(2025-04-12); purrr 1.1.0(2025-07-10); R.methodsS3 1.8.2(2022-06-13); R.oo 1.27.1(2025-05-02); R.utils 2.13.0(2025-02-24); R6 2.6.1(2025-02-15); rappdirs 0.3.3(2021-01-31); Rcpp 1.1.0(2025-07-02); readr 2.1.5(2024-01-10); readxl 1.4.5(2025-03-07); rlang 1.1.6(2025-04-11); rmarkdown 2.30(2025-09-28); RSQLite 2.4.3(2025-08-20); rvest 1.0.5(2025-08-29); sessioninfo 1.2.3(2025-02-05); stringi 1.8.7(2025-03-27); stringr 1.5.2(2025-09-08); testthat 3.2.3(2025-01-13); tibble 3.3.0(2025-06-08); tidyr 1.3.1(2024-01-24); tidyselect 1.2.1(2024-03-11); timechange 0.3.0(2024-01-18); tzdb 0.5.0(2025-03-15); vctrs 0.6.5(2023-12-01); websocket 1.4.4(2025-04-10); withr 3.0.2(2024-10-28); xfun 0.54(2025-10-30); XML 3.99-0.19(2025-08-22); xml2 1.4.1(2025-10-27); yaml 2.3.10(2024-07-26); zip 2.3.3(2025-05-13)
[2025-11-03 23:20:29] [INFO] [OmnipathR] CURL: version: 8.14.1; headers: 8.14.1; ssl_version: LibreSSL/3.3.6 (SecureTransport); libz_version: 1.2.11; libssh_version: NA; libidn_version: NA; host: x86_64-apple-darwin22.6.0; protocols: dict, file, ftp, ftps, gopher, gophers, http, https, imap, imaps, ldap, ldaps, mqtt, pop3, pop3s, rtsp, smb, smbs, smtp, smtps, telnet, tftp, ws, wss; ipv6: TRUE; http2: TRUE; idn: FALSE; url_parser: TRUE
[2025-11-03 23:20:29] [TRACE] [OmnipathR] Running on a build server, wiping cache.
[2025-11-03 23:20:29] [TRACE] [OmnipathR] Cache is at `/Users/biocbuild/Library/Caches/OmnipathR`.
[2025-11-03 23:20:29] [TRACE] [OmnipathR] Contains 11 files.
[2025-11-03 23:20:29] [TRACE] [OmnipathR] Cache is locked: FALSE.
[2025-11-03 23:20:29] [TRACE] [OmnipathR] Reading JSON from `/Users/biocbuild/Library/Caches/OmnipathR/cache.json` (encoding: UTF-8).
[2025-11-03 23:20:29] [TRACE] [OmnipathR] JSON validation successful: TRUE
[2025-11-03 23:20:29] [SUCCESS] [OmnipathR] Removing all cache contents from `/Users/biocbuild/Library/Caches/OmnipathR`.
[2025-11-03 23:20:29] [TRACE] [OmnipathR] Pandoc version: `2.7.3`.
[2025-11-03 23:20:29] [TRACE] [OmnipathR] Reading JSON from `/Library/Frameworks/R.framework/Versions/4.5-x86_64/Resources/library/OmnipathR/db/db_def.json` (encoding: UTF-8).
[2025-11-03 23:20:29] [TRACE] [OmnipathR] JSON validation successful: TRUE
[2025-11-03 23:20:29] [TRACE] [OmnipathR] Reading JSON from `/Library/Frameworks/R.framework/Versions/4.5-x86_64/Resources/library/OmnipathR/internal/magic_bytes.json` (encoding: UTF-8).
[2025-11-03 23:20:29] [TRACE] [OmnipathR] JSON validation successful: TRUE
[2025-11-03 23:20:29] [TRACE] [OmnipathR] Reading JSON from `/Library/Frameworks/R.framework/Versions/4.5-x86_64/Resources/library/OmnipathR/internal/urls.json` (encoding: UTF-8).
[2025-11-03 23:20:29] [TRACE] [OmnipathR] JSON validation successful: TRUE
[2025-11-03 23:20:29] [TRACE] [OmnipathR] Reading JSON from `/Library/Frameworks/R.framework/Versions/4.5-x86_64/Resources/library/OmnipathR/internal/id_types.json` (encoding: UTF-8).
[2025-11-03 23:20:29] [TRACE] [OmnipathR] JSON validation successful: TRUE
[2025-11-03 23:20:29] [TRACE] [OmnipathR] Cache locked: FALSE
>
> test_check('OmnipathR')
[ FAIL 0 | WARN 12 | SKIP 0 | PASS 38 ]
[ FAIL 0 | WARN 12 | SKIP 0 | PASS 38 ]
>
> proc.time()
user system elapsed
48.666 6.146 90.070
OmnipathR.Rcheck/OmnipathR-Ex.timings
| name | user | system | elapsed | |
| OmnipathR | 0.001 | 0.001 | 0.001 | |
| all_uniprot_acs | 0.021 | 0.003 | 0.024 | |
| all_uniprots | 26.577 | 3.053 | 43.595 | |
| ancestors | 0.012 | 0.001 | 0.013 | |
| annotated_network | 1.410 | 0.131 | 4.511 | |
| annotation_categories | 59.581 | 0.341 | 61.581 | |
| annotation_resources | 0.064 | 0.010 | 0.740 | |
| annotations | 0.609 | 0.049 | 1.396 | |
| biomart_query | 1.519 | 0.633 | 4.471 | |
| bioplex1 | 0.012 | 0.005 | 0.017 | |
| bioplex2 | 0.012 | 0.005 | 0.018 | |
| bioplex3 | 0.012 | 0.005 | 0.017 | |
| bioplex_all | 0.013 | 0.005 | 0.018 | |
| bioplex_hct116_1 | 0.013 | 0.006 | 0.018 | |
| bma_motif_es | 0.747 | 0.231 | 1.736 | |
| bma_motif_vs | 0.248 | 0.093 | 0.806 | |
| chalmers_gem | 0.013 | 0.005 | 0.017 | |
| chalmers_gem_id_mapping_table | 0.012 | 0.004 | 0.014 | |
| chalmers_gem_id_type | 0.002 | 0.001 | 0.003 | |
| chalmers_gem_metabolites | 0.012 | 0.004 | 0.015 | |
| chalmers_gem_network | 0.011 | 0.004 | 0.015 | |
| chalmers_gem_raw | 0.011 | 0.004 | 0.015 | |
| chalmers_gem_reactions | 0.011 | 0.004 | 0.015 | |
| common_name | 0.134 | 0.025 | 0.156 | |
| complex_genes | 0.855 | 0.210 | 2.655 | |
| complex_resources | 0.072 | 0.026 | 0.609 | |
| complexes | 0.208 | 0.092 | 0.811 | |
| consensuspathdb_download | 0 | 0 | 0 | |
| consensuspathdb_raw_table | 0.012 | 0.005 | 0.016 | |
| cosmos_pkn | 0.000 | 0.001 | 0.000 | |
| curated_ligand_receptor_interactions | 7.973 | 12.224 | 37.544 | |
| curated_ligrec_stats | 44.555 | 19.361 | 135.949 | |
| database_summary | 2.127 | 0.232 | 4.660 | |
| descendants | 0.013 | 0.001 | 0.015 | |
| ensembl_dataset | 0.059 | 0.003 | 0.128 | |
| ensembl_id_mapping_table | 2.654 | 0.490 | 23.631 | |
| ensembl_id_type | 0.001 | 0.000 | 0.001 | |
| ensembl_name | 0.222 | 0.016 | 0.423 | |
| ensembl_organisms | 0.166 | 0.028 | 0.301 | |
| ensembl_organisms_raw | 0.125 | 0.022 | 0.202 | |
| ensembl_orthology | 0.000 | 0.001 | 0.000 | |
| enzsub_graph | 2.276 | 0.245 | 5.600 | |
| enzsub_resources | 0.062 | 0.009 | 0.810 | |
| enzyme_substrate | 1.868 | 0.114 | 3.114 | |
| evex_download | 0.039 | 0.008 | 0.057 | |
| evidences | 0 | 0 | 0 | |
| extra_attr_values | 19.573 | 3.318 | 34.358 | |
| extra_attrs | 11.209 | 3.159 | 15.239 | |
| extra_attrs_to_cols | 18.982 | 3.867 | 23.049 | |
| filter_by_resource | 11.969 | 0.770 | 18.850 | |
| filter_extra_attrs | 42.593 | 12.350 | 67.975 | |
| filter_intercell | 7.265 | 0.609 | 12.203 | |
| filter_intercell_network | 0.027 | 0.003 | 0.030 | |
| find_all_paths | 7.467 | 0.483 | 8.010 | |
| from_evidences | 0.000 | 0.001 | 0.001 | |
| get_db | 0.001 | 0.000 | 0.000 | |
| get_ontology_db | 0.012 | 0.002 | 0.014 | |
| giant_component | 12.788 | 1.155 | 16.887 | |
| go_annot_download | 13.805 | 1.777 | 14.815 | |
| go_annot_slim | 0.000 | 0.001 | 0.001 | |
| go_ontology_download | 0.013 | 0.002 | 0.016 | |
| guide2pharma_download | 0.011 | 0.003 | 0.013 | |
| harmonizome_download | 0.010 | 0.003 | 0.012 | |
| has_extra_attrs | 10.080 | 3.029 | 13.148 | |
| hmdb_id_mapping_table | 0.011 | 0.002 | 0.013 | |
| hmdb_id_type | 0.002 | 0.001 | 0.003 | |
| hmdb_metabolite_fields | 0.001 | 0.001 | 0.001 | |
| hmdb_protein_fields | 0.000 | 0.000 | 0.001 | |
| hmdb_table | 0.011 | 0.002 | 0.013 | |
| homologene_download | 0.010 | 0.002 | 0.011 | |
| homologene_raw | 0.056 | 0.004 | 0.061 | |
| homologene_uniprot_orthology | 0.010 | 0.002 | 0.012 | |
| hpo_download | 2.799 | 0.511 | 6.248 | |
| htridb_download | 0.011 | 0.002 | 0.013 | |
| id_translation_resources | 0.001 | 0.001 | 0.001 | |
| id_types | 0.056 | 0.011 | 0.067 | |
| inbiomap_download | 0.000 | 0.000 | 0.001 | |
| inbiomap_raw | 0 | 0 | 0 | |
| interaction_datasets | 0.741 | 0.085 | 1.203 | |
| interaction_graph | 0.475 | 0.040 | 1.069 | |
| interaction_resources | 0.068 | 0.010 | 0.666 | |
| interaction_types | 0.075 | 0.007 | 0.084 | |
| intercell | 0.872 | 0.114 | 1.813 | |
| intercell_categories | 0.716 | 0.099 | 1.051 | |
| intercell_consensus_filter | 1.525 | 0.167 | 3.389 | |
| intercell_generic_categories | 0.081 | 0.008 | 0.089 | |
| intercell_network | 0.012 | 0.002 | 0.013 | |
| intercell_resources | 0.067 | 0.009 | 0.987 | |
| intercell_summary | 0.091 | 0.024 | 0.115 | |
| is_ontology_id | 0.000 | 0.001 | 0.000 | |
| is_swissprot | 0.063 | 0.005 | 0.070 | |
| is_trembl | 0.065 | 0.005 | 0.071 | |
| is_uniprot | 0.013 | 0.003 | 0.015 | |
| kegg_api_templates | 0.002 | 0.004 | 0.005 | |
| kegg_conv | 1.501 | 0.210 | 11.778 | |
| kegg_databases | 0.000 | 0.001 | 0.001 | |
| kegg_ddi | 0.648 | 0.078 | 2.027 | |
| kegg_find | 0.656 | 0.074 | 2.192 | |
| kegg_info | 0.009 | 0.001 | 0.010 | |
| kegg_link | 0.732 | 0.097 | 5.858 | |
| kegg_list | 0.677 | 0.077 | 1.689 | |
| kegg_open | 0.011 | 0.002 | 0.012 | |
| kegg_operations | 0.001 | 0.001 | 0.001 | |
| kegg_organism_codes | 0.025 | 0.065 | 0.091 | |
| kegg_organisms | 0.030 | 0.008 | 0.037 | |
| kegg_pathway_annotations | 0.000 | 0.000 | 0.001 | |
| kegg_pathway_download | 0.011 | 0.002 | 0.013 | |
| kegg_pathway_list | 0.010 | 0.001 | 0.012 | |
| kegg_pathways_download | 0.000 | 0.000 | 0.001 | |
| kegg_picture | 1.035 | 0.053 | 5.619 | |
| kegg_process | 0.020 | 0.003 | 0.023 | |
| kegg_query | 0.009 | 0.000 | 0.010 | |
| kegg_request | 0.075 | 0.009 | 0.085 | |
| kegg_rm_prefix | 0.767 | 0.092 | 5.884 | |
| kinasephos | 1.115 | 0.164 | 17.003 | |
| latin_name | 0.254 | 0.009 | 0.263 | |
| load_db | 0.103 | 0.019 | 0.122 | |
| metalinksdb_sqlite | 1.087 | 0.338 | 10.687 | |
| metalinksdb_table | 0.272 | 0.048 | 0.325 | |
| metalinksdb_tables | 0.022 | 0.005 | 0.027 | |
| ncbi_taxid | 0.242 | 0.009 | 0.251 | |
| nichenet_build_model | 0 | 0 | 0 | |
| nichenet_expression_data | 0.011 | 0.002 | 0.013 | |
| nichenet_gr_network | 0.033 | 0.005 | 0.038 | |
| nichenet_gr_network_evex | 0.009 | 0.002 | 0.011 | |
| nichenet_gr_network_harmonizome | 0.010 | 0.002 | 0.011 | |
| nichenet_gr_network_htridb | 0.009 | 0.002 | 0.011 | |
| nichenet_gr_network_omnipath | 17.274 | 1.652 | 21.387 | |
| nichenet_gr_network_pathwaycommons | 0.011 | 0.001 | 0.013 | |
| nichenet_gr_network_regnetwork | 0.011 | 0.001 | 0.013 | |
| nichenet_gr_network_remap | 0.011 | 0.002 | 0.012 | |
| nichenet_gr_network_trrust | 0.010 | 0.002 | 0.011 | |
| nichenet_ligand_activities | 0.000 | 0.001 | 0.001 | |
| nichenet_ligand_target_links | 0 | 0 | 0 | |
| nichenet_ligand_target_matrix | 0.000 | 0.000 | 0.001 | |
| nichenet_lr_network | 0.030 | 0.005 | 0.034 | |
| nichenet_lr_network_guide2pharma | 0.009 | 0.002 | 0.011 | |
| nichenet_lr_network_omnipath | 0.029 | 0.005 | 0.035 | |
| nichenet_lr_network_ramilowski | 0.010 | 0.002 | 0.011 | |
| nichenet_main | 0.000 | 0.000 | 0.001 | |
| nichenet_networks | 0.451 | 0.027 | 0.481 | |
| nichenet_optimization | 0.000 | 0.000 | 0.001 | |
| nichenet_remove_orphan_ligands | 0.031 | 0.005 | 0.036 | |
| nichenet_results_dir | 0.000 | 0.000 | 0.001 | |
| nichenet_signaling_network | 0.033 | 0.006 | 0.040 | |
| nichenet_signaling_network_cpdb | 0.010 | 0.001 | 0.011 | |
| nichenet_signaling_network_evex | 0.010 | 0.002 | 0.012 | |
| nichenet_signaling_network_harmonizome | 0.011 | 0.002 | 0.014 | |
| nichenet_signaling_network_inbiomap | 0 | 0 | 0 | |
| nichenet_signaling_network_omnipath | 12.701 | 1.207 | 16.632 | |
| nichenet_signaling_network_pathwaycommons | 0.012 | 0.002 | 0.014 | |
| nichenet_signaling_network_vinayagam | 0.011 | 0.002 | 0.012 | |
| nichenet_test | 0 | 0 | 0 | |
| nichenet_workarounds | 0 | 0 | 0 | |
| obo_parser | 0.151 | 0.023 | 0.214 | |
| oma_code | 0.131 | 0.005 | 0.137 | |
| oma_organisms | 0.075 | 0.014 | 0.091 | |
| oma_pairwise | 0.010 | 0.002 | 0.012 | |
| oma_pairwise_genesymbols | 0.011 | 0.002 | 0.013 | |
| oma_pairwise_translated | 0.009 | 0.002 | 0.010 | |
| omnipath-interactions | 32.806 | 3.061 | 59.146 | |
| omnipath_cache_autoclean | 0.001 | 0.001 | 0.001 | |
| omnipath_cache_clean | 0.012 | 0.003 | 0.015 | |
| omnipath_cache_clean_db | 0.116 | 0.024 | 0.141 | |
| omnipath_cache_download_ready | 0.599 | 0.135 | 0.817 | |
| omnipath_cache_filter_versions | 0.104 | 0.029 | 0.139 | |
| omnipath_cache_get | 0.087 | 0.019 | 0.109 | |
| omnipath_cache_key | 0.001 | 0.001 | 0.002 | |
| omnipath_cache_latest_or_new | 0.063 | 0.014 | 0.078 | |
| omnipath_cache_load | 0.551 | 0.047 | 2.819 | |
| omnipath_cache_move_in | 0.163 | 0.041 | 0.214 | |
| omnipath_cache_remove | 0.105 | 0.028 | 0.141 | |
| omnipath_cache_save | 0.155 | 0.032 | 0.200 | |
| omnipath_cache_search | 0.001 | 0.000 | 0.001 | |
| omnipath_cache_set_ext | 0.110 | 0.023 | 0.138 | |
| omnipath_cache_update_status | 0.088 | 0.020 | 0.110 | |
| omnipath_cache_wipe | 0.000 | 0.001 | 0.000 | |
| omnipath_config_path | 0.001 | 0.000 | 0.001 | |
| omnipath_for_cosmos | 10.392 | 0.917 | 34.794 | |
| omnipath_load_config | 0 | 0 | 0 | |
| omnipath_log | 0.001 | 0.000 | 0.001 | |
| omnipath_logfile | 0.001 | 0.000 | 0.001 | |
| omnipath_msg | 0.006 | 0.002 | 0.008 | |
| omnipath_query | 4.267 | 0.235 | 4.513 | |
| omnipath_reset_config | 0.000 | 0.000 | 0.001 | |
| omnipath_save_config | 0.000 | 0.000 | 0.001 | |
| omnipath_set_cachedir | 0.029 | 0.006 | 0.034 | |
| omnipath_set_console_loglevel | 0.004 | 0.001 | 0.006 | |
| omnipath_set_logfile_loglevel | 0.003 | 0.001 | 0.003 | |
| omnipath_set_loglevel | 0.001 | 0.001 | 0.002 | |
| omnipath_show_db | 0.079 | 0.019 | 0.099 | |
| omnipath_unlock_cache_db | 0.000 | 0.001 | 0.000 | |
| only_from | 0.001 | 0.001 | 0.000 | |
| ontology_ensure_id | 0.001 | 0.000 | 0.001 | |
| ontology_ensure_name | 0.001 | 0.000 | 0.001 | |
| ontology_name_id | 0.001 | 0.000 | 0.002 | |
| organism_for | 0.165 | 0.006 | 0.172 | |
| pathwaycommons_download | 0.000 | 0.000 | 0.002 | |
| pivot_annotations | 10.725 | 1.014 | 19.535 | |
| preppi_download | 0.000 | 0.001 | 0.001 | |
| preppi_filter | 0.001 | 0.000 | 0.001 | |
| print_bma_motif_es | 0.569 | 0.088 | 1.451 | |
| print_bma_motif_vs | 0.160 | 0.018 | 0.695 | |
| print_interactions | 7.288 | 0.567 | 11.957 | |
| print_path_es | 0.876 | 0.076 | 2.677 | |
| print_path_vs | 2.823 | 0.303 | 5.639 | |
| pubmed_open | 4.478 | 0.247 | 4.781 | |
| query_info | 0.436 | 0.037 | 0.695 | |
| ramilowski_download | 0.000 | 0.001 | 0.002 | |
| ramp_id_mapping_table | 0.000 | 0.000 | 0.001 | |
| ramp_id_type | 0.002 | 0.000 | 0.002 | |
| ramp_sqlite | 0 | 0 | 0 | |
| ramp_table | 0 | 0 | 0 | |
| ramp_tables | 0.000 | 0.001 | 0.001 | |