| Back to Multiple platform build/check report for BioC 3.22: simplified long |
|
This page was generated on 2025-11-01 12:03 -0400 (Sat, 01 Nov 2025).
| Hostname | OS | Arch (*) | R version | Installed pkgs |
|---|---|---|---|---|
| nebbiolo2 | Linux (Ubuntu 24.04.3 LTS) | x86_64 | 4.5.1 Patched (2025-08-23 r88802) -- "Great Square Root" | 4901 |
| lconway | macOS 12.7.6 Monterey | x86_64 | 4.5.1 Patched (2025-09-10 r88807) -- "Great Square Root" | 4691 |
| kjohnson3 | macOS 13.7.7 Ventura | arm64 | 4.5.1 Patched (2025-09-10 r88807) -- "Great Square Root" | 4637 |
| Click on any hostname to see more info about the system (e.g. compilers) (*) as reported by 'uname -p', except on Windows and Mac OS X | ||||
| Package 1505/2361 | Hostname | OS / Arch | INSTALL | BUILD | CHECK | BUILD BIN | ||||||||
| OmnipathR 3.18.0 (landing page) Denes Turei
| nebbiolo2 | Linux (Ubuntu 24.04.3 LTS) / x86_64 | OK | OK | ERROR | |||||||||
| lconway | macOS 12.7.6 Monterey / x86_64 | OK | OK | ERROR | OK | |||||||||
| kjohnson3 | macOS 13.7.7 Ventura / arm64 | OK | OK | ERROR | OK | |||||||||
|
To the developers/maintainers of the OmnipathR package: - Allow up to 24 hours (and sometimes 48 hours) for your latest push to git@git.bioconductor.org:packages/OmnipathR.git to reflect on this report. See Troubleshooting Build Report for more information. - Use the following Renviron settings to reproduce errors and warnings. - If 'R CMD check' started to fail recently on the Linux builder(s) over a missing dependency, add the missing dependency to 'Suggests:' in your DESCRIPTION file. See Renviron.bioc for more information. |
| Package: OmnipathR |
| Version: 3.18.0 |
| Command: /home/biocbuild/bbs-3.22-bioc/R/bin/R CMD check --install=check:OmnipathR.install-out.txt --library=/home/biocbuild/bbs-3.22-bioc/R/site-library --timings OmnipathR_3.18.0.tar.gz |
| StartedAt: 2025-11-01 02:25:24 -0400 (Sat, 01 Nov 2025) |
| EndedAt: 2025-11-01 02:59:38 -0400 (Sat, 01 Nov 2025) |
| EllapsedTime: 2054.3 seconds |
| RetCode: 1 |
| Status: ERROR |
| CheckDir: OmnipathR.Rcheck |
| Warnings: NA |
##############################################################################
##############################################################################
###
### Running command:
###
### /home/biocbuild/bbs-3.22-bioc/R/bin/R CMD check --install=check:OmnipathR.install-out.txt --library=/home/biocbuild/bbs-3.22-bioc/R/site-library --timings OmnipathR_3.18.0.tar.gz
###
##############################################################################
##############################################################################
* using log directory ‘/home/biocbuild/bbs-3.22-bioc/meat/OmnipathR.Rcheck’
* using R version 4.5.1 Patched (2025-08-23 r88802)
* using platform: x86_64-pc-linux-gnu
* R was compiled by
gcc (Ubuntu 13.3.0-6ubuntu2~24.04) 13.3.0
GNU Fortran (Ubuntu 13.3.0-6ubuntu2~24.04) 13.3.0
* running under: Ubuntu 24.04.3 LTS
* using session charset: UTF-8
* checking for file ‘OmnipathR/DESCRIPTION’ ... OK
* checking extension type ... Package
* this is package ‘OmnipathR’ version ‘3.18.0’
* package encoding: UTF-8
* checking package namespace information ... OK
* checking package dependencies ... INFO
Imports includes 35 non-default packages.
Importing from so many packages makes the package vulnerable to any of
them becoming unavailable. Move as many as possible to Suggests and
use conditionally.
* checking if this is a source package ... OK
* checking if there is a namespace ... OK
* checking for hidden files and directories ... OK
* checking for portable file names ... OK
* checking for sufficient/correct file permissions ... OK
* checking whether package ‘OmnipathR’ can be installed ... OK
* checking installed package size ... OK
* checking package directory ... OK
* checking DESCRIPTION meta-information ... OK
* checking top-level files ... OK
* checking for left-over files ... OK
* checking index information ... OK
* checking package subdirectories ... OK
* checking code files for non-ASCII characters ... OK
* checking R files for syntax errors ... OK
* checking whether the package can be loaded ... OK
* checking whether the package can be loaded with stated dependencies ... OK
* checking whether the package can be unloaded cleanly ... OK
* checking whether the namespace can be loaded with stated dependencies ... OK
* checking whether the namespace can be unloaded cleanly ... OK
* checking loading without being on the library search path ... OK
* checking whether startup messages can be suppressed ... NOTE
[2025-11-01 02:25:53] [TRACE] [OmnipathR] Reading JSON from `/home/biocbuild/.cache/OmnipathR/cache.json` (encoding: UTF-8).
[2025-11-01 02:25:53] [TRACE] [OmnipathR] JSON validation successful: TRUE
[2025-11-01 02:25:53] [INFO] [OmnipathR] Initialized cache: `/home/biocbuild/.cache/OmnipathR`.
[2025-11-01 02:25:53] [INFO] [OmnipathR] Package `OmnipathR` packaged: NA
[2025-11-01 02:25:53] [INFO] [OmnipathR] Package `OmnipathR` date/publication: 2025-10-31
[2025-11-01 02:25:53] [INFO] [OmnipathR] Package `OmnipathR` built: R 4.5.1; ; 2025-10-31 19:17:03 UTC; unix
[2025-11-01 02:25:53] [INFO] [OmnipathR] Package `OmnipathR` version: 3.18.0
[2025-11-01 02:25:53] [INFO] [OmnipathR] Package `OmnipathR` repository: Bioconductor 3.22
[2025-11-01 02:25:54] [INFO] [OmnipathR] Session info: [version=R version 4.5.1 Patched (2025-08-23 r88802); os=Ubuntu 24.04.3 LTS; system=x86_64, linux-gnu; ui=X11; language=(EN); collate=C; ctype=en_US.UTF-8; tz=America/New_York; date=2025-11-01; pandoc=2.7.3 @ /usr/bin/ (via rmarkdown); quarto=1.7.32 @ /usr/local/bin/quarto]
[2025-11-01 02:25:54] [INFO] [OmnipathR] External libraries: [cairo=1.18.0; cairoFT=; pango=1.52.1; png=1.6.43; jpeg=8.0; tiff=LIBTIFF, Version 4.5.1; tcl=8.6.14; curl=8.5.0; zlib=1.3; bzlib=1.0.8, 13-Jul-2019; xz=5.4.5; deflate=1.19; PCRE=10.42 2022-12-11; ICU=74.2; TRE=TRE 0.8.0 R_fixes (BSD); iconv=glibc 2.39; readline=8.2; BLAS=/home/biocbuild/bbs-3.22-bioc/R/lib/libRblas.so; lapack=/usr/lib/x86_64-linux-gnu/lapack/liblapack.so.3.12.0; lapack_version=3.12.0]
[2025-11-01 02:25:54] [INFO] [OmnipathR] Loaded packages: backports 1.5.0(2024-05-23); bit 4.6.0(2025-03-06); bit64 4.6.0-1(2025-01-16); blob 1.2.4(2023-03-17); cachem 1.1.0(2024-05-16); cellranger 1.1.0(2016-07-27); checkmate 2.3.3(2025-08-18); chromote 0.5.1(2025-04-24); cli 3.6.5(2025-04-23); crayon 1.5.3(2024-06-20); curl 7.0.0(2025-08-19); DBI 1.2.3(2024-06-02); digest 0.6.37(2024-08-19); dplyr 1.1.4(2023-11-17); evaluate 1.0.5(2025-08-27); fastmap 1.2.0(2024-05-15); fs 1.6.6(2025-04-12); generics 0.1.4(2025-05-09); glue 1.8.0(2024-09-30); hms 1.1.4(2025-10-17); htmltools 0.5.8.1(2024-04-04); httr 1.4.7(2023-08-15); httr2 1.2.1(2025-07-22); igraph 2.2.1(2025-10-27); jsonlite 2.0.0(2025-03-27); knitr 1.50(2025-03-16); later 1.4.4(2025-08-27); lifecycle 1.0.4(2023-11-07); logger 0.4.1(2025-09-11); lubridate 1.9.4(2024-12-08); magrittr 2.0.4(2025-09-12); memoise 2.0.1(2021-11-26); OmnipathR 3.18.0(2025-10-31); otel 0.2.0(2025-08-29); pillar 1.11.1(2025-09-17); pkgconfig 2.0.3(2019-09-22); prettyunits 1.2.0(2023-09-24); processx 3.8.6(2025-02-21); progress 1.2.3(2023-12-06); promises 1.4.0(2025-10-22); ps 1.9.1(2025-04-12); purrr 1.1.0(2025-07-10); R.methodsS3 1.8.2(2022-06-13); R.oo 1.27.1(2025-05-02); R.utils 2.13.0(2025-02-24); R6 2.6.1(2025-02-15); rappdirs 0.3.3(2021-01-31); Rcpp 1.1.0(2025-07-02); readr 2.1.5(2024-01-10); readxl 1.4.5(2025-03-07); rlang 1.1.6(2025-04-11); rmarkdown 2.30(2025-09-28); RSQLite 2.4.3(2025-08-20); rvest 1.0.5(2025-08-29); sessioninfo 1.2.3(2025-02-05); stringi 1.8.7(2025-03-27); stringr 1.5.2(2025-09-08); tibble 3.3.0(2025-06-08); tidyr 1.3.1(2024-01-24); tidyselect 1.2.1(2024-03-11); timechange 0.3.0(2024-01-18); tzdb 0.5.0(2025-03-15); vctrs 0.6.5(2023-12-01); websocket 1.4.4(2025-04-10); withr 3.0.2(2024-10-28); xfun 0.54(2025-10-30); XML 3.99-0.19(2025-08-22); xml2 1.4.1(2025-10-27); yaml 2.3.10(2024-07-26); zip 2.3.3(2025-05-13)
[2025-11-01 02:25:54] [INFO] [OmnipathR] CURL: version: 8.5.0; headers: 8.5.0; ssl_version: GnuTLS/3.8.3; libz_version: 1.3; libssh_version: libssh/0.10.6/openssl/zlib; libidn_version: 2.3.7; host: x86_64-pc-linux-gnu; protocols: dict, file, ftp, ftps, gopher, gophers, http, https, imap, imaps, ldap, ldaps, mqtt, pop3, pop3s, rtmp, rtmpe, rtmps, rtmpt, rtmpte, rtmpts, rtsp, scp, sftp, smb, smbs, smtp, smtps, telnet, tftp; ipv6: TRUE; http2: TRUE; idn: TRUE; url_parser: TRUE
[2025-11-01 02:25:54] [TRACE] [OmnipathR] Running on a build server, wiping cache.
[2025-11-01 02:25:54] [TRACE] [OmnipathR] Cache is at `/home/biocbuild/.cache/OmnipathR`.
[2025-11-01 02:25:54] [TRACE] [OmnipathR] Contains 1 files.
[2025-11-01 02:25:54] [TRACE] [OmnipathR] Cache is locked: FALSE.
[2025-11-01 02:25:54] [TRACE] [OmnipathR] Reading JSON from `/home/biocbuild/.cache/OmnipathR/cache.json` (encoding: UTF-8).
[2025-11-01 02:25:54] [TRACE] [OmnipathR] JSON validation successful: TRUE
[2025-11-01 02:25:54] [SUCCESS] [OmnipathR] Removing all cache contents from `/home/biocbuild/.cache/OmnipathR`.
[2025-11-01 02:25:54] [TRACE] [OmnipathR] Pandoc version: `2.7.3`.
[2025-11-01 02:25:54] [TRACE] [OmnipathR] Reading JSON from `/home/biocbuild/bbs-3.22-bioc/R/site-library/OmnipathR/db/db_def.json` (encoding: UTF-8).
[2025-11-01 02:25:54] [TRACE] [OmnipathR] JSON validation successful: TRUE
[2025-11-01 02:25:54] [TRACE] [OmnipathR] Reading JSON from `/home/biocbuild/bbs-3.22-bioc/R/site-library/OmnipathR/internal/magic_bytes.json` (encoding: UTF-8).
[2025-11-01 02:25:54] [TRACE] [OmnipathR] JSON validation successful: TRUE
[2025-11-01 02:25:54] [TRACE] [OmnipathR] Reading JSON from `/home/biocbuild/bbs-3.22-bioc/R/site-library/OmnipathR/internal/urls.json` (encoding: UTF-8).
[2025-11-01 02:25:54] [TRACE] [OmnipathR] JSON validation successful: TRUE
[2025-11-01 02:25:54] [TRACE] [OmnipathR] Reading JSON from `/home/biocbuild/bbs-3.22-bioc/R/site-library/OmnipathR/internal/id_types.json` (encoding: UTF-8).
[2025-11-01 02:25:54] [TRACE] [OmnipathR] JSON validation successful: TRUE
[2025-11-01 02:25:54] [TRACE] [OmnipathR] Cache locked: FALSE
It looks like this package (or a package it requires) has a startup
message which cannot be suppressed: see ?packageStartupMessage.
* checking dependencies in R code ... OK
* checking S3 generic/method consistency ... OK
* checking replacement functions ... OK
* checking foreign function calls ... OK
* checking R code for possible problems ... NOTE
[2025-11-01 02:26:10] [TRACE] [OmnipathR] Reading JSON from `/home/biocbuild/.cache/OmnipathR/cache.json` (encoding: UTF-8).
[2025-11-01 02:26:11] [TRACE] [OmnipathR] JSON validation successful: TRUE
[2025-11-01 02:26:11] [INFO] [OmnipathR] Initialized cache: `/home/biocbuild/.cache/OmnipathR`.
[2025-11-01 02:26:11] [INFO] [OmnipathR] Package `OmnipathR` packaged: NA
[2025-11-01 02:26:11] [INFO] [OmnipathR] Package `OmnipathR` date/publication: 2025-10-31
[2025-11-01 02:26:11] [INFO] [OmnipathR] Package `OmnipathR` built: R 4.5.1; ; 2025-10-31 19:17:03 UTC; unix
[2025-11-01 02:26:11] [INFO] [OmnipathR] Package `OmnipathR` version: 3.18.0
[2025-11-01 02:26:11] [INFO] [OmnipathR] Package `OmnipathR` repository: Bioconductor 3.22
[2025-11-01 02:26:11] [INFO] [OmnipathR] Session info: [version=R version 4.5.1 Patched (2025-08-23 r88802); os=Ubuntu 24.04.3 LTS; system=x86_64, linux-gnu; ui=X11; language=(EN); collate=C; ctype=en_US.UTF-8; tz=America/New_York; date=2025-11-01; pandoc=2.7.3 @ /usr/bin/ (via rmarkdown); quarto=1.7.32 @ /usr/local/bin/quarto]
[2025-11-01 02:26:11] [INFO] [OmnipathR] External libraries: [cairo=1.18.0; cairoFT=; pango=1.52.1; png=1.6.43; jpeg=8.0; tiff=LIBTIFF, Version 4.5.1; tcl=8.6.14; curl=8.5.0; zlib=1.3; bzlib=1.0.8, 13-Jul-2019; xz=5.4.5; deflate=1.19; PCRE=10.42 2022-12-11; ICU=74.2; TRE=TRE 0.8.0 R_fixes (BSD); iconv=glibc 2.39; readline=8.2; BLAS=/home/biocbuild/bbs-3.22-bioc/R/lib/libRblas.so; lapack=/usr/lib/x86_64-linux-gnu/lapack/liblapack.so.3.12.0; lapack_version=3.12.0]
[2025-11-01 02:26:11] [INFO] [OmnipathR] Loaded packages: backports 1.5.0(2024-05-23); bit 4.6.0(2025-03-06); bit64 4.6.0-1(2025-01-16); blob 1.2.4(2023-03-17); cachem 1.1.0(2024-05-16); cellranger 1.1.0(2016-07-27); checkmate 2.3.3(2025-08-18); chromote 0.5.1(2025-04-24); cli 3.6.5(2025-04-23); crayon 1.5.3(2024-06-20); curl 7.0.0(2025-08-19); DBI 1.2.3(2024-06-02); digest 0.6.37(2024-08-19); dplyr 1.1.4(2023-11-17); evaluate 1.0.5(2025-08-27); fastmap 1.2.0(2024-05-15); fs 1.6.6(2025-04-12); generics 0.1.4(2025-05-09); glue 1.8.0(2024-09-30); hms 1.1.4(2025-10-17); htmltools 0.5.8.1(2024-04-04); httr 1.4.7(2023-08-15); httr2 1.2.1(2025-07-22); igraph 2.2.1(2025-10-27); jsonlite 2.0.0(2025-03-27); knitr 1.50(2025-03-16); later 1.4.4(2025-08-27); lifecycle 1.0.4(2023-11-07); logger 0.4.1(2025-09-11); lubridate 1.9.4(2024-12-08); magrittr 2.0.4(2025-09-12); memoise 2.0.1(2021-11-26); OmnipathR 3.18.0(2025-10-31); otel 0.2.0(2025-08-29); pillar 1.11.1(2025-09-17); pkgconfig 2.0.3(2019-09-22); prettyunits 1.2.0(2023-09-24); processx 3.8.6(2025-02-21); progress 1.2.3(2023-12-06); promises 1.4.0(2025-10-22); ps 1.9.1(2025-04-12); purrr 1.1.0(2025-07-10); R.methodsS3 1.8.2(2022-06-13); R.oo 1.27.1(2025-05-02); R.utils 2.13.0(2025-02-24); R6 2.6.1(2025-02-15); rappdirs 0.3.3(2021-01-31); Rcpp 1.1.0(2025-07-02); readr 2.1.5(2024-01-10); readxl 1.4.5(2025-03-07); rlang 1.1.6(2025-04-11); rmarkdown 2.30(2025-09-28); RSQLite 2.4.3(2025-08-20); rvest 1.0.5(2025-08-29); sessioninfo 1.2.3(2025-02-05); stringi 1.8.7(2025-03-27); stringr 1.5.2(2025-09-08); tibble 3.3.0(2025-06-08); tidyr 1.3.1(2024-01-24); tidyselect 1.2.1(2024-03-11); timechange 0.3.0(2024-01-18); tzdb 0.5.0(2025-03-15); vctrs 0.6.5(2023-12-01); websocket 1.4.4(2025-04-10); withr 3.0.2(2024-10-28); xfun 0.54(2025-10-30); XML 3.99-0.19(2025-08-22); xml2 1.4.1(2025-10-27); yaml 2.3.10(2024-07-26); zip 2.3.3(2025-05-13)
[2025-11-01 02:26:11] [INFO] [OmnipathR] CURL: version: 8.5.0; headers: 8.5.0; ssl_version: GnuTLS/3.8.3; libz_version: 1.3; libssh_version: libssh/0.10.6/openssl/zlib; libidn_version: 2.3.7; host: x86_64-pc-linux-gnu; protocols: dict, file, ftp, ftps, gopher, gophers, http, https, imap, imaps, ldap, ldaps, mqtt, pop3, pop3s, rtmp, rtmpe, rtmps, rtmpt, rtmpte, rtmpts, rtsp, scp, sftp, smb, smbs, smtp, smtps, telnet, tftp; ipv6: TRUE; http2: TRUE; idn: TRUE; url_parser: TRUE
[2025-11-01 02:26:11] [TRACE] [OmnipathR] Running on a build server, wiping cache.
[2025-11-01 02:26:11] [TRACE] [OmnipathR] Cache is at `/home/biocbuild/.cache/OmnipathR`.
[2025-11-01 02:26:11] [TRACE] [OmnipathR] Contains 1 files.
[2025-11-01 02:26:11] [TRACE] [OmnipathR] Cache is locked: FALSE.
[2025-11-01 02:26:11] [TRACE] [OmnipathR] Reading JSON from `/home/biocbuild/.cache/OmnipathR/cache.json` (encoding: UTF-8).
[2025-11-01 02:26:11] [TRACE] [OmnipathR] JSON validation successful: TRUE
[2025-11-01 02:26:11] [SUCCESS] [OmnipathR] Removing all cache contents from `/home/biocbuild/.cache/OmnipathR`.
[2025-11-01 02:26:11] [TRACE] [OmnipathR] Pandoc version: `2.7.3`.
[2025-11-01 02:26:11] [TRACE] [OmnipathR] Reading JSON from `/home/biocbuild/bbs-3.22-bioc/R/site-library/OmnipathR/db/db_def.json` (encoding: UTF-8).
[2025-11-01 02:26:11] [TRACE] [OmnipathR] JSON validation successful: TRUE
[2025-11-01 02:26:11] [TRACE] [OmnipathR] Reading JSON from `/home/biocbuild/bbs-3.22-bioc/R/site-library/OmnipathR/internal/magic_bytes.json` (encoding: UTF-8).
[2025-11-01 02:26:11] [TRACE] [OmnipathR] JSON validation successful: TRUE
[2025-11-01 02:26:11] [TRACE] [OmnipathR] Reading JSON from `/home/biocbuild/bbs-3.22-bioc/R/site-library/OmnipathR/internal/urls.json` (encoding: UTF-8).
[2025-11-01 02:26:11] [TRACE] [OmnipathR] JSON validation successful: TRUE
[2025-11-01 02:26:11] [TRACE] [OmnipathR] Reading JSON from `/home/biocbuild/bbs-3.22-bioc/R/site-library/OmnipathR/internal/id_types.json` (encoding: UTF-8).
[2025-11-01 02:26:11] [TRACE] [OmnipathR] JSON validation successful: TRUE
[2025-11-01 02:26:11] [TRACE] [OmnipathR] Cache locked: FALSE
.cosmos_pkn: no visible global function definition for
‘metabolite_idsc’
cosmos_ksn: no visible binding for global variable
‘substrate_genesymbol’
cosmos_ksn: no visible binding for global variable ‘residue_type’
cosmos_ksn: no visible binding for global variable ‘residue_offset’
cosmos_ksn: no visible binding for global variable ‘enzyme_genesymbol’
cosmos_ksn: no visible binding for global variable ‘mor’
recon3d_compartments: no visible global function definition for
‘.slow_dowtest’
recon3d_genes: no visible global function definition for
‘.slow_dowtest’
recon3d_genes: no visible binding for global variable ‘notes’
recon3d_genes: no visible binding for global variable ‘annotation’
recon3d_genes: no visible binding for global variable
‘original_bigg_ids’
recon3d_metabolites: no visible global function definition for
‘.slow_dowtest’
recon3d_metabolites: no visible binding for global variable ‘notes’
recon3d_metabolites: no visible binding for global variable
‘original_bigg_ids’
recon3d_metabolites: no visible binding for global variable
‘annotation’
recon3d_metabolites: no visible binding for global variable ‘hmdb’
recon3d_metabolites: no visible binding for global variable ‘metHMDBID’
recon3d_raw: no visible global function definition for ‘.slow_dowtest’
recon3d_raw_vmh: no visible global function definition for
‘.slow_dowtest’
recon3d_reactions: no visible global function definition for
‘.slow_dowtest’
recon3d_reactions: no visible binding for global variable ‘notes’
recon3d_reactions: no visible binding for global variable ‘metabolites’
recon3d_reactions: no visible binding for global variable
‘original_bigg_ids’
recon3d_table: no visible global function definition for
‘.slow_dowtest’
taxon_names_table: no visible binding for global variable
‘latin_name_uniprot’
taxon_names_table: no visible binding for global variable
‘latin_name_ensembl’
taxon_names_table: no visible binding for global variable
‘latin_name_oma’
taxon_names_table: no visible binding for global variable
‘common_name_ensembl’
taxon_names_table: no visible binding for global variable
‘common_name_uniprot’
Undefined global functions or variables:
.slow_dowtest annotation common_name_ensembl common_name_uniprot
enzyme_genesymbol hmdb latin_name_ensembl latin_name_oma
latin_name_uniprot metHMDBID metabolite_idsc metabolites mor notes
original_bigg_ids residue_offset residue_type substrate_genesymbol
* checking Rd files ... OK
* checking Rd metadata ... OK
* checking Rd cross-references ... OK
* checking for missing documentation entries ... OK
* checking for code/documentation mismatches ... OK
* checking Rd \usage sections ... OK
* checking Rd contents ... OK
* checking for unstated dependencies in examples ... OK
* checking R/sysdata.rda ... OK
* checking files in ‘vignettes’ ... OK
* checking examples ... ERROR
Running examples in ‘OmnipathR-Ex.R’ failed
The error most likely occurred in:
> base::assign(".ptime", proc.time(), pos = "CheckExEnv")
> ### Name: recon3d_metabolites
> ### Title: Metabolites from Recon-3D
> ### Aliases: recon3d_metabolites recon3d_reactions recon3d_genes
> ### recon3d_compartments
>
> ### ** Examples
>
> recon3d_metabolites()
Error in .slow_dowtest() : could not find function ".slow_dowtest"
Calls: recon3d_metabolites
Execution halted
Examples with CPU (user + system) or elapsed time > 5s
user system elapsed
annotation_categories 79.980 0.239 81.656
filter_extra_attrs 42.245 6.140 65.645
omnipath-interactions 44.955 2.692 78.629
curated_ligrec_stats 41.550 5.545 120.146
nichenet_gr_network_omnipath 24.825 0.847 32.699
all_uniprots 22.636 1.264 37.911
go_annot_download 20.089 0.964 31.385
extra_attrs_to_cols 13.693 1.333 15.019
filter_intercell 13.359 1.171 28.727
extra_attr_values 12.328 1.269 16.397
filter_by_resource 12.587 0.519 20.931
nichenet_signaling_network_omnipath 10.766 0.397 13.642
giant_component 10.125 0.718 13.813
has_extra_attrs 9.296 1.218 11.195
pivot_annotations 9.654 0.522 18.347
omnipath_for_cosmos 9.489 0.436 33.053
print_interactions 8.960 0.488 15.034
find_all_paths 8.949 0.299 11.605
extra_attrs 7.888 1.028 8.966
curated_ligand_receptor_interactions 6.974 1.159 18.507
print_path_vs 3.034 0.324 6.395
ensembl_id_mapping_table 2.667 0.316 23.488
intercell_consensus_filter 2.702 0.128 5.299
kegg_conv 2.303 0.226 16.614
kegg_picture 2.186 0.040 7.357
metalinksdb_sqlite 1.551 0.193 11.243
kinasephos 1.614 0.111 18.217
kegg_rm_prefix 1.619 0.063 6.815
biomart_query 1.202 0.181 6.123
kegg_link 1.149 0.054 7.027
* checking for unstated dependencies in ‘tests’ ... OK
* checking tests ...
Running ‘testthat.R’
OK
* checking for unstated dependencies in vignettes ... OK
* checking package vignettes ... OK
* checking re-building of vignette outputs ... OK
* checking PDF version of manual ... OK
* DONE
Status: 1 ERROR, 2 NOTEs
See
‘/home/biocbuild/bbs-3.22-bioc/meat/OmnipathR.Rcheck/00check.log’
for details.
OmnipathR.Rcheck/00install.out
############################################################################## ############################################################################## ### ### Running command: ### ### /home/biocbuild/bbs-3.22-bioc/R/bin/R CMD INSTALL OmnipathR ### ############################################################################## ############################################################################## * installing to library ‘/home/biocbuild/bbs-3.22-bioc/R/site-library’ * installing *source* package ‘OmnipathR’ ... ** this is package ‘OmnipathR’ version ‘3.18.0’ ** using staged installation ** R ** inst ** byte-compile and prepare package for lazy loading ** help *** installing help indices *** copying figures ** building package indices ** installing vignettes ** testing if installed package can be loaded from temporary location [2025-10-31 15:17:16] [TRACE] [OmnipathR] Reading JSON from `/home/biocbuild/.cache/OmnipathR/cache.json` (encoding: UTF-8). [2025-10-31 15:17:16] [TRACE] [OmnipathR] JSON validation successful: TRUE [2025-10-31 15:17:16] [INFO] [OmnipathR] Initialized cache: `/home/biocbuild/.cache/OmnipathR`. [2025-10-31 15:17:16] [INFO] [OmnipathR] Package `OmnipathR` packaged: NA [2025-10-31 15:17:16] [INFO] [OmnipathR] Package `OmnipathR` date/publication: 2025-10-31 [2025-10-31 15:17:16] [INFO] [OmnipathR] Package `OmnipathR` built: R 4.5.1; ; 2025-10-31 19:17:03 UTC; unix [2025-10-31 15:17:16] [INFO] [OmnipathR] Package `OmnipathR` version: 3.18.0 [2025-10-31 15:17:16] [INFO] [OmnipathR] Package `OmnipathR` repository: Bioconductor 3.22 [2025-10-31 15:17:17] [INFO] [OmnipathR] Session info: [version=R version 4.5.1 Patched (2025-08-23 r88802); os=Ubuntu 24.04.3 LTS; system=x86_64, linux-gnu; ui=X11; language=(EN); collate=C; ctype=en_US.UTF-8; tz=America/New_York; date=2025-10-31; pandoc=2.7.3 @ /usr/bin/ (via rmarkdown); quarto=1.7.32 @ /usr/local/bin/quarto] [2025-10-31 15:17:17] [INFO] [OmnipathR] External libraries: [cairo=1.18.0; cairoFT=; pango=1.52.1; png=1.6.43; jpeg=8.0; tiff=LIBTIFF, Version 4.5.1; tcl=8.6.14; curl=8.5.0; zlib=1.3; bzlib=1.0.8, 13-Jul-2019; xz=5.4.5; deflate=1.19; PCRE=10.42 2022-12-11; ICU=74.2; TRE=TRE 0.8.0 R_fixes (BSD); iconv=glibc 2.39; readline=8.2; BLAS=/home/biocbuild/bbs-3.22-bioc/R/lib/libRblas.so; lapack=/usr/lib/x86_64-linux-gnu/lapack/liblapack.so.3.12.0; lapack_version=3.12.0] [2025-10-31 15:17:17] [INFO] [OmnipathR] Loaded packages: backports 1.5.0(2024-05-23); bit 4.6.0(2025-03-06); bit64 4.6.0-1(2025-01-16); blob 1.2.4(2023-03-17); cachem 1.1.0(2024-05-16); cellranger 1.1.0(2016-07-27); checkmate 2.3.3(2025-08-18); chromote 0.5.1(2025-04-24); cli 3.6.5(2025-04-23); crayon 1.5.3(2024-06-20); curl 7.0.0(2025-08-19); DBI 1.2.3(2024-06-02); digest 0.6.37(2024-08-19); dplyr 1.1.4(2023-11-17); evaluate 1.0.5(2025-08-27); fastmap 1.2.0(2024-05-15); fs 1.6.6(2025-04-12); generics 0.1.4(2025-05-09); glue 1.8.0(2024-09-30); hms 1.1.4(2025-10-17); htmltools 0.5.8.1(2024-04-04); httr 1.4.7(2023-08-15); httr2 1.2.1(2025-07-22); igraph 2.2.1(2025-10-27); jsonlite 2.0.0(2025-03-27); knitr 1.50(2025-03-16); later 1.4.4(2025-08-27); lifecycle 1.0.4(2023-11-07); logger 0.4.1(2025-09-11); lubridate 1.9.4(2024-12-08); magrittr 2.0.4(2025-09-12); memoise 2.0.1(2021-11-26); OmnipathR 3.18.0(2025-10-31); otel 0.2.0(2025-08-29); pillar 1.11.1(2025-09-17); pkgconfig 2.0.3(2019-09-22); prettyunits 1.2.0(2023-09-24); processx 3.8.6(2025-02-21); progress 1.2.3(2023-12-06); promises 1.4.0(2025-10-22); ps 1.9.1(2025-04-12); purrr 1.1.0(2025-07-10); R.methodsS3 1.8.2(2022-06-13); R.oo 1.27.1(2025-05-02); R.utils 2.13.0(2025-02-24); R6 2.6.1(2025-02-15); rappdirs 0.3.3(2021-01-31); Rcpp 1.1.0(2025-07-02); readr 2.1.5(2024-01-10); readxl 1.4.5(2025-03-07); rlang 1.1.6(2025-04-11); rmarkdown 2.30(2025-09-28); RSQLite 2.4.3(2025-08-20); rvest 1.0.5(2025-08-29); sessioninfo 1.2.3(2025-02-05); stringi 1.8.7(2025-03-27); stringr 1.5.2(2025-09-08); tibble 3.3.0(2025-06-08); tidyr 1.3.1(2024-01-24); tidyselect 1.2.1(2024-03-11); timechange 0.3.0(2024-01-18); tzdb 0.5.0(2025-03-15); vctrs 0.6.5(2023-12-01); websocket 1.4.4(2025-04-10); withr 3.0.2(2024-10-28); xfun 0.54(2025-10-30); XML 3.99-0.19(2025-08-22); xml2 1.4.1(2025-10-27); yaml 2.3.10(2024-07-26); zip 2.3.3(2025-05-13) [2025-10-31 15:17:17] [INFO] [OmnipathR] CURL: version: 8.5.0; headers: 8.5.0; ssl_version: GnuTLS/3.8.3; libz_version: 1.3; libssh_version: libssh/0.10.6/openssl/zlib; libidn_version: 2.3.7; host: x86_64-pc-linux-gnu; protocols: dict, file, ftp, ftps, gopher, gophers, http, https, imap, imaps, ldap, ldaps, mqtt, pop3, pop3s, rtmp, rtmpe, rtmps, rtmpt, rtmpte, rtmpts, rtsp, scp, sftp, smb, smbs, smtp, smtps, telnet, tftp; ipv6: TRUE; http2: TRUE; idn: TRUE; url_parser: TRUE [2025-10-31 15:17:17] [TRACE] [OmnipathR] Running on a build server, wiping cache. [2025-10-31 15:17:17] [TRACE] [OmnipathR] Cache is at `/home/biocbuild/.cache/OmnipathR`. [2025-10-31 15:17:17] [TRACE] [OmnipathR] Contains 9 files. [2025-10-31 15:17:17] [TRACE] [OmnipathR] Cache is locked: FALSE. [2025-10-31 15:17:17] [TRACE] [OmnipathR] Reading JSON from `/home/biocbuild/.cache/OmnipathR/cache.json` (encoding: UTF-8). [2025-10-31 15:17:17] [TRACE] [OmnipathR] JSON validation successful: TRUE [2025-10-31 15:17:17] [SUCCESS] [OmnipathR] Removing all cache contents from `/home/biocbuild/.cache/OmnipathR`. [2025-10-31 15:17:17] [TRACE] [OmnipathR] Pandoc version: `2.7.3`. [2025-10-31 15:17:17] [TRACE] [OmnipathR] Reading JSON from `/home/biocbuild/bbs-3.22-bioc/R/site-library/00LOCK-OmnipathR/00new/OmnipathR/db/db_def.json` (encoding: UTF-8). [2025-10-31 15:17:17] [TRACE] [OmnipathR] JSON validation successful: TRUE [2025-10-31 15:17:17] [TRACE] [OmnipathR] Reading JSON from `/home/biocbuild/bbs-3.22-bioc/R/site-library/00LOCK-OmnipathR/00new/OmnipathR/internal/magic_bytes.json` (encoding: UTF-8). [2025-10-31 15:17:17] [TRACE] [OmnipathR] JSON validation successful: TRUE [2025-10-31 15:17:17] [TRACE] [OmnipathR] Reading JSON from `/home/biocbuild/bbs-3.22-bioc/R/site-library/00LOCK-OmnipathR/00new/OmnipathR/internal/urls.json` (encoding: UTF-8). [2025-10-31 15:17:17] [TRACE] [OmnipathR] JSON validation successful: TRUE [2025-10-31 15:17:17] [TRACE] [OmnipathR] Reading JSON from `/home/biocbuild/bbs-3.22-bioc/R/site-library/00LOCK-OmnipathR/00new/OmnipathR/internal/id_types.json` (encoding: UTF-8). [2025-10-31 15:17:17] [TRACE] [OmnipathR] JSON validation successful: TRUE [2025-10-31 15:17:17] [TRACE] [OmnipathR] Cache locked: FALSE ** testing if installed package can be loaded from final location [2025-10-31 15:17:19] [TRACE] [OmnipathR] Reading JSON from `/home/biocbuild/.cache/OmnipathR/cache.json` (encoding: UTF-8). [2025-10-31 15:17:19] [TRACE] [OmnipathR] JSON validation successful: TRUE [2025-10-31 15:17:19] [INFO] [OmnipathR] Initialized cache: `/home/biocbuild/.cache/OmnipathR`. [2025-10-31 15:17:19] [INFO] [OmnipathR] Package `OmnipathR` packaged: NA [2025-10-31 15:17:19] [INFO] [OmnipathR] Package `OmnipathR` date/publication: 2025-10-31 [2025-10-31 15:17:19] [INFO] [OmnipathR] Package `OmnipathR` built: R 4.5.1; ; 2025-10-31 19:17:03 UTC; unix [2025-10-31 15:17:19] [INFO] [OmnipathR] Package `OmnipathR` version: 3.18.0 [2025-10-31 15:17:19] [INFO] [OmnipathR] Package `OmnipathR` repository: Bioconductor 3.22 [2025-10-31 15:17:19] [INFO] [OmnipathR] Session info: [version=R version 4.5.1 Patched (2025-08-23 r88802); os=Ubuntu 24.04.3 LTS; system=x86_64, linux-gnu; ui=X11; language=(EN); collate=C; ctype=en_US.UTF-8; tz=America/New_York; date=2025-10-31; pandoc=2.7.3 @ /usr/bin/ (via rmarkdown); quarto=1.7.32 @ /usr/local/bin/quarto] [2025-10-31 15:17:19] [INFO] [OmnipathR] External libraries: [cairo=1.18.0; cairoFT=; pango=1.52.1; png=1.6.43; jpeg=8.0; tiff=LIBTIFF, Version 4.5.1; tcl=8.6.14; curl=8.5.0; zlib=1.3; bzlib=1.0.8, 13-Jul-2019; xz=5.4.5; deflate=1.19; PCRE=10.42 2022-12-11; ICU=74.2; TRE=TRE 0.8.0 R_fixes (BSD); iconv=glibc 2.39; readline=8.2; BLAS=/home/biocbuild/bbs-3.22-bioc/R/lib/libRblas.so; lapack=/usr/lib/x86_64-linux-gnu/lapack/liblapack.so.3.12.0; lapack_version=3.12.0] [2025-10-31 15:17:19] [INFO] [OmnipathR] Loaded packages: backports 1.5.0(2024-05-23); bit 4.6.0(2025-03-06); bit64 4.6.0-1(2025-01-16); blob 1.2.4(2023-03-17); cachem 1.1.0(2024-05-16); cellranger 1.1.0(2016-07-27); checkmate 2.3.3(2025-08-18); chromote 0.5.1(2025-04-24); cli 3.6.5(2025-04-23); crayon 1.5.3(2024-06-20); curl 7.0.0(2025-08-19); DBI 1.2.3(2024-06-02); digest 0.6.37(2024-08-19); dplyr 1.1.4(2023-11-17); evaluate 1.0.5(2025-08-27); fastmap 1.2.0(2024-05-15); fs 1.6.6(2025-04-12); generics 0.1.4(2025-05-09); glue 1.8.0(2024-09-30); hms 1.1.4(2025-10-17); htmltools 0.5.8.1(2024-04-04); httr 1.4.7(2023-08-15); httr2 1.2.1(2025-07-22); igraph 2.2.1(2025-10-27); jsonlite 2.0.0(2025-03-27); knitr 1.50(2025-03-16); later 1.4.4(2025-08-27); lifecycle 1.0.4(2023-11-07); logger 0.4.1(2025-09-11); lubridate 1.9.4(2024-12-08); magrittr 2.0.4(2025-09-12); memoise 2.0.1(2021-11-26); OmnipathR 3.18.0(2025-10-31); otel 0.2.0(2025-08-29); pillar 1.11.1(2025-09-17); pkgconfig 2.0.3(2019-09-22); prettyunits 1.2.0(2023-09-24); processx 3.8.6(2025-02-21); progress 1.2.3(2023-12-06); promises 1.4.0(2025-10-22); ps 1.9.1(2025-04-12); purrr 1.1.0(2025-07-10); R.methodsS3 1.8.2(2022-06-13); R.oo 1.27.1(2025-05-02); R.utils 2.13.0(2025-02-24); R6 2.6.1(2025-02-15); rappdirs 0.3.3(2021-01-31); Rcpp 1.1.0(2025-07-02); readr 2.1.5(2024-01-10); readxl 1.4.5(2025-03-07); rlang 1.1.6(2025-04-11); rmarkdown 2.30(2025-09-28); RSQLite 2.4.3(2025-08-20); rvest 1.0.5(2025-08-29); sessioninfo 1.2.3(2025-02-05); stringi 1.8.7(2025-03-27); stringr 1.5.2(2025-09-08); tibble 3.3.0(2025-06-08); tidyr 1.3.1(2024-01-24); tidyselect 1.2.1(2024-03-11); timechange 0.3.0(2024-01-18); tzdb 0.5.0(2025-03-15); vctrs 0.6.5(2023-12-01); websocket 1.4.4(2025-04-10); withr 3.0.2(2024-10-28); xfun 0.54(2025-10-30); XML 3.99-0.19(2025-08-22); xml2 1.4.1(2025-10-27); yaml 2.3.10(2024-07-26); zip 2.3.3(2025-05-13) [2025-10-31 15:17:19] [INFO] [OmnipathR] CURL: version: 8.5.0; headers: 8.5.0; ssl_version: GnuTLS/3.8.3; libz_version: 1.3; libssh_version: libssh/0.10.6/openssl/zlib; libidn_version: 2.3.7; host: x86_64-pc-linux-gnu; protocols: dict, file, ftp, ftps, gopher, gophers, http, https, imap, imaps, ldap, ldaps, mqtt, pop3, pop3s, rtmp, rtmpe, rtmps, rtmpt, rtmpte, rtmpts, rtsp, scp, sftp, smb, smbs, smtp, smtps, telnet, tftp; ipv6: TRUE; http2: TRUE; idn: TRUE; url_parser: TRUE [2025-10-31 15:17:19] [TRACE] [OmnipathR] Running on a build server, wiping cache. [2025-10-31 15:17:19] [TRACE] [OmnipathR] Cache is at `/home/biocbuild/.cache/OmnipathR`. [2025-10-31 15:17:19] [TRACE] [OmnipathR] Contains 1 files. [2025-10-31 15:17:19] [TRACE] [OmnipathR] Cache is locked: FALSE. [2025-10-31 15:17:19] [TRACE] [OmnipathR] Reading JSON from `/home/biocbuild/.cache/OmnipathR/cache.json` (encoding: UTF-8). [2025-10-31 15:17:19] [TRACE] [OmnipathR] JSON validation successful: TRUE [2025-10-31 15:17:19] [SUCCESS] [OmnipathR] Removing all cache contents from `/home/biocbuild/.cache/OmnipathR`. [2025-10-31 15:17:19] [TRACE] [OmnipathR] Pandoc version: `2.7.3`. [2025-10-31 15:17:19] [TRACE] [OmnipathR] Reading JSON from `/home/biocbuild/bbs-3.22-bioc/R/site-library/OmnipathR/db/db_def.json` (encoding: UTF-8). [2025-10-31 15:17:19] [TRACE] [OmnipathR] JSON validation successful: TRUE [2025-10-31 15:17:19] [TRACE] [OmnipathR] Reading JSON from `/home/biocbuild/bbs-3.22-bioc/R/site-library/OmnipathR/internal/magic_bytes.json` (encoding: UTF-8). [2025-10-31 15:17:19] [TRACE] [OmnipathR] JSON validation successful: TRUE [2025-10-31 15:17:20] [TRACE] [OmnipathR] Reading JSON from `/home/biocbuild/bbs-3.22-bioc/R/site-library/OmnipathR/internal/urls.json` (encoding: UTF-8). [2025-10-31 15:17:20] [TRACE] [OmnipathR] JSON validation successful: TRUE [2025-10-31 15:17:20] [TRACE] [OmnipathR] Reading JSON from `/home/biocbuild/bbs-3.22-bioc/R/site-library/OmnipathR/internal/id_types.json` (encoding: UTF-8). [2025-10-31 15:17:20] [TRACE] [OmnipathR] JSON validation successful: TRUE [2025-10-31 15:17:20] [TRACE] [OmnipathR] Cache locked: FALSE ** testing if installed package keeps a record of temporary installation path * DONE (OmnipathR)
OmnipathR.Rcheck/tests/testthat.Rout
R version 4.5.1 Patched (2025-08-23 r88802) -- "Great Square Root"
Copyright (C) 2025 The R Foundation for Statistical Computing
Platform: x86_64-pc-linux-gnu
R is free software and comes with ABSOLUTELY NO WARRANTY.
You are welcome to redistribute it under certain conditions.
Type 'license()' or 'licence()' for distribution details.
R is a collaborative project with many contributors.
Type 'contributors()' for more information and
'citation()' on how to cite R or R packages in publications.
Type 'demo()' for some demos, 'help()' for on-line help, or
'help.start()' for an HTML browser interface to help.
Type 'q()' to quit R.
> #!/usr/bin/env Rscript
>
> #
> # This file is part of the `OmnipathR` R package
> #
> # Copyright
> # 2018-2024
> # Saez Lab, Uniklinik RWTH Aachen, Heidelberg University
> #
> # File author(s): Alberto Valdeolivas
> # Dénes Türei (turei.denes@gmail.com)
> # Attila Gábor
> #
> # Distributed under the MIT (Expat) License.
> # See accompanying file `LICENSE` or find a copy at
> # https://directory.fsf.org/wiki/License:Expat
> #
> # Website: https://r.omnipathdb.org/
> # Git repo: https://github.com/saezlab/OmnipathR
> #
>
>
> library(testthat)
> library(OmnipathR)
[2025-11-01 02:41:08] [TRACE] [OmnipathR] Reading JSON from `/home/biocbuild/.cache/OmnipathR/cache.json` (encoding: UTF-8).
[2025-11-01 02:41:08] [TRACE] [OmnipathR] JSON validation successful: TRUE
[2025-11-01 02:41:08] [INFO] [OmnipathR] Initialized cache: `/home/biocbuild/.cache/OmnipathR`.
[2025-11-01 02:41:08] [INFO] [OmnipathR] Package `OmnipathR` packaged: NA
[2025-11-01 02:41:08] [INFO] [OmnipathR] Package `OmnipathR` date/publication: 2025-10-31
[2025-11-01 02:41:08] [INFO] [OmnipathR] Package `OmnipathR` built: R 4.5.1; ; 2025-10-31 19:17:03 UTC; unix
[2025-11-01 02:41:08] [INFO] [OmnipathR] Package `OmnipathR` version: 3.18.0
[2025-11-01 02:41:08] [INFO] [OmnipathR] Package `OmnipathR` repository: Bioconductor 3.22
[2025-11-01 02:41:08] [INFO] [OmnipathR] Session info: [version=R version 4.5.1 Patched (2025-08-23 r88802); os=Ubuntu 24.04.3 LTS; system=x86_64, linux-gnu; ui=X11; language=C; collate=C; ctype=en_US.UTF-8; tz=America/New_York; date=2025-11-01; pandoc=2.7.3 @ /usr/bin/ (via rmarkdown); quarto=1.7.32 @ /usr/local/bin/quarto]
[2025-11-01 02:41:08] [INFO] [OmnipathR] External libraries: [cairo=1.18.0; cairoFT=; pango=1.52.1; png=1.6.43; jpeg=8.0; tiff=LIBTIFF, Version 4.5.1; tcl=8.6.14; curl=8.5.0; zlib=1.3; bzlib=1.0.8, 13-Jul-2019; xz=5.4.5; deflate=1.19; PCRE=10.42 2022-12-11; ICU=74.2; TRE=TRE 0.8.0 R_fixes (BSD); iconv=glibc 2.39; readline=8.2; BLAS=/home/biocbuild/bbs-3.22-bioc/R/lib/libRblas.so; lapack=/usr/lib/x86_64-linux-gnu/lapack/liblapack.so.3.12.0; lapack_version=3.12.0]
[2025-11-01 02:41:08] [INFO] [OmnipathR] Loaded packages: backports 1.5.0(2024-05-23); bit 4.6.0(2025-03-06); bit64 4.6.0-1(2025-01-16); blob 1.2.4(2023-03-17); brio 1.1.5(2024-04-24); cachem 1.1.0(2024-05-16); cellranger 1.1.0(2016-07-27); checkmate 2.3.3(2025-08-18); cli 3.6.5(2025-04-23); crayon 1.5.3(2024-06-20); curl 7.0.0(2025-08-19); DBI 1.2.3(2024-06-02); digest 0.6.37(2024-08-19); dplyr 1.1.4(2023-11-17); evaluate 1.0.5(2025-08-27); fastmap 1.2.0(2024-05-15); fs 1.6.6(2025-04-12); generics 0.1.4(2025-05-09); glue 1.8.0(2024-09-30); hms 1.1.4(2025-10-17); htmltools 0.5.8.1(2024-04-04); httr 1.4.7(2023-08-15); httr2 1.2.1(2025-07-22); igraph 2.2.1(2025-10-27); jsonlite 2.0.0(2025-03-27); knitr 1.50(2025-03-16); later 1.4.4(2025-08-27); lifecycle 1.0.4(2023-11-07); logger 0.4.1(2025-09-11); lubridate 1.9.4(2024-12-08); magrittr 2.0.4(2025-09-12); memoise 2.0.1(2021-11-26); OmnipathR 3.18.0(2025-10-31); pillar 1.11.1(2025-09-17); pkgconfig 2.0.3(2019-09-22); prettyunits 1.2.0(2023-09-24); progress 1.2.3(2023-12-06); purrr 1.1.0(2025-07-10); R.methodsS3 1.8.2(2022-06-13); R.oo 1.27.1(2025-05-02); R.utils 2.13.0(2025-02-24); R6 2.6.1(2025-02-15); rappdirs 0.3.3(2021-01-31); Rcpp 1.1.0(2025-07-02); readr 2.1.5(2024-01-10); readxl 1.4.5(2025-03-07); rlang 1.1.6(2025-04-11); rmarkdown 2.30(2025-09-28); RSQLite 2.4.3(2025-08-20); rvest 1.0.5(2025-08-29); sessioninfo 1.2.3(2025-02-05); stringi 1.8.7(2025-03-27); stringr 1.5.2(2025-09-08); testthat 3.2.3(2025-01-13); tibble 3.3.0(2025-06-08); tidyr 1.3.1(2024-01-24); tidyselect 1.2.1(2024-03-11); timechange 0.3.0(2024-01-18); tzdb 0.5.0(2025-03-15); vctrs 0.6.5(2023-12-01); withr 3.0.2(2024-10-28); xfun 0.54(2025-10-30); XML 3.99-0.19(2025-08-22); xml2 1.4.1(2025-10-27); yaml 2.3.10(2024-07-26); zip 2.3.3(2025-05-13)
[2025-11-01 02:41:08] [INFO] [OmnipathR] CURL: version: 8.5.0; headers: 8.5.0; ssl_version: GnuTLS/3.8.3; libz_version: 1.3; libssh_version: libssh/0.10.6/openssl/zlib; libidn_version: 2.3.7; host: x86_64-pc-linux-gnu; protocols: dict, file, ftp, ftps, gopher, gophers, http, https, imap, imaps, ldap, ldaps, mqtt, pop3, pop3s, rtmp, rtmpe, rtmps, rtmpt, rtmpte, rtmpts, rtsp, scp, sftp, smb, smbs, smtp, smtps, telnet, tftp; ipv6: TRUE; http2: TRUE; idn: TRUE; url_parser: TRUE
[2025-11-01 02:41:08] [TRACE] [OmnipathR] Running on a build server, wiping cache.
[2025-11-01 02:41:08] [TRACE] [OmnipathR] Cache is at `/home/biocbuild/.cache/OmnipathR`.
[2025-11-01 02:41:08] [TRACE] [OmnipathR] Contains 11 files.
[2025-11-01 02:41:08] [TRACE] [OmnipathR] Cache is locked: FALSE.
[2025-11-01 02:41:08] [TRACE] [OmnipathR] Reading JSON from `/home/biocbuild/.cache/OmnipathR/cache.json` (encoding: UTF-8).
[2025-11-01 02:41:09] [TRACE] [OmnipathR] JSON validation successful: TRUE
[2025-11-01 02:41:09] [SUCCESS] [OmnipathR] Removing all cache contents from `/home/biocbuild/.cache/OmnipathR`.
[2025-11-01 02:41:09] [TRACE] [OmnipathR] Pandoc version: `2.7.3`.
[2025-11-01 02:41:09] [TRACE] [OmnipathR] Reading JSON from `/home/biocbuild/bbs-3.22-bioc/R/site-library/OmnipathR/db/db_def.json` (encoding: UTF-8).
[2025-11-01 02:41:09] [TRACE] [OmnipathR] JSON validation successful: TRUE
[2025-11-01 02:41:09] [TRACE] [OmnipathR] Reading JSON from `/home/biocbuild/bbs-3.22-bioc/R/site-library/OmnipathR/internal/magic_bytes.json` (encoding: UTF-8).
[2025-11-01 02:41:09] [TRACE] [OmnipathR] JSON validation successful: TRUE
[2025-11-01 02:41:09] [TRACE] [OmnipathR] Reading JSON from `/home/biocbuild/bbs-3.22-bioc/R/site-library/OmnipathR/internal/urls.json` (encoding: UTF-8).
[2025-11-01 02:41:09] [TRACE] [OmnipathR] JSON validation successful: TRUE
[2025-11-01 02:41:09] [TRACE] [OmnipathR] Reading JSON from `/home/biocbuild/bbs-3.22-bioc/R/site-library/OmnipathR/internal/id_types.json` (encoding: UTF-8).
[2025-11-01 02:41:09] [TRACE] [OmnipathR] JSON validation successful: TRUE
[2025-11-01 02:41:09] [TRACE] [OmnipathR] Cache locked: FALSE
>
> test_check('OmnipathR')
[ FAIL 0 | WARN 12 | SKIP 0 | PASS 38 ]
[ FAIL 0 | WARN 12 | SKIP 0 | PASS 38 ]
>
> proc.time()
user system elapsed
55.198 4.221 94.497
OmnipathR.Rcheck/OmnipathR-Ex.timings
| name | user | system | elapsed | |
| OmnipathR | 0 | 0 | 0 | |
| all_uniprot_acs | 0.015 | 0.002 | 0.016 | |
| all_uniprots | 22.636 | 1.264 | 37.911 | |
| ancestors | 0.009 | 0.000 | 0.008 | |
| annotated_network | 1.538 | 0.230 | 4.874 | |
| annotation_categories | 79.980 | 0.239 | 81.656 | |
| annotation_resources | 0.166 | 0.045 | 0.875 | |
| annotations | 0.776 | 0.231 | 1.930 | |
| biomart_query | 1.202 | 0.181 | 6.123 | |
| bioplex1 | 0.008 | 0.001 | 0.008 | |
| bioplex2 | 0.008 | 0.000 | 0.008 | |
| bioplex3 | 0.008 | 0.000 | 0.008 | |
| bioplex_all | 0.008 | 0.000 | 0.008 | |
| bioplex_hct116_1 | 0.008 | 0.001 | 0.008 | |
| bma_motif_es | 0.798 | 0.129 | 1.916 | |
| bma_motif_vs | 0.239 | 0.015 | 0.994 | |
| chalmers_gem | 0.01 | 0.00 | 0.01 | |
| chalmers_gem_id_mapping_table | 0.009 | 0.000 | 0.009 | |
| chalmers_gem_id_type | 0.002 | 0.000 | 0.002 | |
| chalmers_gem_metabolites | 0.008 | 0.001 | 0.009 | |
| chalmers_gem_network | 0.008 | 0.001 | 0.009 | |
| chalmers_gem_raw | 0.009 | 0.001 | 0.010 | |
| chalmers_gem_reactions | 0.037 | 0.002 | 0.039 | |
| common_name | 0.136 | 0.002 | 0.138 | |
| complex_genes | 0.975 | 0.132 | 2.917 | |
| complex_resources | 0.135 | 0.019 | 0.865 | |
| complexes | 0.312 | 0.054 | 1.063 | |
| consensuspathdb_download | 0.001 | 0.000 | 0.000 | |
| consensuspathdb_raw_table | 0.039 | 0.025 | 0.065 | |
| cosmos_pkn | 0 | 0 | 0 | |
| curated_ligand_receptor_interactions | 6.974 | 1.159 | 18.507 | |
| curated_ligrec_stats | 41.550 | 5.545 | 120.146 | |
| database_summary | 1.766 | 0.318 | 3.511 | |
| descendants | 0.010 | 0.000 | 0.009 | |
| ensembl_dataset | 0.053 | 0.002 | 0.055 | |
| ensembl_id_mapping_table | 2.667 | 0.316 | 23.488 | |
| ensembl_id_type | 0.001 | 0.000 | 0.003 | |
| ensembl_name | 0.310 | 0.033 | 0.342 | |
| ensembl_organisms | 0.115 | 0.013 | 0.128 | |
| ensembl_organisms_raw | 0.103 | 0.012 | 0.115 | |
| ensembl_orthology | 0 | 0 | 0 | |
| enzsub_graph | 2.281 | 0.135 | 4.669 | |
| enzsub_resources | 0.116 | 0.012 | 0.872 | |
| enzyme_substrate | 1.174 | 0.089 | 2.002 | |
| evex_download | 0.007 | 0.003 | 0.009 | |
| evidences | 0.000 | 0.000 | 0.001 | |
| extra_attr_values | 12.328 | 1.269 | 16.397 | |
| extra_attrs | 7.888 | 1.028 | 8.966 | |
| extra_attrs_to_cols | 13.693 | 1.333 | 15.019 | |
| filter_by_resource | 12.587 | 0.519 | 20.931 | |
| filter_extra_attrs | 42.245 | 6.140 | 65.645 | |
| filter_intercell | 13.359 | 1.171 | 28.727 | |
| filter_intercell_network | 0.052 | 0.004 | 0.084 | |
| find_all_paths | 8.949 | 0.299 | 11.605 | |
| from_evidences | 0 | 0 | 0 | |
| get_db | 0.000 | 0.001 | 0.000 | |
| get_ontology_db | 0.015 | 0.002 | 0.034 | |
| giant_component | 10.125 | 0.718 | 13.813 | |
| go_annot_download | 20.089 | 0.964 | 31.385 | |
| go_annot_slim | 0 | 0 | 0 | |
| go_ontology_download | 0.023 | 0.004 | 0.052 | |
| guide2pharma_download | 0.024 | 0.003 | 0.054 | |
| harmonizome_download | 0.027 | 0.002 | 0.058 | |
| has_extra_attrs | 9.296 | 1.218 | 11.195 | |
| hmdb_id_mapping_table | 0.008 | 0.000 | 0.008 | |
| hmdb_id_type | 0.002 | 0.000 | 0.002 | |
| hmdb_metabolite_fields | 0.000 | 0.000 | 0.001 | |
| hmdb_protein_fields | 0 | 0 | 0 | |
| hmdb_table | 0.008 | 0.000 | 0.008 | |
| homologene_download | 0.009 | 0.000 | 0.008 | |
| homologene_raw | 0.058 | 0.000 | 0.057 | |
| homologene_uniprot_orthology | 0.056 | 0.000 | 0.056 | |
| hpo_download | 2.659 | 0.149 | 3.113 | |
| htridb_download | 0.009 | 0.000 | 0.009 | |
| id_translation_resources | 0.001 | 0.000 | 0.001 | |
| id_types | 0.044 | 0.001 | 0.045 | |
| inbiomap_download | 0 | 0 | 0 | |
| inbiomap_raw | 0.000 | 0.000 | 0.001 | |
| interaction_datasets | 1.046 | 0.045 | 1.600 | |
| interaction_graph | 0.801 | 0.029 | 1.828 | |
| interaction_resources | 0.198 | 0.013 | 1.010 | |
| interaction_types | 0.134 | 0.005 | 0.190 | |
| intercell | 1.770 | 0.078 | 2.999 | |
| intercell_categories | 1.214 | 0.051 | 2.471 | |
| intercell_consensus_filter | 2.702 | 0.128 | 5.299 | |
| intercell_generic_categories | 0.193 | 0.003 | 0.393 | |
| intercell_network | 0.023 | 0.000 | 0.048 | |
| intercell_resources | 0.197 | 0.017 | 1.156 | |
| intercell_summary | 0.157 | 0.012 | 0.228 | |
| is_ontology_id | 0 | 0 | 0 | |
| is_swissprot | 0.131 | 0.003 | 0.217 | |
| is_trembl | 0.128 | 0.002 | 0.257 | |
| is_uniprot | 0.023 | 0.000 | 0.045 | |
| kegg_api_templates | 0.001 | 0.000 | 0.002 | |
| kegg_conv | 2.303 | 0.226 | 16.614 | |
| kegg_databases | 0.001 | 0.000 | 0.000 | |
| kegg_ddi | 0.973 | 0.044 | 2.304 | |
| kegg_find | 0.716 | 0.034 | 2.236 | |
| kegg_info | 0.01 | 0.00 | 0.01 | |
| kegg_link | 1.149 | 0.054 | 7.027 | |
| kegg_list | 1.093 | 0.059 | 2.216 | |
| kegg_open | 0.019 | 0.001 | 0.018 | |
| kegg_operations | 0.000 | 0.001 | 0.000 | |
| kegg_organism_codes | 0.019 | 0.014 | 0.033 | |
| kegg_organisms | 0.037 | 0.003 | 0.040 | |
| kegg_pathway_annotations | 0 | 0 | 0 | |
| kegg_pathway_download | 0.016 | 0.001 | 0.017 | |
| kegg_pathway_list | 0.016 | 0.000 | 0.016 | |
| kegg_pathways_download | 0 | 0 | 0 | |
| kegg_picture | 2.186 | 0.040 | 7.357 | |
| kegg_process | 0.036 | 0.001 | 0.037 | |
| kegg_query | 0.015 | 0.001 | 0.016 | |
| kegg_request | 0.134 | 0.006 | 0.204 | |
| kegg_rm_prefix | 1.619 | 0.063 | 6.815 | |
| kinasephos | 1.614 | 0.111 | 18.217 | |
| latin_name | 0.344 | 0.006 | 0.355 | |
| load_db | 0.134 | 0.019 | 0.152 | |
| metalinksdb_sqlite | 1.551 | 0.193 | 11.243 | |
| metalinksdb_table | 0.405 | 0.023 | 0.640 | |
| metalinksdb_tables | 0.048 | 0.001 | 0.098 | |
| ncbi_taxid | 0.511 | 0.006 | 1.096 | |
| nichenet_build_model | 0 | 0 | 0 | |
| nichenet_expression_data | 0.020 | 0.000 | 0.021 | |
| nichenet_gr_network | 0.065 | 0.001 | 0.109 | |
| nichenet_gr_network_evex | 0.020 | 0.003 | 0.041 | |
| nichenet_gr_network_harmonizome | 0.021 | 0.002 | 0.048 | |
| nichenet_gr_network_htridb | 0.024 | 0.000 | 0.047 | |
| nichenet_gr_network_omnipath | 24.825 | 0.847 | 32.699 | |
| nichenet_gr_network_pathwaycommons | 0.01 | 0.00 | 0.01 | |
| nichenet_gr_network_regnetwork | 0.008 | 0.000 | 0.008 | |
| nichenet_gr_network_remap | 0.007 | 0.001 | 0.008 | |
| nichenet_gr_network_trrust | 0.008 | 0.000 | 0.008 | |
| nichenet_ligand_activities | 0.001 | 0.000 | 0.000 | |
| nichenet_ligand_target_links | 0 | 0 | 0 | |
| nichenet_ligand_target_matrix | 0.000 | 0.000 | 0.001 | |
| nichenet_lr_network | 0.025 | 0.000 | 0.025 | |
| nichenet_lr_network_guide2pharma | 0.009 | 0.000 | 0.009 | |
| nichenet_lr_network_omnipath | 0.025 | 0.002 | 0.027 | |
| nichenet_lr_network_ramilowski | 0.007 | 0.002 | 0.008 | |
| nichenet_main | 0 | 0 | 0 | |
| nichenet_networks | 0.040 | 0.001 | 0.041 | |
| nichenet_optimization | 0 | 0 | 0 | |
| nichenet_remove_orphan_ligands | 0.024 | 0.001 | 0.025 | |
| nichenet_results_dir | 0 | 0 | 0 | |
| nichenet_signaling_network | 0.025 | 0.001 | 0.027 | |
| nichenet_signaling_network_cpdb | 0.008 | 0.000 | 0.009 | |
| nichenet_signaling_network_evex | 0.008 | 0.001 | 0.009 | |
| nichenet_signaling_network_harmonizome | 0.009 | 0.000 | 0.008 | |
| nichenet_signaling_network_inbiomap | 0 | 0 | 0 | |
| nichenet_signaling_network_omnipath | 10.766 | 0.397 | 13.642 | |
| nichenet_signaling_network_pathwaycommons | 0.023 | 0.002 | 0.026 | |
| nichenet_signaling_network_vinayagam | 0.024 | 0.000 | 0.023 | |
| nichenet_test | 0.000 | 0.000 | 0.001 | |
| nichenet_workarounds | 0.000 | 0.000 | 0.001 | |
| obo_parser | 0.247 | 0.011 | 0.296 | |
| oma_code | 0.143 | 0.003 | 0.146 | |
| oma_organisms | 0.062 | 0.004 | 0.067 | |
| oma_pairwise | 0.008 | 0.002 | 0.010 | |
| oma_pairwise_genesymbols | 0.010 | 0.000 | 0.009 | |
| oma_pairwise_translated | 0.008 | 0.001 | 0.009 | |
| omnipath-interactions | 44.955 | 2.692 | 78.629 | |
| omnipath_cache_autoclean | 0 | 0 | 0 | |
| omnipath_cache_clean | 0.007 | 0.001 | 0.009 | |
| omnipath_cache_clean_db | 0.082 | 0.012 | 0.093 | |
| omnipath_cache_download_ready | 0.468 | 0.070 | 0.572 | |
| omnipath_cache_filter_versions | 0.073 | 0.011 | 0.086 | |
| omnipath_cache_get | 0.065 | 0.008 | 0.073 | |
| omnipath_cache_key | 0.001 | 0.000 | 0.002 | |
| omnipath_cache_latest_or_new | 0.053 | 0.003 | 0.056 | |
| omnipath_cache_load | 0.679 | 0.029 | 3.059 | |
| omnipath_cache_move_in | 0.123 | 0.004 | 0.133 | |
| omnipath_cache_remove | 0.071 | 0.008 | 0.083 | |
| omnipath_cache_save | 0.188 | 0.013 | 0.312 | |
| omnipath_cache_search | 0.000 | 0.000 | 0.001 | |
| omnipath_cache_set_ext | 0.064 | 0.005 | 0.074 | |
| omnipath_cache_update_status | 0.105 | 0.008 | 0.114 | |
| omnipath_cache_wipe | 0 | 0 | 0 | |
| omnipath_config_path | 0.001 | 0.000 | 0.001 | |
| omnipath_for_cosmos | 9.489 | 0.436 | 33.053 | |
| omnipath_load_config | 0 | 0 | 0 | |
| omnipath_log | 0 | 0 | 0 | |
| omnipath_logfile | 0.001 | 0.000 | 0.001 | |
| omnipath_msg | 0.005 | 0.000 | 0.005 | |
| omnipath_query | 3.497 | 0.090 | 3.580 | |
| omnipath_reset_config | 0 | 0 | 0 | |
| omnipath_save_config | 0 | 0 | 0 | |
| omnipath_set_cachedir | 0.024 | 0.002 | 0.025 | |
| omnipath_set_console_loglevel | 0.004 | 0.000 | 0.004 | |
| omnipath_set_logfile_loglevel | 0.003 | 0.000 | 0.004 | |
| omnipath_set_loglevel | 0.001 | 0.000 | 0.002 | |
| omnipath_show_db | 0.059 | 0.010 | 0.069 | |
| omnipath_unlock_cache_db | 0 | 0 | 0 | |
| only_from | 0 | 0 | 0 | |
| ontology_ensure_id | 0 | 0 | 0 | |
| ontology_ensure_name | 0 | 0 | 0 | |
| ontology_name_id | 0.001 | 0.000 | 0.000 | |
| organism_for | 0.191 | 0.003 | 0.193 | |
| pathwaycommons_download | 0.001 | 0.000 | 0.001 | |
| pivot_annotations | 9.654 | 0.522 | 18.347 | |
| preppi_download | 0.001 | 0.000 | 0.001 | |
| preppi_filter | 0.001 | 0.000 | 0.001 | |
| print_bma_motif_es | 0.653 | 0.064 | 1.647 | |
| print_bma_motif_vs | 0.271 | 0.017 | 0.997 | |
| print_interactions | 8.960 | 0.488 | 15.034 | |
| print_path_es | 1.188 | 0.131 | 2.848 | |
| print_path_vs | 3.034 | 0.324 | 6.395 | |
| pubmed_open | 3.805 | 0.202 | 4.004 | |
| query_info | 0.440 | 0.006 | 0.674 | |
| ramilowski_download | 0.001 | 0.000 | 0.001 | |
| ramp_id_mapping_table | 0.001 | 0.000 | 0.001 | |
| ramp_id_type | 0.002 | 0.000 | 0.002 | |
| ramp_sqlite | 0.001 | 0.000 | 0.001 | |
| ramp_table | 0 | 0 | 0 | |
| ramp_tables | 0 | 0 | 0 | |