Back to Multiple platform build/check report for BioC 3.22:   simplified   long
ABCDEFGHIJKLMN[O]PQRSTUVWXYZ

This page was generated on 2025-11-11 12:03 -0500 (Tue, 11 Nov 2025).

HostnameOSArch (*)R versionInstalled pkgs
nebbiolo2Linux (Ubuntu 24.04.3 LTS)x86_644.5.1 Patched (2025-08-23 r88802) -- "Great Square Root" 4902
kjohnson3macOS 13.7.7 Venturaarm644.5.1 Patched (2025-09-10 r88807) -- "Great Square Root" 4638
Click on any hostname to see more info about the system (e.g. compilers)      (*) as reported by 'uname -p', except on Windows and Mac OS X

Package 1505/2361HostnameOS / ArchINSTALLBUILDCHECKBUILD BIN
OmnipathR 3.18.0  (landing page)
Denes Turei
Snapshot Date: 2025-11-10 13:45 -0500 (Mon, 10 Nov 2025)
git_url: https://git.bioconductor.org/packages/OmnipathR
git_branch: RELEASE_3_22
git_last_commit: e49d643
git_last_commit_date: 2025-10-29 10:55:03 -0500 (Wed, 29 Oct 2025)
nebbiolo2Linux (Ubuntu 24.04.3 LTS) / x86_64  OK    OK    ERROR  
kjohnson3macOS 13.7.7 Ventura / arm64  OK    OK    ERROR    OK  


CHECK results for OmnipathR on kjohnson3

To the developers/maintainers of the OmnipathR package:
- Allow up to 24 hours (and sometimes 48 hours) for your latest push to git@git.bioconductor.org:packages/OmnipathR.git to reflect on this report. See Troubleshooting Build Report for more information.
- Use the following Renviron settings to reproduce errors and warnings.
- If 'R CMD check' started to fail recently on the Linux builder(s) over a missing dependency, add the missing dependency to 'Suggests:' in your DESCRIPTION file. See Renviron.bioc for more information.

raw results


Summary

Package: OmnipathR
Version: 3.18.0
Command: /Library/Frameworks/R.framework/Resources/bin/R CMD check --install=check:OmnipathR.install-out.txt --library=/Library/Frameworks/R.framework/Resources/library --no-vignettes --timings OmnipathR_3.18.0.tar.gz
StartedAt: 2025-11-10 21:26:31 -0500 (Mon, 10 Nov 2025)
EndedAt: 2025-11-10 21:36:02 -0500 (Mon, 10 Nov 2025)
EllapsedTime: 570.6 seconds
RetCode: 1
Status:   ERROR  
CheckDir: OmnipathR.Rcheck
Warnings: NA

Command output

##############################################################################
##############################################################################
###
### Running command:
###
###   /Library/Frameworks/R.framework/Resources/bin/R CMD check --install=check:OmnipathR.install-out.txt --library=/Library/Frameworks/R.framework/Resources/library --no-vignettes --timings OmnipathR_3.18.0.tar.gz
###
##############################################################################
##############################################################################


* using log directory ‘/Users/biocbuild/bbs-3.22-bioc/meat/OmnipathR.Rcheck’
* using R version 4.5.1 Patched (2025-09-10 r88807)
* using platform: aarch64-apple-darwin20
* R was compiled by
    Apple clang version 16.0.0 (clang-1600.0.26.6)
    GNU Fortran (GCC) 14.2.0
* running under: macOS Ventura 13.7.7
* using session charset: UTF-8
* using option ‘--no-vignettes’
* checking for file ‘OmnipathR/DESCRIPTION’ ... OK
* checking extension type ... Package
* this is package ‘OmnipathR’ version ‘3.18.0’
* package encoding: UTF-8
* checking package namespace information ... OK
* checking package dependencies ... INFO
Imports includes 35 non-default packages.
Importing from so many packages makes the package vulnerable to any of
them becoming unavailable.  Move as many as possible to Suggests and
use conditionally.
* checking if this is a source package ... OK
* checking if there is a namespace ... OK
* checking for hidden files and directories ... OK
* checking for portable file names ... OK
* checking for sufficient/correct file permissions ... OK
* checking whether package ‘OmnipathR’ can be installed ... OK
* checking installed package size ... OK
* checking package directory ... OK
* checking DESCRIPTION meta-information ... OK
* checking top-level files ... OK
* checking for left-over files ... OK
* checking index information ... OK
* checking package subdirectories ... OK
* checking code files for non-ASCII characters ... OK
* checking R files for syntax errors ... OK
* checking whether the package can be loaded ... OK
* checking whether the package can be loaded with stated dependencies ... OK
* checking whether the package can be unloaded cleanly ... OK
* checking whether the namespace can be loaded with stated dependencies ... OK
* checking whether the namespace can be unloaded cleanly ... OK
* checking whether startup messages can be suppressed ... NOTE
[2025-11-10 21:26:44] [TRACE]   [OmnipathR] Reading JSON from `/Users/biocbuild/Library/Caches/OmnipathR/cache.json` (encoding: UTF-8).
[2025-11-10 21:26:44] [TRACE]   [OmnipathR] JSON validation successful: TRUE
[2025-11-10 21:26:44] [INFO]    [OmnipathR] Initialized cache: `/Users/biocbuild/Library/Caches/OmnipathR`.
[2025-11-10 21:26:44] [INFO]    [OmnipathR] Package `OmnipathR` packaged: NA
[2025-11-10 21:26:44] [INFO]    [OmnipathR] Package `OmnipathR` date/publication: 2025-11-10
[2025-11-10 21:26:44] [INFO]    [OmnipathR] Package `OmnipathR` built: R 4.5.1; ; 2025-11-10 20:05:02 UTC; unix
[2025-11-10 21:26:44] [INFO]    [OmnipathR] Package `OmnipathR` version: 3.18.0
[2025-11-10 21:26:44] [INFO]    [OmnipathR] Package `OmnipathR` repository: Bioconductor 3.22
[2025-11-10 21:26:45] [INFO]    [OmnipathR] Session info: [version=R version 4.5.1 Patched (2025-09-10 r88807); os=macOS Ventura 13.7.7; system=aarch64, darwin20; ui=X11; language=(EN); collate=C; ctype=en_US.UTF-8; tz=America/New_York; date=2025-11-10; pandoc=3.1.12.3 @ /opt/homebrew/bin/ (via rmarkdown); quarto=1.7.32 @ /usr/local/bin/quarto]
[2025-11-10 21:26:45] [INFO]    [OmnipathR] External libraries: [cairo=1.17.6; cairoFT=; pango=1.50.14; png=1.6.44; jpeg=9.5; tiff=LIBTIFF, Version 4.5.0; tcl=8.6.13; curl=8.7.1; zlib=1.2.11; bzlib=1.0.8, 13-Jul-2019; xz=5.6.3; deflate=1.23; PCRE=10.44 2024-06-07; ICU=70.2; TRE=TRE 0.8.0 R_fixes (BSD); iconv=Apple or GNU libiconv 1.11 /Library/Frameworks/R.framework/Versions/4.5-arm64/Resources/lib/libR.dylib; readline=5.2; BLAS=/Library/Frameworks/R.framework/Versions/4.5-arm64/Resources/lib/libRblas.0.dylib; lapack=/Library/Frameworks/R.framework/Versions/4.5-arm64/Resources/lib/libRlapack.dylib; lapack_version=3.12.1]
[2025-11-10 21:26:45] [INFO]    [OmnipathR] Loaded packages: backports 1.5.0(2024-05-23); bit 4.6.0(2025-03-06); bit64 4.6.0-1(2025-01-16); blob 1.2.4(2023-03-17); cachem 1.1.0(2024-05-16); cellranger 1.1.0(2016-07-27); checkmate 2.3.3(2025-08-18); chromote 0.5.1(2025-04-24); cli 3.6.5(2025-04-23); crayon 1.5.3(2024-06-20); curl 7.0.0(2025-08-19); DBI 1.2.3(2024-06-02); digest 0.6.37(2024-08-19); dplyr 1.1.4(2023-11-17); evaluate 1.0.5(2025-08-27); fastmap 1.2.0(2024-05-15); fs 1.6.6(2025-04-12); generics 0.1.4(2025-05-09); glue 1.8.0(2024-09-30); hms 1.1.4(2025-10-17); htmltools 0.5.8.1(2024-04-04); httr 1.4.7(2023-08-15); httr2 1.2.1(2025-07-22); igraph 2.2.1(2025-10-27); jsonlite 2.0.0(2025-03-27); knitr 1.50(2025-03-16); later 1.4.4(2025-08-27); lifecycle 1.0.4(2023-11-07); logger 0.4.1(2025-09-11); lubridate 1.9.4(2024-12-08); magrittr 2.0.4(2025-09-12); memoise 2.0.1(2021-11-26); OmnipathR 3.18.0(2025-11-10); otel 0.2.0(2025-08-29); pillar 1.11.1(2025-09-17); pkgconfig 2.0.3(2019-09-22); prettyunits 1.2.0(2023-09-24); processx 3.8.6(2025-02-21); progress 1.2.3(2023-12-06); promises 1.5.0(2025-11-01); ps 1.9.1(2025-04-12); purrr 1.2.0(2025-11-04); R.methodsS3 1.8.2(2022-06-13); R.oo 1.27.1(2025-05-02); R.utils 2.13.0(2025-02-24); R6 2.6.1(2025-02-15); rappdirs 0.3.3(2021-01-31); Rcpp 1.1.0(2025-07-02); readr 2.1.5(2024-01-10); readxl 1.4.5(2025-03-07); rlang 1.1.6(2025-04-11); rmarkdown 2.30(2025-09-28); RSQLite 2.4.4(2025-11-10); rvest 1.0.5(2025-08-29); sessioninfo 1.2.3(2025-02-05); stringi 1.8.7(2025-03-27); stringr 1.6.0(2025-11-04); tibble 3.3.0(2025-06-08); tidyr 1.3.1(2024-01-24); tidyselect 1.2.1(2024-03-11); timechange 0.3.0(2024-01-18); tzdb 0.5.0(2025-03-15); vctrs 0.6.5(2023-12-01); websocket 1.4.4(2025-04-10); withr 3.0.2(2024-10-28); xfun 0.54(2025-10-30); XML 3.99-0.20(2025-11-08); xml2 1.4.1(2025-10-27); yaml 2.3.10(2024-07-26); zip 2.3.3(2025-05-13)
[2025-11-10 21:26:45] [INFO]    [OmnipathR] CURL: version: 8.14.1; headers: 8.14.1; ssl_version: LibreSSL/3.3.6 (SecureTransport); libz_version: 1.2.11; libssh_version: NA; libidn_version: NA; host: aarch64-apple-darwin23.6.0; protocols: dict, file, ftp, ftps, gopher, gophers, http, https, imap, imaps, ldap, ldaps, mqtt, pop3, pop3s, rtsp, smb, smbs, smtp, smtps, telnet, tftp, ws, wss; ipv6: TRUE; http2: TRUE; idn: FALSE; url_parser: TRUE
[2025-11-10 21:26:45] [TRACE]   [OmnipathR] Running on a build server, wiping cache.
[2025-11-10 21:26:45] [TRACE]   [OmnipathR] Cache is at `/Users/biocbuild/Library/Caches/OmnipathR`.
[2025-11-10 21:26:45] [TRACE]   [OmnipathR] Contains 1 files.
[2025-11-10 21:26:45] [TRACE]   [OmnipathR] Cache is locked: FALSE.
[2025-11-10 21:26:45] [TRACE]   [OmnipathR] Reading JSON from `/Users/biocbuild/Library/Caches/OmnipathR/cache.json` (encoding: UTF-8).
[2025-11-10 21:26:45] [TRACE]   [OmnipathR] JSON validation successful: TRUE
[2025-11-10 21:26:45] [SUCCESS] [OmnipathR] Removing all cache contents from `/Users/biocbuild/Library/Caches/OmnipathR`.
[2025-11-10 21:26:45] [TRACE]   [OmnipathR] Pandoc version: `3.1.12.3`.
[2025-11-10 21:26:45] [TRACE]   [OmnipathR] Reading JSON from `/Library/Frameworks/R.framework/Versions/4.5-arm64/Resources/library/OmnipathR/db/db_def.json` (encoding: UTF-8).
[2025-11-10 21:26:45] [TRACE]   [OmnipathR] JSON validation successful: TRUE
[2025-11-10 21:26:45] [TRACE]   [OmnipathR] Reading JSON from `/Library/Frameworks/R.framework/Versions/4.5-arm64/Resources/library/OmnipathR/internal/magic_bytes.json` (encoding: UTF-8).
[2025-11-10 21:26:45] [TRACE]   [OmnipathR] JSON validation successful: TRUE
[2025-11-10 21:26:45] [TRACE]   [OmnipathR] Reading JSON from `/Library/Frameworks/R.framework/Versions/4.5-arm64/Resources/library/OmnipathR/internal/urls.json` (encoding: UTF-8).
[2025-11-10 21:26:45] [TRACE]   [OmnipathR] JSON validation successful: TRUE
[2025-11-10 21:26:45] [TRACE]   [OmnipathR] Reading JSON from `/Library/Frameworks/R.framework/Versions/4.5-arm64/Resources/library/OmnipathR/internal/id_types.json` (encoding: UTF-8).
[2025-11-10 21:26:45] [TRACE]   [OmnipathR] JSON validation successful: TRUE
[2025-11-10 21:26:45] [TRACE]   [OmnipathR] Cache locked: FALSE

It looks like this package (or a package it requires) has a startup
message which cannot be suppressed: see ?packageStartupMessage.
* checking dependencies in R code ... OK
* checking S3 generic/method consistency ... OK
* checking replacement functions ... OK
* checking foreign function calls ... OK
* checking R code for possible problems ... NOTE
[2025-11-10 21:26:52] [TRACE]   [OmnipathR] Reading JSON from `/Users/biocbuild/Library/Caches/OmnipathR/cache.json` (encoding: UTF-8).
[2025-11-10 21:26:52] [TRACE]   [OmnipathR] JSON validation successful: TRUE
[2025-11-10 21:26:52] [INFO]    [OmnipathR] Initialized cache: `/Users/biocbuild/Library/Caches/OmnipathR`.
[2025-11-10 21:26:52] [INFO]    [OmnipathR] Package `OmnipathR` packaged: NA
[2025-11-10 21:26:52] [INFO]    [OmnipathR] Package `OmnipathR` date/publication: 2025-11-10
[2025-11-10 21:26:52] [INFO]    [OmnipathR] Package `OmnipathR` built: R 4.5.1; ; 2025-11-10 20:05:02 UTC; unix
[2025-11-10 21:26:52] [INFO]    [OmnipathR] Package `OmnipathR` version: 3.18.0
[2025-11-10 21:26:52] [INFO]    [OmnipathR] Package `OmnipathR` repository: Bioconductor 3.22
[2025-11-10 21:26:52] [INFO]    [OmnipathR] Session info: [version=R version 4.5.1 Patched (2025-09-10 r88807); os=macOS Ventura 13.7.7; system=aarch64, darwin20; ui=X11; language=(EN); collate=C; ctype=en_US.UTF-8; tz=America/New_York; date=2025-11-10; pandoc=3.1.12.3 @ /opt/homebrew/bin/ (via rmarkdown); quarto=1.7.32 @ /usr/local/bin/quarto]
[2025-11-10 21:26:52] [INFO]    [OmnipathR] External libraries: [cairo=1.17.6; cairoFT=; pango=1.50.14; png=1.6.44; jpeg=9.5; tiff=LIBTIFF, Version 4.5.0; tcl=8.6.13; curl=8.7.1; zlib=1.2.11; bzlib=1.0.8, 13-Jul-2019; xz=5.6.3; deflate=1.23; PCRE=10.44 2024-06-07; ICU=70.2; TRE=TRE 0.8.0 R_fixes (BSD); iconv=Apple or GNU libiconv 1.11 /Library/Frameworks/R.framework/Versions/4.5-arm64/Resources/lib/libR.dylib; readline=5.2; BLAS=/Library/Frameworks/R.framework/Versions/4.5-arm64/Resources/lib/libRblas.0.dylib; lapack=/Library/Frameworks/R.framework/Versions/4.5-arm64/Resources/lib/libRlapack.dylib; lapack_version=3.12.1]
[2025-11-10 21:26:52] [INFO]    [OmnipathR] Loaded packages: backports 1.5.0(2024-05-23); bit 4.6.0(2025-03-06); bit64 4.6.0-1(2025-01-16); blob 1.2.4(2023-03-17); cachem 1.1.0(2024-05-16); cellranger 1.1.0(2016-07-27); checkmate 2.3.3(2025-08-18); chromote 0.5.1(2025-04-24); cli 3.6.5(2025-04-23); crayon 1.5.3(2024-06-20); curl 7.0.0(2025-08-19); DBI 1.2.3(2024-06-02); digest 0.6.37(2024-08-19); dplyr 1.1.4(2023-11-17); evaluate 1.0.5(2025-08-27); fastmap 1.2.0(2024-05-15); fs 1.6.6(2025-04-12); generics 0.1.4(2025-05-09); glue 1.8.0(2024-09-30); hms 1.1.4(2025-10-17); htmltools 0.5.8.1(2024-04-04); httr 1.4.7(2023-08-15); httr2 1.2.1(2025-07-22); igraph 2.2.1(2025-10-27); jsonlite 2.0.0(2025-03-27); knitr 1.50(2025-03-16); later 1.4.4(2025-08-27); lifecycle 1.0.4(2023-11-07); logger 0.4.1(2025-09-11); lubridate 1.9.4(2024-12-08); magrittr 2.0.4(2025-09-12); memoise 2.0.1(2021-11-26); OmnipathR 3.18.0(2025-11-10); otel 0.2.0(2025-08-29); pillar 1.11.1(2025-09-17); pkgconfig 2.0.3(2019-09-22); prettyunits 1.2.0(2023-09-24); processx 3.8.6(2025-02-21); progress 1.2.3(2023-12-06); promises 1.5.0(2025-11-01); ps 1.9.1(2025-04-12); purrr 1.2.0(2025-11-04); R.methodsS3 1.8.2(2022-06-13); R.oo 1.27.1(2025-05-02); R.utils 2.13.0(2025-02-24); R6 2.6.1(2025-02-15); rappdirs 0.3.3(2021-01-31); Rcpp 1.1.0(2025-07-02); readr 2.1.5(2024-01-10); readxl 1.4.5(2025-03-07); rlang 1.1.6(2025-04-11); rmarkdown 2.30(2025-09-28); RSQLite 2.4.4(2025-11-10); rvest 1.0.5(2025-08-29); sessioninfo 1.2.3(2025-02-05); stringi 1.8.7(2025-03-27); stringr 1.6.0(2025-11-04); tibble 3.3.0(2025-06-08); tidyr 1.3.1(2024-01-24); tidyselect 1.2.1(2024-03-11); timechange 0.3.0(2024-01-18); tzdb 0.5.0(2025-03-15); vctrs 0.6.5(2023-12-01); websocket 1.4.4(2025-04-10); withr 3.0.2(2024-10-28); xfun 0.54(2025-10-30); XML 3.99-0.20(2025-11-08); xml2 1.4.1(2025-10-27); yaml 2.3.10(2024-07-26); zip 2.3.3(2025-05-13)
[2025-11-10 21:26:52] [INFO]    [OmnipathR] CURL: version: 8.14.1; headers: 8.14.1; ssl_version: LibreSSL/3.3.6 (SecureTransport); libz_version: 1.2.11; libssh_version: NA; libidn_version: NA; host: aarch64-apple-darwin23.6.0; protocols: dict, file, ftp, ftps, gopher, gophers, http, https, imap, imaps, ldap, ldaps, mqtt, pop3, pop3s, rtsp, smb, smbs, smtp, smtps, telnet, tftp, ws, wss; ipv6: TRUE; http2: TRUE; idn: FALSE; url_parser: TRUE
[2025-11-10 21:26:52] [TRACE]   [OmnipathR] Running on a build server, wiping cache.
[2025-11-10 21:26:52] [TRACE]   [OmnipathR] Cache is at `/Users/biocbuild/Library/Caches/OmnipathR`.
[2025-11-10 21:26:52] [TRACE]   [OmnipathR] Contains 1 files.
[2025-11-10 21:26:52] [TRACE]   [OmnipathR] Cache is locked: FALSE.
[2025-11-10 21:26:52] [TRACE]   [OmnipathR] Reading JSON from `/Users/biocbuild/Library/Caches/OmnipathR/cache.json` (encoding: UTF-8).
[2025-11-10 21:26:52] [TRACE]   [OmnipathR] JSON validation successful: TRUE
[2025-11-10 21:26:52] [SUCCESS] [OmnipathR] Removing all cache contents from `/Users/biocbuild/Library/Caches/OmnipathR`.
[2025-11-10 21:26:52] [TRACE]   [OmnipathR] Pandoc version: `3.1.12.3`.
[2025-11-10 21:26:52] [TRACE]   [OmnipathR] Reading JSON from `/Library/Frameworks/R.framework/Versions/4.5-arm64/Resources/library/OmnipathR/db/db_def.json` (encoding: UTF-8).
[2025-11-10 21:26:52] [TRACE]   [OmnipathR] JSON validation successful: TRUE
[2025-11-10 21:26:52] [TRACE]   [OmnipathR] Reading JSON from `/Library/Frameworks/R.framework/Versions/4.5-arm64/Resources/library/OmnipathR/internal/magic_bytes.json` (encoding: UTF-8).
[2025-11-10 21:26:52] [TRACE]   [OmnipathR] JSON validation successful: TRUE
[2025-11-10 21:26:52] [TRACE]   [OmnipathR] Reading JSON from `/Library/Frameworks/R.framework/Versions/4.5-arm64/Resources/library/OmnipathR/internal/urls.json` (encoding: UTF-8).
[2025-11-10 21:26:52] [TRACE]   [OmnipathR] JSON validation successful: TRUE
[2025-11-10 21:26:52] [TRACE]   [OmnipathR] Reading JSON from `/Library/Frameworks/R.framework/Versions/4.5-arm64/Resources/library/OmnipathR/internal/id_types.json` (encoding: UTF-8).
[2025-11-10 21:26:52] [TRACE]   [OmnipathR] JSON validation successful: TRUE
[2025-11-10 21:26:52] [TRACE]   [OmnipathR] Cache locked: FALSE
.cosmos_pkn: no visible global function definition for
  ‘metabolite_idsc’
cosmos_ksn: no visible binding for global variable
  ‘substrate_genesymbol’
cosmos_ksn: no visible binding for global variable ‘residue_type’
cosmos_ksn: no visible binding for global variable ‘residue_offset’
cosmos_ksn: no visible binding for global variable ‘enzyme_genesymbol’
cosmos_ksn: no visible binding for global variable ‘mor’
recon3d_compartments: no visible global function definition for
  ‘.slow_dowtest’
recon3d_genes: no visible global function definition for
  ‘.slow_dowtest’
recon3d_genes: no visible binding for global variable ‘notes’
recon3d_genes: no visible binding for global variable ‘annotation’
recon3d_genes: no visible binding for global variable
  ‘original_bigg_ids’
recon3d_metabolites: no visible global function definition for
  ‘.slow_dowtest’
recon3d_metabolites: no visible binding for global variable ‘notes’
recon3d_metabolites: no visible binding for global variable
  ‘original_bigg_ids’
recon3d_metabolites: no visible binding for global variable
  ‘annotation’
recon3d_metabolites: no visible binding for global variable ‘hmdb’
recon3d_metabolites: no visible binding for global variable ‘metHMDBID’
recon3d_raw: no visible global function definition for ‘.slow_dowtest’
recon3d_raw_vmh: no visible global function definition for
  ‘.slow_dowtest’
recon3d_reactions: no visible global function definition for
  ‘.slow_dowtest’
recon3d_reactions: no visible binding for global variable ‘notes’
recon3d_reactions: no visible binding for global variable ‘metabolites’
recon3d_reactions: no visible binding for global variable
  ‘original_bigg_ids’
recon3d_table: no visible global function definition for
  ‘.slow_dowtest’
taxon_names_table: no visible binding for global variable
  ‘latin_name_uniprot’
taxon_names_table: no visible binding for global variable
  ‘latin_name_ensembl’
taxon_names_table: no visible binding for global variable
  ‘latin_name_oma’
taxon_names_table: no visible binding for global variable
  ‘common_name_ensembl’
taxon_names_table: no visible binding for global variable
  ‘common_name_uniprot’
Undefined global functions or variables:
  .slow_dowtest annotation common_name_ensembl common_name_uniprot
  enzyme_genesymbol hmdb latin_name_ensembl latin_name_oma
  latin_name_uniprot metHMDBID metabolite_idsc metabolites mor notes
  original_bigg_ids residue_offset residue_type substrate_genesymbol
* checking Rd files ... OK
* checking Rd metadata ... OK
* checking Rd cross-references ... OK
* checking for missing documentation entries ... OK
* checking for code/documentation mismatches ... OK
* checking Rd \usage sections ... OK
* checking Rd contents ... OK
* checking for unstated dependencies in examples ... OK
* checking R/sysdata.rda ... OK
* checking files in ‘vignettes’ ... OK
* checking examples ... ERROR
Running examples in ‘OmnipathR-Ex.R’ failed
The error most likely occurred in:

> base::assign(".ptime", proc.time(), pos = "CheckExEnv")
> ### Name: recon3d_metabolites
> ### Title: Metabolites from Recon-3D
> ### Aliases: recon3d_metabolites recon3d_reactions recon3d_genes
> ###   recon3d_compartments
> 
> ### ** Examples
> 
> recon3d_metabolites()
Error in .slow_dowtest() : could not find function ".slow_dowtest"
Calls: recon3d_metabolites
Execution halted
Examples with CPU (user + system) or elapsed time > 5s
                                       user system elapsed
annotation_categories                37.361  0.034  38.929
curated_ligrec_stats                 13.510  1.859  78.408
omnipath-interactions                11.814  0.986  38.040
filter_extra_attrs                    8.465  2.854  12.212
extra_attr_values                     8.677  1.909  30.652
all_uniprots                          6.973  0.716  23.709
go_annot_download                     7.010  0.506  10.551
nichenet_gr_network_omnipath          6.059  0.580   8.996
extra_attrs_to_cols                   5.198  0.758   6.194
giant_component                       4.910  0.518  11.164
nichenet_signaling_network_omnipath   4.295  0.443   7.444
pivot_annotations                     4.364  0.288  13.407
omnipath_for_cosmos                   4.037  0.242  22.210
has_extra_attrs                       2.944  0.841   8.677
filter_by_resource                    3.267  0.204   5.765
filter_intercell                      3.010  0.203   8.411
curated_ligand_receptor_interactions  2.383  0.397  11.958
print_interactions                    2.488  0.179   7.469
ensembl_id_mapping_table              1.509  0.123  17.822
kegg_conv                             0.587  0.070  11.153
metalinksdb_sqlite                    0.390  0.113   9.594
kinasephos                            0.427  0.069  24.062
kegg_link                             0.286  0.035   5.225
* checking for unstated dependencies in ‘tests’ ... OK
* checking tests ...
  Running ‘testthat.R’
 OK
* checking for unstated dependencies in vignettes ... OK
* checking package vignettes ... OK
* checking running R code from vignettes ... SKIPPED
* checking re-building of vignette outputs ... SKIPPED
* checking PDF version of manual ... OK
* DONE

Status: 1 ERROR, 2 NOTEs
See
  ‘/Users/biocbuild/bbs-3.22-bioc/meat/OmnipathR.Rcheck/00check.log’
for details.


Installation output

OmnipathR.Rcheck/00install.out

##############################################################################
##############################################################################
###
### Running command:
###
###   /Library/Frameworks/R.framework/Resources/bin/R CMD INSTALL OmnipathR
###
##############################################################################
##############################################################################


* installing to library ‘/Library/Frameworks/R.framework/Versions/4.5-arm64/Resources/library’
* installing *source* package ‘OmnipathR’ ...
** this is package ‘OmnipathR’ version ‘3.18.0’
** using staged installation
** R
** inst
** byte-compile and prepare package for lazy loading
** help
*** installing help indices
*** copying figures
** building package indices
** installing vignettes
** testing if installed package can be loaded from temporary location
[2025-11-10 15:05:06] [TRACE]   [OmnipathR] Reading JSON from `/Users/biocbuild/Library/Caches/OmnipathR/cache.json` (encoding: UTF-8).
[2025-11-10 15:05:06] [TRACE]   [OmnipathR] JSON validation successful: TRUE
[2025-11-10 15:05:06] [INFO]    [OmnipathR] Initialized cache: `/Users/biocbuild/Library/Caches/OmnipathR`.
[2025-11-10 15:05:06] [INFO]    [OmnipathR] Package `OmnipathR` packaged: NA
[2025-11-10 15:05:06] [INFO]    [OmnipathR] Package `OmnipathR` date/publication: 2025-11-10
[2025-11-10 15:05:06] [INFO]    [OmnipathR] Package `OmnipathR` built: R 4.5.1; ; 2025-11-10 20:05:02 UTC; unix
[2025-11-10 15:05:06] [INFO]    [OmnipathR] Package `OmnipathR` version: 3.18.0
[2025-11-10 15:05:06] [INFO]    [OmnipathR] Package `OmnipathR` repository: Bioconductor 3.22
[2025-11-10 15:05:07] [INFO]    [OmnipathR] Session info: [version=R version 4.5.1 Patched (2025-09-10 r88807); os=macOS Ventura 13.7.7; system=aarch64, darwin20; ui=X11; language=(EN); collate=C; ctype=en_US.UTF-8; tz=America/New_York; date=2025-11-10; pandoc=3.1.12.3 @ /opt/homebrew/bin/ (via rmarkdown); quarto=1.7.32 @ /usr/local/bin/quarto]
[2025-11-10 15:05:07] [INFO]    [OmnipathR] External libraries: [cairo=1.17.6; cairoFT=; pango=1.50.14; png=1.6.44; jpeg=9.5; tiff=LIBTIFF, Version 4.5.0; tcl=8.6.13; curl=8.7.1; zlib=1.2.11; bzlib=1.0.8, 13-Jul-2019; xz=5.6.3; deflate=1.23; PCRE=10.44 2024-06-07; ICU=70.2; TRE=TRE 0.8.0 R_fixes (BSD); iconv=Apple or GNU libiconv 1.11 /Library/Frameworks/R.framework/Versions/4.5-arm64/Resources/lib/libR.dylib; readline=5.2; BLAS=/Library/Frameworks/R.framework/Versions/4.5-arm64/Resources/lib/libRblas.0.dylib; lapack=/Library/Frameworks/R.framework/Versions/4.5-arm64/Resources/lib/libRlapack.dylib; lapack_version=3.12.1]
[2025-11-10 15:05:07] [INFO]    [OmnipathR] Loaded packages: backports 1.5.0(2024-05-23); bit 4.6.0(2025-03-06); bit64 4.6.0-1(2025-01-16); blob 1.2.4(2023-03-17); cachem 1.1.0(2024-05-16); cellranger 1.1.0(2016-07-27); checkmate 2.3.3(2025-08-18); chromote 0.5.1(2025-04-24); cli 3.6.5(2025-04-23); crayon 1.5.3(2024-06-20); curl 7.0.0(2025-08-19); DBI 1.2.3(2024-06-02); digest 0.6.37(2024-08-19); dplyr 1.1.4(2023-11-17); evaluate 1.0.5(2025-08-27); fastmap 1.2.0(2024-05-15); fs 1.6.6(2025-04-12); generics 0.1.4(2025-05-09); glue 1.8.0(2024-09-30); hms 1.1.4(2025-10-17); htmltools 0.5.8.1(2024-04-04); httr 1.4.7(2023-08-15); httr2 1.2.1(2025-07-22); igraph 2.2.1(2025-10-27); jsonlite 2.0.0(2025-03-27); knitr 1.50(2025-03-16); later 1.4.4(2025-08-27); lifecycle 1.0.4(2023-11-07); logger 0.4.1(2025-09-11); lubridate 1.9.4(2024-12-08); magrittr 2.0.4(2025-09-12); memoise 2.0.1(2021-11-26); OmnipathR 3.18.0(2025-11-10); otel 0.2.0(2025-08-29); pillar 1.11.1(2025-09-17); pkgconfig 2.0.3(2019-09-22); prettyunits 1.2.0(2023-09-24); processx 3.8.6(2025-02-21); progress 1.2.3(2023-12-06); promises 1.5.0(2025-11-01); ps 1.9.1(2025-04-12); purrr 1.2.0(2025-11-04); R.methodsS3 1.8.2(2022-06-13); R.oo 1.27.1(2025-05-02); R.utils 2.13.0(2025-02-24); R6 2.6.1(2025-02-15); rappdirs 0.3.3(2021-01-31); Rcpp 1.1.0(2025-07-02); readr 2.1.5(2024-01-10); readxl 1.4.5(2025-03-07); rlang 1.1.6(2025-04-11); rmarkdown 2.30(2025-09-28); RSQLite 2.4.4(2025-11-10); rvest 1.0.5(2025-08-29); sessioninfo 1.2.3(2025-02-05); stringi 1.8.7(2025-03-27); stringr 1.6.0(2025-11-04); tibble 3.3.0(2025-06-08); tidyr 1.3.1(2024-01-24); tidyselect 1.2.1(2024-03-11); timechange 0.3.0(2024-01-18); tzdb 0.5.0(2025-03-15); vctrs 0.6.5(2023-12-01); websocket 1.4.4(2025-04-10); withr 3.0.2(2024-10-28); xfun 0.54(2025-10-30); XML 3.99-0.20(2025-11-08); xml2 1.4.1(2025-10-27); yaml 2.3.10(2024-07-26); zip 2.3.3(2025-05-13)
[2025-11-10 15:05:07] [INFO]    [OmnipathR] CURL: version: 8.14.1; headers: 8.14.1; ssl_version: LibreSSL/3.3.6 (SecureTransport); libz_version: 1.2.11; libssh_version: NA; libidn_version: NA; host: aarch64-apple-darwin23.6.0; protocols: dict, file, ftp, ftps, gopher, gophers, http, https, imap, imaps, ldap, ldaps, mqtt, pop3, pop3s, rtsp, smb, smbs, smtp, smtps, telnet, tftp, ws, wss; ipv6: TRUE; http2: TRUE; idn: FALSE; url_parser: TRUE
[2025-11-10 15:05:07] [TRACE]   [OmnipathR] Running on a build server, wiping cache.
[2025-11-10 15:05:07] [TRACE]   [OmnipathR] Cache is at `/Users/biocbuild/Library/Caches/OmnipathR`.
[2025-11-10 15:05:07] [TRACE]   [OmnipathR] Contains 1 files.
[2025-11-10 15:05:07] [TRACE]   [OmnipathR] Cache is locked: FALSE.
[2025-11-10 15:05:07] [TRACE]   [OmnipathR] Reading JSON from `/Users/biocbuild/Library/Caches/OmnipathR/cache.json` (encoding: UTF-8).
[2025-11-10 15:05:07] [TRACE]   [OmnipathR] JSON validation successful: TRUE
[2025-11-10 15:05:07] [SUCCESS] [OmnipathR] Removing all cache contents from `/Users/biocbuild/Library/Caches/OmnipathR`.
[2025-11-10 15:05:07] [TRACE]   [OmnipathR] Pandoc version: `3.1.12.3`.
[2025-11-10 15:05:07] [TRACE]   [OmnipathR] Reading JSON from `/Library/Frameworks/R.framework/Versions/4.5-arm64/Resources/library/00LOCK-OmnipathR/00new/OmnipathR/db/db_def.json` (encoding: UTF-8).
[2025-11-10 15:05:07] [TRACE]   [OmnipathR] JSON validation successful: TRUE
[2025-11-10 15:05:07] [TRACE]   [OmnipathR] Reading JSON from `/Library/Frameworks/R.framework/Versions/4.5-arm64/Resources/library/00LOCK-OmnipathR/00new/OmnipathR/internal/magic_bytes.json` (encoding: UTF-8).
[2025-11-10 15:05:07] [TRACE]   [OmnipathR] JSON validation successful: TRUE
[2025-11-10 15:05:07] [TRACE]   [OmnipathR] Reading JSON from `/Library/Frameworks/R.framework/Versions/4.5-arm64/Resources/library/00LOCK-OmnipathR/00new/OmnipathR/internal/urls.json` (encoding: UTF-8).
[2025-11-10 15:05:07] [TRACE]   [OmnipathR] JSON validation successful: TRUE
[2025-11-10 15:05:07] [TRACE]   [OmnipathR] Reading JSON from `/Library/Frameworks/R.framework/Versions/4.5-arm64/Resources/library/00LOCK-OmnipathR/00new/OmnipathR/internal/id_types.json` (encoding: UTF-8).
[2025-11-10 15:05:07] [TRACE]   [OmnipathR] JSON validation successful: TRUE
[2025-11-10 15:05:07] [TRACE]   [OmnipathR] Cache locked: FALSE
** testing if installed package can be loaded from final location
[2025-11-10 15:05:08] [TRACE]   [OmnipathR] Reading JSON from `/Users/biocbuild/Library/Caches/OmnipathR/cache.json` (encoding: UTF-8).
[2025-11-10 15:05:08] [TRACE]   [OmnipathR] JSON validation successful: TRUE
[2025-11-10 15:05:08] [INFO]    [OmnipathR] Initialized cache: `/Users/biocbuild/Library/Caches/OmnipathR`.
[2025-11-10 15:05:08] [INFO]    [OmnipathR] Package `OmnipathR` packaged: NA
[2025-11-10 15:05:08] [INFO]    [OmnipathR] Package `OmnipathR` date/publication: 2025-11-10
[2025-11-10 15:05:08] [INFO]    [OmnipathR] Package `OmnipathR` built: R 4.5.1; ; 2025-11-10 20:05:02 UTC; unix
[2025-11-10 15:05:08] [INFO]    [OmnipathR] Package `OmnipathR` version: 3.18.0
[2025-11-10 15:05:08] [INFO]    [OmnipathR] Package `OmnipathR` repository: Bioconductor 3.22
[2025-11-10 15:05:08] [INFO]    [OmnipathR] Session info: [version=R version 4.5.1 Patched (2025-09-10 r88807); os=macOS Ventura 13.7.7; system=aarch64, darwin20; ui=X11; language=(EN); collate=C; ctype=en_US.UTF-8; tz=America/New_York; date=2025-11-10; pandoc=3.1.12.3 @ /opt/homebrew/bin/ (via rmarkdown); quarto=1.7.32 @ /usr/local/bin/quarto]
[2025-11-10 15:05:08] [INFO]    [OmnipathR] External libraries: [cairo=1.17.6; cairoFT=; pango=1.50.14; png=1.6.44; jpeg=9.5; tiff=LIBTIFF, Version 4.5.0; tcl=8.6.13; curl=8.7.1; zlib=1.2.11; bzlib=1.0.8, 13-Jul-2019; xz=5.6.3; deflate=1.23; PCRE=10.44 2024-06-07; ICU=70.2; TRE=TRE 0.8.0 R_fixes (BSD); iconv=Apple or GNU libiconv 1.11 /Library/Frameworks/R.framework/Versions/4.5-arm64/Resources/lib/libR.dylib; readline=5.2; BLAS=/Library/Frameworks/R.framework/Versions/4.5-arm64/Resources/lib/libRblas.0.dylib; lapack=/Library/Frameworks/R.framework/Versions/4.5-arm64/Resources/lib/libRlapack.dylib; lapack_version=3.12.1]
[2025-11-10 15:05:08] [INFO]    [OmnipathR] Loaded packages: backports 1.5.0(2024-05-23); bit 4.6.0(2025-03-06); bit64 4.6.0-1(2025-01-16); blob 1.2.4(2023-03-17); cachem 1.1.0(2024-05-16); cellranger 1.1.0(2016-07-27); checkmate 2.3.3(2025-08-18); chromote 0.5.1(2025-04-24); cli 3.6.5(2025-04-23); crayon 1.5.3(2024-06-20); curl 7.0.0(2025-08-19); DBI 1.2.3(2024-06-02); digest 0.6.37(2024-08-19); dplyr 1.1.4(2023-11-17); evaluate 1.0.5(2025-08-27); fastmap 1.2.0(2024-05-15); fs 1.6.6(2025-04-12); generics 0.1.4(2025-05-09); glue 1.8.0(2024-09-30); hms 1.1.4(2025-10-17); htmltools 0.5.8.1(2024-04-04); httr 1.4.7(2023-08-15); httr2 1.2.1(2025-07-22); igraph 2.2.1(2025-10-27); jsonlite 2.0.0(2025-03-27); knitr 1.50(2025-03-16); later 1.4.4(2025-08-27); lifecycle 1.0.4(2023-11-07); logger 0.4.1(2025-09-11); lubridate 1.9.4(2024-12-08); magrittr 2.0.4(2025-09-12); memoise 2.0.1(2021-11-26); OmnipathR 3.18.0(2025-11-10); otel 0.2.0(2025-08-29); pillar 1.11.1(2025-09-17); pkgconfig 2.0.3(2019-09-22); prettyunits 1.2.0(2023-09-24); processx 3.8.6(2025-02-21); progress 1.2.3(2023-12-06); promises 1.5.0(2025-11-01); ps 1.9.1(2025-04-12); purrr 1.2.0(2025-11-04); R.methodsS3 1.8.2(2022-06-13); R.oo 1.27.1(2025-05-02); R.utils 2.13.0(2025-02-24); R6 2.6.1(2025-02-15); rappdirs 0.3.3(2021-01-31); Rcpp 1.1.0(2025-07-02); readr 2.1.5(2024-01-10); readxl 1.4.5(2025-03-07); rlang 1.1.6(2025-04-11); rmarkdown 2.30(2025-09-28); RSQLite 2.4.4(2025-11-10); rvest 1.0.5(2025-08-29); sessioninfo 1.2.3(2025-02-05); stringi 1.8.7(2025-03-27); stringr 1.6.0(2025-11-04); tibble 3.3.0(2025-06-08); tidyr 1.3.1(2024-01-24); tidyselect 1.2.1(2024-03-11); timechange 0.3.0(2024-01-18); tzdb 0.5.0(2025-03-15); vctrs 0.6.5(2023-12-01); websocket 1.4.4(2025-04-10); withr 3.0.2(2024-10-28); xfun 0.54(2025-10-30); XML 3.99-0.20(2025-11-08); xml2 1.4.1(2025-10-27); yaml 2.3.10(2024-07-26); zip 2.3.3(2025-05-13)
[2025-11-10 15:05:08] [INFO]    [OmnipathR] CURL: version: 8.14.1; headers: 8.14.1; ssl_version: LibreSSL/3.3.6 (SecureTransport); libz_version: 1.2.11; libssh_version: NA; libidn_version: NA; host: aarch64-apple-darwin23.6.0; protocols: dict, file, ftp, ftps, gopher, gophers, http, https, imap, imaps, ldap, ldaps, mqtt, pop3, pop3s, rtsp, smb, smbs, smtp, smtps, telnet, tftp, ws, wss; ipv6: TRUE; http2: TRUE; idn: FALSE; url_parser: TRUE
[2025-11-10 15:05:08] [TRACE]   [OmnipathR] Running on a build server, wiping cache.
[2025-11-10 15:05:08] [TRACE]   [OmnipathR] Cache is at `/Users/biocbuild/Library/Caches/OmnipathR`.
[2025-11-10 15:05:08] [TRACE]   [OmnipathR] Contains 1 files.
[2025-11-10 15:05:08] [TRACE]   [OmnipathR] Cache is locked: FALSE.
[2025-11-10 15:05:08] [TRACE]   [OmnipathR] Reading JSON from `/Users/biocbuild/Library/Caches/OmnipathR/cache.json` (encoding: UTF-8).
[2025-11-10 15:05:08] [TRACE]   [OmnipathR] JSON validation successful: TRUE
[2025-11-10 15:05:08] [SUCCESS] [OmnipathR] Removing all cache contents from `/Users/biocbuild/Library/Caches/OmnipathR`.
[2025-11-10 15:05:08] [TRACE]   [OmnipathR] Pandoc version: `3.1.12.3`.
[2025-11-10 15:05:08] [TRACE]   [OmnipathR] Reading JSON from `/Library/Frameworks/R.framework/Versions/4.5-arm64/Resources/library/OmnipathR/db/db_def.json` (encoding: UTF-8).
[2025-11-10 15:05:08] [TRACE]   [OmnipathR] JSON validation successful: TRUE
[2025-11-10 15:05:08] [TRACE]   [OmnipathR] Reading JSON from `/Library/Frameworks/R.framework/Versions/4.5-arm64/Resources/library/OmnipathR/internal/magic_bytes.json` (encoding: UTF-8).
[2025-11-10 15:05:08] [TRACE]   [OmnipathR] JSON validation successful: TRUE
[2025-11-10 15:05:08] [TRACE]   [OmnipathR] Reading JSON from `/Library/Frameworks/R.framework/Versions/4.5-arm64/Resources/library/OmnipathR/internal/urls.json` (encoding: UTF-8).
[2025-11-10 15:05:08] [TRACE]   [OmnipathR] JSON validation successful: TRUE
[2025-11-10 15:05:08] [TRACE]   [OmnipathR] Reading JSON from `/Library/Frameworks/R.framework/Versions/4.5-arm64/Resources/library/OmnipathR/internal/id_types.json` (encoding: UTF-8).
[2025-11-10 15:05:08] [TRACE]   [OmnipathR] JSON validation successful: TRUE
[2025-11-10 15:05:08] [TRACE]   [OmnipathR] Cache locked: FALSE
** testing if installed package keeps a record of temporary installation path
* DONE (OmnipathR)

Tests output

OmnipathR.Rcheck/tests/testthat.Rout


R version 4.5.1 Patched (2025-09-10 r88807) -- "Great Square Root"
Copyright (C) 2025 The R Foundation for Statistical Computing
Platform: aarch64-apple-darwin20

R is free software and comes with ABSOLUTELY NO WARRANTY.
You are welcome to redistribute it under certain conditions.
Type 'license()' or 'licence()' for distribution details.

R is a collaborative project with many contributors.
Type 'contributors()' for more information and
'citation()' on how to cite R or R packages in publications.

Type 'demo()' for some demos, 'help()' for on-line help, or
'help.start()' for an HTML browser interface to help.
Type 'q()' to quit R.

> #!/usr/bin/env Rscript
> 
> #
> #  This file is part of the `OmnipathR` R package
> #
> #  Copyright
> #  2018-2024
> #  Saez Lab, Uniklinik RWTH Aachen, Heidelberg University
> #
> #  File author(s): Alberto Valdeolivas
> #                  Dénes Türei (turei.denes@gmail.com)
> #                  Attila Gábor
> #
> #  Distributed under the MIT (Expat) License.
> #  See accompanying file `LICENSE` or find a copy at
> #      https://directory.fsf.org/wiki/License:Expat
> #
> #  Website: https://r.omnipathdb.org/
> #  Git repo: https://github.com/saezlab/OmnipathR
> #
> 
> 
> library(testthat)
> library(OmnipathR)
[2025-11-10 21:35:09] [TRACE]   [OmnipathR] Reading JSON from `/Users/biocbuild/Library/Caches/OmnipathR/cache.json` (encoding: UTF-8).
[2025-11-10 21:35:09] [TRACE]   [OmnipathR] JSON validation successful: TRUE
[2025-11-10 21:35:09] [INFO]    [OmnipathR] Initialized cache: `/Users/biocbuild/Library/Caches/OmnipathR`.
[2025-11-10 21:35:09] [INFO]    [OmnipathR] Package `OmnipathR` packaged: NA
[2025-11-10 21:35:09] [INFO]    [OmnipathR] Package `OmnipathR` date/publication: 2025-11-10
[2025-11-10 21:35:09] [INFO]    [OmnipathR] Package `OmnipathR` built: R 4.5.1; ; 2025-11-10 20:05:02 UTC; unix
[2025-11-10 21:35:09] [INFO]    [OmnipathR] Package `OmnipathR` version: 3.18.0
[2025-11-10 21:35:09] [INFO]    [OmnipathR] Package `OmnipathR` repository: Bioconductor 3.22
[2025-11-10 21:35:10] [INFO]    [OmnipathR] Session info: [version=R version 4.5.1 Patched (2025-09-10 r88807); os=macOS Ventura 13.7.7; system=aarch64, darwin20; ui=X11; language=C; collate=C; ctype=en_US.UTF-8; tz=America/New_York; date=2025-11-10; pandoc=3.1.12.3 @ /opt/homebrew/bin/ (via rmarkdown); quarto=1.7.32 @ /usr/local/bin/quarto]
[2025-11-10 21:35:10] [INFO]    [OmnipathR] External libraries: [cairo=1.17.6; cairoFT=; pango=1.50.14; png=1.6.44; jpeg=9.5; tiff=LIBTIFF, Version 4.5.0; tcl=8.6.13; curl=8.7.1; zlib=1.2.11; bzlib=1.0.8, 13-Jul-2019; xz=5.6.3; deflate=1.23; PCRE=10.44 2024-06-07; ICU=70.2; TRE=TRE 0.8.0 R_fixes (BSD); iconv=Apple or GNU libiconv 1.11 /Library/Frameworks/R.framework/Versions/4.5-arm64/Resources/lib/libR.dylib; readline=5.2; BLAS=/Library/Frameworks/R.framework/Versions/4.5-arm64/Resources/lib/libRblas.0.dylib; lapack=/Library/Frameworks/R.framework/Versions/4.5-arm64/Resources/lib/libRlapack.dylib; lapack_version=3.12.1]
[2025-11-10 21:35:10] [INFO]    [OmnipathR] Loaded packages: backports 1.5.0(2024-05-23); bit 4.6.0(2025-03-06); bit64 4.6.0-1(2025-01-16); blob 1.2.4(2023-03-17); brio 1.1.5(2024-04-24); cachem 1.1.0(2024-05-16); cellranger 1.1.0(2016-07-27); checkmate 2.3.3(2025-08-18); chromote 0.5.1(2025-04-24); cli 3.6.5(2025-04-23); crayon 1.5.3(2024-06-20); curl 7.0.0(2025-08-19); DBI 1.2.3(2024-06-02); digest 0.6.37(2024-08-19); dplyr 1.1.4(2023-11-17); evaluate 1.0.5(2025-08-27); fastmap 1.2.0(2024-05-15); fs 1.6.6(2025-04-12); generics 0.1.4(2025-05-09); glue 1.8.0(2024-09-30); hms 1.1.4(2025-10-17); htmltools 0.5.8.1(2024-04-04); httr 1.4.7(2023-08-15); httr2 1.2.1(2025-07-22); igraph 2.2.1(2025-10-27); jsonlite 2.0.0(2025-03-27); knitr 1.50(2025-03-16); later 1.4.4(2025-08-27); lifecycle 1.0.4(2023-11-07); logger 0.4.1(2025-09-11); lubridate 1.9.4(2024-12-08); magrittr 2.0.4(2025-09-12); memoise 2.0.1(2021-11-26); OmnipathR 3.18.0(2025-11-10); otel 0.2.0(2025-08-29); pillar 1.11.1(2025-09-17); pkgconfig 2.0.3(2019-09-22); prettyunits 1.2.0(2023-09-24); processx 3.8.6(2025-02-21); progress 1.2.3(2023-12-06); promises 1.5.0(2025-11-01); ps 1.9.1(2025-04-12); purrr 1.2.0(2025-11-04); R.methodsS3 1.8.2(2022-06-13); R.oo 1.27.1(2025-05-02); R.utils 2.13.0(2025-02-24); R6 2.6.1(2025-02-15); rappdirs 0.3.3(2021-01-31); Rcpp 1.1.0(2025-07-02); readr 2.1.5(2024-01-10); readxl 1.4.5(2025-03-07); rlang 1.1.6(2025-04-11); rmarkdown 2.30(2025-09-28); RSQLite 2.4.4(2025-11-10); rvest 1.0.5(2025-08-29); sessioninfo 1.2.3(2025-02-05); stringi 1.8.7(2025-03-27); stringr 1.6.0(2025-11-04); testthat 3.2.3(2025-01-13); tibble 3.3.0(2025-06-08); tidyr 1.3.1(2024-01-24); tidyselect 1.2.1(2024-03-11); timechange 0.3.0(2024-01-18); tzdb 0.5.0(2025-03-15); vctrs 0.6.5(2023-12-01); websocket 1.4.4(2025-04-10); withr 3.0.2(2024-10-28); xfun 0.54(2025-10-30); XML 3.99-0.20(2025-11-08); xml2 1.4.1(2025-10-27); yaml 2.3.10(2024-07-26); zip 2.3.3(2025-05-13)
[2025-11-10 21:35:10] [INFO]    [OmnipathR] CURL: version: 8.14.1; headers: 8.14.1; ssl_version: LibreSSL/3.3.6 (SecureTransport); libz_version: 1.2.11; libssh_version: NA; libidn_version: NA; host: aarch64-apple-darwin23.6.0; protocols: dict, file, ftp, ftps, gopher, gophers, http, https, imap, imaps, ldap, ldaps, mqtt, pop3, pop3s, rtsp, smb, smbs, smtp, smtps, telnet, tftp, ws, wss; ipv6: TRUE; http2: TRUE; idn: FALSE; url_parser: TRUE
[2025-11-10 21:35:10] [TRACE]   [OmnipathR] Running on a build server, wiping cache.
[2025-11-10 21:35:10] [TRACE]   [OmnipathR] Cache is at `/Users/biocbuild/Library/Caches/OmnipathR`.
[2025-11-10 21:35:10] [TRACE]   [OmnipathR] Contains 11 files.
[2025-11-10 21:35:10] [TRACE]   [OmnipathR] Cache is locked: FALSE.
[2025-11-10 21:35:10] [TRACE]   [OmnipathR] Reading JSON from `/Users/biocbuild/Library/Caches/OmnipathR/cache.json` (encoding: UTF-8).
[2025-11-10 21:35:10] [TRACE]   [OmnipathR] JSON validation successful: TRUE
[2025-11-10 21:35:10] [SUCCESS] [OmnipathR] Removing all cache contents from `/Users/biocbuild/Library/Caches/OmnipathR`.
[2025-11-10 21:35:10] [TRACE]   [OmnipathR] Pandoc version: `3.1.12.3`.
[2025-11-10 21:35:10] [TRACE]   [OmnipathR] Reading JSON from `/Library/Frameworks/R.framework/Versions/4.5-arm64/Resources/library/OmnipathR/db/db_def.json` (encoding: UTF-8).
[2025-11-10 21:35:10] [TRACE]   [OmnipathR] JSON validation successful: TRUE
[2025-11-10 21:35:10] [TRACE]   [OmnipathR] Reading JSON from `/Library/Frameworks/R.framework/Versions/4.5-arm64/Resources/library/OmnipathR/internal/magic_bytes.json` (encoding: UTF-8).
[2025-11-10 21:35:10] [TRACE]   [OmnipathR] JSON validation successful: TRUE
[2025-11-10 21:35:10] [TRACE]   [OmnipathR] Reading JSON from `/Library/Frameworks/R.framework/Versions/4.5-arm64/Resources/library/OmnipathR/internal/urls.json` (encoding: UTF-8).
[2025-11-10 21:35:10] [TRACE]   [OmnipathR] JSON validation successful: TRUE
[2025-11-10 21:35:10] [TRACE]   [OmnipathR] Reading JSON from `/Library/Frameworks/R.framework/Versions/4.5-arm64/Resources/library/OmnipathR/internal/id_types.json` (encoding: UTF-8).
[2025-11-10 21:35:10] [TRACE]   [OmnipathR] JSON validation successful: TRUE
[2025-11-10 21:35:10] [TRACE]   [OmnipathR] Cache locked: FALSE
> 
> test_check('OmnipathR')
[ FAIL 0 | WARN 12 | SKIP 0 | PASS 38 ]

[ FAIL 0 | WARN 12 | SKIP 0 | PASS 38 ]
> 
> proc.time()
   user  system elapsed 
 15.106   1.722  45.965 

Example timings

OmnipathR.Rcheck/OmnipathR-Ex.timings

nameusersystemelapsed
OmnipathR0.0000.0000.001
all_uniprot_acs0.0050.0010.005
all_uniprots 6.973 0.71623.709
ancestors0.0020.0010.003
annotated_network0.5200.0483.359
annotation_categories37.361 0.03438.929
annotation_resources0.0220.0050.750
annotations0.2220.0191.012
biomart_query0.5830.0673.499
bioplex10.0030.0000.003
bioplex20.0020.0000.002
bioplex30.0030.0000.002
bioplex_all0.0020.0000.002
bioplex_hct116_10.0030.0010.003
bma_motif_es0.2320.0291.062
bma_motif_vs0.0650.0100.634
chalmers_gem0.0030.0010.003
chalmers_gem_id_mapping_table0.0020.0000.003
chalmers_gem_id_type0.0010.0000.000
chalmers_gem_metabolites0.0020.0010.002
chalmers_gem_network0.0020.0010.003
chalmers_gem_raw0.0020.0000.002
chalmers_gem_reactions0.0030.0010.005
common_name0.0430.0030.048
complex_genes0.2820.0241.984
complex_resources0.0200.0030.632
complexes0.0660.0090.638
consensuspathdb_download000
consensuspathdb_raw_table0.0030.0010.004
cosmos_pkn000
curated_ligand_receptor_interactions 2.383 0.39711.958
curated_ligrec_stats13.510 1.85978.408
database_summary0.6250.0682.095
descendants0.0030.0000.003
ensembl_dataset0.0210.0010.022
ensembl_id_mapping_table 1.509 0.12317.822
ensembl_id_type000
ensembl_name0.2260.0060.233
ensembl_organisms0.0370.0060.043
ensembl_organisms_raw0.0340.0060.040
ensembl_orthology0.0000.0000.001
enzsub_graph0.8550.0722.910
enzsub_resources0.0200.0040.618
enzyme_substrate0.3890.0171.009
evex_download0.0020.0000.003
evidences000
extra_attr_values 8.677 1.90930.652
extra_attrs2.8240.6263.536
extra_attrs_to_cols5.1980.7586.194
filter_by_resource3.2670.2045.765
filter_extra_attrs 8.465 2.85412.212
filter_intercell3.0100.2038.411
filter_intercell_network0.0050.0010.006
find_all_paths2.2860.1232.428
from_evidences000
get_db000
get_ontology_db0.0030.0010.003
giant_component 4.910 0.51811.164
go_annot_download 7.010 0.50610.551
go_annot_slim000
go_ontology_download0.0070.0010.023
guide2pharma_download0.0090.0020.028
harmonizome_download0.0080.0020.038
has_extra_attrs2.9440.8418.677
hmdb_id_mapping_table0.0030.0000.003
hmdb_id_type0.0010.0000.000
hmdb_metabolite_fields000
hmdb_protein_fields0.0010.0010.001
hmdb_table0.0020.0000.003
homologene_download0.0030.0010.003
homologene_raw0.0220.0010.024
homologene_uniprot_orthology0.0030.0000.004
hpo_download1.2300.1111.976
htridb_download0.0030.0000.004
id_translation_resources000
id_types0.0170.0040.021
inbiomap_download000
inbiomap_raw000
interaction_datasets0.3030.0270.910
interaction_graph0.1590.0160.987
interaction_resources0.0380.0050.655
interaction_types0.0420.0060.064
intercell0.4260.0501.957
intercell_categories0.2820.0300.875
intercell_consensus_filter0.6310.0712.439
intercell_generic_categories0.0290.0030.033
intercell_network0.0030.0010.003
intercell_resources0.0200.0040.616
intercell_summary0.0280.0080.049
is_ontology_id000
is_swissprot0.0380.0050.048
is_trembl0.0190.0020.027
is_uniprot0.0030.0000.015
kegg_api_templates0.0010.0010.003
kegg_conv 0.587 0.07011.153
kegg_databases000
kegg_ddi0.2500.0272.138
kegg_find0.2520.0271.804
kegg_info0.0020.0000.004
kegg_link0.2860.0355.225
kegg_list0.2510.0301.261
kegg_open0.0030.0010.003
kegg_operations000
kegg_organism_codes0.0080.0220.029
kegg_organisms0.0070.0030.010
kegg_pathway_annotations000
kegg_pathway_download0.0030.0010.003
kegg_pathway_list0.0020.0000.002
kegg_pathways_download0.0000.0000.001
kegg_picture0.5110.0174.287
kegg_process0.0060.0010.018
kegg_query0.0040.0000.013
kegg_request0.0240.0040.030
kegg_rm_prefix0.3080.0374.871
kinasephos 0.427 0.06924.062
latin_name0.0860.0050.092
load_db0.0210.0080.036
metalinksdb_sqlite0.3900.1139.594
metalinksdb_table0.0820.0160.100
metalinksdb_tables0.0050.0010.007
ncbi_taxid0.0850.0050.095
nichenet_build_model000
nichenet_expression_data0.0030.0000.003
nichenet_gr_network0.0070.0010.008
nichenet_gr_network_evex0.0020.0000.003
nichenet_gr_network_harmonizome0.0020.0000.002
nichenet_gr_network_htridb0.0020.0000.002
nichenet_gr_network_omnipath6.0590.5808.996
nichenet_gr_network_pathwaycommons0.0030.0000.003
nichenet_gr_network_regnetwork0.0020.0010.003
nichenet_gr_network_remap0.0030.0010.006
nichenet_gr_network_trrust0.0020.0000.002
nichenet_ligand_activities000
nichenet_ligand_target_links000
nichenet_ligand_target_matrix0.0000.0000.001
nichenet_lr_network0.0300.0020.032
nichenet_lr_network_guide2pharma0.0020.0000.003
nichenet_lr_network_omnipath0.0060.0000.007
nichenet_lr_network_ramilowski0.0020.0000.003
nichenet_main000
nichenet_networks0.0110.0030.013
nichenet_optimization000
nichenet_remove_orphan_ligands0.0060.0010.008
nichenet_results_dir000
nichenet_signaling_network0.0060.0020.008
nichenet_signaling_network_cpdb0.0020.0010.002
nichenet_signaling_network_evex0.0020.0000.002
nichenet_signaling_network_harmonizome0.0020.0010.002
nichenet_signaling_network_inbiomap000
nichenet_signaling_network_omnipath4.2950.4437.444
nichenet_signaling_network_pathwaycommons0.0030.0000.003
nichenet_signaling_network_vinayagam0.0020.0000.002
nichenet_test000
nichenet_workarounds000
obo_parser0.0250.0050.092
oma_code0.0690.0030.073
oma_organisms0.0220.0040.032
oma_pairwise0.0020.0010.003
oma_pairwise_genesymbols0.0030.0000.003
oma_pairwise_translated0.0020.0000.003
omnipath-interactions11.814 0.98638.040
omnipath_cache_autoclean000
omnipath_cache_clean0.0020.0010.004
omnipath_cache_clean_db0.0310.0090.039
omnipath_cache_download_ready0.1800.0510.267
omnipath_cache_filter_versions0.0230.0070.044
omnipath_cache_get0.0180.0050.022
omnipath_cache_key0.0000.0000.001
omnipath_cache_latest_or_new0.0130.0030.017
omnipath_cache_load0.1910.0172.913
omnipath_cache_move_in0.0570.0150.077
omnipath_cache_remove0.0240.0070.036
omnipath_cache_save0.0390.0100.064
omnipath_cache_search000
omnipath_cache_set_ext0.0170.0050.027
omnipath_cache_update_status0.0200.0060.026
omnipath_cache_wipe000
omnipath_config_path0.0010.0000.000
omnipath_for_cosmos 4.037 0.24222.210
omnipath_load_config000
omnipath_log000
omnipath_logfile0.0000.0000.001
omnipath_msg0.0020.0000.002
omnipath_query1.2890.0721.357
omnipath_reset_config000
omnipath_save_config000
omnipath_set_cachedir0.0290.0020.031
omnipath_set_console_loglevel0.0010.0000.002
omnipath_set_logfile_loglevel0.0010.0000.001
omnipath_set_loglevel0.0000.0000.001
omnipath_show_db0.0160.0040.019
omnipath_unlock_cache_db0.0000.0000.001
only_from000
ontology_ensure_id0.0010.0000.000
ontology_ensure_name000
ontology_name_id000
organism_for0.0610.0040.064
pathwaycommons_download0.0000.0000.001
pivot_annotations 4.364 0.28813.407
preppi_download0.0000.0000.001
preppi_filter0.0010.0000.000
print_bma_motif_es0.2420.0271.017
print_bma_motif_vs0.0530.0080.621
print_interactions2.4880.1797.469
print_path_es0.3860.0352.008
print_path_vs0.9760.0893.865
pubmed_open1.5340.0701.608
query_info0.1990.0110.433
ramilowski_download000
ramp_id_mapping_table000
ramp_id_type0.0010.0000.001
ramp_sqlite0.0000.0000.001
ramp_table000
ramp_tables000