Back to Multiple platform build/check report for BioC 3.22: simplified long |
|
This page was generated on 2025-10-17 12:04 -0400 (Fri, 17 Oct 2025).
Hostname | OS | Arch (*) | R version | Installed pkgs |
---|---|---|---|---|
nebbiolo2 | Linux (Ubuntu 24.04.3 LTS) | x86_64 | 4.5.1 Patched (2025-08-23 r88802) -- "Great Square Root" | 4887 |
lconway | macOS 12.7.6 Monterey | x86_64 | 4.5.1 Patched (2025-09-10 r88807) -- "Great Square Root" | 4677 |
kjohnson3 | macOS 13.7.7 Ventura | arm64 | 4.5.1 Patched (2025-09-10 r88807) -- "Great Square Root" | 4622 |
taishan | Linux (openEuler 24.03 LTS) | aarch64 | 4.5.0 (2025-04-11) -- "How About a Twenty-Six" | 4632 |
Click on any hostname to see more info about the system (e.g. compilers) (*) as reported by 'uname -p', except on Windows and Mac OS X |
Package 1497/2353 | Hostname | OS / Arch | INSTALL | BUILD | CHECK | BUILD BIN | ||||||||
OmnipathR 3.17.6 (landing page) Denes Turei
| nebbiolo2 | Linux (Ubuntu 24.04.3 LTS) / x86_64 | OK | OK | ERROR | |||||||||
lconway | macOS 12.7.6 Monterey / x86_64 | OK | OK | ERROR | OK | |||||||||
kjohnson3 | macOS 13.7.7 Ventura / arm64 | OK | OK | ERROR | OK | |||||||||
taishan | Linux (openEuler 24.03 LTS) / aarch64 | OK | OK | ERROR | ||||||||||
To the developers/maintainers of the OmnipathR package: - Allow up to 24 hours (and sometimes 48 hours) for your latest push to git@git.bioconductor.org:packages/OmnipathR.git to reflect on this report. See Troubleshooting Build Report for more information. - Use the following Renviron settings to reproduce errors and warnings. - If 'R CMD check' started to fail recently on the Linux builder(s) over a missing dependency, add the missing dependency to 'Suggests:' in your DESCRIPTION file. See Renviron.bioc for more information. |
Package: OmnipathR |
Version: 3.17.6 |
Command: /home/biocbuild/bbs-3.22-bioc/R/bin/R CMD check --install=check:OmnipathR.install-out.txt --library=/home/biocbuild/bbs-3.22-bioc/R/site-library --timings OmnipathR_3.17.6.tar.gz |
StartedAt: 2025-10-17 03:52:06 -0400 (Fri, 17 Oct 2025) |
EndedAt: 2025-10-17 04:29:41 -0400 (Fri, 17 Oct 2025) |
EllapsedTime: 2254.2 seconds |
RetCode: 1 |
Status: ERROR |
CheckDir: OmnipathR.Rcheck |
Warnings: NA |
############################################################################## ############################################################################## ### ### Running command: ### ### /home/biocbuild/bbs-3.22-bioc/R/bin/R CMD check --install=check:OmnipathR.install-out.txt --library=/home/biocbuild/bbs-3.22-bioc/R/site-library --timings OmnipathR_3.17.6.tar.gz ### ############################################################################## ############################################################################## * using log directory ‘/home/biocbuild/bbs-3.22-bioc/meat/OmnipathR.Rcheck’ * using R version 4.5.1 Patched (2025-08-23 r88802) * using platform: x86_64-pc-linux-gnu * R was compiled by gcc (Ubuntu 13.3.0-6ubuntu2~24.04) 13.3.0 GNU Fortran (Ubuntu 13.3.0-6ubuntu2~24.04) 13.3.0 * running under: Ubuntu 24.04.3 LTS * using session charset: UTF-8 * checking for file ‘OmnipathR/DESCRIPTION’ ... OK * checking extension type ... Package * this is package ‘OmnipathR’ version ‘3.17.6’ * package encoding: UTF-8 * checking package namespace information ... OK * checking package dependencies ... INFO Imports includes 35 non-default packages. Importing from so many packages makes the package vulnerable to any of them becoming unavailable. Move as many as possible to Suggests and use conditionally. * checking if this is a source package ... OK * checking if there is a namespace ... OK * checking for hidden files and directories ... OK * checking for portable file names ... OK * checking for sufficient/correct file permissions ... OK * checking whether package ‘OmnipathR’ can be installed ... OK * checking installed package size ... OK * checking package directory ... OK * checking DESCRIPTION meta-information ... OK * checking top-level files ... OK * checking for left-over files ... OK * checking index information ... OK * checking package subdirectories ... OK * checking code files for non-ASCII characters ... OK * checking R files for syntax errors ... OK * checking whether the package can be loaded ... OK * checking whether the package can be loaded with stated dependencies ... OK * checking whether the package can be unloaded cleanly ... OK * checking whether the namespace can be loaded with stated dependencies ... OK * checking whether the namespace can be unloaded cleanly ... OK * checking loading without being on the library search path ... OK * checking whether startup messages can be suppressed ... NOTE [2025-10-17 03:52:34] [TRACE] [OmnipathR] Reading JSON from `/home/biocbuild/.cache/OmnipathR/cache.json` (encoding: UTF-8). [2025-10-17 03:52:34] [TRACE] [OmnipathR] JSON validation successful: TRUE [2025-10-17 03:52:34] [INFO] [OmnipathR] Initialized cache: `/home/biocbuild/.cache/OmnipathR`. [2025-10-17 03:52:34] [INFO] [OmnipathR] Package `OmnipathR` packaged: NA [2025-10-17 03:52:34] [INFO] [OmnipathR] Package `OmnipathR` date/publication: 2025-10-16 [2025-10-17 03:52:34] [INFO] [OmnipathR] Package `OmnipathR` built: R 4.5.1; ; 2025-10-16 20:07:50 UTC; unix [2025-10-17 03:52:34] [INFO] [OmnipathR] Package `OmnipathR` version: 3.17.6 [2025-10-17 03:52:34] [INFO] [OmnipathR] Package `OmnipathR` repository: Bioconductor 3.22 [2025-10-17 03:52:34] [INFO] [OmnipathR] Session info: [version=R version 4.5.1 Patched (2025-08-23 r88802); os=Ubuntu 24.04.3 LTS; system=x86_64, linux-gnu; ui=X11; language=(EN); collate=C; ctype=en_US.UTF-8; tz=America/New_York; date=2025-10-17; pandoc=2.7.3 @ /usr/bin/ (via rmarkdown); quarto=1.7.32 @ /usr/local/bin/quarto] [2025-10-17 03:52:34] [INFO] [OmnipathR] External libraries: [cairo=1.18.0; cairoFT=; pango=1.52.1; png=1.6.43; jpeg=8.0; tiff=LIBTIFF, Version 4.5.1; tcl=8.6.14; curl=8.5.0; zlib=1.3; bzlib=1.0.8, 13-Jul-2019; xz=5.4.5; deflate=1.19; PCRE=10.42 2022-12-11; ICU=74.2; TRE=TRE 0.8.0 R_fixes (BSD); iconv=glibc 2.39; readline=8.2; BLAS=/home/biocbuild/bbs-3.22-bioc/R/lib/libRblas.so; lapack=/usr/lib/x86_64-linux-gnu/lapack/liblapack.so.3.12.0; lapack_version=3.12.0] [2025-10-17 03:52:35] [INFO] [OmnipathR] Loaded packages: backports 1.5.0(2024-05-23); bit 4.6.0(2025-03-06); bit64 4.6.0-1(2025-01-16); blob 1.2.4(2023-03-17); cachem 1.1.0(2024-05-16); cellranger 1.1.0(2016-07-27); checkmate 2.3.3(2025-08-18); chromote 0.5.1(2025-04-24); cli 3.6.5(2025-04-23); crayon 1.5.3(2024-06-20); curl 7.0.0(2025-08-19); DBI 1.2.3(2024-06-02); digest 0.6.37(2024-08-19); dplyr 1.1.4(2023-11-17); evaluate 1.0.5(2025-08-27); fastmap 1.2.0(2024-05-15); fs 1.6.6(2025-04-12); generics 0.1.4(2025-05-09); glue 1.8.0(2024-09-30); hms 1.1.3(2023-03-21); htmltools 0.5.8.1(2024-04-04); httr 1.4.7(2023-08-15); httr2 1.2.1(2025-07-22); igraph 2.2.0(2025-10-13); jsonlite 2.0.0(2025-03-27); knitr 1.50(2025-03-16); later 1.4.4(2025-08-27); lifecycle 1.0.4(2023-11-07); logger 0.4.1(2025-09-11); lubridate 1.9.4(2024-12-08); magrittr 2.0.4(2025-09-12); memoise 2.0.1(2021-11-26); OmnipathR 3.17.6(2025-10-16); pillar 1.11.1(2025-09-17); pkgconfig 2.0.3(2019-09-22); prettyunits 1.2.0(2023-09-24); processx 3.8.6(2025-02-21); progress 1.2.3(2023-12-06); promises 1.3.3(2025-05-29); ps 1.9.1(2025-04-12); purrr 1.1.0(2025-07-10); R.methodsS3 1.8.2(2022-06-13); R.oo 1.27.1(2025-05-02); R.utils 2.13.0(2025-02-24); R6 2.6.1(2025-02-15); rappdirs 0.3.3(2021-01-31); Rcpp 1.1.0(2025-07-02); readr 2.1.5(2024-01-10); readxl 1.4.5(2025-03-07); rlang 1.1.6(2025-04-11); rmarkdown 2.30(2025-09-28); RSQLite 2.4.3(2025-08-20); rvest 1.0.5(2025-08-29); sessioninfo 1.2.3(2025-02-05); stringi 1.8.7(2025-03-27); stringr 1.5.2(2025-09-08); tibble 3.3.0(2025-06-08); tidyr 1.3.1(2024-01-24); tidyselect 1.2.1(2024-03-11); timechange 0.3.0(2024-01-18); tzdb 0.5.0(2025-03-15); vctrs 0.6.5(2023-12-01); websocket 1.4.4(2025-04-10); withr 3.0.2(2024-10-28); xfun 0.53(2025-08-19); XML 3.99-0.19(2025-08-22); xml2 1.4.0(2025-08-20); yaml 2.3.10(2024-07-26); zip 2.3.3(2025-05-13) [2025-10-17 03:52:35] [INFO] [OmnipathR] CURL: version: 8.5.0; headers: 8.5.0; ssl_version: GnuTLS/3.8.3; libz_version: 1.3; libssh_version: libssh/0.10.6/openssl/zlib; libidn_version: 2.3.7; host: x86_64-pc-linux-gnu; protocols: dict, file, ftp, ftps, gopher, gophers, http, https, imap, imaps, ldap, ldaps, mqtt, pop3, pop3s, rtmp, rtmpe, rtmps, rtmpt, rtmpte, rtmpts, rtsp, scp, sftp, smb, smbs, smtp, smtps, telnet, tftp; ipv6: TRUE; http2: TRUE; idn: TRUE; url_parser: TRUE [2025-10-17 03:52:35] [TRACE] [OmnipathR] Running on a build server, wiping cache. [2025-10-17 03:52:35] [TRACE] [OmnipathR] Cache is at `/home/biocbuild/.cache/OmnipathR`. [2025-10-17 03:52:35] [TRACE] [OmnipathR] Contains 1 files. [2025-10-17 03:52:35] [TRACE] [OmnipathR] Cache is locked: FALSE. [2025-10-17 03:52:35] [TRACE] [OmnipathR] Reading JSON from `/home/biocbuild/.cache/OmnipathR/cache.json` (encoding: UTF-8). [2025-10-17 03:52:35] [TRACE] [OmnipathR] JSON validation successful: TRUE [2025-10-17 03:52:35] [SUCCESS] [OmnipathR] Removing all cache contents from `/home/biocbuild/.cache/OmnipathR`. [2025-10-17 03:52:35] [TRACE] [OmnipathR] Pandoc version: `2.7.3`. [2025-10-17 03:52:35] [TRACE] [OmnipathR] Reading JSON from `/home/biocbuild/bbs-3.22-bioc/R/site-library/OmnipathR/db/db_def.json` (encoding: UTF-8). [2025-10-17 03:52:35] [TRACE] [OmnipathR] JSON validation successful: TRUE [2025-10-17 03:52:35] [TRACE] [OmnipathR] Reading JSON from `/home/biocbuild/bbs-3.22-bioc/R/site-library/OmnipathR/internal/magic_bytes.json` (encoding: UTF-8). [2025-10-17 03:52:35] [TRACE] [OmnipathR] JSON validation successful: TRUE [2025-10-17 03:52:35] [TRACE] [OmnipathR] Reading JSON from `/home/biocbuild/bbs-3.22-bioc/R/site-library/OmnipathR/internal/urls.json` (encoding: UTF-8). [2025-10-17 03:52:35] [TRACE] [OmnipathR] JSON validation successful: TRUE [2025-10-17 03:52:35] [TRACE] [OmnipathR] Reading JSON from `/home/biocbuild/bbs-3.22-bioc/R/site-library/OmnipathR/internal/id_types.json` (encoding: UTF-8). [2025-10-17 03:52:35] [TRACE] [OmnipathR] JSON validation successful: TRUE [2025-10-17 03:52:35] [TRACE] [OmnipathR] Cache locked: FALSE It looks like this package (or a package it requires) has a startup message which cannot be suppressed: see ?packageStartupMessage. * checking dependencies in R code ... OK * checking S3 generic/method consistency ... OK * checking replacement functions ... OK * checking foreign function calls ... OK * checking R code for possible problems ... NOTE [2025-10-17 03:52:50] [TRACE] [OmnipathR] Reading JSON from `/home/biocbuild/.cache/OmnipathR/cache.json` (encoding: UTF-8). [2025-10-17 03:52:50] [TRACE] [OmnipathR] JSON validation successful: TRUE [2025-10-17 03:52:50] [INFO] [OmnipathR] Initialized cache: `/home/biocbuild/.cache/OmnipathR`. [2025-10-17 03:52:50] [INFO] [OmnipathR] Package `OmnipathR` packaged: NA [2025-10-17 03:52:50] [INFO] [OmnipathR] Package `OmnipathR` date/publication: 2025-10-16 [2025-10-17 03:52:50] [INFO] [OmnipathR] Package `OmnipathR` built: R 4.5.1; ; 2025-10-16 20:07:50 UTC; unix [2025-10-17 03:52:50] [INFO] [OmnipathR] Package `OmnipathR` version: 3.17.6 [2025-10-17 03:52:50] [INFO] [OmnipathR] Package `OmnipathR` repository: Bioconductor 3.22 [2025-10-17 03:52:50] [INFO] [OmnipathR] Session info: [version=R version 4.5.1 Patched (2025-08-23 r88802); os=Ubuntu 24.04.3 LTS; system=x86_64, linux-gnu; ui=X11; language=(EN); collate=C; ctype=en_US.UTF-8; tz=America/New_York; date=2025-10-17; pandoc=2.7.3 @ /usr/bin/ (via rmarkdown); quarto=1.7.32 @ /usr/local/bin/quarto] [2025-10-17 03:52:51] [INFO] [OmnipathR] External libraries: [cairo=1.18.0; cairoFT=; pango=1.52.1; png=1.6.43; jpeg=8.0; tiff=LIBTIFF, Version 4.5.1; tcl=8.6.14; curl=8.5.0; zlib=1.3; bzlib=1.0.8, 13-Jul-2019; xz=5.4.5; deflate=1.19; PCRE=10.42 2022-12-11; ICU=74.2; TRE=TRE 0.8.0 R_fixes (BSD); iconv=glibc 2.39; readline=8.2; BLAS=/home/biocbuild/bbs-3.22-bioc/R/lib/libRblas.so; lapack=/usr/lib/x86_64-linux-gnu/lapack/liblapack.so.3.12.0; lapack_version=3.12.0] [2025-10-17 03:52:51] [INFO] [OmnipathR] Loaded packages: backports 1.5.0(2024-05-23); bit 4.6.0(2025-03-06); bit64 4.6.0-1(2025-01-16); blob 1.2.4(2023-03-17); cachem 1.1.0(2024-05-16); cellranger 1.1.0(2016-07-27); checkmate 2.3.3(2025-08-18); chromote 0.5.1(2025-04-24); cli 3.6.5(2025-04-23); crayon 1.5.3(2024-06-20); curl 7.0.0(2025-08-19); DBI 1.2.3(2024-06-02); digest 0.6.37(2024-08-19); dplyr 1.1.4(2023-11-17); evaluate 1.0.5(2025-08-27); fastmap 1.2.0(2024-05-15); fs 1.6.6(2025-04-12); generics 0.1.4(2025-05-09); glue 1.8.0(2024-09-30); hms 1.1.3(2023-03-21); htmltools 0.5.8.1(2024-04-04); httr 1.4.7(2023-08-15); httr2 1.2.1(2025-07-22); igraph 2.2.0(2025-10-13); jsonlite 2.0.0(2025-03-27); knitr 1.50(2025-03-16); later 1.4.4(2025-08-27); lifecycle 1.0.4(2023-11-07); logger 0.4.1(2025-09-11); lubridate 1.9.4(2024-12-08); magrittr 2.0.4(2025-09-12); memoise 2.0.1(2021-11-26); OmnipathR 3.17.6(2025-10-16); pillar 1.11.1(2025-09-17); pkgconfig 2.0.3(2019-09-22); prettyunits 1.2.0(2023-09-24); processx 3.8.6(2025-02-21); progress 1.2.3(2023-12-06); promises 1.3.3(2025-05-29); ps 1.9.1(2025-04-12); purrr 1.1.0(2025-07-10); R.methodsS3 1.8.2(2022-06-13); R.oo 1.27.1(2025-05-02); R.utils 2.13.0(2025-02-24); R6 2.6.1(2025-02-15); rappdirs 0.3.3(2021-01-31); Rcpp 1.1.0(2025-07-02); readr 2.1.5(2024-01-10); readxl 1.4.5(2025-03-07); rlang 1.1.6(2025-04-11); rmarkdown 2.30(2025-09-28); RSQLite 2.4.3(2025-08-20); rvest 1.0.5(2025-08-29); sessioninfo 1.2.3(2025-02-05); stringi 1.8.7(2025-03-27); stringr 1.5.2(2025-09-08); tibble 3.3.0(2025-06-08); tidyr 1.3.1(2024-01-24); tidyselect 1.2.1(2024-03-11); timechange 0.3.0(2024-01-18); tzdb 0.5.0(2025-03-15); vctrs 0.6.5(2023-12-01); websocket 1.4.4(2025-04-10); withr 3.0.2(2024-10-28); xfun 0.53(2025-08-19); XML 3.99-0.19(2025-08-22); xml2 1.4.0(2025-08-20); yaml 2.3.10(2024-07-26); zip 2.3.3(2025-05-13) [2025-10-17 03:52:51] [INFO] [OmnipathR] CURL: version: 8.5.0; headers: 8.5.0; ssl_version: GnuTLS/3.8.3; libz_version: 1.3; libssh_version: libssh/0.10.6/openssl/zlib; libidn_version: 2.3.7; host: x86_64-pc-linux-gnu; protocols: dict, file, ftp, ftps, gopher, gophers, http, https, imap, imaps, ldap, ldaps, mqtt, pop3, pop3s, rtmp, rtmpe, rtmps, rtmpt, rtmpte, rtmpts, rtsp, scp, sftp, smb, smbs, smtp, smtps, telnet, tftp; ipv6: TRUE; http2: TRUE; idn: TRUE; url_parser: TRUE [2025-10-17 03:52:51] [TRACE] [OmnipathR] Running on a build server, wiping cache. [2025-10-17 03:52:51] [TRACE] [OmnipathR] Cache is at `/home/biocbuild/.cache/OmnipathR`. [2025-10-17 03:52:51] [TRACE] [OmnipathR] Contains 1 files. [2025-10-17 03:52:51] [TRACE] [OmnipathR] Cache is locked: FALSE. [2025-10-17 03:52:51] [TRACE] [OmnipathR] Reading JSON from `/home/biocbuild/.cache/OmnipathR/cache.json` (encoding: UTF-8). [2025-10-17 03:52:51] [TRACE] [OmnipathR] JSON validation successful: TRUE [2025-10-17 03:52:51] [SUCCESS] [OmnipathR] Removing all cache contents from `/home/biocbuild/.cache/OmnipathR`. [2025-10-17 03:52:51] [TRACE] [OmnipathR] Pandoc version: `2.7.3`. [2025-10-17 03:52:51] [TRACE] [OmnipathR] Reading JSON from `/home/biocbuild/bbs-3.22-bioc/R/site-library/OmnipathR/db/db_def.json` (encoding: UTF-8). [2025-10-17 03:52:51] [TRACE] [OmnipathR] JSON validation successful: TRUE [2025-10-17 03:52:51] [TRACE] [OmnipathR] Reading JSON from `/home/biocbuild/bbs-3.22-bioc/R/site-library/OmnipathR/internal/magic_bytes.json` (encoding: UTF-8). [2025-10-17 03:52:51] [TRACE] [OmnipathR] JSON validation successful: TRUE [2025-10-17 03:52:51] [TRACE] [OmnipathR] Reading JSON from `/home/biocbuild/bbs-3.22-bioc/R/site-library/OmnipathR/internal/urls.json` (encoding: UTF-8). [2025-10-17 03:52:51] [TRACE] [OmnipathR] JSON validation successful: TRUE [2025-10-17 03:52:51] [TRACE] [OmnipathR] Reading JSON from `/home/biocbuild/bbs-3.22-bioc/R/site-library/OmnipathR/internal/id_types.json` (encoding: UTF-8). [2025-10-17 03:52:51] [TRACE] [OmnipathR] JSON validation successful: TRUE [2025-10-17 03:52:51] [TRACE] [OmnipathR] Cache locked: FALSE .cosmos_pkn: no visible global function definition for ‘metabolite_idsc’ cosmos_ksn: no visible binding for global variable ‘substrate_genesymbol’ cosmos_ksn: no visible binding for global variable ‘residue_type’ cosmos_ksn: no visible binding for global variable ‘residue_offset’ cosmos_ksn: no visible binding for global variable ‘enzyme_genesymbol’ cosmos_ksn: no visible binding for global variable ‘mor’ recon3d_genes: no visible binding for global variable ‘notes’ recon3d_genes: no visible binding for global variable ‘annotation’ recon3d_genes: no visible binding for global variable ‘original_bigg_ids’ recon3d_metabolites: no visible binding for global variable ‘notes’ recon3d_metabolites: no visible binding for global variable ‘original_bigg_ids’ recon3d_metabolites: no visible binding for global variable ‘annotation’ recon3d_metabolites: no visible global function definition for ‘chalmers_gem_matlab_tibble’ recon3d_metabolites: no visible binding for global variable ‘hmdb’ recon3d_metabolites: no visible binding for global variable ‘metHMDBID’ recon3d_reactions: no visible binding for global variable ‘notes’ recon3d_reactions: no visible binding for global variable ‘metabolites’ recon3d_reactions: no visible binding for global variable ‘original_bigg_ids’ taxon_names_table: no visible binding for global variable ‘latin_name_uniprot’ taxon_names_table: no visible binding for global variable ‘latin_name_ensembl’ taxon_names_table: no visible binding for global variable ‘latin_name_oma’ taxon_names_table: no visible binding for global variable ‘common_name_ensembl’ taxon_names_table: no visible binding for global variable ‘common_name_uniprot’ Undefined global functions or variables: annotation chalmers_gem_matlab_tibble common_name_ensembl common_name_uniprot enzyme_genesymbol hmdb latin_name_ensembl latin_name_oma latin_name_uniprot metHMDBID metabolite_idsc metabolites mor notes original_bigg_ids residue_offset residue_type substrate_genesymbol * checking Rd files ... OK * checking Rd metadata ... OK * checking Rd cross-references ... OK * checking for missing documentation entries ... WARNING Undocumented code objects: ‘recon3d_raw’ ‘recon3d_raw_vmh’ All user-level objects in a package should have documentation entries. See chapter ‘Writing R documentation files’ in the ‘Writing R Extensions’ manual. * checking for code/documentation mismatches ... OK * checking Rd \usage sections ... WARNING Undocumented arguments in Rd file 'recon3d.Rd' ‘extra_hmdb’ Undocumented arguments in Rd file 'translate_ids_multi.Rd' ‘ramp’ ‘expand’ Functions with \usage entries need to have the appropriate \alias entries, and all their arguments documented. The \usage entries must correspond to syntactically valid R code. See chapter ‘Writing R documentation files’ in the ‘Writing R Extensions’ manual. * checking Rd contents ... OK * checking for unstated dependencies in examples ... OK * checking R/sysdata.rda ... OK * checking files in ‘vignettes’ ... OK * checking examples ... ERROR Running examples in ‘OmnipathR-Ex.R’ failed The error most likely occurred in: > base::assign(".ptime", proc.time(), pos = "CheckExEnv") > ### Name: recon3d_metabolites > ### Title: Metabolites from Recon-3D > ### Aliases: recon3d_metabolites recon3d_reactions recon3d_genes > ### recon3d_compartments > > ### ** Examples > > recon3d_metabolites() Warning in readLines(con = path, encoding = encoding) : incomplete final line found on '/home/biocbuild/.cache/OmnipathR/be81cd1c9a119b749e4206f26272806591e8fb4c-1.gz' Error in chalmers_gem_matlab_tibble(., "mets", "metHMDBID") : could not find function "chalmers_gem_matlab_tibble" Calls: recon3d_metabolites ... same_src.data.frame -> is.data.frame -> %>% -> unnest -> unnest Execution halted Examples with CPU (user + system) or elapsed time > 5s user system elapsed annotation_categories 79.843 0.060 81.367 curated_ligrec_stats 42.034 3.179 119.301 filter_extra_attrs 34.101 6.072 43.315 omnipath-interactions 28.810 2.426 56.571 nichenet_gr_network_omnipath 23.080 1.306 27.953 go_annot_download 21.669 1.840 29.973 all_uniprots 22.167 1.325 39.710 extra_attrs_to_cols 12.996 1.377 14.389 giant_component 13.100 0.536 17.117 extra_attr_values 11.763 1.387 15.805 nichenet_signaling_network_omnipath 11.575 0.481 16.046 has_extra_attrs 10.456 1.349 12.043 find_all_paths 11.193 0.208 13.064 filter_intercell 9.995 0.741 16.388 pivot_annotations 9.548 0.599 18.509 omnipath_for_cosmos 9.266 0.471 28.447 extra_attrs 7.108 1.088 8.232 filter_by_resource 7.676 0.286 10.175 curated_ligand_receptor_interactions 6.596 0.691 17.388 print_interactions 5.880 0.289 10.790 kegg_conv 3.121 0.300 18.242 print_path_vs 2.695 0.173 5.918 kinasephos 2.214 0.393 337.590 ensembl_id_mapping_table 2.395 0.135 18.665 metalinksdb_sqlite 1.441 0.258 11.101 kegg_rm_prefix 1.135 0.078 7.176 kegg_link 1.124 0.079 6.323 kegg_picture 1.110 0.018 5.185 * checking for unstated dependencies in ‘tests’ ... OK * checking tests ... Running ‘testthat.R’ OK * checking for unstated dependencies in vignettes ... OK * checking package vignettes ... OK * checking re-building of vignette outputs ... OK * checking PDF version of manual ... OK * DONE Status: 1 ERROR, 2 WARNINGs, 2 NOTEs See ‘/home/biocbuild/bbs-3.22-bioc/meat/OmnipathR.Rcheck/00check.log’ for details.
OmnipathR.Rcheck/00install.out
############################################################################## ############################################################################## ### ### Running command: ### ### /home/biocbuild/bbs-3.22-bioc/R/bin/R CMD INSTALL OmnipathR ### ############################################################################## ############################################################################## * installing to library ‘/home/biocbuild/bbs-3.22-bioc/R/site-library’ * installing *source* package ‘OmnipathR’ ... ** this is package ‘OmnipathR’ version ‘3.17.6’ ** using staged installation ** R ** inst ** byte-compile and prepare package for lazy loading ** help *** installing help indices *** copying figures ** building package indices ** installing vignettes ** testing if installed package can be loaded from temporary location [2025-10-16 16:08:03] [TRACE] [OmnipathR] Reading JSON from `/home/biocbuild/.cache/OmnipathR/cache.json` (encoding: UTF-8). [2025-10-16 16:08:03] [TRACE] [OmnipathR] JSON validation successful: TRUE [2025-10-16 16:08:03] [INFO] [OmnipathR] Initialized cache: `/home/biocbuild/.cache/OmnipathR`. [2025-10-16 16:08:03] [INFO] [OmnipathR] Package `OmnipathR` packaged: NA [2025-10-16 16:08:03] [INFO] [OmnipathR] Package `OmnipathR` date/publication: 2025-10-16 [2025-10-16 16:08:03] [INFO] [OmnipathR] Package `OmnipathR` built: R 4.5.1; ; 2025-10-16 20:07:50 UTC; unix [2025-10-16 16:08:03] [INFO] [OmnipathR] Package `OmnipathR` version: 3.17.6 [2025-10-16 16:08:03] [INFO] [OmnipathR] Package `OmnipathR` repository: Bioconductor 3.22 [2025-10-16 16:08:03] [INFO] [OmnipathR] Session info: [version=R version 4.5.1 Patched (2025-08-23 r88802); os=Ubuntu 24.04.3 LTS; system=x86_64, linux-gnu; ui=X11; language=(EN); collate=C; ctype=en_US.UTF-8; tz=America/New_York; date=2025-10-16; pandoc=2.7.3 @ /usr/bin/ (via rmarkdown); quarto=1.7.32 @ /usr/local/bin/quarto] [2025-10-16 16:08:03] [INFO] [OmnipathR] External libraries: [cairo=1.18.0; cairoFT=; pango=1.52.1; png=1.6.43; jpeg=8.0; tiff=LIBTIFF, Version 4.5.1; tcl=8.6.14; curl=8.5.0; zlib=1.3; bzlib=1.0.8, 13-Jul-2019; xz=5.4.5; deflate=1.19; PCRE=10.42 2022-12-11; ICU=74.2; TRE=TRE 0.8.0 R_fixes (BSD); iconv=glibc 2.39; readline=8.2; BLAS=/home/biocbuild/bbs-3.22-bioc/R/lib/libRblas.so; lapack=/usr/lib/x86_64-linux-gnu/lapack/liblapack.so.3.12.0; lapack_version=3.12.0] [2025-10-16 16:08:04] [INFO] [OmnipathR] Loaded packages: backports 1.5.0(2024-05-23); bit 4.6.0(2025-03-06); bit64 4.6.0-1(2025-01-16); blob 1.2.4(2023-03-17); cachem 1.1.0(2024-05-16); cellranger 1.1.0(2016-07-27); checkmate 2.3.3(2025-08-18); chromote 0.5.1(2025-04-24); cli 3.6.5(2025-04-23); crayon 1.5.3(2024-06-20); curl 7.0.0(2025-08-19); DBI 1.2.3(2024-06-02); digest 0.6.37(2024-08-19); dplyr 1.1.4(2023-11-17); evaluate 1.0.5(2025-08-27); fastmap 1.2.0(2024-05-15); fs 1.6.6(2025-04-12); generics 0.1.4(2025-05-09); glue 1.8.0(2024-09-30); hms 1.1.3(2023-03-21); htmltools 0.5.8.1(2024-04-04); httr 1.4.7(2023-08-15); httr2 1.2.1(2025-07-22); igraph 2.2.0(2025-10-13); jsonlite 2.0.0(2025-03-27); knitr 1.50(2025-03-16); later 1.4.4(2025-08-27); lifecycle 1.0.4(2023-11-07); logger 0.4.1(2025-09-11); lubridate 1.9.4(2024-12-08); magrittr 2.0.4(2025-09-12); memoise 2.0.1(2021-11-26); OmnipathR 3.17.6(2025-10-16); pillar 1.11.1(2025-09-17); pkgconfig 2.0.3(2019-09-22); prettyunits 1.2.0(2023-09-24); processx 3.8.6(2025-02-21); progress 1.2.3(2023-12-06); promises 1.3.3(2025-05-29); ps 1.9.1(2025-04-12); purrr 1.1.0(2025-07-10); R.methodsS3 1.8.2(2022-06-13); R.oo 1.27.1(2025-05-02); R.utils 2.13.0(2025-02-24); R6 2.6.1(2025-02-15); rappdirs 0.3.3(2021-01-31); Rcpp 1.1.0(2025-07-02); readr 2.1.5(2024-01-10); readxl 1.4.5(2025-03-07); rlang 1.1.6(2025-04-11); rmarkdown 2.30(2025-09-28); RSQLite 2.4.3(2025-08-20); rvest 1.0.5(2025-08-29); sessioninfo 1.2.3(2025-02-05); stringi 1.8.7(2025-03-27); stringr 1.5.2(2025-09-08); tibble 3.3.0(2025-06-08); tidyr 1.3.1(2024-01-24); tidyselect 1.2.1(2024-03-11); timechange 0.3.0(2024-01-18); tzdb 0.5.0(2025-03-15); vctrs 0.6.5(2023-12-01); websocket 1.4.4(2025-04-10); withr 3.0.2(2024-10-28); xfun 0.53(2025-08-19); XML 3.99-0.19(2025-08-22); xml2 1.4.0(2025-08-20); yaml 2.3.10(2024-07-26); zip 2.3.3(2025-05-13) [2025-10-16 16:08:04] [INFO] [OmnipathR] CURL: version: 8.5.0; headers: 8.5.0; ssl_version: GnuTLS/3.8.3; libz_version: 1.3; libssh_version: libssh/0.10.6/openssl/zlib; libidn_version: 2.3.7; host: x86_64-pc-linux-gnu; protocols: dict, file, ftp, ftps, gopher, gophers, http, https, imap, imaps, ldap, ldaps, mqtt, pop3, pop3s, rtmp, rtmpe, rtmps, rtmpt, rtmpte, rtmpts, rtsp, scp, sftp, smb, smbs, smtp, smtps, telnet, tftp; ipv6: TRUE; http2: TRUE; idn: TRUE; url_parser: TRUE [2025-10-16 16:08:04] [TRACE] [OmnipathR] Running on a build server, wiping cache. [2025-10-16 16:08:04] [TRACE] [OmnipathR] Cache is at `/home/biocbuild/.cache/OmnipathR`. [2025-10-16 16:08:04] [TRACE] [OmnipathR] Contains 7 files. [2025-10-16 16:08:04] [TRACE] [OmnipathR] Cache is locked: FALSE. [2025-10-16 16:08:04] [TRACE] [OmnipathR] Reading JSON from `/home/biocbuild/.cache/OmnipathR/cache.json` (encoding: UTF-8). [2025-10-16 16:08:04] [TRACE] [OmnipathR] JSON validation successful: TRUE [2025-10-16 16:08:04] [SUCCESS] [OmnipathR] Removing all cache contents from `/home/biocbuild/.cache/OmnipathR`. [2025-10-16 16:08:04] [TRACE] [OmnipathR] Pandoc version: `2.7.3`. [2025-10-16 16:08:04] [TRACE] [OmnipathR] Reading JSON from `/home/biocbuild/bbs-3.22-bioc/R/site-library/00LOCK-OmnipathR/00new/OmnipathR/db/db_def.json` (encoding: UTF-8). [2025-10-16 16:08:04] [TRACE] [OmnipathR] JSON validation successful: TRUE [2025-10-16 16:08:04] [TRACE] [OmnipathR] Reading JSON from `/home/biocbuild/bbs-3.22-bioc/R/site-library/00LOCK-OmnipathR/00new/OmnipathR/internal/magic_bytes.json` (encoding: UTF-8). [2025-10-16 16:08:04] [TRACE] [OmnipathR] JSON validation successful: TRUE [2025-10-16 16:08:04] [TRACE] [OmnipathR] Reading JSON from `/home/biocbuild/bbs-3.22-bioc/R/site-library/00LOCK-OmnipathR/00new/OmnipathR/internal/urls.json` (encoding: UTF-8). [2025-10-16 16:08:04] [TRACE] [OmnipathR] JSON validation successful: TRUE [2025-10-16 16:08:04] [TRACE] [OmnipathR] Reading JSON from `/home/biocbuild/bbs-3.22-bioc/R/site-library/00LOCK-OmnipathR/00new/OmnipathR/internal/id_types.json` (encoding: UTF-8). [2025-10-16 16:08:04] [TRACE] [OmnipathR] JSON validation successful: TRUE [2025-10-16 16:08:04] [TRACE] [OmnipathR] Cache locked: FALSE ** testing if installed package can be loaded from final location [2025-10-16 16:08:06] [TRACE] [OmnipathR] Reading JSON from `/home/biocbuild/.cache/OmnipathR/cache.json` (encoding: UTF-8). [2025-10-16 16:08:06] [TRACE] [OmnipathR] JSON validation successful: TRUE [2025-10-16 16:08:06] [INFO] [OmnipathR] Initialized cache: `/home/biocbuild/.cache/OmnipathR`. [2025-10-16 16:08:06] [INFO] [OmnipathR] Package `OmnipathR` packaged: NA [2025-10-16 16:08:06] [INFO] [OmnipathR] Package `OmnipathR` date/publication: 2025-10-16 [2025-10-16 16:08:06] [INFO] [OmnipathR] Package `OmnipathR` built: R 4.5.1; ; 2025-10-16 20:07:50 UTC; unix [2025-10-16 16:08:06] [INFO] [OmnipathR] Package `OmnipathR` version: 3.17.6 [2025-10-16 16:08:06] [INFO] [OmnipathR] Package `OmnipathR` repository: Bioconductor 3.22 [2025-10-16 16:08:06] [INFO] [OmnipathR] Session info: [version=R version 4.5.1 Patched (2025-08-23 r88802); os=Ubuntu 24.04.3 LTS; system=x86_64, linux-gnu; ui=X11; language=(EN); collate=C; ctype=en_US.UTF-8; tz=America/New_York; date=2025-10-16; pandoc=2.7.3 @ /usr/bin/ (via rmarkdown); quarto=1.7.32 @ /usr/local/bin/quarto] [2025-10-16 16:08:06] [INFO] [OmnipathR] External libraries: [cairo=1.18.0; cairoFT=; pango=1.52.1; png=1.6.43; jpeg=8.0; tiff=LIBTIFF, Version 4.5.1; tcl=8.6.14; curl=8.5.0; zlib=1.3; bzlib=1.0.8, 13-Jul-2019; xz=5.4.5; deflate=1.19; PCRE=10.42 2022-12-11; ICU=74.2; TRE=TRE 0.8.0 R_fixes (BSD); iconv=glibc 2.39; readline=8.2; BLAS=/home/biocbuild/bbs-3.22-bioc/R/lib/libRblas.so; lapack=/usr/lib/x86_64-linux-gnu/lapack/liblapack.so.3.12.0; lapack_version=3.12.0] [2025-10-16 16:08:06] [INFO] [OmnipathR] Loaded packages: backports 1.5.0(2024-05-23); bit 4.6.0(2025-03-06); bit64 4.6.0-1(2025-01-16); blob 1.2.4(2023-03-17); cachem 1.1.0(2024-05-16); cellranger 1.1.0(2016-07-27); checkmate 2.3.3(2025-08-18); chromote 0.5.1(2025-04-24); cli 3.6.5(2025-04-23); crayon 1.5.3(2024-06-20); curl 7.0.0(2025-08-19); DBI 1.2.3(2024-06-02); digest 0.6.37(2024-08-19); dplyr 1.1.4(2023-11-17); evaluate 1.0.5(2025-08-27); fastmap 1.2.0(2024-05-15); fs 1.6.6(2025-04-12); generics 0.1.4(2025-05-09); glue 1.8.0(2024-09-30); hms 1.1.3(2023-03-21); htmltools 0.5.8.1(2024-04-04); httr 1.4.7(2023-08-15); httr2 1.2.1(2025-07-22); igraph 2.2.0(2025-10-13); jsonlite 2.0.0(2025-03-27); knitr 1.50(2025-03-16); later 1.4.4(2025-08-27); lifecycle 1.0.4(2023-11-07); logger 0.4.1(2025-09-11); lubridate 1.9.4(2024-12-08); magrittr 2.0.4(2025-09-12); memoise 2.0.1(2021-11-26); OmnipathR 3.17.6(2025-10-16); pillar 1.11.1(2025-09-17); pkgconfig 2.0.3(2019-09-22); prettyunits 1.2.0(2023-09-24); processx 3.8.6(2025-02-21); progress 1.2.3(2023-12-06); promises 1.3.3(2025-05-29); ps 1.9.1(2025-04-12); purrr 1.1.0(2025-07-10); R.methodsS3 1.8.2(2022-06-13); R.oo 1.27.1(2025-05-02); R.utils 2.13.0(2025-02-24); R6 2.6.1(2025-02-15); rappdirs 0.3.3(2021-01-31); Rcpp 1.1.0(2025-07-02); readr 2.1.5(2024-01-10); readxl 1.4.5(2025-03-07); rlang 1.1.6(2025-04-11); rmarkdown 2.30(2025-09-28); RSQLite 2.4.3(2025-08-20); rvest 1.0.5(2025-08-29); sessioninfo 1.2.3(2025-02-05); stringi 1.8.7(2025-03-27); stringr 1.5.2(2025-09-08); tibble 3.3.0(2025-06-08); tidyr 1.3.1(2024-01-24); tidyselect 1.2.1(2024-03-11); timechange 0.3.0(2024-01-18); tzdb 0.5.0(2025-03-15); vctrs 0.6.5(2023-12-01); websocket 1.4.4(2025-04-10); withr 3.0.2(2024-10-28); xfun 0.53(2025-08-19); XML 3.99-0.19(2025-08-22); xml2 1.4.0(2025-08-20); yaml 2.3.10(2024-07-26); zip 2.3.3(2025-05-13) [2025-10-16 16:08:06] [INFO] [OmnipathR] CURL: version: 8.5.0; headers: 8.5.0; ssl_version: GnuTLS/3.8.3; libz_version: 1.3; libssh_version: libssh/0.10.6/openssl/zlib; libidn_version: 2.3.7; host: x86_64-pc-linux-gnu; protocols: dict, file, ftp, ftps, gopher, gophers, http, https, imap, imaps, ldap, ldaps, mqtt, pop3, pop3s, rtmp, rtmpe, rtmps, rtmpt, rtmpte, rtmpts, rtsp, scp, sftp, smb, smbs, smtp, smtps, telnet, tftp; ipv6: TRUE; http2: TRUE; idn: TRUE; url_parser: TRUE [2025-10-16 16:08:06] [TRACE] [OmnipathR] Running on a build server, wiping cache. [2025-10-16 16:08:06] [TRACE] [OmnipathR] Cache is at `/home/biocbuild/.cache/OmnipathR`. [2025-10-16 16:08:06] [TRACE] [OmnipathR] Contains 1 files. [2025-10-16 16:08:06] [TRACE] [OmnipathR] Cache is locked: FALSE. [2025-10-16 16:08:06] [TRACE] [OmnipathR] Reading JSON from `/home/biocbuild/.cache/OmnipathR/cache.json` (encoding: UTF-8). [2025-10-16 16:08:06] [TRACE] [OmnipathR] JSON validation successful: TRUE [2025-10-16 16:08:06] [SUCCESS] [OmnipathR] Removing all cache contents from `/home/biocbuild/.cache/OmnipathR`. [2025-10-16 16:08:06] [TRACE] [OmnipathR] Pandoc version: `2.7.3`. [2025-10-16 16:08:06] [TRACE] [OmnipathR] Reading JSON from `/home/biocbuild/bbs-3.22-bioc/R/site-library/OmnipathR/db/db_def.json` (encoding: UTF-8). [2025-10-16 16:08:06] [TRACE] [OmnipathR] JSON validation successful: TRUE [2025-10-16 16:08:06] [TRACE] [OmnipathR] Reading JSON from `/home/biocbuild/bbs-3.22-bioc/R/site-library/OmnipathR/internal/magic_bytes.json` (encoding: UTF-8). [2025-10-16 16:08:06] [TRACE] [OmnipathR] JSON validation successful: TRUE [2025-10-16 16:08:06] [TRACE] [OmnipathR] Reading JSON from `/home/biocbuild/bbs-3.22-bioc/R/site-library/OmnipathR/internal/urls.json` (encoding: UTF-8). [2025-10-16 16:08:06] [TRACE] [OmnipathR] JSON validation successful: TRUE [2025-10-16 16:08:06] [TRACE] [OmnipathR] Reading JSON from `/home/biocbuild/bbs-3.22-bioc/R/site-library/OmnipathR/internal/id_types.json` (encoding: UTF-8). [2025-10-16 16:08:06] [TRACE] [OmnipathR] JSON validation successful: TRUE [2025-10-16 16:08:06] [TRACE] [OmnipathR] Cache locked: FALSE ** testing if installed package keeps a record of temporary installation path * DONE (OmnipathR)
OmnipathR.Rcheck/tests/testthat.Rout
R version 4.5.1 Patched (2025-08-23 r88802) -- "Great Square Root" Copyright (C) 2025 The R Foundation for Statistical Computing Platform: x86_64-pc-linux-gnu R is free software and comes with ABSOLUTELY NO WARRANTY. You are welcome to redistribute it under certain conditions. Type 'license()' or 'licence()' for distribution details. R is a collaborative project with many contributors. Type 'contributors()' for more information and 'citation()' on how to cite R or R packages in publications. Type 'demo()' for some demos, 'help()' for on-line help, or 'help.start()' for an HTML browser interface to help. Type 'q()' to quit R. > #!/usr/bin/env Rscript > > # > # This file is part of the `OmnipathR` R package > # > # Copyright > # 2018-2024 > # Saez Lab, Uniklinik RWTH Aachen, Heidelberg University > # > # File author(s): Alberto Valdeolivas > # Dénes Türei (turei.denes@gmail.com) > # Attila Gábor > # > # Distributed under the MIT (Expat) License. > # See accompanying file `LICENSE` or find a copy at > # https://directory.fsf.org/wiki/License:Expat > # > # Website: https://r.omnipathdb.org/ > # Git repo: https://github.com/saezlab/OmnipathR > # > > > library(testthat) > library(OmnipathR) [2025-10-17 04:11:51] [TRACE] [OmnipathR] Reading JSON from `/home/biocbuild/.cache/OmnipathR/cache.json` (encoding: UTF-8). [2025-10-17 04:11:51] [TRACE] [OmnipathR] JSON validation successful: TRUE [2025-10-17 04:11:51] [INFO] [OmnipathR] Initialized cache: `/home/biocbuild/.cache/OmnipathR`. [2025-10-17 04:11:51] [INFO] [OmnipathR] Package `OmnipathR` packaged: NA [2025-10-17 04:11:51] [INFO] [OmnipathR] Package `OmnipathR` date/publication: 2025-10-16 [2025-10-17 04:11:51] [INFO] [OmnipathR] Package `OmnipathR` built: R 4.5.1; ; 2025-10-16 20:07:50 UTC; unix [2025-10-17 04:11:51] [INFO] [OmnipathR] Package `OmnipathR` version: 3.17.6 [2025-10-17 04:11:51] [INFO] [OmnipathR] Package `OmnipathR` repository: Bioconductor 3.22 [2025-10-17 04:11:52] [INFO] [OmnipathR] Session info: [version=R version 4.5.1 Patched (2025-08-23 r88802); os=Ubuntu 24.04.3 LTS; system=x86_64, linux-gnu; ui=X11; language=C; collate=C; ctype=en_US.UTF-8; tz=America/New_York; date=2025-10-17; pandoc=2.7.3 @ /usr/bin/ (via rmarkdown); quarto=1.7.32 @ /usr/local/bin/quarto] [2025-10-17 04:11:52] [INFO] [OmnipathR] External libraries: [cairo=1.18.0; cairoFT=; pango=1.52.1; png=1.6.43; jpeg=8.0; tiff=LIBTIFF, Version 4.5.1; tcl=8.6.14; curl=8.5.0; zlib=1.3; bzlib=1.0.8, 13-Jul-2019; xz=5.4.5; deflate=1.19; PCRE=10.42 2022-12-11; ICU=74.2; TRE=TRE 0.8.0 R_fixes (BSD); iconv=glibc 2.39; readline=8.2; BLAS=/home/biocbuild/bbs-3.22-bioc/R/lib/libRblas.so; lapack=/usr/lib/x86_64-linux-gnu/lapack/liblapack.so.3.12.0; lapack_version=3.12.0] [2025-10-17 04:11:52] [INFO] [OmnipathR] Loaded packages: backports 1.5.0(2024-05-23); bit 4.6.0(2025-03-06); bit64 4.6.0-1(2025-01-16); blob 1.2.4(2023-03-17); brio 1.1.5(2024-04-24); cachem 1.1.0(2024-05-16); cellranger 1.1.0(2016-07-27); checkmate 2.3.3(2025-08-18); cli 3.6.5(2025-04-23); crayon 1.5.3(2024-06-20); curl 7.0.0(2025-08-19); DBI 1.2.3(2024-06-02); digest 0.6.37(2024-08-19); dplyr 1.1.4(2023-11-17); evaluate 1.0.5(2025-08-27); fastmap 1.2.0(2024-05-15); fs 1.6.6(2025-04-12); generics 0.1.4(2025-05-09); glue 1.8.0(2024-09-30); hms 1.1.3(2023-03-21); htmltools 0.5.8.1(2024-04-04); httr 1.4.7(2023-08-15); httr2 1.2.1(2025-07-22); igraph 2.2.0(2025-10-13); jsonlite 2.0.0(2025-03-27); knitr 1.50(2025-03-16); later 1.4.4(2025-08-27); lifecycle 1.0.4(2023-11-07); logger 0.4.1(2025-09-11); lubridate 1.9.4(2024-12-08); magrittr 2.0.4(2025-09-12); memoise 2.0.1(2021-11-26); OmnipathR 3.17.6(2025-10-16); pillar 1.11.1(2025-09-17); pkgconfig 2.0.3(2019-09-22); prettyunits 1.2.0(2023-09-24); progress 1.2.3(2023-12-06); purrr 1.1.0(2025-07-10); R.methodsS3 1.8.2(2022-06-13); R.oo 1.27.1(2025-05-02); R.utils 2.13.0(2025-02-24); R6 2.6.1(2025-02-15); rappdirs 0.3.3(2021-01-31); Rcpp 1.1.0(2025-07-02); readr 2.1.5(2024-01-10); readxl 1.4.5(2025-03-07); rlang 1.1.6(2025-04-11); rmarkdown 2.30(2025-09-28); RSQLite 2.4.3(2025-08-20); rvest 1.0.5(2025-08-29); sessioninfo 1.2.3(2025-02-05); stringi 1.8.7(2025-03-27); stringr 1.5.2(2025-09-08); testthat 3.2.3(2025-01-13); tibble 3.3.0(2025-06-08); tidyr 1.3.1(2024-01-24); tidyselect 1.2.1(2024-03-11); timechange 0.3.0(2024-01-18); tzdb 0.5.0(2025-03-15); vctrs 0.6.5(2023-12-01); withr 3.0.2(2024-10-28); xfun 0.53(2025-08-19); XML 3.99-0.19(2025-08-22); xml2 1.4.0(2025-08-20); yaml 2.3.10(2024-07-26); zip 2.3.3(2025-05-13) [2025-10-17 04:11:52] [INFO] [OmnipathR] CURL: version: 8.5.0; headers: 8.5.0; ssl_version: GnuTLS/3.8.3; libz_version: 1.3; libssh_version: libssh/0.10.6/openssl/zlib; libidn_version: 2.3.7; host: x86_64-pc-linux-gnu; protocols: dict, file, ftp, ftps, gopher, gophers, http, https, imap, imaps, ldap, ldaps, mqtt, pop3, pop3s, rtmp, rtmpe, rtmps, rtmpt, rtmpte, rtmpts, rtsp, scp, sftp, smb, smbs, smtp, smtps, telnet, tftp; ipv6: TRUE; http2: TRUE; idn: TRUE; url_parser: TRUE [2025-10-17 04:11:52] [TRACE] [OmnipathR] Running on a build server, wiping cache. [2025-10-17 04:11:52] [TRACE] [OmnipathR] Cache is at `/home/biocbuild/.cache/OmnipathR`. [2025-10-17 04:11:52] [TRACE] [OmnipathR] Contains 12 files. [2025-10-17 04:11:52] [TRACE] [OmnipathR] Cache is locked: FALSE. [2025-10-17 04:11:52] [TRACE] [OmnipathR] Reading JSON from `/home/biocbuild/.cache/OmnipathR/cache.json` (encoding: UTF-8). [2025-10-17 04:11:52] [TRACE] [OmnipathR] JSON validation successful: TRUE [2025-10-17 04:11:52] [SUCCESS] [OmnipathR] Removing all cache contents from `/home/biocbuild/.cache/OmnipathR`. [2025-10-17 04:11:52] [TRACE] [OmnipathR] Pandoc version: `2.7.3`. [2025-10-17 04:11:52] [TRACE] [OmnipathR] Reading JSON from `/home/biocbuild/bbs-3.22-bioc/R/site-library/OmnipathR/db/db_def.json` (encoding: UTF-8). [2025-10-17 04:11:52] [TRACE] [OmnipathR] JSON validation successful: TRUE [2025-10-17 04:11:52] [TRACE] [OmnipathR] Reading JSON from `/home/biocbuild/bbs-3.22-bioc/R/site-library/OmnipathR/internal/magic_bytes.json` (encoding: UTF-8). [2025-10-17 04:11:52] [TRACE] [OmnipathR] JSON validation successful: TRUE [2025-10-17 04:11:52] [TRACE] [OmnipathR] Reading JSON from `/home/biocbuild/bbs-3.22-bioc/R/site-library/OmnipathR/internal/urls.json` (encoding: UTF-8). [2025-10-17 04:11:52] [TRACE] [OmnipathR] JSON validation successful: TRUE [2025-10-17 04:11:52] [TRACE] [OmnipathR] Reading JSON from `/home/biocbuild/bbs-3.22-bioc/R/site-library/OmnipathR/internal/id_types.json` (encoding: UTF-8). [2025-10-17 04:11:52] [TRACE] [OmnipathR] JSON validation successful: TRUE [2025-10-17 04:11:52] [TRACE] [OmnipathR] Cache locked: FALSE > > test_check('OmnipathR') [ FAIL 0 | WARN 12 | SKIP 0 | PASS 38 ] [ FAIL 0 | WARN 12 | SKIP 0 | PASS 38 ] > > proc.time() user system elapsed 42.749 2.706 77.836
OmnipathR.Rcheck/OmnipathR-Ex.timings
name | user | system | elapsed | |
OmnipathR | 0.001 | 0.000 | 0.001 | |
all_uniprot_acs | 0.017 | 0.000 | 0.016 | |
all_uniprots | 22.167 | 1.325 | 39.710 | |
ancestors | 0.008 | 0.001 | 0.009 | |
annotated_network | 1.518 | 0.100 | 4.751 | |
annotation_categories | 79.843 | 0.060 | 81.367 | |
annotation_resources | 0.096 | 0.009 | 0.755 | |
annotations | 0.699 | 0.063 | 1.676 | |
biomart_query | 1.069 | 0.076 | 4.049 | |
bioplex1 | 0.007 | 0.001 | 0.009 | |
bioplex2 | 0.007 | 0.001 | 0.008 | |
bioplex3 | 0.007 | 0.001 | 0.008 | |
bioplex_all | 0.008 | 0.000 | 0.008 | |
bioplex_hct116_1 | 0.008 | 0.000 | 0.008 | |
bma_motif_es | 0.624 | 0.035 | 1.519 | |
bma_motif_vs | 0.330 | 0.016 | 1.084 | |
chalmers_gem | 0.011 | 0.000 | 0.010 | |
chalmers_gem_id_mapping_table | 0.007 | 0.002 | 0.010 | |
chalmers_gem_id_type | 0.002 | 0.000 | 0.002 | |
chalmers_gem_metabolites | 0.009 | 0.000 | 0.008 | |
chalmers_gem_network | 0.009 | 0.000 | 0.008 | |
chalmers_gem_raw | 0.008 | 0.000 | 0.008 | |
chalmers_gem_reactions | 0.025 | 0.000 | 0.026 | |
common_name | 0.121 | 0.002 | 0.123 | |
complex_genes | 0.823 | 0.041 | 2.782 | |
complex_resources | 0.169 | 0.010 | 0.843 | |
complexes | 0.328 | 0.014 | 1.054 | |
consensuspathdb_download | 0 | 0 | 0 | |
consensuspathdb_raw_table | 0.026 | 0.000 | 0.026 | |
cosmos_pkn | 0 | 0 | 0 | |
curated_ligand_receptor_interactions | 6.596 | 0.691 | 17.388 | |
curated_ligrec_stats | 42.034 | 3.179 | 119.301 | |
database_summary | 1.501 | 0.080 | 3.340 | |
descendants | 0.008 | 0.001 | 0.009 | |
ensembl_dataset | 0.048 | 0.000 | 0.048 | |
ensembl_id_mapping_table | 2.395 | 0.135 | 18.665 | |
ensembl_id_type | 0.002 | 0.000 | 0.002 | |
ensembl_name | 0.295 | 0.011 | 0.306 | |
ensembl_organisms | 0.101 | 0.010 | 0.111 | |
ensembl_organisms_raw | 0.099 | 0.011 | 0.110 | |
ensembl_orthology | 0 | 0 | 0 | |
enzsub_graph | 2.142 | 0.140 | 4.536 | |
enzsub_resources | 0.174 | 0.012 | 0.924 | |
enzyme_substrate | 1.074 | 0.024 | 1.883 | |
evex_download | 0.005 | 0.003 | 0.008 | |
evidences | 0 | 0 | 0 | |
extra_attr_values | 11.763 | 1.387 | 15.805 | |
extra_attrs | 7.108 | 1.088 | 8.232 | |
extra_attrs_to_cols | 12.996 | 1.377 | 14.389 | |
filter_by_resource | 7.676 | 0.286 | 10.175 | |
filter_extra_attrs | 34.101 | 6.072 | 43.315 | |
filter_intercell | 9.995 | 0.741 | 16.388 | |
filter_intercell_network | 0.037 | 0.003 | 0.051 | |
find_all_paths | 11.193 | 0.208 | 13.064 | |
from_evidences | 0 | 0 | 0 | |
get_db | 0 | 0 | 0 | |
get_ontology_db | 0.024 | 0.002 | 0.026 | |
giant_component | 13.100 | 0.536 | 17.117 | |
go_annot_download | 21.669 | 1.840 | 29.973 | |
go_annot_slim | 0.000 | 0.000 | 0.001 | |
go_ontology_download | 0.027 | 0.000 | 0.026 | |
guide2pharma_download | 0.023 | 0.001 | 0.024 | |
harmonizome_download | 0.024 | 0.000 | 0.024 | |
has_extra_attrs | 10.456 | 1.349 | 12.043 | |
hmdb_id_mapping_table | 0.008 | 0.001 | 0.009 | |
hmdb_id_type | 0.003 | 0.000 | 0.003 | |
hmdb_metabolite_fields | 0.000 | 0.000 | 0.001 | |
hmdb_protein_fields | 0 | 0 | 0 | |
hmdb_table | 0.007 | 0.001 | 0.008 | |
homologene_download | 0.007 | 0.001 | 0.008 | |
homologene_raw | 0.064 | 0.002 | 0.066 | |
homologene_uniprot_orthology | 0.012 | 0.000 | 0.011 | |
hpo_download | 2.760 | 0.189 | 3.414 | |
htridb_download | 0.009 | 0.000 | 0.009 | |
id_translation_resources | 0.000 | 0.001 | 0.000 | |
id_types | 0.043 | 0.004 | 0.047 | |
inbiomap_download | 0 | 0 | 0 | |
inbiomap_raw | 0 | 0 | 0 | |
interaction_datasets | 0.751 | 0.070 | 1.190 | |
interaction_graph | 0.393 | 0.014 | 1.177 | |
interaction_resources | 0.101 | 0.000 | 0.749 | |
interaction_types | 0.073 | 0.000 | 0.074 | |
intercell | 0.736 | 0.058 | 1.668 | |
intercell_categories | 0.669 | 0.022 | 0.920 | |
intercell_consensus_filter | 1.414 | 0.119 | 3.293 | |
intercell_generic_categories | 0.074 | 0.001 | 0.075 | |
intercell_network | 0.009 | 0.000 | 0.009 | |
intercell_resources | 0.187 | 0.035 | 1.114 | |
intercell_summary | 0.146 | 0.024 | 0.283 | |
is_ontology_id | 0 | 0 | 0 | |
is_swissprot | 0.115 | 0.009 | 0.152 | |
is_trembl | 0.120 | 0.004 | 0.141 | |
is_uniprot | 0.024 | 0.002 | 0.026 | |
kegg_api_templates | 0.002 | 0.000 | 0.002 | |
kegg_conv | 3.121 | 0.300 | 18.242 | |
kegg_databases | 0.002 | 0.000 | 0.002 | |
kegg_ddi | 1.461 | 0.134 | 3.579 | |
kegg_find | 1.404 | 0.070 | 3.564 | |
kegg_info | 0.021 | 0.000 | 0.021 | |
kegg_link | 1.124 | 0.079 | 6.323 | |
kegg_list | 0.646 | 0.043 | 1.639 | |
kegg_open | 0.008 | 0.000 | 0.008 | |
kegg_operations | 0 | 0 | 0 | |
kegg_organism_codes | 0.014 | 0.006 | 0.020 | |
kegg_organisms | 0.018 | 0.004 | 0.022 | |
kegg_pathway_annotations | 0 | 0 | 0 | |
kegg_pathway_download | 0.008 | 0.000 | 0.008 | |
kegg_pathway_list | 0.007 | 0.000 | 0.008 | |
kegg_pathways_download | 0 | 0 | 0 | |
kegg_picture | 1.110 | 0.018 | 5.185 | |
kegg_process | 0.016 | 0.000 | 0.016 | |
kegg_query | 0.006 | 0.001 | 0.007 | |
kegg_request | 0.052 | 0.006 | 0.059 | |
kegg_rm_prefix | 1.135 | 0.078 | 7.176 | |
kinasephos | 2.214 | 0.393 | 337.590 | |
latin_name | 0.252 | 0.006 | 0.258 | |
load_db | 0.069 | 0.007 | 0.077 | |
metalinksdb_sqlite | 1.441 | 0.258 | 11.101 | |
metalinksdb_table | 0.398 | 0.046 | 0.611 | |
metalinksdb_tables | 0.035 | 0.002 | 0.037 | |
ncbi_taxid | 0.487 | 0.015 | 0.820 | |
nichenet_build_model | 0.000 | 0.001 | 0.000 | |
nichenet_expression_data | 0.019 | 0.000 | 0.019 | |
nichenet_gr_network | 0.051 | 0.002 | 0.053 | |
nichenet_gr_network_evex | 0.017 | 0.000 | 0.017 | |
nichenet_gr_network_harmonizome | 0.017 | 0.001 | 0.018 | |
nichenet_gr_network_htridb | 0.017 | 0.001 | 0.018 | |
nichenet_gr_network_omnipath | 23.080 | 1.306 | 27.953 | |
nichenet_gr_network_pathwaycommons | 0.017 | 0.001 | 0.019 | |
nichenet_gr_network_regnetwork | 0.016 | 0.002 | 0.018 | |
nichenet_gr_network_remap | 0.018 | 0.000 | 0.018 | |
nichenet_gr_network_trrust | 0.015 | 0.000 | 0.015 | |
nichenet_ligand_activities | 0 | 0 | 0 | |
nichenet_ligand_target_links | 0.001 | 0.000 | 0.000 | |
nichenet_ligand_target_matrix | 0.001 | 0.000 | 0.000 | |
nichenet_lr_network | 0.047 | 0.002 | 0.050 | |
nichenet_lr_network_guide2pharma | 0.014 | 0.003 | 0.018 | |
nichenet_lr_network_omnipath | 0.044 | 0.006 | 0.049 | |
nichenet_lr_network_ramilowski | 0.017 | 0.001 | 0.017 | |
nichenet_main | 0 | 0 | 0 | |
nichenet_networks | 0.088 | 0.001 | 0.089 | |
nichenet_optimization | 0 | 0 | 0 | |
nichenet_remove_orphan_ligands | 0.045 | 0.004 | 0.050 | |
nichenet_results_dir | 0.000 | 0.000 | 0.001 | |
nichenet_signaling_network | 0.046 | 0.002 | 0.048 | |
nichenet_signaling_network_cpdb | 0.012 | 0.003 | 0.016 | |
nichenet_signaling_network_evex | 0.015 | 0.001 | 0.016 | |
nichenet_signaling_network_harmonizome | 0.013 | 0.002 | 0.016 | |
nichenet_signaling_network_inbiomap | 0 | 0 | 0 | |
nichenet_signaling_network_omnipath | 11.575 | 0.481 | 16.046 | |
nichenet_signaling_network_pathwaycommons | 0.008 | 0.000 | 0.008 | |
nichenet_signaling_network_vinayagam | 0.007 | 0.000 | 0.007 | |
nichenet_test | 0 | 0 | 0 | |
nichenet_workarounds | 0 | 0 | 0 | |
obo_parser | 0.101 | 0.008 | 0.151 | |
oma_code | 0.128 | 0.001 | 0.130 | |
oma_organisms | 0.055 | 0.007 | 0.061 | |
oma_pairwise | 0.008 | 0.001 | 0.009 | |
oma_pairwise_genesymbols | 0.008 | 0.000 | 0.008 | |
oma_pairwise_translated | 0.008 | 0.000 | 0.008 | |
omnipath-interactions | 28.810 | 2.426 | 56.571 | |
omnipath_cache_autoclean | 0 | 0 | 0 | |
omnipath_cache_clean | 0.007 | 0.002 | 0.009 | |
omnipath_cache_clean_db | 0.083 | 0.015 | 0.098 | |
omnipath_cache_download_ready | 0.488 | 0.054 | 0.555 | |
omnipath_cache_filter_versions | 0.078 | 0.003 | 0.085 | |
omnipath_cache_get | 0.064 | 0.007 | 0.070 | |
omnipath_cache_key | 0.001 | 0.000 | 0.001 | |
omnipath_cache_latest_or_new | 0.051 | 0.001 | 0.051 | |
omnipath_cache_load | 0.947 | 0.031 | 3.174 | |
omnipath_cache_move_in | 0.126 | 0.007 | 0.137 | |
omnipath_cache_remove | 0.073 | 0.005 | 0.083 | |
omnipath_cache_save | 0.155 | 0.021 | 0.291 | |
omnipath_cache_search | 0.001 | 0.000 | 0.001 | |
omnipath_cache_set_ext | 0.063 | 0.006 | 0.073 | |
omnipath_cache_update_status | 0.101 | 0.005 | 0.105 | |
omnipath_cache_wipe | 0.001 | 0.000 | 0.000 | |
omnipath_config_path | 0.001 | 0.000 | 0.001 | |
omnipath_for_cosmos | 9.266 | 0.471 | 28.447 | |
omnipath_load_config | 0 | 0 | 0 | |
omnipath_log | 0 | 0 | 0 | |
omnipath_logfile | 0.002 | 0.000 | 0.001 | |
omnipath_msg | 0.005 | 0.000 | 0.005 | |
omnipath_query | 3.405 | 0.089 | 3.494 | |
omnipath_reset_config | 0 | 0 | 0 | |
omnipath_save_config | 0 | 0 | 0 | |
omnipath_set_cachedir | 0.019 | 0.002 | 0.022 | |
omnipath_set_console_loglevel | 0.003 | 0.000 | 0.004 | |
omnipath_set_logfile_loglevel | 0.004 | 0.000 | 0.003 | |
omnipath_set_loglevel | 0.002 | 0.000 | 0.001 | |
omnipath_show_db | 0.054 | 0.005 | 0.058 | |
omnipath_unlock_cache_db | 0 | 0 | 0 | |
only_from | 0 | 0 | 0 | |
ontology_ensure_id | 0 | 0 | 0 | |
ontology_ensure_name | 0.001 | 0.000 | 0.001 | |
ontology_name_id | 0.001 | 0.000 | 0.001 | |
organism_for | 0.169 | 0.002 | 0.171 | |
pathwaycommons_download | 0 | 0 | 0 | |
pivot_annotations | 9.548 | 0.599 | 18.509 | |
preppi_download | 0.001 | 0.000 | 0.000 | |
preppi_filter | 0.001 | 0.000 | 0.000 | |
print_bma_motif_es | 0.672 | 0.071 | 1.687 | |
print_bma_motif_vs | 0.292 | 0.013 | 1.015 | |
print_interactions | 5.880 | 0.289 | 10.790 | |
print_path_es | 0.946 | 0.083 | 2.731 | |
print_path_vs | 2.695 | 0.173 | 5.918 | |
pubmed_open | 3.474 | 0.144 | 3.617 | |
query_info | 0.445 | 0.012 | 0.673 | |
ramilowski_download | 0.001 | 0.000 | 0.000 | |
ramp_id_mapping_table | 0.001 | 0.000 | 0.000 | |
ramp_id_type | 0.002 | 0.000 | 0.002 | |
ramp_sqlite | 0.001 | 0.000 | 0.000 | |
ramp_table | 0.001 | 0.000 | 0.000 | |
ramp_tables | 0.000 | 0.001 | 0.001 | |