Back to Multiple platform build/check report for BioC 3.22:   simplified   long
ABCDEFGHIJKLMN[O]PQRSTUVWXYZ

This page was generated on 2025-10-17 12:05 -0400 (Fri, 17 Oct 2025).

HostnameOSArch (*)R versionInstalled pkgs
nebbiolo2Linux (Ubuntu 24.04.3 LTS)x86_644.5.1 Patched (2025-08-23 r88802) -- "Great Square Root" 4887
lconwaymacOS 12.7.6 Montereyx86_644.5.1 Patched (2025-09-10 r88807) -- "Great Square Root" 4677
kjohnson3macOS 13.7.7 Venturaarm644.5.1 Patched (2025-09-10 r88807) -- "Great Square Root" 4622
taishanLinux (openEuler 24.03 LTS)aarch644.5.0 (2025-04-11) -- "How About a Twenty-Six" 4632
Click on any hostname to see more info about the system (e.g. compilers)      (*) as reported by 'uname -p', except on Windows and Mac OS X

Package 1497/2353HostnameOS / ArchINSTALLBUILDCHECKBUILD BIN
OmnipathR 3.17.6  (landing page)
Denes Turei
Snapshot Date: 2025-10-16 13:45 -0400 (Thu, 16 Oct 2025)
git_url: https://git.bioconductor.org/packages/OmnipathR
git_branch: devel
git_last_commit: 69ba6ef
git_last_commit_date: 2025-09-24 06:19:47 -0400 (Wed, 24 Sep 2025)
nebbiolo2Linux (Ubuntu 24.04.3 LTS) / x86_64  OK    OK    ERROR  
lconwaymacOS 12.7.6 Monterey / x86_64  OK    OK    ERROR    OK  
kjohnson3macOS 13.7.7 Ventura / arm64  OK    OK    ERROR    OK  
taishanLinux (openEuler 24.03 LTS) / aarch64  OK    OK    ERROR  


CHECK results for OmnipathR on lconway

To the developers/maintainers of the OmnipathR package:
- Allow up to 24 hours (and sometimes 48 hours) for your latest push to git@git.bioconductor.org:packages/OmnipathR.git to reflect on this report. See Troubleshooting Build Report for more information.
- Use the following Renviron settings to reproduce errors and warnings.
- If 'R CMD check' started to fail recently on the Linux builder(s) over a missing dependency, add the missing dependency to 'Suggests:' in your DESCRIPTION file. See Renviron.bioc for more information.

raw results


Summary

Package: OmnipathR
Version: 3.17.6
Command: /Library/Frameworks/R.framework/Resources/bin/R CMD check --install=check:OmnipathR.install-out.txt --library=/Library/Frameworks/R.framework/Resources/library --no-vignettes --timings OmnipathR_3.17.6.tar.gz
StartedAt: 2025-10-17 01:06:44 -0400 (Fri, 17 Oct 2025)
EndedAt: 2025-10-17 01:25:52 -0400 (Fri, 17 Oct 2025)
EllapsedTime: 1148.5 seconds
RetCode: 1
Status:   ERROR  
CheckDir: OmnipathR.Rcheck
Warnings: NA

Command output

##############################################################################
##############################################################################
###
### Running command:
###
###   /Library/Frameworks/R.framework/Resources/bin/R CMD check --install=check:OmnipathR.install-out.txt --library=/Library/Frameworks/R.framework/Resources/library --no-vignettes --timings OmnipathR_3.17.6.tar.gz
###
##############################################################################
##############################################################################


* using log directory ‘/Users/biocbuild/bbs-3.22-bioc/meat/OmnipathR.Rcheck’
* using R version 4.5.1 Patched (2025-09-10 r88807)
* using platform: x86_64-apple-darwin20
* R was compiled by
    Apple clang version 14.0.0 (clang-1400.0.29.202)
    GNU Fortran (GCC) 14.2.0
* running under: macOS Monterey 12.7.6
* using session charset: UTF-8
* using option ‘--no-vignettes’
* checking for file ‘OmnipathR/DESCRIPTION’ ... OK
* checking extension type ... Package
* this is package ‘OmnipathR’ version ‘3.17.6’
* package encoding: UTF-8
* checking package namespace information ... OK
* checking package dependencies ... INFO
Imports includes 35 non-default packages.
Importing from so many packages makes the package vulnerable to any of
them becoming unavailable.  Move as many as possible to Suggests and
use conditionally.
* checking if this is a source package ... OK
* checking if there is a namespace ... OK
* checking for hidden files and directories ... OK
* checking for portable file names ... OK
* checking for sufficient/correct file permissions ... OK
* checking whether package ‘OmnipathR’ can be installed ... OK
* checking installed package size ... OK
* checking package directory ... OK
* checking DESCRIPTION meta-information ... OK
* checking top-level files ... OK
* checking for left-over files ... OK
* checking index information ... OK
* checking package subdirectories ... OK
* checking code files for non-ASCII characters ... OK
* checking R files for syntax errors ... OK
* checking whether the package can be loaded ... OK
* checking whether the package can be loaded with stated dependencies ... OK
* checking whether the package can be unloaded cleanly ... OK
* checking whether the namespace can be loaded with stated dependencies ... OK
* checking whether the namespace can be unloaded cleanly ... OK
* checking whether startup messages can be suppressed ... NOTE
[2025-10-17 01:07:25] [TRACE]   [OmnipathR] Reading JSON from `/Users/biocbuild/Library/Caches/OmnipathR/cache.json` (encoding: UTF-8).
[2025-10-17 01:07:25] [TRACE]   [OmnipathR] JSON validation successful: TRUE
[2025-10-17 01:07:25] [INFO]    [OmnipathR] Initialized cache: `/Users/biocbuild/Library/Caches/OmnipathR`.
[2025-10-17 01:07:25] [INFO]    [OmnipathR] Package `OmnipathR` packaged: NA
[2025-10-17 01:07:25] [INFO]    [OmnipathR] Package `OmnipathR` date/publication: 2025-10-16
[2025-10-17 01:07:25] [INFO]    [OmnipathR] Package `OmnipathR` built: R 4.5.1; ; 2025-10-16 19:37:52 UTC; unix
[2025-10-17 01:07:25] [INFO]    [OmnipathR] Package `OmnipathR` version: 3.17.6
[2025-10-17 01:07:25] [INFO]    [OmnipathR] Package `OmnipathR` repository: Bioconductor 3.22
[2025-10-17 01:07:26] [INFO]    [OmnipathR] Session info: [version=R version 4.5.1 Patched (2025-09-10 r88807); os=macOS Monterey 12.7.6; system=x86_64, darwin20; ui=X11; language=(EN); collate=C; ctype=en_US.UTF-8; tz=America/New_York; date=2025-10-17; pandoc=2.7.3 @ /usr/local/bin/ (via rmarkdown); quarto=1.4.553 @ /usr/local/bin/quarto]
[2025-10-17 01:07:26] [INFO]    [OmnipathR] External libraries: [cairo=1.17.6; cairoFT=; pango=1.50.14; png=1.6.44; jpeg=9.5; tiff=LIBTIFF, Version 4.5.0; tcl=8.6.13; curl=8.7.1; zlib=1.2.11; bzlib=1.0.8, 13-Jul-2019; xz=5.6.3; deflate=1.23; PCRE=10.44 2024-06-07; ICU=70.1; TRE=TRE 0.8.0 R_fixes (BSD); iconv=Apple or GNU libiconv 1.11 /Library/Frameworks/R.framework/Versions/4.5-x86_64/Resources/lib/libR.dylib; readline=5.2; BLAS=/Library/Frameworks/R.framework/Versions/4.5-x86_64/Resources/lib/libRblas.0.dylib; lapack=/Library/Frameworks/R.framework/Versions/4.5-x86_64/Resources/lib/libRlapack.dylib; lapack_version=3.12.1]
[2025-10-17 01:07:26] [INFO]    [OmnipathR] Loaded packages: backports 1.5.0(2024-05-23); bit 4.6.0(2025-03-06); bit64 4.6.0-1(2025-01-16); blob 1.2.4(2023-03-17); cachem 1.1.0(2024-05-16); cellranger 1.1.0(2016-07-27); checkmate 2.3.3(2025-08-18); chromote 0.5.1(2025-04-24); cli 3.6.5(2025-04-23); crayon 1.5.3(2024-06-20); curl 7.0.0(2025-08-19); DBI 1.2.3(2024-06-02); digest 0.6.37(2024-08-19); dplyr 1.1.4(2023-11-17); evaluate 1.0.5(2025-08-27); fastmap 1.2.0(2024-05-15); fs 1.6.6(2025-04-12); generics 0.1.4(2025-05-09); glue 1.8.0(2024-09-30); hms 1.1.3(2023-03-21); htmltools 0.5.8.1(2024-04-04); httr 1.4.7(2023-08-15); httr2 1.2.1(2025-07-22); igraph 2.2.0(2025-10-13); jsonlite 2.0.0(2025-03-27); knitr 1.50(2025-03-16); later 1.4.4(2025-08-27); lifecycle 1.0.4(2023-11-07); logger 0.4.1(2025-09-11); lubridate 1.9.4(2024-12-08); magrittr 2.0.4(2025-09-12); memoise 2.0.1(2021-11-26); OmnipathR 3.17.6(2025-10-16); pillar 1.11.1(2025-09-17); pkgconfig 2.0.3(2019-09-22); prettyunits 1.2.0(2023-09-24); processx 3.8.6(2025-02-21); progress 1.2.3(2023-12-06); promises 1.3.3(2025-05-29); ps 1.9.1(2025-04-12); purrr 1.1.0(2025-07-10); R.methodsS3 1.8.2(2022-06-13); R.oo 1.27.1(2025-05-02); R.utils 2.13.0(2025-02-24); R6 2.6.1(2025-02-15); rappdirs 0.3.3(2021-01-31); Rcpp 1.1.0(2025-07-02); readr 2.1.5(2024-01-10); readxl 1.4.5(2025-03-07); rlang 1.1.6(2025-04-11); rmarkdown 2.30(2025-09-28); RSQLite 2.4.3(2025-08-20); rvest 1.0.5(2025-08-29); sessioninfo 1.2.3(2025-02-05); stringi 1.8.7(2025-03-27); stringr 1.5.2(2025-09-08); tibble 3.3.0(2025-06-08); tidyr 1.3.1(2024-01-24); tidyselect 1.2.1(2024-03-11); timechange 0.3.0(2024-01-18); tzdb 0.5.0(2025-03-15); vctrs 0.6.5(2023-12-01); websocket 1.4.4(2025-04-10); withr 3.0.2(2024-10-28); xfun 0.53(2025-08-19); XML 3.99-0.19(2025-08-22); xml2 1.4.0(2025-08-20); yaml 2.3.10(2024-07-26); zip 2.3.3(2025-05-13)
[2025-10-17 01:07:26] [INFO]    [OmnipathR] CURL: version: 8.14.1; headers: 8.14.1; ssl_version: LibreSSL/3.3.6 (SecureTransport); libz_version: 1.2.11; libssh_version: NA; libidn_version: NA; host: x86_64-apple-darwin22.6.0; protocols: dict, file, ftp, ftps, gopher, gophers, http, https, imap, imaps, ldap, ldaps, mqtt, pop3, pop3s, rtsp, smb, smbs, smtp, smtps, telnet, tftp, ws, wss; ipv6: TRUE; http2: TRUE; idn: FALSE; url_parser: TRUE
[2025-10-17 01:07:26] [TRACE]   [OmnipathR] Running on a build server, wiping cache.
[2025-10-17 01:07:26] [TRACE]   [OmnipathR] Cache is at `/Users/biocbuild/Library/Caches/OmnipathR`.
[2025-10-17 01:07:26] [TRACE]   [OmnipathR] Contains 1 files.
[2025-10-17 01:07:26] [TRACE]   [OmnipathR] Cache is locked: FALSE.
[2025-10-17 01:07:26] [TRACE]   [OmnipathR] Reading JSON from `/Users/biocbuild/Library/Caches/OmnipathR/cache.json` (encoding: UTF-8).
[2025-10-17 01:07:26] [TRACE]   [OmnipathR] JSON validation successful: TRUE
[2025-10-17 01:07:26] [SUCCESS] [OmnipathR] Removing all cache contents from `/Users/biocbuild/Library/Caches/OmnipathR`.
[2025-10-17 01:07:26] [TRACE]   [OmnipathR] Pandoc version: `2.7.3`.
[2025-10-17 01:07:26] [TRACE]   [OmnipathR] Reading JSON from `/Library/Frameworks/R.framework/Versions/4.5-x86_64/Resources/library/OmnipathR/db/db_def.json` (encoding: UTF-8).
[2025-10-17 01:07:26] [TRACE]   [OmnipathR] JSON validation successful: TRUE
[2025-10-17 01:07:26] [TRACE]   [OmnipathR] Reading JSON from `/Library/Frameworks/R.framework/Versions/4.5-x86_64/Resources/library/OmnipathR/internal/magic_bytes.json` (encoding: UTF-8).
[2025-10-17 01:07:26] [TRACE]   [OmnipathR] JSON validation successful: TRUE
[2025-10-17 01:07:26] [TRACE]   [OmnipathR] Reading JSON from `/Library/Frameworks/R.framework/Versions/4.5-x86_64/Resources/library/OmnipathR/internal/urls.json` (encoding: UTF-8).
[2025-10-17 01:07:26] [TRACE]   [OmnipathR] JSON validation successful: TRUE
[2025-10-17 01:07:26] [TRACE]   [OmnipathR] Reading JSON from `/Library/Frameworks/R.framework/Versions/4.5-x86_64/Resources/library/OmnipathR/internal/id_types.json` (encoding: UTF-8).
[2025-10-17 01:07:26] [TRACE]   [OmnipathR] JSON validation successful: TRUE
[2025-10-17 01:07:26] [TRACE]   [OmnipathR] Cache locked: FALSE

It looks like this package (or a package it requires) has a startup
message which cannot be suppressed: see ?packageStartupMessage.
* checking dependencies in R code ... OK
* checking S3 generic/method consistency ... OK
* checking replacement functions ... OK
* checking foreign function calls ... OK
* checking R code for possible problems ... NOTE
[2025-10-17 01:07:53] [TRACE]   [OmnipathR] Reading JSON from `/Users/biocbuild/Library/Caches/OmnipathR/cache.json` (encoding: UTF-8).
[2025-10-17 01:07:53] [TRACE]   [OmnipathR] JSON validation successful: TRUE
[2025-10-17 01:07:53] [INFO]    [OmnipathR] Initialized cache: `/Users/biocbuild/Library/Caches/OmnipathR`.
[2025-10-17 01:07:53] [INFO]    [OmnipathR] Package `OmnipathR` packaged: NA
[2025-10-17 01:07:53] [INFO]    [OmnipathR] Package `OmnipathR` date/publication: 2025-10-16
[2025-10-17 01:07:53] [INFO]    [OmnipathR] Package `OmnipathR` built: R 4.5.1; ; 2025-10-16 19:37:52 UTC; unix
[2025-10-17 01:07:53] [INFO]    [OmnipathR] Package `OmnipathR` version: 3.17.6
[2025-10-17 01:07:53] [INFO]    [OmnipathR] Package `OmnipathR` repository: Bioconductor 3.22
[2025-10-17 01:07:54] [INFO]    [OmnipathR] Session info: [version=R version 4.5.1 Patched (2025-09-10 r88807); os=macOS Monterey 12.7.6; system=x86_64, darwin20; ui=X11; language=(EN); collate=C; ctype=en_US.UTF-8; tz=America/New_York; date=2025-10-17; pandoc=2.7.3 @ /usr/local/bin/ (via rmarkdown); quarto=1.4.553 @ /usr/local/bin/quarto]
[2025-10-17 01:07:54] [INFO]    [OmnipathR] External libraries: [cairo=1.17.6; cairoFT=; pango=1.50.14; png=1.6.44; jpeg=9.5; tiff=LIBTIFF, Version 4.5.0; tcl=8.6.13; curl=8.7.1; zlib=1.2.11; bzlib=1.0.8, 13-Jul-2019; xz=5.6.3; deflate=1.23; PCRE=10.44 2024-06-07; ICU=70.1; TRE=TRE 0.8.0 R_fixes (BSD); iconv=Apple or GNU libiconv 1.11 /Library/Frameworks/R.framework/Versions/4.5-x86_64/Resources/lib/libR.dylib; readline=5.2; BLAS=/Library/Frameworks/R.framework/Versions/4.5-x86_64/Resources/lib/libRblas.0.dylib; lapack=/Library/Frameworks/R.framework/Versions/4.5-x86_64/Resources/lib/libRlapack.dylib; lapack_version=3.12.1]
[2025-10-17 01:07:54] [INFO]    [OmnipathR] Loaded packages: backports 1.5.0(2024-05-23); bit 4.6.0(2025-03-06); bit64 4.6.0-1(2025-01-16); blob 1.2.4(2023-03-17); cachem 1.1.0(2024-05-16); cellranger 1.1.0(2016-07-27); checkmate 2.3.3(2025-08-18); chromote 0.5.1(2025-04-24); cli 3.6.5(2025-04-23); crayon 1.5.3(2024-06-20); curl 7.0.0(2025-08-19); DBI 1.2.3(2024-06-02); digest 0.6.37(2024-08-19); dplyr 1.1.4(2023-11-17); evaluate 1.0.5(2025-08-27); fastmap 1.2.0(2024-05-15); fs 1.6.6(2025-04-12); generics 0.1.4(2025-05-09); glue 1.8.0(2024-09-30); hms 1.1.3(2023-03-21); htmltools 0.5.8.1(2024-04-04); httr 1.4.7(2023-08-15); httr2 1.2.1(2025-07-22); igraph 2.2.0(2025-10-13); jsonlite 2.0.0(2025-03-27); knitr 1.50(2025-03-16); later 1.4.4(2025-08-27); lifecycle 1.0.4(2023-11-07); logger 0.4.1(2025-09-11); lubridate 1.9.4(2024-12-08); magrittr 2.0.4(2025-09-12); memoise 2.0.1(2021-11-26); OmnipathR 3.17.6(2025-10-16); pillar 1.11.1(2025-09-17); pkgconfig 2.0.3(2019-09-22); prettyunits 1.2.0(2023-09-24); processx 3.8.6(2025-02-21); progress 1.2.3(2023-12-06); promises 1.3.3(2025-05-29); ps 1.9.1(2025-04-12); purrr 1.1.0(2025-07-10); R.methodsS3 1.8.2(2022-06-13); R.oo 1.27.1(2025-05-02); R.utils 2.13.0(2025-02-24); R6 2.6.1(2025-02-15); rappdirs 0.3.3(2021-01-31); Rcpp 1.1.0(2025-07-02); readr 2.1.5(2024-01-10); readxl 1.4.5(2025-03-07); rlang 1.1.6(2025-04-11); rmarkdown 2.30(2025-09-28); RSQLite 2.4.3(2025-08-20); rvest 1.0.5(2025-08-29); sessioninfo 1.2.3(2025-02-05); stringi 1.8.7(2025-03-27); stringr 1.5.2(2025-09-08); tibble 3.3.0(2025-06-08); tidyr 1.3.1(2024-01-24); tidyselect 1.2.1(2024-03-11); timechange 0.3.0(2024-01-18); tzdb 0.5.0(2025-03-15); vctrs 0.6.5(2023-12-01); websocket 1.4.4(2025-04-10); withr 3.0.2(2024-10-28); xfun 0.53(2025-08-19); XML 3.99-0.19(2025-08-22); xml2 1.4.0(2025-08-20); yaml 2.3.10(2024-07-26); zip 2.3.3(2025-05-13)
[2025-10-17 01:07:54] [INFO]    [OmnipathR] CURL: version: 8.14.1; headers: 8.14.1; ssl_version: LibreSSL/3.3.6 (SecureTransport); libz_version: 1.2.11; libssh_version: NA; libidn_version: NA; host: x86_64-apple-darwin22.6.0; protocols: dict, file, ftp, ftps, gopher, gophers, http, https, imap, imaps, ldap, ldaps, mqtt, pop3, pop3s, rtsp, smb, smbs, smtp, smtps, telnet, tftp, ws, wss; ipv6: TRUE; http2: TRUE; idn: FALSE; url_parser: TRUE
[2025-10-17 01:07:54] [TRACE]   [OmnipathR] Running on a build server, wiping cache.
[2025-10-17 01:07:54] [TRACE]   [OmnipathR] Cache is at `/Users/biocbuild/Library/Caches/OmnipathR`.
[2025-10-17 01:07:54] [TRACE]   [OmnipathR] Contains 1 files.
[2025-10-17 01:07:54] [TRACE]   [OmnipathR] Cache is locked: FALSE.
[2025-10-17 01:07:54] [TRACE]   [OmnipathR] Reading JSON from `/Users/biocbuild/Library/Caches/OmnipathR/cache.json` (encoding: UTF-8).
[2025-10-17 01:07:54] [TRACE]   [OmnipathR] JSON validation successful: TRUE
[2025-10-17 01:07:54] [SUCCESS] [OmnipathR] Removing all cache contents from `/Users/biocbuild/Library/Caches/OmnipathR`.
[2025-10-17 01:07:54] [TRACE]   [OmnipathR] Pandoc version: `2.7.3`.
[2025-10-17 01:07:54] [TRACE]   [OmnipathR] Reading JSON from `/Library/Frameworks/R.framework/Versions/4.5-x86_64/Resources/library/OmnipathR/db/db_def.json` (encoding: UTF-8).
[2025-10-17 01:07:54] [TRACE]   [OmnipathR] JSON validation successful: TRUE
[2025-10-17 01:07:54] [TRACE]   [OmnipathR] Reading JSON from `/Library/Frameworks/R.framework/Versions/4.5-x86_64/Resources/library/OmnipathR/internal/magic_bytes.json` (encoding: UTF-8).
[2025-10-17 01:07:54] [TRACE]   [OmnipathR] JSON validation successful: TRUE
[2025-10-17 01:07:54] [TRACE]   [OmnipathR] Reading JSON from `/Library/Frameworks/R.framework/Versions/4.5-x86_64/Resources/library/OmnipathR/internal/urls.json` (encoding: UTF-8).
[2025-10-17 01:07:54] [TRACE]   [OmnipathR] JSON validation successful: TRUE
[2025-10-17 01:07:54] [TRACE]   [OmnipathR] Reading JSON from `/Library/Frameworks/R.framework/Versions/4.5-x86_64/Resources/library/OmnipathR/internal/id_types.json` (encoding: UTF-8).
[2025-10-17 01:07:54] [TRACE]   [OmnipathR] JSON validation successful: TRUE
[2025-10-17 01:07:54] [TRACE]   [OmnipathR] Cache locked: FALSE
.cosmos_pkn: no visible global function definition for
  ‘metabolite_idsc’
cosmos_ksn: no visible binding for global variable
  ‘substrate_genesymbol’
cosmos_ksn: no visible binding for global variable ‘residue_type’
cosmos_ksn: no visible binding for global variable ‘residue_offset’
cosmos_ksn: no visible binding for global variable ‘enzyme_genesymbol’
cosmos_ksn: no visible binding for global variable ‘mor’
recon3d_genes: no visible binding for global variable ‘notes’
recon3d_genes: no visible binding for global variable ‘annotation’
recon3d_genes: no visible binding for global variable
  ‘original_bigg_ids’
recon3d_metabolites: no visible binding for global variable ‘notes’
recon3d_metabolites: no visible binding for global variable
  ‘original_bigg_ids’
recon3d_metabolites: no visible binding for global variable
  ‘annotation’
recon3d_metabolites: no visible global function definition for
  ‘chalmers_gem_matlab_tibble’
recon3d_metabolites: no visible binding for global variable ‘hmdb’
recon3d_metabolites: no visible binding for global variable ‘metHMDBID’
recon3d_reactions: no visible binding for global variable ‘notes’
recon3d_reactions: no visible binding for global variable ‘metabolites’
recon3d_reactions: no visible binding for global variable
  ‘original_bigg_ids’
taxon_names_table: no visible binding for global variable
  ‘latin_name_uniprot’
taxon_names_table: no visible binding for global variable
  ‘latin_name_ensembl’
taxon_names_table: no visible binding for global variable
  ‘latin_name_oma’
taxon_names_table: no visible binding for global variable
  ‘common_name_ensembl’
taxon_names_table: no visible binding for global variable
  ‘common_name_uniprot’
Undefined global functions or variables:
  annotation chalmers_gem_matlab_tibble common_name_ensembl
  common_name_uniprot enzyme_genesymbol hmdb latin_name_ensembl
  latin_name_oma latin_name_uniprot metHMDBID metabolite_idsc
  metabolites mor notes original_bigg_ids residue_offset residue_type
  substrate_genesymbol
* checking Rd files ... OK
* checking Rd metadata ... OK
* checking Rd cross-references ... OK
* checking for missing documentation entries ... WARNING
Undocumented code objects:
  ‘recon3d_raw’ ‘recon3d_raw_vmh’
All user-level objects in a package should have documentation entries.
See chapter ‘Writing R documentation files’ in the ‘Writing R
Extensions’ manual.
* checking for code/documentation mismatches ... OK
* checking Rd \usage sections ... WARNING
Undocumented arguments in Rd file 'recon3d.Rd'
  ‘extra_hmdb’

Undocumented arguments in Rd file 'translate_ids_multi.Rd'
  ‘ramp’ ‘expand’

Functions with \usage entries need to have the appropriate \alias
entries, and all their arguments documented.
The \usage entries must correspond to syntactically valid R code.
See chapter ‘Writing R documentation files’ in the ‘Writing R
Extensions’ manual.
* checking Rd contents ... OK
* checking for unstated dependencies in examples ... OK
* checking R/sysdata.rda ... OK
* checking files in ‘vignettes’ ... OK
* checking examples ... ERROR
Running examples in ‘OmnipathR-Ex.R’ failed
The error most likely occurred in:

> base::assign(".ptime", proc.time(), pos = "CheckExEnv")
> ### Name: recon3d_metabolites
> ### Title: Metabolites from Recon-3D
> ### Aliases: recon3d_metabolites recon3d_reactions recon3d_genes
> ###   recon3d_compartments
> 
> ### ** Examples
> 
> recon3d_metabolites()
Warning in readLines(con = path, encoding = encoding) :
  incomplete final line found on '/Users/biocbuild/Library/Caches/OmnipathR/be81cd1c9a119b749e4206f26272806591e8fb4c-1.gz'
Error in chalmers_gem_matlab_tibble(., "mets", "metHMDBID") : 
  could not find function "chalmers_gem_matlab_tibble"
Calls: recon3d_metabolites ... same_src.data.frame -> is.data.frame -> %>% -> unnest -> unnest
Execution halted
Examples with CPU (user + system) or elapsed time > 5s
                                       user system elapsed
curated_ligrec_stats                 42.168 18.937 134.361
annotation_categories                60.759  0.334  62.746
filter_extra_attrs                   39.179 13.573  62.397
omnipath-interactions                33.409  3.013  59.007
all_uniprots                         27.854  3.146  52.071
extra_attrs_to_cols                  19.331  3.604  30.090
nichenet_gr_network_omnipath         18.681  1.897  23.034
curated_ligand_receptor_interactions  7.908 12.131  32.644
extra_attr_values                    16.332  3.297  32.337
go_annot_download                    15.219  2.094  22.386
nichenet_signaling_network_omnipath  13.558  1.412  17.467
giant_component                      12.664  1.303  21.742
has_extra_attrs                      10.723  2.890  17.356
pivot_annotations                    10.495  1.133  25.588
omnipath_for_cosmos                  10.411  1.000  34.250
extra_attrs                           8.518  2.640  17.318
filter_by_resource                    8.780  0.737  16.684
find_all_paths                        7.779  0.925   9.333
filter_intercell                      7.435  0.941  14.643
print_interactions                    6.965  0.538  11.768
hpo_download                          3.080  1.046   8.818
ensembl_id_mapping_table              2.488  0.678  22.275
enzsub_graph                          2.467  0.519   8.851
print_path_vs                         2.606  0.286   5.370
kegg_conv                             1.521  0.234  13.139
metalinksdb_sqlite                    1.099  0.379   9.504
kinasephos                            1.115  0.171  17.037
kegg_picture                          1.038  0.061   6.241
kegg_rm_prefix                        0.808  0.095   5.399
kegg_link                             0.755  0.112   6.614
* checking for unstated dependencies in ‘tests’ ... OK
* checking tests ...
  Running ‘testthat.R’
 OK
* checking for unstated dependencies in vignettes ... OK
* checking package vignettes ... OK
* checking running R code from vignettes ... SKIPPED
* checking re-building of vignette outputs ... SKIPPED
* checking PDF version of manual ... OK
* DONE

Status: 1 ERROR, 2 WARNINGs, 2 NOTEs
See
  ‘/Users/biocbuild/bbs-3.22-bioc/meat/OmnipathR.Rcheck/00check.log’
for details.


Installation output

OmnipathR.Rcheck/00install.out

##############################################################################
##############################################################################
###
### Running command:
###
###   /Library/Frameworks/R.framework/Resources/bin/R CMD INSTALL OmnipathR
###
##############################################################################
##############################################################################


* installing to library ‘/Library/Frameworks/R.framework/Versions/4.5-x86_64/Resources/library’
* installing *source* package ‘OmnipathR’ ...
** this is package ‘OmnipathR’ version ‘3.17.6’
** using staged installation
** R
** inst
** byte-compile and prepare package for lazy loading
** help
*** installing help indices
*** copying figures
** building package indices
** installing vignettes
** testing if installed package can be loaded from temporary location
[2025-10-16 15:38:06] [TRACE]   [OmnipathR] Reading JSON from `/Users/biocbuild/Library/Caches/OmnipathR/cache.json` (encoding: UTF-8).
[2025-10-16 15:38:06] [TRACE]   [OmnipathR] JSON validation successful: TRUE
[2025-10-16 15:38:06] [INFO]    [OmnipathR] Initialized cache: `/Users/biocbuild/Library/Caches/OmnipathR`.
[2025-10-16 15:38:06] [INFO]    [OmnipathR] Package `OmnipathR` packaged: NA
[2025-10-16 15:38:06] [INFO]    [OmnipathR] Package `OmnipathR` date/publication: 2025-10-16
[2025-10-16 15:38:06] [INFO]    [OmnipathR] Package `OmnipathR` built: R 4.5.1; ; 2025-10-16 19:37:52 UTC; unix
[2025-10-16 15:38:06] [INFO]    [OmnipathR] Package `OmnipathR` version: 3.17.6
[2025-10-16 15:38:06] [INFO]    [OmnipathR] Package `OmnipathR` repository: Bioconductor 3.22
[2025-10-16 15:38:07] [INFO]    [OmnipathR] Session info: [version=R version 4.5.1 Patched (2025-09-10 r88807); os=macOS Monterey 12.7.6; system=x86_64, darwin20; ui=X11; language=(EN); collate=C; ctype=en_US.UTF-8; tz=America/New_York; date=2025-10-16; pandoc=2.7.3 @ /usr/local/bin/ (via rmarkdown); quarto=1.4.553 @ /usr/local/bin/quarto]
[2025-10-16 15:38:07] [INFO]    [OmnipathR] External libraries: [cairo=1.17.6; cairoFT=; pango=1.50.14; png=1.6.44; jpeg=9.5; tiff=LIBTIFF, Version 4.5.0; tcl=8.6.13; curl=8.7.1; zlib=1.2.11; bzlib=1.0.8, 13-Jul-2019; xz=5.6.3; deflate=1.23; PCRE=10.44 2024-06-07; ICU=70.1; TRE=TRE 0.8.0 R_fixes (BSD); iconv=Apple or GNU libiconv 1.11 /Library/Frameworks/R.framework/Versions/4.5-x86_64/Resources/lib/libR.dylib; readline=5.2; BLAS=/Library/Frameworks/R.framework/Versions/4.5-x86_64/Resources/lib/libRblas.0.dylib; lapack=/Library/Frameworks/R.framework/Versions/4.5-x86_64/Resources/lib/libRlapack.dylib; lapack_version=3.12.1]
[2025-10-16 15:38:07] [INFO]    [OmnipathR] Loaded packages: backports 1.5.0(2024-05-23); bit 4.6.0(2025-03-06); bit64 4.6.0-1(2025-01-16); blob 1.2.4(2023-03-17); cachem 1.1.0(2024-05-16); cellranger 1.1.0(2016-07-27); checkmate 2.3.3(2025-08-18); chromote 0.5.1(2025-04-24); cli 3.6.5(2025-04-23); crayon 1.5.3(2024-06-20); curl 7.0.0(2025-08-19); DBI 1.2.3(2024-06-02); digest 0.6.37(2024-08-19); dplyr 1.1.4(2023-11-17); evaluate 1.0.5(2025-08-27); fastmap 1.2.0(2024-05-15); fs 1.6.6(2025-04-12); generics 0.1.4(2025-05-09); glue 1.8.0(2024-09-30); hms 1.1.3(2023-03-21); htmltools 0.5.8.1(2024-04-04); httr 1.4.7(2023-08-15); httr2 1.2.1(2025-07-22); igraph 2.2.0(2025-10-13); jsonlite 2.0.0(2025-03-27); knitr 1.50(2025-03-16); later 1.4.4(2025-08-27); lifecycle 1.0.4(2023-11-07); logger 0.4.1(2025-09-11); lubridate 1.9.4(2024-12-08); magrittr 2.0.4(2025-09-12); memoise 2.0.1(2021-11-26); OmnipathR 3.17.6(2025-10-16); pillar 1.11.1(2025-09-17); pkgconfig 2.0.3(2019-09-22); prettyunits 1.2.0(2023-09-24); processx 3.8.6(2025-02-21); progress 1.2.3(2023-12-06); promises 1.3.3(2025-05-29); ps 1.9.1(2025-04-12); purrr 1.1.0(2025-07-10); R.methodsS3 1.8.2(2022-06-13); R.oo 1.27.1(2025-05-02); R.utils 2.13.0(2025-02-24); R6 2.6.1(2025-02-15); rappdirs 0.3.3(2021-01-31); Rcpp 1.1.0(2025-07-02); readr 2.1.5(2024-01-10); readxl 1.4.5(2025-03-07); rlang 1.1.6(2025-04-11); rmarkdown 2.30(2025-09-28); RSQLite 2.4.3(2025-08-20); rvest 1.0.5(2025-08-29); sessioninfo 1.2.3(2025-02-05); stringi 1.8.7(2025-03-27); stringr 1.5.2(2025-09-08); tibble 3.3.0(2025-06-08); tidyr 1.3.1(2024-01-24); tidyselect 1.2.1(2024-03-11); timechange 0.3.0(2024-01-18); tzdb 0.5.0(2025-03-15); vctrs 0.6.5(2023-12-01); websocket 1.4.4(2025-04-10); withr 3.0.2(2024-10-28); xfun 0.53(2025-08-19); XML 3.99-0.19(2025-08-22); xml2 1.4.0(2025-08-20); yaml 2.3.10(2024-07-26); zip 2.3.3(2025-05-13)
[2025-10-16 15:38:07] [INFO]    [OmnipathR] CURL: version: 8.14.1; headers: 8.14.1; ssl_version: LibreSSL/3.3.6 (SecureTransport); libz_version: 1.2.11; libssh_version: NA; libidn_version: NA; host: x86_64-apple-darwin22.6.0; protocols: dict, file, ftp, ftps, gopher, gophers, http, https, imap, imaps, ldap, ldaps, mqtt, pop3, pop3s, rtsp, smb, smbs, smtp, smtps, telnet, tftp, ws, wss; ipv6: TRUE; http2: TRUE; idn: FALSE; url_parser: TRUE
[2025-10-16 15:38:07] [TRACE]   [OmnipathR] Running on a build server, wiping cache.
[2025-10-16 15:38:07] [TRACE]   [OmnipathR] Cache is at `/Users/biocbuild/Library/Caches/OmnipathR`.
[2025-10-16 15:38:07] [TRACE]   [OmnipathR] Contains 1 files.
[2025-10-16 15:38:07] [TRACE]   [OmnipathR] Cache is locked: FALSE.
[2025-10-16 15:38:07] [TRACE]   [OmnipathR] Reading JSON from `/Users/biocbuild/Library/Caches/OmnipathR/cache.json` (encoding: UTF-8).
[2025-10-16 15:38:07] [TRACE]   [OmnipathR] JSON validation successful: TRUE
[2025-10-16 15:38:07] [SUCCESS] [OmnipathR] Removing all cache contents from `/Users/biocbuild/Library/Caches/OmnipathR`.
[2025-10-16 15:38:07] [TRACE]   [OmnipathR] Pandoc version: `2.7.3`.
[2025-10-16 15:38:07] [TRACE]   [OmnipathR] Reading JSON from `/Library/Frameworks/R.framework/Versions/4.5-x86_64/Resources/library/00LOCK-OmnipathR/00new/OmnipathR/db/db_def.json` (encoding: UTF-8).
[2025-10-16 15:38:07] [TRACE]   [OmnipathR] JSON validation successful: TRUE
[2025-10-16 15:38:08] [TRACE]   [OmnipathR] Reading JSON from `/Library/Frameworks/R.framework/Versions/4.5-x86_64/Resources/library/00LOCK-OmnipathR/00new/OmnipathR/internal/magic_bytes.json` (encoding: UTF-8).
[2025-10-16 15:38:08] [TRACE]   [OmnipathR] JSON validation successful: TRUE
[2025-10-16 15:38:08] [TRACE]   [OmnipathR] Reading JSON from `/Library/Frameworks/R.framework/Versions/4.5-x86_64/Resources/library/00LOCK-OmnipathR/00new/OmnipathR/internal/urls.json` (encoding: UTF-8).
[2025-10-16 15:38:08] [TRACE]   [OmnipathR] JSON validation successful: TRUE
[2025-10-16 15:38:08] [TRACE]   [OmnipathR] Reading JSON from `/Library/Frameworks/R.framework/Versions/4.5-x86_64/Resources/library/00LOCK-OmnipathR/00new/OmnipathR/internal/id_types.json` (encoding: UTF-8).
[2025-10-16 15:38:08] [TRACE]   [OmnipathR] JSON validation successful: TRUE
[2025-10-16 15:38:08] [TRACE]   [OmnipathR] Cache locked: FALSE
** testing if installed package can be loaded from final location
[2025-10-16 15:38:10] [TRACE]   [OmnipathR] Reading JSON from `/Users/biocbuild/Library/Caches/OmnipathR/cache.json` (encoding: UTF-8).
[2025-10-16 15:38:10] [TRACE]   [OmnipathR] JSON validation successful: TRUE
[2025-10-16 15:38:10] [INFO]    [OmnipathR] Initialized cache: `/Users/biocbuild/Library/Caches/OmnipathR`.
[2025-10-16 15:38:10] [INFO]    [OmnipathR] Package `OmnipathR` packaged: NA
[2025-10-16 15:38:10] [INFO]    [OmnipathR] Package `OmnipathR` date/publication: 2025-10-16
[2025-10-16 15:38:10] [INFO]    [OmnipathR] Package `OmnipathR` built: R 4.5.1; ; 2025-10-16 19:37:52 UTC; unix
[2025-10-16 15:38:10] [INFO]    [OmnipathR] Package `OmnipathR` version: 3.17.6
[2025-10-16 15:38:10] [INFO]    [OmnipathR] Package `OmnipathR` repository: Bioconductor 3.22
[2025-10-16 15:38:10] [INFO]    [OmnipathR] Session info: [version=R version 4.5.1 Patched (2025-09-10 r88807); os=macOS Monterey 12.7.6; system=x86_64, darwin20; ui=X11; language=(EN); collate=C; ctype=en_US.UTF-8; tz=America/New_York; date=2025-10-16; pandoc=2.7.3 @ /usr/local/bin/ (via rmarkdown); quarto=1.4.553 @ /usr/local/bin/quarto]
[2025-10-16 15:38:11] [INFO]    [OmnipathR] External libraries: [cairo=1.17.6; cairoFT=; pango=1.50.14; png=1.6.44; jpeg=9.5; tiff=LIBTIFF, Version 4.5.0; tcl=8.6.13; curl=8.7.1; zlib=1.2.11; bzlib=1.0.8, 13-Jul-2019; xz=5.6.3; deflate=1.23; PCRE=10.44 2024-06-07; ICU=70.1; TRE=TRE 0.8.0 R_fixes (BSD); iconv=Apple or GNU libiconv 1.11 /Library/Frameworks/R.framework/Versions/4.5-x86_64/Resources/lib/libR.dylib; readline=5.2; BLAS=/Library/Frameworks/R.framework/Versions/4.5-x86_64/Resources/lib/libRblas.0.dylib; lapack=/Library/Frameworks/R.framework/Versions/4.5-x86_64/Resources/lib/libRlapack.dylib; lapack_version=3.12.1]
[2025-10-16 15:38:11] [INFO]    [OmnipathR] Loaded packages: backports 1.5.0(2024-05-23); bit 4.6.0(2025-03-06); bit64 4.6.0-1(2025-01-16); blob 1.2.4(2023-03-17); cachem 1.1.0(2024-05-16); cellranger 1.1.0(2016-07-27); checkmate 2.3.3(2025-08-18); chromote 0.5.1(2025-04-24); cli 3.6.5(2025-04-23); crayon 1.5.3(2024-06-20); curl 7.0.0(2025-08-19); DBI 1.2.3(2024-06-02); digest 0.6.37(2024-08-19); dplyr 1.1.4(2023-11-17); evaluate 1.0.5(2025-08-27); fastmap 1.2.0(2024-05-15); fs 1.6.6(2025-04-12); generics 0.1.4(2025-05-09); glue 1.8.0(2024-09-30); hms 1.1.3(2023-03-21); htmltools 0.5.8.1(2024-04-04); httr 1.4.7(2023-08-15); httr2 1.2.1(2025-07-22); igraph 2.2.0(2025-10-13); jsonlite 2.0.0(2025-03-27); knitr 1.50(2025-03-16); later 1.4.4(2025-08-27); lifecycle 1.0.4(2023-11-07); logger 0.4.1(2025-09-11); lubridate 1.9.4(2024-12-08); magrittr 2.0.4(2025-09-12); memoise 2.0.1(2021-11-26); OmnipathR 3.17.6(2025-10-16); pillar 1.11.1(2025-09-17); pkgconfig 2.0.3(2019-09-22); prettyunits 1.2.0(2023-09-24); processx 3.8.6(2025-02-21); progress 1.2.3(2023-12-06); promises 1.3.3(2025-05-29); ps 1.9.1(2025-04-12); purrr 1.1.0(2025-07-10); R.methodsS3 1.8.2(2022-06-13); R.oo 1.27.1(2025-05-02); R.utils 2.13.0(2025-02-24); R6 2.6.1(2025-02-15); rappdirs 0.3.3(2021-01-31); Rcpp 1.1.0(2025-07-02); readr 2.1.5(2024-01-10); readxl 1.4.5(2025-03-07); rlang 1.1.6(2025-04-11); rmarkdown 2.30(2025-09-28); RSQLite 2.4.3(2025-08-20); rvest 1.0.5(2025-08-29); sessioninfo 1.2.3(2025-02-05); stringi 1.8.7(2025-03-27); stringr 1.5.2(2025-09-08); tibble 3.3.0(2025-06-08); tidyr 1.3.1(2024-01-24); tidyselect 1.2.1(2024-03-11); timechange 0.3.0(2024-01-18); tzdb 0.5.0(2025-03-15); vctrs 0.6.5(2023-12-01); websocket 1.4.4(2025-04-10); withr 3.0.2(2024-10-28); xfun 0.53(2025-08-19); XML 3.99-0.19(2025-08-22); xml2 1.4.0(2025-08-20); yaml 2.3.10(2024-07-26); zip 2.3.3(2025-05-13)
[2025-10-16 15:38:11] [INFO]    [OmnipathR] CURL: version: 8.14.1; headers: 8.14.1; ssl_version: LibreSSL/3.3.6 (SecureTransport); libz_version: 1.2.11; libssh_version: NA; libidn_version: NA; host: x86_64-apple-darwin22.6.0; protocols: dict, file, ftp, ftps, gopher, gophers, http, https, imap, imaps, ldap, ldaps, mqtt, pop3, pop3s, rtsp, smb, smbs, smtp, smtps, telnet, tftp, ws, wss; ipv6: TRUE; http2: TRUE; idn: FALSE; url_parser: TRUE
[2025-10-16 15:38:11] [TRACE]   [OmnipathR] Running on a build server, wiping cache.
[2025-10-16 15:38:11] [TRACE]   [OmnipathR] Cache is at `/Users/biocbuild/Library/Caches/OmnipathR`.
[2025-10-16 15:38:11] [TRACE]   [OmnipathR] Contains 1 files.
[2025-10-16 15:38:11] [TRACE]   [OmnipathR] Cache is locked: FALSE.
[2025-10-16 15:38:11] [TRACE]   [OmnipathR] Reading JSON from `/Users/biocbuild/Library/Caches/OmnipathR/cache.json` (encoding: UTF-8).
[2025-10-16 15:38:11] [TRACE]   [OmnipathR] JSON validation successful: TRUE
[2025-10-16 15:38:11] [SUCCESS] [OmnipathR] Removing all cache contents from `/Users/biocbuild/Library/Caches/OmnipathR`.
[2025-10-16 15:38:11] [TRACE]   [OmnipathR] Pandoc version: `2.7.3`.
[2025-10-16 15:38:11] [TRACE]   [OmnipathR] Reading JSON from `/Library/Frameworks/R.framework/Versions/4.5-x86_64/Resources/library/OmnipathR/db/db_def.json` (encoding: UTF-8).
[2025-10-16 15:38:11] [TRACE]   [OmnipathR] JSON validation successful: TRUE
[2025-10-16 15:38:11] [TRACE]   [OmnipathR] Reading JSON from `/Library/Frameworks/R.framework/Versions/4.5-x86_64/Resources/library/OmnipathR/internal/magic_bytes.json` (encoding: UTF-8).
[2025-10-16 15:38:11] [TRACE]   [OmnipathR] JSON validation successful: TRUE
[2025-10-16 15:38:11] [TRACE]   [OmnipathR] Reading JSON from `/Library/Frameworks/R.framework/Versions/4.5-x86_64/Resources/library/OmnipathR/internal/urls.json` (encoding: UTF-8).
[2025-10-16 15:38:11] [TRACE]   [OmnipathR] JSON validation successful: TRUE
[2025-10-16 15:38:11] [TRACE]   [OmnipathR] Reading JSON from `/Library/Frameworks/R.framework/Versions/4.5-x86_64/Resources/library/OmnipathR/internal/id_types.json` (encoding: UTF-8).
[2025-10-16 15:38:11] [TRACE]   [OmnipathR] JSON validation successful: TRUE
[2025-10-16 15:38:11] [TRACE]   [OmnipathR] Cache locked: FALSE
** testing if installed package keeps a record of temporary installation path
* DONE (OmnipathR)

Tests output

OmnipathR.Rcheck/tests/testthat.Rout


R version 4.5.1 Patched (2025-09-10 r88807) -- "Great Square Root"
Copyright (C) 2025 The R Foundation for Statistical Computing
Platform: x86_64-apple-darwin20

R is free software and comes with ABSOLUTELY NO WARRANTY.
You are welcome to redistribute it under certain conditions.
Type 'license()' or 'licence()' for distribution details.

R is a collaborative project with many contributors.
Type 'contributors()' for more information and
'citation()' on how to cite R or R packages in publications.

Type 'demo()' for some demos, 'help()' for on-line help, or
'help.start()' for an HTML browser interface to help.
Type 'q()' to quit R.

> #!/usr/bin/env Rscript
> 
> #
> #  This file is part of the `OmnipathR` R package
> #
> #  Copyright
> #  2018-2024
> #  Saez Lab, Uniklinik RWTH Aachen, Heidelberg University
> #
> #  File author(s): Alberto Valdeolivas
> #                  Dénes Türei (turei.denes@gmail.com)
> #                  Attila Gábor
> #
> #  Distributed under the MIT (Expat) License.
> #  See accompanying file `LICENSE` or find a copy at
> #      https://directory.fsf.org/wiki/License:Expat
> #
> #  Website: https://r.omnipathdb.org/
> #  Git repo: https://github.com/saezlab/OmnipathR
> #
> 
> 
> library(testthat)
> library(OmnipathR)
[2025-10-17 01:24:02] [TRACE]   [OmnipathR] Reading JSON from `/Users/biocbuild/Library/Caches/OmnipathR/cache.json` (encoding: UTF-8).
[2025-10-17 01:24:02] [TRACE]   [OmnipathR] JSON validation successful: TRUE
[2025-10-17 01:24:02] [INFO]    [OmnipathR] Initialized cache: `/Users/biocbuild/Library/Caches/OmnipathR`.
[2025-10-17 01:24:02] [INFO]    [OmnipathR] Package `OmnipathR` packaged: NA
[2025-10-17 01:24:02] [INFO]    [OmnipathR] Package `OmnipathR` date/publication: 2025-10-16
[2025-10-17 01:24:02] [INFO]    [OmnipathR] Package `OmnipathR` built: R 4.5.1; ; 2025-10-16 19:37:52 UTC; unix
[2025-10-17 01:24:02] [INFO]    [OmnipathR] Package `OmnipathR` version: 3.17.6
[2025-10-17 01:24:02] [INFO]    [OmnipathR] Package `OmnipathR` repository: Bioconductor 3.22
[2025-10-17 01:24:03] [INFO]    [OmnipathR] Session info: [version=R version 4.5.1 Patched (2025-09-10 r88807); os=macOS Monterey 12.7.6; system=x86_64, darwin20; ui=X11; language=C; collate=C; ctype=en_US.UTF-8; tz=America/New_York; date=2025-10-17; pandoc=2.7.3 @ /usr/local/bin/ (via rmarkdown); quarto=1.4.553 @ /usr/local/bin/quarto]
[2025-10-17 01:24:03] [INFO]    [OmnipathR] External libraries: [cairo=1.17.6; cairoFT=; pango=1.50.14; png=1.6.44; jpeg=9.5; tiff=LIBTIFF, Version 4.5.0; tcl=8.6.13; curl=8.7.1; zlib=1.2.11; bzlib=1.0.8, 13-Jul-2019; xz=5.6.3; deflate=1.23; PCRE=10.44 2024-06-07; ICU=70.1; TRE=TRE 0.8.0 R_fixes (BSD); iconv=Apple or GNU libiconv 1.11 /Library/Frameworks/R.framework/Versions/4.5-x86_64/Resources/lib/libR.dylib; readline=5.2; BLAS=/Library/Frameworks/R.framework/Versions/4.5-x86_64/Resources/lib/libRblas.0.dylib; lapack=/Library/Frameworks/R.framework/Versions/4.5-x86_64/Resources/lib/libRlapack.dylib; lapack_version=3.12.1]
[2025-10-17 01:24:03] [INFO]    [OmnipathR] Loaded packages: backports 1.5.0(2024-05-23); bit 4.6.0(2025-03-06); bit64 4.6.0-1(2025-01-16); blob 1.2.4(2023-03-17); brio 1.1.5(2024-04-24); cachem 1.1.0(2024-05-16); cellranger 1.1.0(2016-07-27); checkmate 2.3.3(2025-08-18); chromote 0.5.1(2025-04-24); cli 3.6.5(2025-04-23); crayon 1.5.3(2024-06-20); curl 7.0.0(2025-08-19); DBI 1.2.3(2024-06-02); digest 0.6.37(2024-08-19); dplyr 1.1.4(2023-11-17); evaluate 1.0.5(2025-08-27); fastmap 1.2.0(2024-05-15); fs 1.6.6(2025-04-12); generics 0.1.4(2025-05-09); glue 1.8.0(2024-09-30); hms 1.1.3(2023-03-21); htmltools 0.5.8.1(2024-04-04); httr 1.4.7(2023-08-15); httr2 1.2.1(2025-07-22); igraph 2.2.0(2025-10-13); jsonlite 2.0.0(2025-03-27); knitr 1.50(2025-03-16); later 1.4.4(2025-08-27); lifecycle 1.0.4(2023-11-07); logger 0.4.1(2025-09-11); lubridate 1.9.4(2024-12-08); magrittr 2.0.4(2025-09-12); memoise 2.0.1(2021-11-26); OmnipathR 3.17.6(2025-10-16); pillar 1.11.1(2025-09-17); pkgconfig 2.0.3(2019-09-22); prettyunits 1.2.0(2023-09-24); processx 3.8.6(2025-02-21); progress 1.2.3(2023-12-06); promises 1.3.3(2025-05-29); ps 1.9.1(2025-04-12); purrr 1.1.0(2025-07-10); R.methodsS3 1.8.2(2022-06-13); R.oo 1.27.1(2025-05-02); R.utils 2.13.0(2025-02-24); R6 2.6.1(2025-02-15); rappdirs 0.3.3(2021-01-31); Rcpp 1.1.0(2025-07-02); readr 2.1.5(2024-01-10); readxl 1.4.5(2025-03-07); rlang 1.1.6(2025-04-11); rmarkdown 2.30(2025-09-28); RSQLite 2.4.3(2025-08-20); rvest 1.0.5(2025-08-29); sessioninfo 1.2.3(2025-02-05); stringi 1.8.7(2025-03-27); stringr 1.5.2(2025-09-08); testthat 3.2.3(2025-01-13); tibble 3.3.0(2025-06-08); tidyr 1.3.1(2024-01-24); tidyselect 1.2.1(2024-03-11); timechange 0.3.0(2024-01-18); tzdb 0.5.0(2025-03-15); vctrs 0.6.5(2023-12-01); websocket 1.4.4(2025-04-10); withr 3.0.2(2024-10-28); xfun 0.53(2025-08-19); XML 3.99-0.19(2025-08-22); xml2 1.4.0(2025-08-20); yaml 2.3.10(2024-07-26); zip 2.3.3(2025-05-13)
[2025-10-17 01:24:03] [INFO]    [OmnipathR] CURL: version: 8.14.1; headers: 8.14.1; ssl_version: LibreSSL/3.3.6 (SecureTransport); libz_version: 1.2.11; libssh_version: NA; libidn_version: NA; host: x86_64-apple-darwin22.6.0; protocols: dict, file, ftp, ftps, gopher, gophers, http, https, imap, imaps, ldap, ldaps, mqtt, pop3, pop3s, rtsp, smb, smbs, smtp, smtps, telnet, tftp, ws, wss; ipv6: TRUE; http2: TRUE; idn: FALSE; url_parser: TRUE
[2025-10-17 01:24:03] [TRACE]   [OmnipathR] Running on a build server, wiping cache.
[2025-10-17 01:24:03] [TRACE]   [OmnipathR] Cache is at `/Users/biocbuild/Library/Caches/OmnipathR`.
[2025-10-17 01:24:03] [TRACE]   [OmnipathR] Contains 12 files.
[2025-10-17 01:24:03] [TRACE]   [OmnipathR] Cache is locked: FALSE.
[2025-10-17 01:24:03] [TRACE]   [OmnipathR] Reading JSON from `/Users/biocbuild/Library/Caches/OmnipathR/cache.json` (encoding: UTF-8).
[2025-10-17 01:24:03] [TRACE]   [OmnipathR] JSON validation successful: TRUE
[2025-10-17 01:24:03] [SUCCESS] [OmnipathR] Removing all cache contents from `/Users/biocbuild/Library/Caches/OmnipathR`.
[2025-10-17 01:24:04] [TRACE]   [OmnipathR] Pandoc version: `2.7.3`.
[2025-10-17 01:24:04] [TRACE]   [OmnipathR] Reading JSON from `/Library/Frameworks/R.framework/Versions/4.5-x86_64/Resources/library/OmnipathR/db/db_def.json` (encoding: UTF-8).
[2025-10-17 01:24:04] [TRACE]   [OmnipathR] JSON validation successful: TRUE
[2025-10-17 01:24:04] [TRACE]   [OmnipathR] Reading JSON from `/Library/Frameworks/R.framework/Versions/4.5-x86_64/Resources/library/OmnipathR/internal/magic_bytes.json` (encoding: UTF-8).
[2025-10-17 01:24:04] [TRACE]   [OmnipathR] JSON validation successful: TRUE
[2025-10-17 01:24:04] [TRACE]   [OmnipathR] Reading JSON from `/Library/Frameworks/R.framework/Versions/4.5-x86_64/Resources/library/OmnipathR/internal/urls.json` (encoding: UTF-8).
[2025-10-17 01:24:04] [TRACE]   [OmnipathR] JSON validation successful: TRUE
[2025-10-17 01:24:04] [TRACE]   [OmnipathR] Reading JSON from `/Library/Frameworks/R.framework/Versions/4.5-x86_64/Resources/library/OmnipathR/internal/id_types.json` (encoding: UTF-8).
[2025-10-17 01:24:04] [TRACE]   [OmnipathR] JSON validation successful: TRUE
[2025-10-17 01:24:04] [TRACE]   [OmnipathR] Cache locked: FALSE
> 
> test_check('OmnipathR')
[ FAIL 0 | WARN 12 | SKIP 0 | PASS 38 ]

[ FAIL 0 | WARN 12 | SKIP 0 | PASS 38 ]
> 
> proc.time()
   user  system elapsed 
 49.990   6.522  92.493 

Example timings

OmnipathR.Rcheck/OmnipathR-Ex.timings

nameusersystemelapsed
OmnipathR000
all_uniprot_acs0.0240.0030.027
all_uniprots27.854 3.14652.071
ancestors0.0120.0020.015
annotated_network1.5330.1564.742
annotation_categories60.759 0.33462.746
annotation_resources0.0680.0090.663
annotations0.7230.0601.558
biomart_query1.5010.2204.210
bioplex10.0130.0020.015
bioplex20.0130.0020.015
bioplex30.0110.0020.014
bioplex_all0.0110.0020.013
bioplex_hct116_10.0130.0020.015
bma_motif_es0.7540.1201.580
bma_motif_vs0.2450.1021.007
chalmers_gem0.0120.0040.016
chalmers_gem_id_mapping_table0.0120.0050.016
chalmers_gem_id_type0.0020.0010.003
chalmers_gem_metabolites0.0120.0040.016
chalmers_gem_network0.0120.0040.015
chalmers_gem_raw0.0120.0040.015
chalmers_gem_reactions0.0120.0040.016
common_name0.1330.0250.158
complex_genes0.7700.6004.817
complex_resources0.0690.0731.080
complexes0.1910.1401.127
consensuspathdb_download0.0000.0010.005
consensuspathdb_raw_table0.0110.0080.016
cosmos_pkn000
curated_ligand_receptor_interactions 7.90812.13132.644
curated_ligrec_stats 42.168 18.937134.361
database_summary1.3650.1804.896
descendants0.0070.0010.008
ensembl_dataset0.0360.0030.135
ensembl_id_mapping_table 2.488 0.67822.275
ensembl_id_type0.0030.0040.008
ensembl_name0.2540.0771.040
ensembl_organisms0.1340.0391.329
ensembl_organisms_raw0.1350.0340.444
ensembl_orthology0.0000.0000.001
enzsub_graph2.4670.5198.851
enzsub_resources0.0730.0240.843
enzyme_substrate1.6450.1292.461
evex_download0.0120.0020.016
evidences000
extra_attr_values16.332 3.29732.337
extra_attrs 8.518 2.64017.318
extra_attrs_to_cols19.331 3.60430.090
filter_by_resource 8.780 0.73716.684
filter_extra_attrs39.17913.57362.397
filter_intercell 7.435 0.94114.643
filter_intercell_network0.0240.0040.029
find_all_paths7.7790.9259.333
from_evidences0.0000.0010.000
get_db0.0000.0010.000
get_ontology_db0.0140.0020.016
giant_component12.664 1.30321.742
go_annot_download15.219 2.09422.386
go_annot_slim0.0000.0000.001
go_ontology_download0.0140.0020.019
guide2pharma_download0.0130.0020.020
harmonizome_download0.0150.0030.054
has_extra_attrs10.723 2.89017.356
hmdb_id_mapping_table0.0080.0010.010
hmdb_id_type0.0020.0000.002
hmdb_metabolite_fields0.0000.0010.001
hmdb_protein_fields0.0010.0000.000
hmdb_table0.0080.0010.010
homologene_download0.0100.0020.013
homologene_raw0.0490.0030.124
homologene_uniprot_orthology0.0120.0020.024
hpo_download3.0801.0468.818
htridb_download0.0100.0020.012
id_translation_resources000
id_types0.0550.0130.068
inbiomap_download000
inbiomap_raw000
interaction_datasets0.8160.0981.310
interaction_graph0.4970.0461.137
interaction_resources0.0740.0190.608
interaction_types0.0830.0090.093
intercell0.9120.1161.914
intercell_categories0.7030.0891.010
intercell_consensus_filter1.5410.1953.361
intercell_generic_categories0.0760.0090.086
intercell_network0.0110.0020.012
intercell_resources0.0610.0120.555
intercell_summary0.0850.0260.112
is_ontology_id000
is_swissprot0.0610.0080.070
is_trembl0.0580.0080.066
is_uniprot0.0110.0030.015
kegg_api_templates0.0010.0030.005
kegg_conv 1.521 0.23413.139
kegg_databases0.0000.0010.001
kegg_ddi0.7070.0822.124
kegg_find0.7040.0802.237
kegg_info0.0120.0020.013
kegg_link0.7550.1126.614
kegg_list0.7200.0951.753
kegg_open0.0110.0010.013
kegg_operations0.0000.0010.000
kegg_organism_codes0.0260.0750.103
kegg_organisms0.0320.0090.041
kegg_pathway_annotations0.0010.0000.000
kegg_pathway_download0.0110.0010.013
kegg_pathway_list0.0110.0020.013
kegg_pathways_download0.0000.0000.001
kegg_picture1.0380.0616.241
kegg_process0.0220.0040.026
kegg_query0.0100.0010.011
kegg_request0.0730.0090.082
kegg_rm_prefix0.8080.0955.399
kinasephos 1.115 0.17117.037
latin_name0.2500.0100.261
load_db0.1030.0230.128
metalinksdb_sqlite1.0990.3799.504
metalinksdb_table0.2910.0530.351
metalinksdb_tables0.0250.0050.031
ncbi_taxid0.2700.0140.285
nichenet_build_model0.0000.0000.001
nichenet_expression_data0.0120.0020.014
nichenet_gr_network0.0340.0060.042
nichenet_gr_network_evex0.0120.0020.014
nichenet_gr_network_harmonizome0.0120.0020.014
nichenet_gr_network_htridb0.0110.0020.014
nichenet_gr_network_omnipath18.681 1.89723.034
nichenet_gr_network_pathwaycommons0.0100.0020.012
nichenet_gr_network_regnetwork0.0090.0020.011
nichenet_gr_network_remap0.0110.0010.012
nichenet_gr_network_trrust0.0100.0020.012
nichenet_ligand_activities0.0000.0010.000
nichenet_ligand_target_links0.0000.0000.001
nichenet_ligand_target_matrix000
nichenet_lr_network0.0300.0040.035
nichenet_lr_network_guide2pharma0.0100.0010.011
nichenet_lr_network_omnipath0.0320.0050.036
nichenet_lr_network_ramilowski0.0110.0020.013
nichenet_main0.0000.0000.001
nichenet_networks0.0520.0110.063
nichenet_optimization0.0000.0010.001
nichenet_remove_orphan_ligands0.0320.0050.037
nichenet_results_dir0.0000.0000.001
nichenet_signaling_network0.0350.0050.040
nichenet_signaling_network_cpdb0.0120.0020.013
nichenet_signaling_network_evex0.0120.0020.014
nichenet_signaling_network_harmonizome0.0110.0020.013
nichenet_signaling_network_inbiomap0.0000.0010.001
nichenet_signaling_network_omnipath13.558 1.41217.467
nichenet_signaling_network_pathwaycommons0.0120.0020.014
nichenet_signaling_network_vinayagam0.0130.0020.015
nichenet_test0.0000.0000.001
nichenet_workarounds0.0010.0010.000
obo_parser0.1110.0260.175
oma_code0.1430.0060.149
oma_organisms0.0830.0150.097
oma_pairwise0.0130.0020.015
oma_pairwise_genesymbols0.0130.0020.014
oma_pairwise_translated0.0130.0020.014
omnipath-interactions33.409 3.01359.007
omnipath_cache_autoclean000
omnipath_cache_clean0.0110.0040.015
omnipath_cache_clean_db0.1170.0230.140
omnipath_cache_download_ready0.5930.1360.827
omnipath_cache_filter_versions0.1060.0280.140
omnipath_cache_get0.0930.0200.115
omnipath_cache_key0.0020.0000.003
omnipath_cache_latest_or_new0.0660.0150.081
omnipath_cache_load0.5380.0503.133
omnipath_cache_move_in0.1620.0400.210
omnipath_cache_remove0.0970.0260.130
omnipath_cache_save0.1520.0300.200
omnipath_cache_search0.0010.0000.000
omnipath_cache_set_ext0.1140.0220.143
omnipath_cache_update_status0.0900.0200.112
omnipath_cache_wipe0.0000.0000.001
omnipath_config_path0.0010.0000.000
omnipath_for_cosmos10.411 1.00034.250
omnipath_load_config0.0000.0010.000
omnipath_log000
omnipath_logfile0.0020.0000.002
omnipath_msg0.0070.0010.008
omnipath_query4.1430.2424.412
omnipath_reset_config0.0000.0010.001
omnipath_save_config0.0000.0010.001
omnipath_set_cachedir0.0280.0060.035
omnipath_set_console_loglevel0.0050.0000.005
omnipath_set_logfile_loglevel0.0050.0010.005
omnipath_set_loglevel0.0020.0000.003
omnipath_show_db0.0880.0210.111
omnipath_unlock_cache_db000
only_from0.0000.0000.001
ontology_ensure_id0.0000.0010.000
ontology_ensure_name0.0000.0010.001
ontology_name_id0.0010.0000.001
organism_for0.1810.0080.189
pathwaycommons_download0.0010.0000.001
pivot_annotations10.495 1.13325.588
preppi_download0.0010.0010.000
preppi_filter0.0010.0000.002
print_bma_motif_es0.5030.0871.387
print_bma_motif_vs0.1630.0190.776
print_interactions 6.965 0.53811.768
print_path_es0.8550.0792.628
print_path_vs2.6060.2865.370
pubmed_open4.6080.2864.991
query_info0.4670.0360.697
ramilowski_download0.0010.0000.001
ramp_id_mapping_table0.0010.0000.002
ramp_id_type0.0020.0010.003
ramp_sqlite0.0000.0000.001
ramp_table0.0000.0000.001
ramp_tables0.0000.0000.001