| Back to Multiple platform build/check report for BioC 3.8 |
|
This page was generated on 2019-04-13 11:27:13 -0400 (Sat, 13 Apr 2019).
| Package 990/1649 | Hostname | OS / Arch | INSTALL | BUILD | CHECK | BUILD BIN | ||||||
| MoonlightR 1.8.0 Antonio Colaprico
| malbec1 | Linux (Ubuntu 16.04.6 LTS) / x86_64 | OK | OK | OK | |||||||
| tokay1 | Windows Server 2012 R2 Standard / x64 | OK | [ ERROR ] | skipped | skipped | |||||||
| merida1 | OS X 10.11.6 El Capitan / x86_64 | OK | ERROR | skipped | skipped |
| Package: MoonlightR |
| Version: 1.8.0 |
| Command: chmod a+r MoonlightR -R && C:\Users\biocbuild\bbs-3.8-bioc\R\bin\R.exe CMD build --keep-empty-dirs --no-resave-data MoonlightR |
| StartedAt: 2019-04-12 23:10:25 -0400 (Fri, 12 Apr 2019) |
| EndedAt: 2019-04-12 23:11:54 -0400 (Fri, 12 Apr 2019) |
| EllapsedTime: 88.5 seconds |
| RetCode: 1 |
| Status: ERROR |
| PackageFile: None |
| PackageFileSize: NA |
##############################################################################
##############################################################################
###
### Running command:
###
### chmod a+r MoonlightR -R && C:\Users\biocbuild\bbs-3.8-bioc\R\bin\R.exe CMD build --keep-empty-dirs --no-resave-data MoonlightR
###
##############################################################################
##############################################################################
* checking for file 'MoonlightR/DESCRIPTION' ... OK
* preparing 'MoonlightR':
* checking DESCRIPTION meta-information ... OK
* installing the package to build vignettes
* creating vignettes ... ERROR
Loading MoonlightR
Loading required package: doParallel
Loading required package: foreach
Loading required package: iterators
Loading required package: parallel
Setting options('download.file.method.GEOquery'='auto')
Setting options('GEOquery.inmemory.gpl'=FALSE)
Invalid Parameter - /figure-html
Warning in shell(paste(c(cmd, args), collapse = " ")) :
'convert "Moonlight_files/figure-html/unnamed-chunk-2-1.png" -trim "Moonlight_files/figure-html/unnamed-chunk-2-1.png"' execution failed with error code 4
Invalid Parameter - /figure-html
Warning in shell(paste(c(cmd, args), collapse = " ")) :
'convert "Moonlight_files/figure-html/unnamed-chunk-12-1.png" -trim "Moonlight_files/figure-html/unnamed-chunk-12-1.png"' execution failed with error code 4
Quitting from lines 556-567 (Moonlight.Rmd)
Error: processing vignette 'Moonlight.Rmd' failed with diagnostics:
cannot open the connection
Execution halted