| Back to Workflows build report for BioC 3.7 |
This page was generated on 2018-10-15 12:45:18 -0400 (Mon, 15 Oct 2018).
| Package 17/21 | Hostname | OS / Arch | INSTALL | BUILD | ||||||
| RnaSeqGeneEdgeRQL 1.2.3 Yunshun Chen
| malbec2 | Linux (Ubuntu 16.04.1 LTS) / x86_64 | OK | OK | ||||||
| tokay2 | Windows Server 2012 R2 Standard / x64 | OK | [ ERROR ] |
| Package: RnaSeqGeneEdgeRQL |
| Version: 1.2.3 |
| Command: chmod a+r RnaSeqGeneEdgeRQL -R && C:\Users\biocbuild\bbs-3.7-bioc\R\bin\R.exe CMD build --keep-empty-dirs --no-resave-data RnaSeqGeneEdgeRQL |
| StartedAt: 2018-10-15 08:02:03 -0400 (Mon, 15 Oct 2018) |
| EndedAt: 2018-10-15 08:03:48 -0400 (Mon, 15 Oct 2018) |
| EllapsedTime: 105.3 seconds |
| RetCode: 1 |
| Status: ERROR |
| PackageFile: None |
| PackageFileSize: NA |
############################################################################## ############################################################################## ### ### Running command: ### ### chmod a+r RnaSeqGeneEdgeRQL -R && C:\Users\biocbuild\bbs-3.7-bioc\R\bin\R.exe CMD build --keep-empty-dirs --no-resave-data RnaSeqGeneEdgeRQL ### ############################################################################## ############################################################################## * checking for file 'RnaSeqGeneEdgeRQL/DESCRIPTION' ... OK * preparing 'RnaSeqGeneEdgeRQL': * checking DESCRIPTION meta-information ... OK * installing the package to build vignettes * creating vignettes ... ERROR trying URL 'http://www.ncbi.nlm.nih.gov/geo/download/?acc=GSE60450&format=file&file=GSE60450_Lactation-GenewiseCounts.txt.gz' Content length 329 bytes ================================================== Quitting from lines 119-127 (edgeRQL.Rmd) Error: processing vignette 'edgeRQL.Rmd' failed with diagnostics: cannot open URL 'http://www.ncbi.nlm.nih.gov/geo/download/?acc=GSE60450&format=file&file=GSE60450_Lactation-GenewiseCounts.txt.gz' Execution halted