| Back to Multiple platform build/check report for BioC 3.6 | 
 | 
This page was generated on 2018-04-12 13:26:38 -0400 (Thu, 12 Apr 2018).
| Package 653/1472 | Hostname | OS / Arch | INSTALL | BUILD | CHECK | BUILD BIN | ||||||
| HilbertCurve 1.9.1 Zuguang Gu 
 | malbec1 | Linux (Ubuntu 16.04.1 LTS) / x86_64 | OK | OK | OK |  | ||||||
| tokay1 | Windows Server 2012 R2 Standard / x64 | OK | OK | [ WARNINGS ] | OK |  | ||||||
| veracruz1 | OS X 10.11.6 El Capitan / x86_64 | OK | OK | OK | OK |  | 
| Package: HilbertCurve | 
| Version: 1.9.1 | 
| Command: rm -rf HilbertCurve.buildbin-libdir HilbertCurve.Rcheck && mkdir HilbertCurve.buildbin-libdir HilbertCurve.Rcheck && C:\Users\biocbuild\bbs-3.6-bioc\R\bin\R.exe CMD INSTALL --build --merge-multiarch --library=HilbertCurve.buildbin-libdir HilbertCurve_1.9.1.tar.gz >HilbertCurve.Rcheck\00install.out 2>&1 && cp HilbertCurve.Rcheck\00install.out HilbertCurve-install.out && C:\Users\biocbuild\bbs-3.6-bioc\R\bin\R.exe CMD check --library=HilbertCurve.buildbin-libdir --install="check:HilbertCurve-install.out" --force-multiarch --no-vignettes --timings HilbertCurve_1.9.1.tar.gz | 
| StartedAt: 2018-04-12 00:43:21 -0400 (Thu, 12 Apr 2018) | 
| EndedAt: 2018-04-12 00:46:55 -0400 (Thu, 12 Apr 2018) | 
| EllapsedTime: 214.3 seconds | 
| RetCode: 0 | 
| Status: WARNINGS | 
| CheckDir: HilbertCurve.Rcheck | 
| Warnings: 1 | 
##############################################################################
##############################################################################
###
### Running command:
###
###   rm -rf HilbertCurve.buildbin-libdir HilbertCurve.Rcheck && mkdir HilbertCurve.buildbin-libdir HilbertCurve.Rcheck && C:\Users\biocbuild\bbs-3.6-bioc\R\bin\R.exe CMD INSTALL --build --merge-multiarch --library=HilbertCurve.buildbin-libdir HilbertCurve_1.9.1.tar.gz >HilbertCurve.Rcheck\00install.out 2>&1 && cp HilbertCurve.Rcheck\00install.out HilbertCurve-install.out  &&  C:\Users\biocbuild\bbs-3.6-bioc\R\bin\R.exe CMD check --library=HilbertCurve.buildbin-libdir --install="check:HilbertCurve-install.out" --force-multiarch --no-vignettes --timings HilbertCurve_1.9.1.tar.gz
###
##############################################################################
##############################################################################
* using log directory 'C:/Users/biocbuild/bbs-3.6-bioc/meat/HilbertCurve.Rcheck'
* using R version 3.4.4 (2018-03-15)
* using platform: x86_64-w64-mingw32 (64-bit)
* using session charset: ISO8859-1
* using option '--no-vignettes'
* checking for file 'HilbertCurve/DESCRIPTION' ... OK
* checking extension type ... Package
* this is package 'HilbertCurve' version '1.9.1'
* checking package namespace information ... OK
* checking package dependencies ... OK
* checking if this is a source package ... OK
* checking if there is a namespace ... OK
* checking for hidden files and directories ... OK
* checking for portable file names ... OK
* checking whether package 'HilbertCurve' can be installed ... WARNING
Found the following significant warnings:
  Rd warning: C:/Users/biocbuild/bbs-3.6-bioc/tmpdir/RtmpMnDuIS/R.INSTALL24c05a9c1a5a/HilbertCurve/man/GenomicHilbertCurve-class.rd:30: missing file link 'GRanges'
  Rd warning: C:/Users/biocbuild/bbs-3.6-bioc/tmpdir/RtmpMnDuIS/R.INSTALL24c05a9c1a5a/HilbertCurve/man/GenomicHilbertCurve.rd:17: missing file link 'GRanges'
  Rd warning: C:/Users/biocbuild/bbs-3.6-bioc/tmpdir/RtmpMnDuIS/R.INSTALL24c05a9c1a5a/HilbertCurve/man/HilbertCurve.rd:33: missing file link 'grob'
  Rd warning: C:/Users/biocbuild/bbs-3.6-bioc/tmpdir/RtmpMnDuIS/R.INSTALL24c05a9c1a5a/HilbertCurve/man/hc_centered_text-HilbertCurve-method.rd:16: missing file link 'IRanges'
  Rd warning: C:/Users/biocbuild/bbs-3.6-bioc/tmpdir/RtmpMnDuIS/R.INSTALL24c05a9c1a5a/HilbertCurve/man/hc_layer-GenomicHilbertCurve-method.rd:17: missing file link 'GRanges'
  Rd warning: C:/Users/biocbuild/bbs-3.6-bioc/tmpdir/RtmpMnDuIS/R.INSTALL24c05a9c1a5a/HilbertCurve/man/hc_layer-HilbertCurve-method.rd:17: missing file link 'IRanges'
  Rd warning: C:/Users/biocbuild/bbs-3.6-bioc/tmpdir/RtmpMnDuIS/R.INSTALL24c05a9c1a5a/HilbertCurve/man/hc_normal_points-HilbertCurve-method.rd:17: missing file link 'IRanges'
  Rd warning: C:/Users/biocbuild/bbs-3.6-bioc/tmpdir/RtmpMnDuIS/R.INSTALL24c05a9c1a5a/HilbertCurve/man/hc_points-GenomicHilbertCurve-method.rd:18: missing file link 'GRanges'
  Rd warning: C:/Users/biocbuild/bbs-3.6-bioc/tmpdir/RtmpMnDuIS/R.INSTALL24c05a9c1a5a/HilbertCurve/man/hc_points-HilbertCurve-method.rd:18: missing file link 'IRanges'
  Rd warning: C:/Users/biocbuild/bbs-3.6-bioc/tmpdir/RtmpMnDuIS/R.INSTALL24c05a9c1a5a/HilbertCurve/man/hc_polygon-GenomicHilbertCurve-method.rd:16: missing file link 'GRanges'
  Rd warning: C:/Users/biocbuild/bbs-3.6-bioc/tmpdir/RtmpMnDuIS/R.INSTALL24c05a9c1a5a/HilbertCurve/man/hc_polygon-HilbertCurve-method.rd:17: missing file link 'IRanges'
  Rd warning: C:/Users/biocbuild/bbs-3.6-bioc/tmpdir/RtmpMnDuIS/R.INSTALL24c05a9c1a5a/HilbertCurve/man/hc_rect-GenomicHilbertCurve-method.rd:16: missing file link 'GRanges'
  Rd warning: C:/Users/biocbuild/bbs-3.6-bioc/tmpdir/RtmpMnDuIS/R.INSTALL24c05a9c1a5a/HilbertCurve/man/hc_rect-HilbertCurve-method.rd:17: missing file link 'IRanges'
  Rd warning: C:/Users/biocbuild/bbs-3.6-bioc/tmpdir/RtmpMnDuIS/R.INSTALL24c05a9c1a5a/HilbertCurve/man/hc_segmented_points-HilbertCurve-method.rd:19: missing file link 'IRanges'
  Rd warning: C:/Users/biocbuild/bbs-3.6-bioc/tmpdir/RtmpMnDuIS/R.INSTALL24c05a9c1a5a/HilbertCurve/man/hc_segments-GenomicHilbertCurve-method.rd:15: missing file link 'GRanges'
  Rd warning: C:/Users/biocbuild/bbs-3.6-bioc/tmpdir/RtmpMnDuIS/R.INSTALL24c05a9c1a5a/HilbertCurve/man/hc_segments-HilbertCurve-method.rd:16: missing file link 'IRanges'
  Rd warning: C:/Users/biocbuild/bbs-3.6-bioc/tmpdir/RtmpMnDuIS/R.INSTALL24c05a9c1a5a/HilbertCurve/man/hc_text-GenomicHilbertCurve-method.rd:15: missing file link 'GRanges'
  Rd warning: C:/Users/biocbuild/bbs-3.6-bioc/tmpdir/RtmpMnDuIS/R.INSTALL24c05a9c1a5a/HilbertCurve/man/hc_text-HilbertCurve-method.rd:15: missing file link 'IRanges'
See 'C:/Users/biocbuild/bbs-3.6-bioc/meat/HilbertCurve.Rcheck/00install.out' for details.
* checking installed package size ... NOTE
  installed size is  7.7Mb
  sub-directories of 1Mb or more:
    doc   6.6Mb
* checking package directory ... OK
* checking 'build' directory ... OK
* checking DESCRIPTION meta-information ... OK
* checking top-level files ... OK
* checking for left-over files ... OK
* checking index information ... OK
* checking package subdirectories ... OK
* checking R files for non-ASCII characters ... OK
* checking R files for syntax errors ... OK
* loading checks for arch 'i386'
** checking whether the package can be loaded ... OK
** checking whether the package can be loaded with stated dependencies ... OK
** checking whether the package can be unloaded cleanly ... OK
** checking whether the namespace can be loaded with stated dependencies ... OK
** checking whether the namespace can be unloaded cleanly ... OK
* loading checks for arch 'x64'
** checking whether the package can be loaded ... OK
** checking whether the package can be loaded with stated dependencies ... OK
** checking whether the package can be unloaded cleanly ... OK
** checking whether the namespace can be loaded with stated dependencies ... OK
** checking whether the namespace can be unloaded cleanly ... OK
* checking dependencies in R code ... OK
* checking S3 generic/method consistency ... OK
* checking replacement functions ... OK
* checking foreign function calls ... OK
* checking R code for possible problems ... OK
* checking Rd files ... OK
* checking Rd metadata ... OK
* checking Rd cross-references ... OK
* checking for missing documentation entries ... OK
* checking for code/documentation mismatches ... OK
* checking Rd \usage sections ... OK
* checking Rd contents ... OK
* checking for unstated dependencies in examples ... OK
* checking installed files from 'inst/doc' ... OK
* checking files in 'vignettes' ... OK
* checking examples ...
** running examples for arch 'i386' ... OK
Examples with CPU or elapsed time > 5s
                                     user system elapsed
hc_layer-HilbertCurve-method        10.88   0.40   11.28
GenomicHilbertCurve                  7.97   0.03    8.19
hc_layer-GenomicHilbertCurve-method  7.82   0.10    7.92
** running examples for arch 'x64' ... OK
Examples with CPU or elapsed time > 5s
                                     user system elapsed
hc_layer-HilbertCurve-method        15.18   0.23   15.42
GenomicHilbertCurve                  9.95   0.04   10.16
hc_layer-GenomicHilbertCurve-method  9.47   0.17    9.65
* checking for unstated dependencies in 'tests' ... OK
* checking tests ...
** running tests for arch 'i386' ...
  Running 'test-all.R'
 OK
** running tests for arch 'x64' ...
  Running 'test-all.R'
 OK
* checking for unstated dependencies in vignettes ... OK
* checking package vignettes in 'inst/doc' ... OK
* checking running R code from vignettes ... SKIPPED
* checking re-building of vignette outputs ... SKIPPED
* checking PDF version of manual ... OK
* DONE
Status: 1 WARNING, 1 NOTE
See
  'C:/Users/biocbuild/bbs-3.6-bioc/meat/HilbertCurve.Rcheck/00check.log'
for details.
HilbertCurve.Rcheck/00install.out
install for i386
* installing *source* package 'HilbertCurve' ...
** R
** inst
** preparing package for lazy loading
** help
*** installing help indices
  converting help for package 'HilbertCurve'
    finding HTML links ... done
    GenomicHilbertCurve-class               html  
Rd warning: C:/Users/biocbuild/bbs-3.6-bioc/tmpdir/RtmpMnDuIS/R.INSTALL24c05a9c1a5a/HilbertCurve/man/GenomicHilbertCurve-class.rd:30: missing file link 'GRanges'
    GenomicHilbertCurve                     html  
Rd warning: C:/Users/biocbuild/bbs-3.6-bioc/tmpdir/RtmpMnDuIS/R.INSTALL24c05a9c1a5a/HilbertCurve/man/GenomicHilbertCurve.rd:17: missing file link 'GRanges'
    HilbertCurve-class                      html  
    HilbertCurve                            html  
Rd warning: C:/Users/biocbuild/bbs-3.6-bioc/tmpdir/RtmpMnDuIS/R.INSTALL24c05a9c1a5a/HilbertCurve/man/HilbertCurve.rd:33: missing file link 'grob'
    default_overlay                         html  
    hc_centered_text-HilbertCurve-method    html  
Rd warning: C:/Users/biocbuild/bbs-3.6-bioc/tmpdir/RtmpMnDuIS/R.INSTALL24c05a9c1a5a/HilbertCurve/man/hc_centered_text-HilbertCurve-method.rd:16: missing file link 'IRanges'
    hc_layer-GenomicHilbertCurve-method     html  
Rd warning: C:/Users/biocbuild/bbs-3.6-bioc/tmpdir/RtmpMnDuIS/R.INSTALL24c05a9c1a5a/HilbertCurve/man/hc_layer-GenomicHilbertCurve-method.rd:17: missing file link 'GRanges'
    hc_layer-HilbertCurve-method            html  
Rd warning: C:/Users/biocbuild/bbs-3.6-bioc/tmpdir/RtmpMnDuIS/R.INSTALL24c05a9c1a5a/HilbertCurve/man/hc_layer-HilbertCurve-method.rd:17: missing file link 'IRanges'
    hc_layer-dispatch                       html  
    hc_level-HilbertCurve-method            html  
    hc_map-GenomicHilbertCurve-method       html  
    hc_normal_points-HilbertCurve-method    html  
Rd warning: C:/Users/biocbuild/bbs-3.6-bioc/tmpdir/RtmpMnDuIS/R.INSTALL24c05a9c1a5a/HilbertCurve/man/hc_normal_points-HilbertCurve-method.rd:17: missing file link 'IRanges'
    hc_offset-HilbertCurve-method           html  
    hc_png-HilbertCurve-method              html  
    hc_points-GenomicHilbertCurve-method    html  
Rd warning: C:/Users/biocbuild/bbs-3.6-bioc/tmpdir/RtmpMnDuIS/R.INSTALL24c05a9c1a5a/HilbertCurve/man/hc_points-GenomicHilbertCurve-method.rd:18: missing file link 'GRanges'
    hc_points-HilbertCurve-method           html  
Rd warning: C:/Users/biocbuild/bbs-3.6-bioc/tmpdir/RtmpMnDuIS/R.INSTALL24c05a9c1a5a/HilbertCurve/man/hc_points-HilbertCurve-method.rd:18: missing file link 'IRanges'
    hc_points-dispatch                      html  
    hc_polygon-GenomicHilbertCurve-method   html  
Rd warning: C:/Users/biocbuild/bbs-3.6-bioc/tmpdir/RtmpMnDuIS/R.INSTALL24c05a9c1a5a/HilbertCurve/man/hc_polygon-GenomicHilbertCurve-method.rd:16: missing file link 'GRanges'
    hc_polygon-HilbertCurve-method          html  
Rd warning: C:/Users/biocbuild/bbs-3.6-bioc/tmpdir/RtmpMnDuIS/R.INSTALL24c05a9c1a5a/HilbertCurve/man/hc_polygon-HilbertCurve-method.rd:17: missing file link 'IRanges'
    hc_polygon-dispatch                     html  
    hc_rect-GenomicHilbertCurve-method      html  
Rd warning: C:/Users/biocbuild/bbs-3.6-bioc/tmpdir/RtmpMnDuIS/R.INSTALL24c05a9c1a5a/HilbertCurve/man/hc_rect-GenomicHilbertCurve-method.rd:16: missing file link 'GRanges'
    hc_rect-HilbertCurve-method             html  
Rd warning: C:/Users/biocbuild/bbs-3.6-bioc/tmpdir/RtmpMnDuIS/R.INSTALL24c05a9c1a5a/HilbertCurve/man/hc_rect-HilbertCurve-method.rd:17: missing file link 'IRanges'
    hc_rect-dispatch                        html  
    hc_segmented_points-HilbertCurve-method
                                            html  
Rd warning: C:/Users/biocbuild/bbs-3.6-bioc/tmpdir/RtmpMnDuIS/R.INSTALL24c05a9c1a5a/HilbertCurve/man/hc_segmented_points-HilbertCurve-method.rd:19: missing file link 'IRanges'
    hc_segments-GenomicHilbertCurve-method
                                            html  
Rd warning: C:/Users/biocbuild/bbs-3.6-bioc/tmpdir/RtmpMnDuIS/R.INSTALL24c05a9c1a5a/HilbertCurve/man/hc_segments-GenomicHilbertCurve-method.rd:15: missing file link 'GRanges'
    hc_segments-HilbertCurve-method         html  
Rd warning: C:/Users/biocbuild/bbs-3.6-bioc/tmpdir/RtmpMnDuIS/R.INSTALL24c05a9c1a5a/HilbertCurve/man/hc_segments-HilbertCurve-method.rd:16: missing file link 'IRanges'
    hc_segments-dispatch                    html  
    hc_text-GenomicHilbertCurve-method      html  
Rd warning: C:/Users/biocbuild/bbs-3.6-bioc/tmpdir/RtmpMnDuIS/R.INSTALL24c05a9c1a5a/HilbertCurve/man/hc_text-GenomicHilbertCurve-method.rd:15: missing file link 'GRanges'
    hc_text-HilbertCurve-method             html  
Rd warning: C:/Users/biocbuild/bbs-3.6-bioc/tmpdir/RtmpMnDuIS/R.INSTALL24c05a9c1a5a/HilbertCurve/man/hc_text-HilbertCurve-method.rd:15: missing file link 'IRanges'
    hc_text-dispatch                        html  
    show-HilbertCurve-method                html  
    unzoom-HilbertCurve-method              html  
    zoom-HilbertCurve-method                html  
** building package indices
** installing vignettes
** testing if installed package can be loaded
In R CMD INSTALL
install for x64
* installing *source* package 'HilbertCurve' ...
** testing if installed package can be loaded
* MD5 sums
packaged installation of 'HilbertCurve' as HilbertCurve_1.9.1.zip
* DONE (HilbertCurve)
In R CMD INSTALL
In R CMD INSTALL
| HilbertCurve.Rcheck/tests_i386/test-all.Rout 
R version 3.4.4 (2018-03-15) -- "Someone to Lean On"
Copyright (C) 2018 The R Foundation for Statistical Computing
Platform: i386-w64-mingw32/i386 (32-bit)
R is free software and comes with ABSOLUTELY NO WARRANTY.
You are welcome to redistribute it under certain conditions.
Type 'license()' or 'licence()' for distribution details.
R is a collaborative project with many contributors.
Type 'contributors()' for more information and
'citation()' on how to cite R or R packages in publications.
Type 'demo()' for some demos, 'help()' for on-line help, or
'help.start()' for an HTML browser interface to help.
Type 'q()' to quit R.
> library(testthat)
> suppressWarnings(suppressPackageStartupMessages(library(HilbertCurve)))
> 
> test_check("HilbertCurve")
== testthat results  ===========================================================
OK: 8 SKIPPED: 0 FAILED: 0
> 
> proc.time()
   user  system elapsed 
   4.20    0.06    4.25 
 | HilbertCurve.Rcheck/tests_x64/test-all.Rout 
R version 3.4.4 (2018-03-15) -- "Someone to Lean On"
Copyright (C) 2018 The R Foundation for Statistical Computing
Platform: x86_64-w64-mingw32/x64 (64-bit)
R is free software and comes with ABSOLUTELY NO WARRANTY.
You are welcome to redistribute it under certain conditions.
Type 'license()' or 'licence()' for distribution details.
R is a collaborative project with many contributors.
Type 'contributors()' for more information and
'citation()' on how to cite R or R packages in publications.
Type 'demo()' for some demos, 'help()' for on-line help, or
'help.start()' for an HTML browser interface to help.
Type 'q()' to quit R.
> library(testthat)
> suppressWarnings(suppressPackageStartupMessages(library(HilbertCurve)))
> 
> test_check("HilbertCurve")
== testthat results  ===========================================================
OK: 8 SKIPPED: 0 FAILED: 0
> 
> proc.time()
   user  system elapsed 
   3.84    0.14    3.98 
 | 
| HilbertCurve.Rcheck/examples_i386/HilbertCurve-Ex.timings 
 | HilbertCurve.Rcheck/examples_x64/HilbertCurve-Ex.timings 
 |