Back to Multiple platform build/check report for BioC 3.22:   simplified   long
ABCDEFGHIJKLMNOPQRSTUVWXY[Z]

This page was generated on 2025-10-24 12:05 -0400 (Fri, 24 Oct 2025).

HostnameOSArch (*)R versionInstalled pkgs
nebbiolo2Linux (Ubuntu 24.04.3 LTS)x86_644.5.1 Patched (2025-08-23 r88802) -- "Great Square Root" 4898
lconwaymacOS 12.7.6 Montereyx86_644.5.1 Patched (2025-09-10 r88807) -- "Great Square Root" 4688
kjohnson3macOS 13.7.7 Venturaarm644.5.1 Patched (2025-09-10 r88807) -- "Great Square Root" 4634
taishanLinux (openEuler 24.03 LTS)aarch644.5.0 (2025-04-11) -- "How About a Twenty-Six" 4658
Click on any hostname to see more info about the system (e.g. compilers)      (*) as reported by 'uname -p', except on Windows and Mac OS X

Package 2354/2359HostnameOS / ArchINSTALLBUILDCHECKBUILD BIN
zellkonverter 1.19.3  (landing page)
Luke Zappia
Snapshot Date: 2025-10-23 14:17 -0400 (Thu, 23 Oct 2025)
git_url: https://git.bioconductor.org/packages/zellkonverter
git_branch: devel
git_last_commit: b3b2dfb
git_last_commit_date: 2025-10-22 19:28:37 -0400 (Wed, 22 Oct 2025)
nebbiolo2Linux (Ubuntu 24.04.3 LTS) / x86_64  OK    OK    OK  YES
lconwaymacOS 12.7.6 Monterey / x86_64  OK    ERROR  skippedskipped
kjohnson3macOS 13.7.7 Ventura / arm64  OK    ERROR  skippedskipped
taishanLinux (openEuler 24.03 LTS) / aarch64  OK    OK    NA  


BUILD results for zellkonverter on lconway

To the developers/maintainers of the zellkonverter package:
- Allow up to 24 hours (and sometimes 48 hours) for your latest push to git@git.bioconductor.org:packages/zellkonverter.git to reflect on this report. See Troubleshooting Build Report for more information.
- Use the following Renviron settings to reproduce errors and warnings.
- If 'R CMD check' started to fail recently on the Linux builder(s) over a missing dependency, add the missing dependency to 'Suggests:' in your DESCRIPTION file. See Renviron.bioc for more information.

raw results


Summary

Package: zellkonverter
Version: 1.19.3
Command: /Library/Frameworks/R.framework/Resources/bin/R CMD build --keep-empty-dirs --no-resave-data zellkonverter
StartedAt: 2025-10-23 19:09:50 -0400 (Thu, 23 Oct 2025)
EndedAt: 2025-10-23 19:12:56 -0400 (Thu, 23 Oct 2025)
EllapsedTime: 185.8 seconds
RetCode: 1
Status:   ERROR  
PackageFile: None
PackageFileSize: NA

Command output

##############################################################################
##############################################################################
###
### Running command:
###
###   /Library/Frameworks/R.framework/Resources/bin/R CMD build --keep-empty-dirs --no-resave-data zellkonverter
###
##############################################################################
##############################################################################


* checking for file ‘zellkonverter/DESCRIPTION’ ... OK
* preparing ‘zellkonverter’:
* checking DESCRIPTION meta-information ... OK
* installing the package to build vignettes
* creating vignettes ... ERROR
--- re-building ‘zellkonverter.Rmd’ using rmarkdown
python-build: use openssl@3 from homebrew
python-build: use readline from homebrew
Downloading Python-3.14.0.tar.xz...
-> https://www.python.org/ftp/python/3.14.0/Python-3.14.0.tar.xz
Installing Python-3.14.0...
python-build: use readline from homebrew
python-build: use ncurses from homebrew
python-build: use zlib from xcode sdk

BUILD FAILED (OS X 12.7.6 using python-build 2.6.11-2-g1b7d2f0)

Inspect or clean up the working tree at /tmp/python-build.20251023191030.81010
Results logged to /tmp/python-build.20251023191030.81010.log

Last 10 log lines:
Undefined symbols for architecture x86_64:
  "_mkfifoat", referenced from:
      _os_mkfifo in 158.x86_64.thinlto.o
  "_mknodat", referenced from:
      _os_mknod in 158.x86_64.thinlto.o
ld: symbol(s) not found for architecture x86_64
clang: error: linker command failed with exit code 1 (use -v to see invocation)
make[2]: *** [Programs/_freeze_module] Error 1
make[1]: *** [profile-gen-stamp] Error 2
make: *** [profile-run-stamp] Error 2

Quitting from zellkonverter.Rmd:41-50 [read]
~~~~~~~~~~~~~~~~~~~~~~~~~~~~~~~~~~~~~~~~~~~~~~~~~~~~~~~~~~~~~~~~~~~~~~~~~~~~~~~~
<error/rlang_error>
Error:
! installation of Python 3.14.0 failed
---
Backtrace:
    ▆
 1. └─zellkonverter::readH5AD(example_h5ad)
 2.   └─basilisk::basiliskRun(...)
 3.     └─basilisk::basiliskStart(...)
 4.       └─basilisk::obtainEnvironmentPath(env)
 5.         └─basilisk::setupBasiliskEnv(...)
 6.           ├─base::suppressMessages(install_python(version))
 7.           │ └─base::withCallingHandlers(...)
 8.           └─reticulate::install_python(version)
 9.             └─reticulate:::stopf("installation of Python %s failed", version)
~~~~~~~~~~~~~~~~~~~~~~~~~~~~~~~~~~~~~~~~~~~~~~~~~~~~~~~~~~~~~~~~~~~~~~~~~~~~~~~~

Error: processing vignette 'zellkonverter.Rmd' failed with diagnostics:
installation of Python 3.14.0 failed
--- failed re-building ‘zellkonverter.Rmd’

SUMMARY: processing the following file failed:
  ‘zellkonverter.Rmd’

Error: Vignette re-building failed.
Execution halted