| Back to Multiple platform build/check report for BioC 3.22: simplified long |
|
This page was generated on 2025-10-24 12:05 -0400 (Fri, 24 Oct 2025).
| Hostname | OS | Arch (*) | R version | Installed pkgs |
|---|---|---|---|---|
| nebbiolo2 | Linux (Ubuntu 24.04.3 LTS) | x86_64 | 4.5.1 Patched (2025-08-23 r88802) -- "Great Square Root" | 4898 |
| lconway | macOS 12.7.6 Monterey | x86_64 | 4.5.1 Patched (2025-09-10 r88807) -- "Great Square Root" | 4688 |
| kjohnson3 | macOS 13.7.7 Ventura | arm64 | 4.5.1 Patched (2025-09-10 r88807) -- "Great Square Root" | 4634 |
| taishan | Linux (openEuler 24.03 LTS) | aarch64 | 4.5.0 (2025-04-11) -- "How About a Twenty-Six" | 4658 |
| Click on any hostname to see more info about the system (e.g. compilers) (*) as reported by 'uname -p', except on Windows and Mac OS X | ||||
| Package 2246/2359 | Hostname | OS / Arch | INSTALL | BUILD | CHECK | BUILD BIN | ||||||||
| transcriptR 1.37.0 (landing page) Armen R. Karapetyan
| nebbiolo2 | Linux (Ubuntu 24.04.3 LTS) / x86_64 | OK | OK | ERROR | |||||||||
| lconway | macOS 12.7.6 Monterey / x86_64 | OK | OK | ERROR | OK | |||||||||
| kjohnson3 | macOS 13.7.7 Ventura / arm64 | OK | OK | ERROR | OK | |||||||||
| taishan | Linux (openEuler 24.03 LTS) / aarch64 | OK | OK | NA | ||||||||||
|
To the developers/maintainers of the transcriptR package: - Allow up to 24 hours (and sometimes 48 hours) for your latest push to git@git.bioconductor.org:packages/transcriptR.git to reflect on this report. See Troubleshooting Build Report for more information. - Use the following Renviron settings to reproduce errors and warnings. - If 'R CMD check' started to fail recently on the Linux builder(s) over a missing dependency, add the missing dependency to 'Suggests:' in your DESCRIPTION file. See Renviron.bioc for more information. |
| Package: transcriptR |
| Version: 1.37.0 |
| Command: /Library/Frameworks/R.framework/Resources/bin/R CMD check --install=check:transcriptR.install-out.txt --library=/Library/Frameworks/R.framework/Resources/library --no-vignettes --timings transcriptR_1.37.0.tar.gz |
| StartedAt: 2025-10-24 00:48:43 -0400 (Fri, 24 Oct 2025) |
| EndedAt: 2025-10-24 00:56:48 -0400 (Fri, 24 Oct 2025) |
| EllapsedTime: 485.2 seconds |
| RetCode: 1 |
| Status: ERROR |
| CheckDir: transcriptR.Rcheck |
| Warnings: NA |
##############################################################################
##############################################################################
###
### Running command:
###
### /Library/Frameworks/R.framework/Resources/bin/R CMD check --install=check:transcriptR.install-out.txt --library=/Library/Frameworks/R.framework/Resources/library --no-vignettes --timings transcriptR_1.37.0.tar.gz
###
##############################################################################
##############################################################################
* using log directory ‘/Users/biocbuild/bbs-3.22-bioc/meat/transcriptR.Rcheck’
* using R version 4.5.1 Patched (2025-09-10 r88807)
* using platform: x86_64-apple-darwin20
* R was compiled by
Apple clang version 14.0.0 (clang-1400.0.29.202)
GNU Fortran (GCC) 14.2.0
* running under: macOS Monterey 12.7.6
* using session charset: UTF-8
* using option ‘--no-vignettes’
* checking for file ‘transcriptR/DESCRIPTION’ ... OK
* checking extension type ... Package
* this is package ‘transcriptR’ version ‘1.37.0’
* checking package namespace information ... OK
* checking package dependencies ... OK
* checking if this is a source package ... OK
* checking if there is a namespace ... OK
* checking for hidden files and directories ... OK
* checking for portable file names ... OK
* checking for sufficient/correct file permissions ... OK
* checking whether package ‘transcriptR’ can be installed ... WARNING
Found the following significant warnings:
Warning: replacing previous import ‘e1071::element’ by ‘ggplot2::element’ when loading ‘transcriptR’
See ‘/Users/biocbuild/bbs-3.22-bioc/meat/transcriptR.Rcheck/00install.out’ for details.
* checking installed package size ... OK
* checking package directory ... OK
* checking ‘build’ directory ... OK
* checking DESCRIPTION meta-information ... OK
* checking top-level files ... OK
* checking for left-over files ... OK
* checking index information ... OK
* checking package subdirectories ... OK
* checking code files for non-ASCII characters ... OK
* checking R files for syntax errors ... OK
* checking whether the package can be loaded ... OK
* checking whether the package can be loaded with stated dependencies ... OK
* checking whether the package can be unloaded cleanly ... OK
* checking whether the namespace can be loaded with stated dependencies ... OK
* checking whether the namespace can be unloaded cleanly ... OK
* checking dependencies in R code ... OK
* checking S3 generic/method consistency ... OK
* checking replacement functions ... OK
* checking foreign function calls ... OK
* checking R code for possible problems ... OK
* checking Rd files ... OK
* checking Rd metadata ... OK
* checking Rd cross-references ... NOTE
Found the following Rd file(s) with Rd \link{} targets missing package
anchors:
annot.Rd: GRanges
plotROC-methods.Rd: pROC
transcriptsToBed-methods.Rd: GRanges
Please provide package anchors for all Rd \link{} targets not in the
package itself and the base packages.
* checking for missing documentation entries ... OK
* checking for code/documentation mismatches ... OK
* checking Rd \usage sections ... OK
* checking Rd contents ... OK
* checking for unstated dependencies in examples ... OK
* checking contents of ‘data’ directory ... OK
* checking data for non-ASCII characters ... OK
* checking data for ASCII and uncompressed saves ... OK
* checking files in ‘vignettes’ ... OK
* checking examples ... OK
Examples with CPU (user + system) or elapsed time > 5s
user system elapsed
breakTranscriptsByPeaks-methods 6.698 0.342 7.089
* checking for unstated dependencies in ‘tests’ ... OK
* checking tests ...
Running ‘testthat.R’
ERROR
Running the tests in ‘tests/testthat.R’ failed.
Last 13 lines of output:
[ FAIL 2 | WARN 0 | SKIP 0 | PASS 85 ]
══ Failed tests ════════════════════════════════════════════════════════════════
── Failure ('test-TranscriptionDataSet-methods.R:25:9'): estimateGapDistance works ──
`gd.min` not equal to 6900.
1/1 mismatches
[1] 7000 - 6900 == 100
── Failure ('test-TranscriptionDataSet-methods.R:51:9'): detectTranscripts works ──
length(getTranscripts(tds)) not equal to 274.
1/1 mismatches
[1] 262 - 274 == -12
[ FAIL 2 | WARN 0 | SKIP 0 | PASS 85 ]
Error: Test failures
Execution halted
* checking for unstated dependencies in vignettes ... OK
* checking package vignettes ... OK
* checking running R code from vignettes ... SKIPPED
* checking re-building of vignette outputs ... SKIPPED
* checking PDF version of manual ... OK
* DONE
Status: 1 ERROR, 1 WARNING, 1 NOTE
See
‘/Users/biocbuild/bbs-3.22-bioc/meat/transcriptR.Rcheck/00check.log’
for details.
transcriptR.Rcheck/00install.out
############################################################################## ############################################################################## ### ### Running command: ### ### /Library/Frameworks/R.framework/Resources/bin/R CMD INSTALL transcriptR ### ############################################################################## ############################################################################## * installing to library ‘/Library/Frameworks/R.framework/Versions/4.5-x86_64/Resources/library’ * installing *source* package ‘transcriptR’ ... ** this is package ‘transcriptR’ version ‘1.37.0’ ** using staged installation ** R ** data ** inst ** byte-compile and prepare package for lazy loading Warning: replacing previous import ‘e1071::element’ by ‘ggplot2::element’ when loading ‘transcriptR’ ** help *** installing help indices ** building package indices ** installing vignettes ** testing if installed package can be loaded from temporary location Warning: replacing previous import ‘e1071::element’ by ‘ggplot2::element’ when loading ‘transcriptR’ ** testing if installed package can be loaded from final location Warning: replacing previous import ‘e1071::element’ by ‘ggplot2::element’ when loading ‘transcriptR’ ** testing if installed package keeps a record of temporary installation path * DONE (transcriptR)
transcriptR.Rcheck/tests/testthat.Rout.fail
R version 4.5.1 Patched (2025-09-10 r88807) -- "Great Square Root"
Copyright (C) 2025 The R Foundation for Statistical Computing
Platform: x86_64-apple-darwin20
R is free software and comes with ABSOLUTELY NO WARRANTY.
You are welcome to redistribute it under certain conditions.
Type 'license()' or 'licence()' for distribution details.
R is a collaborative project with many contributors.
Type 'contributors()' for more information and
'citation()' on how to cite R or R packages in publications.
Type 'demo()' for some demos, 'help()' for on-line help, or
'help.start()' for an HTML browser interface to help.
Type 'q()' to quit R.
> library(testthat)
> library(transcriptR)
Warning message:
replacing previous import 'e1071::element' by 'ggplot2::element' when loading 'transcriptR'
>
> test_check("transcriptR")
[ FAIL 2 | WARN 0 | SKIP 0 | PASS 85 ]
══ Failed tests ════════════════════════════════════════════════════════════════
── Failure ('test-TranscriptionDataSet-methods.R:25:9'): estimateGapDistance works ──
`gd.min` not equal to 6900.
1/1 mismatches
[1] 7000 - 6900 == 100
── Failure ('test-TranscriptionDataSet-methods.R:51:9'): detectTranscripts works ──
length(getTranscripts(tds)) not equal to 274.
1/1 mismatches
[1] 262 - 274 == -12
[ FAIL 2 | WARN 0 | SKIP 0 | PASS 85 ]
Error: Test failures
Execution halted
transcriptR.Rcheck/transcriptR-Ex.timings
| name | user | system | elapsed | |
| addFeature-methods | 0.099 | 0.005 | 0.103 | |
| annotateTranscripts-methods | 2.543 | 0.059 | 2.622 | |
| breakTranscriptsByPeaks-methods | 6.698 | 0.342 | 7.089 | |
| constructCDS | 0.003 | 0.001 | 0.004 | |
| constructTDS | 0.156 | 0.006 | 0.164 | |
| detectTranscripts-methods | 1.068 | 0.059 | 1.135 | |
| estimateBackground-methods | 0.266 | 0.024 | 0.291 | |
| estimateGapDistance-methods | 1.703 | 0.036 | 1.746 | |
| exportCoverage-methods | 0.154 | 0.002 | 0.158 | |
| getConfusionMatrix-methods | 0.002 | 0.001 | 0.003 | |
| getGenomicAnnot-methods | 0.002 | 0.001 | 0.003 | |
| getPeaks-methods | 0.024 | 0.001 | 0.026 | |
| getPredictorSignificance-methods | 0.002 | 0.001 | 0.003 | |
| getProbTreshold-methods | 0.003 | 0.001 | 0.004 | |
| getQuadProb-methods | 0.160 | 0.004 | 0.165 | |
| getTestedGapDistances-methods | 0.167 | 0.005 | 0.174 | |
| getTranscripts-methods | 0.165 | 0.004 | 0.170 | |
| peaksToBed-methods | 4.422 | 0.157 | 4.606 | |
| plotErrorRate-methods | 0.873 | 0.043 | 0.922 | |
| plotFeatures-methods | 3.021 | 0.043 | 3.083 | |
| plotGenomicAnnot-methods | 0.724 | 0.005 | 0.734 | |
| plotROC-methods | 0.681 | 0.017 | 0.703 | |
| predictStrand-methods | 3.838 | 0.178 | 4.042 | |
| predictTssOverlap-methods | 0.700 | 0.009 | 0.712 | |
| show | 0.156 | 0.006 | 0.162 | |
| transcriptsToBed-methods | 2.123 | 0.089 | 2.227 | |