| Back to Multiple platform build/check report for BioC 3.22: simplified long |
|
This page was generated on 2025-10-21 12:07 -0400 (Tue, 21 Oct 2025).
| Hostname | OS | Arch (*) | R version | Installed pkgs |
|---|---|---|---|---|
| nebbiolo2 | Linux (Ubuntu 24.04.3 LTS) | x86_64 | 4.5.1 Patched (2025-08-23 r88802) -- "Great Square Root" | 4887 |
| lconway | macOS 12.7.6 Monterey | x86_64 | 4.5.1 Patched (2025-09-10 r88807) -- "Great Square Root" | 4677 |
| kjohnson3 | macOS 13.7.7 Ventura | arm64 | 4.5.1 Patched (2025-09-10 r88807) -- "Great Square Root" | 4622 |
| taishan | Linux (openEuler 24.03 LTS) | aarch64 | 4.5.0 (2025-04-11) -- "How About a Twenty-Six" | 4642 |
| Click on any hostname to see more info about the system (e.g. compilers) (*) as reported by 'uname -p', except on Windows and Mac OS X | ||||
| Package 1767/2353 | Hostname | OS / Arch | INSTALL | BUILD | CHECK | BUILD BIN | ||||||||
| rfaRm 1.21.0 (landing page) Lara Selles Vidal
| nebbiolo2 | Linux (Ubuntu 24.04.3 LTS) / x86_64 | OK | OK | OK | |||||||||
| lconway | macOS 12.7.6 Monterey / x86_64 | OK | OK | OK | OK | |||||||||
| kjohnson3 | macOS 13.7.7 Ventura / arm64 | OK | OK | OK | OK | |||||||||
| taishan | Linux (openEuler 24.03 LTS) / aarch64 | OK | OK | ERROR | ||||||||||
|
To the developers/maintainers of the rfaRm package: - Allow up to 24 hours (and sometimes 48 hours) for your latest push to git@git.bioconductor.org:packages/rfaRm.git to reflect on this report. See Troubleshooting Build Report for more information. - Use the following Renviron settings to reproduce errors and warnings. - If 'R CMD check' started to fail recently on the Linux builder(s) over a missing dependency, add the missing dependency to 'Suggests:' in your DESCRIPTION file. See Renviron.bioc for more information. - See Martin Grigorov's blog post for how to debug Linux ARM64 related issues on a x86_64 host. |
| Package: rfaRm |
| Version: 1.21.0 |
| Command: /home/biocbuild/R/R/bin/R CMD check --install=check:rfaRm.install-out.txt --library=/home/biocbuild/R/R/site-library --no-vignettes --timings rfaRm_1.21.0.tar.gz |
| StartedAt: 2025-10-17 12:44:53 -0000 (Fri, 17 Oct 2025) |
| EndedAt: 2025-10-17 12:44:57 -0000 (Fri, 17 Oct 2025) |
| EllapsedTime: 4.0 seconds |
| RetCode: 1 |
| Status: ERROR |
| CheckDir: rfaRm.Rcheck |
| Warnings: NA |
##############################################################################
##############################################################################
###
### Running command:
###
### /home/biocbuild/R/R/bin/R CMD check --install=check:rfaRm.install-out.txt --library=/home/biocbuild/R/R/site-library --no-vignettes --timings rfaRm_1.21.0.tar.gz
###
##############################################################################
##############################################################################
* using log directory ‘/home/biocbuild/bbs-3.22-bioc/meat/rfaRm.Rcheck’
* using R version 4.5.0 (2025-04-11)
* using platform: aarch64-unknown-linux-gnu
* R was compiled by
aarch64-unknown-linux-gnu-gcc (GCC) 14.2.0
GNU Fortran (GCC) 14.2.0
* running under: openEuler 24.03 (LTS)
* using session charset: UTF-8
* using option ‘--no-vignettes’
* checking for file ‘rfaRm/DESCRIPTION’ ... OK
* checking extension type ... Package
* this is package ‘rfaRm’ version ‘1.21.0’
* package encoding: UTF-8
* checking package namespace information ... OK
* checking package dependencies ... OK
* checking if this is a source package ... OK
* checking if there is a namespace ... OK
* checking for hidden files and directories ... OK
* checking for portable file names ... OK
* checking for sufficient/correct file permissions ... OK
* checking whether package ‘rfaRm’ can be installed ... ERROR
Installation failed.
See ‘/home/biocbuild/bbs-3.22-bioc/meat/rfaRm.Rcheck/00install.out’ for details.
* DONE
Status: 1 ERROR
See
‘/home/biocbuild/bbs-3.22-bioc/meat/rfaRm.Rcheck/00check.log’
for details.
rfaRm.Rcheck/00install.out
############################################################################## ############################################################################## ### ### Running command: ### ### /home/biocbuild/R/R/bin/R CMD INSTALL rfaRm ### ############################################################################## ############################################################################## * installing to library ‘/home/biocbuild/R/R-4.5.0/site-library’ * installing *source* package ‘rfaRm’ ... ** this is package ‘rfaRm’ version ‘1.21.0’ ** using staged installation ** R ** inst ** byte-compile and prepare package for lazy loading ** help *** installing help indices ** building package indices ** installing vignettes ** testing if installed package can be loaded from temporary location Warning in readLines(clanMembershipCon) : URL 'https://ftp.ebi.ac.uk/pub/databases/Rfam/CURRENT/database_files/clan_membership.txt.gz': status was 'Failure when receiving data from the peer' Error: package or namespace load failed for ‘rfaRm’: .onLoad failed in loadNamespace() for 'rfaRm', details: call: readLines(clanMembershipCon) error: cannot open the connection to 'https://ftp.ebi.ac.uk/pub/databases/Rfam/CURRENT/database_files/clan_membership.txt.gz' Error: loading failed Execution halted ERROR: loading failed * removing ‘/home/biocbuild/R/R-4.5.0/site-library/rfaRm’ * restoring previous ‘/home/biocbuild/R/R-4.5.0/site-library/rfaRm’