| Back to Multiple platform build/check report for BioC 3.22: simplified long |
|
This page was generated on 2025-08-15 12:06 -0400 (Fri, 15 Aug 2025).
| Hostname | OS | Arch (*) | R version | Installed pkgs |
|---|---|---|---|---|
| nebbiolo2 | Linux (Ubuntu 24.04.3 LTS) | x86_64 | 4.5.1 (2025-06-13) -- "Great Square Root" | 4818 |
| palomino8 | Windows Server 2022 Datacenter | x64 | 4.5.1 (2025-06-13 ucrt) -- "Great Square Root" | 4554 |
| lconway | macOS 12.7.1 Monterey | x86_64 | 4.5.1 (2025-06-13) -- "Great Square Root" | 4595 |
| kjohnson3 | macOS 13.7.7 Ventura | arm64 | 4.5.1 Patched (2025-06-14 r88325) -- "Great Square Root" | 4537 |
| taishan | Linux (openEuler 24.03 LTS) | aarch64 | 4.5.0 (2025-04-11) -- "How About a Twenty-Six" | 4535 |
| Click on any hostname to see more info about the system (e.g. compilers) (*) as reported by 'uname -p', except on Windows and Mac OS X | ||||
| Package 470/2317 | Hostname | OS / Arch | INSTALL | BUILD | CHECK | BUILD BIN | ||||||||
| crumblr 1.1.0 (landing page) Gabriel Hoffman
| nebbiolo2 | Linux (Ubuntu 24.04.3 LTS) / x86_64 | OK | ERROR | skipped | |||||||||
| palomino8 | Windows Server 2022 Datacenter / x64 | OK | ERROR | skipped | skipped | |||||||||
| lconway | macOS 12.7.1 Monterey / x86_64 | OK | ERROR | skipped | skipped | |||||||||
| kjohnson3 | macOS 13.7.7 Ventura / arm64 | OK | ERROR | skipped | skipped | |||||||||
| taishan | Linux (openEuler 24.03 LTS) / aarch64 | OK | ERROR | skipped | ||||||||||
|
To the developers/maintainers of the crumblr package: - Allow up to 24 hours (and sometimes 48 hours) for your latest push to git@git.bioconductor.org:packages/crumblr.git to reflect on this report. See Troubleshooting Build Report for more information. - Use the following Renviron settings to reproduce errors and warnings. - If 'R CMD check' started to fail recently on the Linux builder(s) over a missing dependency, add the missing dependency to 'Suggests:' in your DESCRIPTION file. See Renviron.bioc for more information. |
| Package: crumblr |
| Version: 1.1.0 |
| Command: chmod a+r crumblr -R && F:\biocbuild\bbs-3.22-bioc\R\bin\R.exe CMD build --keep-empty-dirs --no-resave-data crumblr |
| StartedAt: 2025-08-14 19:22:50 -0400 (Thu, 14 Aug 2025) |
| EndedAt: 2025-08-14 19:24:50 -0400 (Thu, 14 Aug 2025) |
| EllapsedTime: 120.1 seconds |
| RetCode: 1 |
| Status: ERROR |
| PackageFile: None |
| PackageFileSize: NA |
##############################################################################
##############################################################################
###
### Running command:
###
### chmod a+r crumblr -R && F:\biocbuild\bbs-3.22-bioc\R\bin\R.exe CMD build --keep-empty-dirs --no-resave-data crumblr
###
##############################################################################
##############################################################################
* checking for file 'crumblr/DESCRIPTION' ... OK
* preparing 'crumblr':
* checking DESCRIPTION meta-information ... OK
* installing the package to build vignettes
* creating vignettes ... ERROR
--- re-building 'crumblr.Rmd' using rmarkdown
pdftex: major issue: User/administrator updates are out-of-sync.
pdfcrop: major issue: User/administrator updates are out-of-sync.
pdftex: major issue: User/administrator updates are out-of-sync.
pdfcrop: major issue: User/administrator updates are out-of-sync.
pdftex: major issue: User/administrator updates are out-of-sync.
pdfcrop: major issue: User/administrator updates are out-of-sync.
Quitting from crumblr.Rmd:137-147 [dream]
Error: processing vignette 'crumblr.Rmd' failed with diagnostics:
evaluation nested too deeply: infinite recursion / options(expressions=)?
--- failed re-building 'crumblr.Rmd'
--- re-building 'crumblr_theory.Rmd' using rmarkdown
Quitting from crumblr_theory.Rmd:152-164 [sim1]
~~~~~~~~~~~~~~~~~~~~~~~~~~~~~~~~~~~~~~~~~~~~~~~~~~~~~~~~~~~~~~~~~~~~~~~~~~~~~~~~~~~~~~~~~~~~~~~~~~~~
<error/rlang_error>
Error in `mclapply()`:
! 'mc.cores' > 1 is not supported on Windows
---
Backtrace:
▆
1. └─global run_sim()
2. └─base::lapply(...)
3. └─FUN(X[[i]], ...)
4. └─parallel::mclapply(...)
~~~~~~~~~~~~~~~~~~~~~~~~~~~~~~~~~~~~~~~~~~~~~~~~~~~~~~~~~~~~~~~~~~~~~~~~~~~~~~~~~~~~~~~~~~~~~~~~~~~~
Error: processing vignette 'crumblr_theory.Rmd' failed with diagnostics:
'mc.cores' > 1 is not supported on Windows
--- failed re-building 'crumblr_theory.Rmd'
--- re-building 'integration.Rmd' using rmarkdown
Quitting from integration.Rmd:108-115 [vp]
Error: processing vignette 'integration.Rmd' failed with diagnostics:
evaluation nested too deeply: infinite recursion / options(expressions=)?
--- failed re-building 'integration.Rmd'
SUMMARY: processing the following files failed:
'crumblr.Rmd' 'crumblr_theory.Rmd' 'integration.Rmd'
Error: Vignette re-building failed.
Execution halted