| Back to Multiple platform build/check report for BioC 3.22: simplified long |
|
This page was generated on 2025-10-25 12:04 -0400 (Sat, 25 Oct 2025).
| Hostname | OS | Arch (*) | R version | Installed pkgs |
|---|---|---|---|---|
| nebbiolo2 | Linux (Ubuntu 24.04.3 LTS) | x86_64 | 4.5.1 Patched (2025-08-23 r88802) -- "Great Square Root" | 4901 |
| lconway | macOS 12.7.6 Monterey | x86_64 | 4.5.1 Patched (2025-09-10 r88807) -- "Great Square Root" | 4691 |
| kjohnson3 | macOS 13.7.7 Ventura | arm64 | 4.5.1 Patched (2025-09-10 r88807) -- "Great Square Root" | 4637 |
| taishan | Linux (openEuler 24.03 LTS) | aarch64 | 4.5.0 (2025-04-11) -- "How About a Twenty-Six" | 4658 |
| Click on any hostname to see more info about the system (e.g. compilers) (*) as reported by 'uname -p', except on Windows and Mac OS X | ||||
| Package 214/2361 | Hostname | OS / Arch | INSTALL | BUILD | CHECK | BUILD BIN | ||||||||
Pierrick Roger
| nebbiolo2 | Linux (Ubuntu 24.04.3 LTS) / x86_64 | OK | ERROR | skipped | |||||||||
| lconway | macOS 12.7.6 Monterey / x86_64 | OK | ERROR | skipped | skipped | |||||||||
| kjohnson3 | macOS 13.7.7 Ventura / arm64 | OK | ERROR | skipped | skipped | |||||||||
| taishan | Linux (openEuler 24.03 LTS) / aarch64 | OK | NA | NA | ||||||||||
|
To the developers/maintainers of the biodbUniprot package: - Allow up to 24 hours (and sometimes 48 hours) for your latest push to git@git.bioconductor.org:packages/biodbUniprot.git to reflect on this report. See Troubleshooting Build Report for more information. - Use the following Renviron settings to reproduce errors and warnings. - If 'R CMD check' started to fail recently on the Linux builder(s) over a missing dependency, add the missing dependency to 'Suggests:' in your DESCRIPTION file. See Renviron.bioc for more information. |
| Package: biodbUniprot |
| Version: 1.15.1 |
| Command: /Library/Frameworks/R.framework/Resources/bin/R CMD build --keep-empty-dirs --no-resave-data biodbUniprot |
| StartedAt: 2025-10-24 16:19:41 -0400 (Fri, 24 Oct 2025) |
| EndedAt: 2025-10-24 16:19:58 -0400 (Fri, 24 Oct 2025) |
| EllapsedTime: 17.2 seconds |
| RetCode: 1 |
| Status: ERROR |
| PackageFile: None |
| PackageFileSize: NA |
############################################################################## ############################################################################## ### ### Running command: ### ### /Library/Frameworks/R.framework/Resources/bin/R CMD build --keep-empty-dirs --no-resave-data biodbUniprot ### ############################################################################## ############################################################################## * checking for file ‘biodbUniprot/DESCRIPTION’ ... OK * preparing ‘biodbUniprot’: * checking DESCRIPTION meta-information ... OK * installing the package to build vignettes * creating vignettes ... ERROR --- re-building ‘biodbUniprot.Rmd’ using rmarkdown INFO [16:19:54.281] Loading definitions from package biodb version 1.17.2. INFO [16:19:57.124] Loading definitions from package biodbChebi version 1.15.1. INFO [16:19:57.169] Loading definitions from package biodbHmdb version 1.15.1. INFO [16:19:57.210] Loading definitions from package biodbNcbi version 1.13.1. INFO [16:19:57.247] Loading definitions from package biodbNci version 1.13.1. INFO [16:19:57.258] Loading definitions from package biodbUniprot version 1.15.1. INFO [16:19:57.614] Load 2 contents, from /Users/biocbuild/Library/Caches/org.R-project.R/R/biodb/uniprot-958d776f924f3e7a3bae586fa731b40c. Quitting from biodbUniprot.Rmd:67-69 [unnamed-chunk-4] ~~~~~~~~~~~~~~~~~~~~~~~~~~~~~~~~~~~~~~~~~~~~~~~~~~~~~~~~~~~~~~~~~~~~~~~~~~~~~~~~ NULL ~~~~~~~~~~~~~~~~~~~~~~~~~~~~~~~~~~~~~~~~~~~~~~~~~~~~~~~~~~~~~~~~~~~~~~~~~~~~~~~~ Error: processing vignette 'biodbUniprot.Rmd' failed with diagnostics: `chk::vld_null(encoding) || chk::vld_whole_number(encoding) || ` must be TRUE` chk::vld_string(encoding)` must be TRUE. --- failed re-building ‘biodbUniprot.Rmd’ SUMMARY: processing the following file failed: ‘biodbUniprot.Rmd’ Error: Vignette re-building failed. Execution halted