| Back to Multiple platform build/check report for BioC 3.22: simplified long |
|
This page was generated on 2025-10-24 12:07 -0400 (Fri, 24 Oct 2025).
| Hostname | OS | Arch (*) | R version | Installed pkgs |
|---|---|---|---|---|
| nebbiolo2 | Linux (Ubuntu 24.04.3 LTS) | x86_64 | 4.5.1 Patched (2025-08-23 r88802) -- "Great Square Root" | 4898 |
| lconway | macOS 12.7.6 Monterey | x86_64 | 4.5.1 Patched (2025-09-10 r88807) -- "Great Square Root" | 4688 |
| kjohnson3 | macOS 13.7.7 Ventura | arm64 | 4.5.1 Patched (2025-09-10 r88807) -- "Great Square Root" | 4634 |
| taishan | Linux (openEuler 24.03 LTS) | aarch64 | 4.5.0 (2025-04-11) -- "How About a Twenty-Six" | 4658 |
| Click on any hostname to see more info about the system (e.g. compilers) (*) as reported by 'uname -p', except on Windows and Mac OS X | ||||
| Package 163/2359 | Hostname | OS / Arch | INSTALL | BUILD | CHECK | BUILD BIN | ||||||||
| bedbaser 1.1.3 (landing page) Andres Wokaty
| nebbiolo2 | Linux (Ubuntu 24.04.3 LTS) / x86_64 | OK | OK | ERROR | |||||||||
| lconway | macOS 12.7.6 Monterey / x86_64 | OK | OK | ERROR | OK | |||||||||
| kjohnson3 | macOS 13.7.7 Ventura / arm64 | OK | OK | ERROR | OK | |||||||||
| taishan | Linux (openEuler 24.03 LTS) / aarch64 | OK | ERROR | skipped | ||||||||||
|
To the developers/maintainers of the bedbaser package: - Allow up to 24 hours (and sometimes 48 hours) for your latest push to git@git.bioconductor.org:packages/bedbaser.git to reflect on this report. See Troubleshooting Build Report for more information. - Use the following Renviron settings to reproduce errors and warnings. - If 'R CMD check' started to fail recently on the Linux builder(s) over a missing dependency, add the missing dependency to 'Suggests:' in your DESCRIPTION file. See Renviron.bioc for more information. - See Martin Grigorov's blog post for how to debug Linux ARM64 related issues on a x86_64 host. |
| Package: bedbaser |
| Version: 1.1.3 |
| Command: /home/biocbuild/R/R/bin/R CMD build --keep-empty-dirs --no-resave-data bedbaser |
| StartedAt: 2025-10-20 22:09:08 -0000 (Mon, 20 Oct 2025) |
| EndedAt: 2025-10-20 22:09:54 -0000 (Mon, 20 Oct 2025) |
| EllapsedTime: 46.0 seconds |
| RetCode: 1 |
| Status: ERROR |
| PackageFile: None |
| PackageFileSize: NA |
##############################################################################
##############################################################################
###
### Running command:
###
### /home/biocbuild/R/R/bin/R CMD build --keep-empty-dirs --no-resave-data bedbaser
###
##############################################################################
##############################################################################
* checking for file ‘bedbaser/DESCRIPTION’ ... OK
* preparing ‘bedbaser’:
* checking DESCRIPTION meta-information ... OK
* installing the package to build vignettes
* creating vignettes ... ERROR
--- re-building ‘bedbaser.Rmd’ using rmarkdown
Quitting from bedbaser.Rmd:43-47 [bedbase]
~~~~~~~~~~~~~~~~~~~~~~~~~~~~~~~~~~~~~~~~~~~~~~~~~~~~~~~~~~~~~~~~~~~~~~~~~~~~~~~~
<error/rlang_error>
Error:
! Unknown http status code: 522
---
Backtrace:
▆
1. └─bedbaser::BEDbase(tempdir())
2. ├─base::suppressWarnings(...)
3. │ └─base::withCallingHandlers(...)
4. ├─bedbaser:::.BEDbase(...)
5. │ └─methods::new(`<chr>`, ...)
6. │ ├─methods::initialize(value, ...)
7. │ └─methods::initialize(value, ...)
8. └─AnVIL::Service(...)
9. └─AnVIL:::.service_get_api_file(api_reference_url, api_reference_headers)
10. └─AnVILBase::avstop_for_status(response, ".service_get_api_file")
11. └─httr::http_condition(status, "error")
12. └─httr::http_status(status)
~~~~~~~~~~~~~~~~~~~~~~~~~~~~~~~~~~~~~~~~~~~~~~~~~~~~~~~~~~~~~~~~~~~~~~~~~~~~~~~~
Error: processing vignette 'bedbaser.Rmd' failed with diagnostics:
Unknown http status code: 522
--- failed re-building ‘bedbaser.Rmd’
SUMMARY: processing the following file failed:
‘bedbaser.Rmd’
Error: Vignette re-building failed.
Execution halted