| Back to Multiple platform build/check report for BioC 3.22: simplified long | 
 | 
This page was generated on 2025-10-25 12:05 -0400 (Sat, 25 Oct 2025).
| Hostname | OS | Arch (*) | R version | Installed pkgs | 
|---|---|---|---|---|
| nebbiolo2 | Linux (Ubuntu 24.04.3 LTS) | x86_64 | 4.5.1 Patched (2025-08-23 r88802) -- "Great Square Root" | 4901 | 
| lconway | macOS 12.7.6 Monterey | x86_64 | 4.5.1 Patched (2025-09-10 r88807) -- "Great Square Root" | 4691 | 
| kjohnson3 | macOS 13.7.7 Ventura | arm64 | 4.5.1 Patched (2025-09-10 r88807) -- "Great Square Root" | 4637 | 
| taishan | Linux (openEuler 24.03 LTS) | aarch64 | 4.5.0 (2025-04-11) -- "How About a Twenty-Six" | 4658 | 
| Click on any hostname to see more info about the system (e.g. compilers) (*) as reported by 'uname -p', except on Windows and Mac OS X | ||||
| Package 155/2361 | Hostname | OS / Arch | INSTALL | BUILD | CHECK | BUILD BIN | ||||||||
| bcSeq 1.31.0  (landing page) Jiaxing Lin 
 | nebbiolo2 | Linux (Ubuntu 24.04.3 LTS) / x86_64 | OK | OK | WARNINGS |  | ||||||||
| lconway | macOS 12.7.6 Monterey / x86_64 | OK | ERROR | skipped | skipped | |||||||||
| kjohnson3 | macOS 13.7.7 Ventura / arm64 | OK | OK | WARNINGS | OK |  | ||||||||
| taishan | Linux (openEuler 24.03 LTS) / aarch64 | OK | NA | NA | ||||||||||
| To the developers/maintainers of the bcSeq package: - Allow up to 24 hours (and sometimes 48 hours) for your latest push to git@git.bioconductor.org:packages/bcSeq.git to reflect on this report. See Troubleshooting Build Report for more information. - Use the following Renviron settings to reproduce errors and warnings. - If 'R CMD check' started to fail recently on the Linux builder(s) over a missing dependency, add the missing dependency to 'Suggests:' in your DESCRIPTION file. See Renviron.bioc for more information. | 
| Package: bcSeq | 
| Version: 1.31.0 | 
| Command: /Library/Frameworks/R.framework/Resources/bin/R CMD check --install=check:bcSeq.install-out.txt --library=/Library/Frameworks/R.framework/Resources/library --no-vignettes --timings bcSeq_1.31.0.tar.gz | 
| StartedAt: 2025-10-24 18:37:09 -0400 (Fri, 24 Oct 2025) | 
| EndedAt: 2025-10-24 18:37:48 -0400 (Fri, 24 Oct 2025) | 
| EllapsedTime: 39.5 seconds | 
| RetCode: 0 | 
| Status: WARNINGS | 
| CheckDir: bcSeq.Rcheck | 
| Warnings: 1 | 
##############################################################################
##############################################################################
###
### Running command:
###
###   /Library/Frameworks/R.framework/Resources/bin/R CMD check --install=check:bcSeq.install-out.txt --library=/Library/Frameworks/R.framework/Resources/library --no-vignettes --timings bcSeq_1.31.0.tar.gz
###
##############################################################################
##############################################################################
* using log directory ‘/Users/biocbuild/bbs-3.22-bioc/meat/bcSeq.Rcheck’
* using R version 4.5.1 Patched (2025-09-10 r88807)
* using platform: aarch64-apple-darwin20
* R was compiled by
    Apple clang version 16.0.0 (clang-1600.0.26.6)
    GNU Fortran (GCC) 14.2.0
* running under: macOS Ventura 13.7.7
* using session charset: UTF-8
* using option ‘--no-vignettes’
* checking for file ‘bcSeq/DESCRIPTION’ ... OK
* checking extension type ... Package
* this is package ‘bcSeq’ version ‘1.31.0’
* checking package namespace information ... OK
* checking package dependencies ... OK
* checking if this is a source package ... OK
* checking if there is a namespace ... OK
* checking for hidden files and directories ... OK
* checking for portable file names ... OK
* checking for sufficient/correct file permissions ... OK
* checking whether package ‘bcSeq’ can be installed ... WARNING
Found the following significant warnings:
  ./helper/fastqCheck.h:54:26: warning: unqualified call to 'std::move' [-Wunqualified-std-cast-call]
  ./helper/fastqCheck.h:55:30: warning: unqualified call to 'std::move' [-Wunqualified-std-cast-call]
  ./helper/fastqCheck.h:56:28: warning: unqualified call to 'std::move' [-Wunqualified-std-cast-call]
  ./helper/count.h:37:25: warning: unqualified call to 'std::move' [-Wunqualified-std-cast-call]
  ./helper/count.h:38:29: warning: unqualified call to 'std::move' [-Wunqualified-std-cast-call]
  ./helper/count.h:72:25: warning: unqualified call to 'std::move' [-Wunqualified-std-cast-call]
  ./helper/count.h:73:29: warning: unqualified call to 'std::move' [-Wunqualified-std-cast-call]
See ‘/Users/biocbuild/bbs-3.22-bioc/meat/bcSeq.Rcheck/00install.out’ for details.
* used C compiler: ‘Apple clang version 15.0.0 (clang-1500.1.0.2.5)’
* used C++ compiler: ‘Apple clang version 15.0.0 (clang-1500.1.0.2.5)’
* used SDK: ‘MacOSX11.3.1.sdk’
* checking C++ specification ... NOTE
  Specified C++11: please drop specification unless essential
* checking installed package size ... OK
* checking package directory ... OK
* checking ‘build’ directory ... OK
* checking DESCRIPTION meta-information ... OK
* checking top-level files ... OK
* checking for left-over files ... OK
* checking index information ... OK
* checking package subdirectories ... OK
* checking code files for non-ASCII characters ... OK
* checking R files for syntax errors ... OK
* checking whether the package can be loaded ... OK
* checking whether the package can be loaded with stated dependencies ... OK
* checking whether the package can be unloaded cleanly ... OK
* checking whether the namespace can be loaded with stated dependencies ... OK
* checking whether the namespace can be unloaded cleanly ... OK
* checking dependencies in R code ... OK
* checking S3 generic/method consistency ... OK
* checking replacement functions ... OK
* checking foreign function calls ... OK
* checking R code for possible problems ... OK
* checking Rd files ... OK
* checking Rd metadata ... OK
* checking Rd cross-references ... NOTE
Found the following Rd file(s) with Rd \link{} targets missing package
anchors:
  bcSeq-package.Rd: Rcpp
Please provide package anchors for all Rd \link{} targets not in the
package itself and the base packages.
* checking for missing documentation entries ... OK
* checking for code/documentation mismatches ... OK
* checking Rd \usage sections ... OK
* checking Rd contents ... OK
* checking for unstated dependencies in examples ... OK
* checking line endings in C/C++/Fortran sources/headers ... OK
* checking line endings in Makefiles ... OK
* checking compilation flags in Makevars ... OK
* checking for GNU extensions in Makefiles ... OK
* checking for portable use of $(BLAS_LIBS) and $(LAPACK_LIBS) ... OK
* checking use of PKG_*FLAGS in Makefiles ... OK
* checking compiled code ... NOTE
Note: information on .o files is not available
* checking sizes of PDF files under ‘inst/doc’ ... OK
* checking files in ‘vignettes’ ... OK
* checking examples ... OK
* checking for unstated dependencies in ‘tests’ ... OK
* checking tests ...
  Running ‘test_bcSeq.R’
 OK
* checking for unstated dependencies in vignettes ... OK
* checking package vignettes ... OK
* checking running R code from vignettes ... SKIPPED
* checking re-building of vignette outputs ... SKIPPED
* checking PDF version of manual ... OK
* DONE
Status: 1 WARNING, 3 NOTEs
See
  ‘/Users/biocbuild/bbs-3.22-bioc/meat/bcSeq.Rcheck/00check.log’
for details.
bcSeq.Rcheck/00install.out
##############################################################################
##############################################################################
###
### Running command:
###
###   /Library/Frameworks/R.framework/Resources/bin/R CMD INSTALL bcSeq
###
##############################################################################
##############################################################################
* installing to library ‘/Library/Frameworks/R.framework/Versions/4.5-arm64/Resources/library’
* installing *source* package ‘bcSeq’ ...
** this is package ‘bcSeq’ version ‘1.31.0’
** using staged installation
** libs
using C compiler: ‘Apple clang version 15.0.0 (clang-1500.1.0.2.5)’
using C++ compiler: ‘Apple clang version 15.0.0 (clang-1500.1.0.2.5)’
using C++11
using SDK: ‘MacOSX11.3.1.sdk’
clang++ -arch arm64 -std=gnu++11 -I"/Library/Frameworks/R.framework/Resources/include" -DNDEBUG  -I'/Library/Frameworks/R.framework/Versions/4.5-arm64/Resources/library/Rcpp/include' -I'/Library/Frameworks/R.framework/Versions/4.5-arm64/Resources/library/Matrix/include' -I/opt/R/arm64/include   -pthread -fPIC  -falign-functions=64 -Wall -g -O2   -c CRISPR_matching.cpp -o CRISPR_matching.o
In file included from CRISPR_matching.cpp:3:
In file included from ./helper/count.h:6:
./helper/fastqCheck.h:54:26: warning: unqualified call to 'std::move' [-Wunqualified-std-cast-call]
      sequence.push_back(move(line));
                         ^
                         std::
./helper/fastqCheck.h:55:30: warning: unqualified call to 'std::move' [-Wunqualified-std-cast-call]
      sequence_ids.push_back(move(id));
                             ^
                             std::
./helper/fastqCheck.h:56:28: warning: unqualified call to 'std::move' [-Wunqualified-std-cast-call]
      phredScore.push_back(move(phred));
                           ^
                           std::
In file included from CRISPR_matching.cpp:3:
./helper/count.h:37:25: warning: unqualified call to 'std::move' [-Wunqualified-std-cast-call]
      library.push_back(move(line));
                        ^
                        std::
./helper/count.h:38:29: warning: unqualified call to 'std::move' [-Wunqualified-std-cast-call]
      library_ids.push_back(move(id));
                            ^
                            std::
./helper/count.h:72:25: warning: unqualified call to 'std::move' [-Wunqualified-std-cast-call]
      library.push_back(move(line));
                        ^
                        std::
./helper/count.h:73:29: warning: unqualified call to 'std::move' [-Wunqualified-std-cast-call]
      library_ids.push_back(move(id));
                            ^
                            std::
7 warnings generated.
clang++ -arch arm64 -std=gnu++11 -I"/Library/Frameworks/R.framework/Resources/include" -DNDEBUG  -I'/Library/Frameworks/R.framework/Versions/4.5-arm64/Resources/library/Rcpp/include' -I'/Library/Frameworks/R.framework/Versions/4.5-arm64/Resources/library/Matrix/include' -I/opt/R/arm64/include   -pthread -fPIC  -falign-functions=64 -Wall -g -O2   -c RcppExports.cpp -o RcppExports.o
clang++ -arch arm64 -std=gnu++11 -I"/Library/Frameworks/R.framework/Resources/include" -DNDEBUG  -I'/Library/Frameworks/R.framework/Versions/4.5-arm64/Resources/library/Rcpp/include' -I'/Library/Frameworks/R.framework/Versions/4.5-arm64/Resources/library/Matrix/include' -I/opt/R/arm64/include   -pthread -fPIC  -falign-functions=64 -Wall -g -O2   -c Trie_edit.cpp -o Trie_edit.o
clang++ -arch arm64 -std=gnu++11 -I"/Library/Frameworks/R.framework/Resources/include" -DNDEBUG  -I'/Library/Frameworks/R.framework/Versions/4.5-arm64/Resources/library/Rcpp/include' -I'/Library/Frameworks/R.framework/Versions/4.5-arm64/Resources/library/Matrix/include' -I/opt/R/arm64/include   -pthread -fPIC  -falign-functions=64 -Wall -g -O2   -c Trie_hamming.cpp -o Trie_hamming.o
clang++ -arch arm64 -std=gnu++11 -I"/Library/Frameworks/R.framework/Resources/include" -DNDEBUG  -I'/Library/Frameworks/R.framework/Versions/4.5-arm64/Resources/library/Rcpp/include' -I'/Library/Frameworks/R.framework/Versions/4.5-arm64/Resources/library/Matrix/include' -I/opt/R/arm64/include   -pthread -fPIC  -falign-functions=64 -Wall -g -O2   -c Trie_util.cpp -o Trie_util.o
clang++ -arch arm64 -std=gnu++11 -I"/Library/Frameworks/R.framework/Resources/include" -DNDEBUG  -I'/Library/Frameworks/R.framework/Versions/4.5-arm64/Resources/library/Rcpp/include' -I'/Library/Frameworks/R.framework/Versions/4.5-arm64/Resources/library/Matrix/include' -I/opt/R/arm64/include   -pthread -fPIC  -falign-functions=64 -Wall -g -O2   -c alignment.cpp -o alignment.o
clang -arch arm64 -std=gnu2x -I"/Library/Frameworks/R.framework/Resources/include" -DNDEBUG  -I'/Library/Frameworks/R.framework/Versions/4.5-arm64/Resources/library/Rcpp/include' -I'/Library/Frameworks/R.framework/Versions/4.5-arm64/Resources/library/Matrix/include' -I/opt/R/arm64/include    -fPIC  -falign-functions=64 -Wall -g -O2  -c init.c -o init.o
clang++ -arch arm64 -std=gnu++11 -I"/Library/Frameworks/R.framework/Resources/include" -DNDEBUG  -I'/Library/Frameworks/R.framework/Versions/4.5-arm64/Resources/library/Rcpp/include' -I'/Library/Frameworks/R.framework/Versions/4.5-arm64/Resources/library/Matrix/include' -I/opt/R/arm64/include   -pthread -fPIC  -falign-functions=64 -Wall -g -O2   -c trimRead.cpp -o trimRead.o
clang++ -arch arm64 -std=gnu++11 -I"/Library/Frameworks/R.framework/Resources/include" -DNDEBUG  -I'/Library/Frameworks/R.framework/Versions/4.5-arm64/Resources/library/Rcpp/include' -I'/Library/Frameworks/R.framework/Versions/4.5-arm64/Resources/library/Matrix/include' -I/opt/R/arm64/include   -pthread -fPIC  -falign-functions=64 -Wall -g -O2   -c uniqueBar.cpp -o uniqueBar.o
clang++ -arch arm64 -std=gnu++11 -dynamiclib -Wl,-headerpad_max_install_names -undefined dynamic_lookup -L/Library/Frameworks/R.framework/Resources/lib -L/opt/R/arm64/lib -o bcSeq.so CRISPR_matching.o RcppExports.o Trie_edit.o Trie_hamming.o Trie_util.o alignment.o init.o trimRead.o uniqueBar.o -F/Library/Frameworks/R.framework/.. -framework R
installing to /Library/Frameworks/R.framework/Versions/4.5-arm64/Resources/library/00LOCK-bcSeq/00new/bcSeq/libs
** R
** inst
** byte-compile and prepare package for lazy loading
** help
*** installing help indices
** building package indices
** installing vignettes
** testing if installed package can be loaded from temporary location
** checking absolute paths in shared objects and dynamic libraries
** testing if installed package can be loaded from final location
** testing if installed package keeps a record of temporary installation path
* DONE (bcSeq)
bcSeq.Rcheck/tests/test_bcSeq.Rout
R version 4.5.1 Patched (2025-09-10 r88807) -- "Great Square Root"
Copyright (C) 2025 The R Foundation for Statistical Computing
Platform: aarch64-apple-darwin20
R is free software and comes with ABSOLUTELY NO WARRANTY.
You are welcome to redistribute it under certain conditions.
Type 'license()' or 'licence()' for distribution details.
R is a collaborative project with many contributors.
Type 'contributors()' for more information and
'citation()' on how to cite R or R packages in publications.
Type 'demo()' for some demos, 'help()' for on-line help, or
'help.start()' for an HTML browser interface to help.
Type 'q()' to quit R.
> library(bcSeq)
> #devtools::load_all("../")
> #### Set the seed
> set.seed(4523)
> 
> #### Generate barcode
> lFName    <- "./libFile.fasta"
> bases     <- c(rep('A', 4), rep('C',4), rep('G',4), rep('T',4))
> numOfBars <- 7
> Barcodes  <- rep(NA, numOfBars*2)
> for (i in 1:numOfBars){
+     Barcodes[2*i-1] <- paste0(">barcode_ID: ", i)
+     Barcodes[2*i]   <- paste(sample(bases, length(bases)), collapse = '')
+ }
> write(Barcodes, lFName)
> 
> #### Generate reads and phred score
> rFName     <- "./readFile.fastq"
> numOfReads <- 8
> Reads      <- rep(NA, numOfReads*4)
> for (i in 1:numOfReads){
+     Reads[4*i-3] <- paste0("@read_ID_",i)
+     Reads[4*i-2] <- Barcodes[2*sample(1:numOfBars,1,
+                   replace=TRUE, prob=seq(1:numOfBars))]
+     Reads[4*i-1] <- "+"
+     Reads[4*i]   <- paste(rawToChar(as.raw(
+                   33+sample(20:30, length(bases),replace=TRUE))),
+                   collapse='')
+ }
> write(Reads, rFName)
> 
> #### perform alignment 
> ReadFile <- "./readFile.fastq"
> BarFile  <- "./libFile.fasta"
> outFile  <- "./countH.csv"
> 
> #### with default output for bcSeq_hamming
> #res <- bcSeq_hamming(ReadFile, BarFile, outFile, misMatch = 2,
> #    tMat = NULL, numThread = 2, count_only = TRUE )
> #res <- read.csv(outFile, header=FALSE)
> #res
> 
> #### with return of alignment probability matrix to R
> #outFile  <- "./countH2.csv"
> #res <- bcSeq_hamming(ReadFile, BarFile, outFile, misMatch = 2,
> #    tMat = NULL, numThread = 2, count_only = FALSE )
> #res 
> 
> #### with default output for bcSeq_edit
> outFile  <- "./countE.csv"
> #res <- bcSeq_edit(ReadFile, BarFile, outFile, misMatch = 2,
> #    tMat = NULL, numThread = 2, count_only = TRUE,
> #    gap_left = 2, ext_left = 1, gap_right = 2, ext_right = 1,
> #    pen_max = 7)
> #res <- read.csv(outFile, header=FALSE)
> #res
> 
> #### with return of alignment probability matrix to R
> #outFile  <- "./countE2.csv"
> #res <- bcSeq_edit(ReadFile, BarFile, outFile, misMatch = 2,
> #    tMat = NULL, numThread = 2, count_only = FALSE,
> #    gap_left = 2, ext_left = 1, gap_right = 2, ext_right = 1,
> #    pen_max = 7)
> #res
> 
> #### user-defined probability model
> comstomizeP <- function(m, x, y)
+ {
+     x * (1 - log(2) + log(1 + m / (m + y) ) )
+ }
> outFile = "comstomizeP.csv"
> #bcSeq_edit(ReadFile, BarFile, outFile, misMatch = 2,
> #    tMat = NULL, numThread = 2, count_only = TRUE,
> #    gap_left = 2, ext_left = 1, gap_right = 2, ext_right = 1,
> #    pen_max = 7, userProb = comstomizeP)
> 
> proc.time()
   user  system elapsed 
  1.327   0.082   1.428 
bcSeq.Rcheck/bcSeq-Ex.timings
| name | user | system | elapsed | |
| bcSeq-package | 0.014 | 0.004 | 0.019 | |
| bcSeq_edit | 0.016 | 0.011 | 0.029 | |
| bcSeq_hamming | 0.026 | 0.016 | 0.042 | |
| trimRead | 0.020 | 0.015 | 0.039 | |
| uniqueBar | 0.002 | 0.000 | 0.003 | |