##############################################################################
##############################################################################
###
### Running command:
###
###   /Library/Frameworks/R.framework/Resources/bin/R CMD build --keep-empty-dirs --no-resave-data SigFuge
###
##############################################################################
##############################################################################
* checking for file ‘SigFuge/DESCRIPTION’ ... OK
* preparing ‘SigFuge’:
* checking DESCRIPTION meta-information ... OK
* installing the package to build vignettes
* creating vignettes ... ERROR
--- re-building ‘SigFuge.Rnw’ using Sweave
Loading required package: GenomicRanges
Loading required package: stats4
Loading required package: BiocGenerics
Loading required package: generics
Attaching package: ‘generics’
The following objects are masked from ‘package:base’:
    as.difftime, as.factor, as.ordered, intersect, is.element, setdiff,
    setequal, union
Attaching package: ‘BiocGenerics’
The following objects are masked from ‘package:stats’:
    IQR, mad, sd, var, xtabs
The following objects are masked from ‘package:base’:
    Filter, Find, Map, Position, Reduce, anyDuplicated, aperm, append,
    as.data.frame, basename, cbind, colnames, dirname, do.call,
    duplicated, eval, evalq, get, grep, grepl, is.unsorted, lapply,
    mapply, match, mget, order, paste, pmax, pmax.int, pmin, pmin.int,
    rank, rbind, rownames, sapply, saveRDS, table, tapply, unique,
    unsplit, which.max, which.min
Loading required package: S4Vectors
Attaching package: ‘S4Vectors’
The following object is masked from ‘package:utils’:
    findMatches
The following objects are masked from ‘package:base’:
    I, expand.grid, unname
Loading required package: IRanges
Loading required package: Seqinfo
Loading required package: AnnotationDbi
Loading required package: Biobase
Welcome to Bioconductor
    Vignettes contain introductory material; view with
    'browseVignettes()'. To cite Bioconductor, see
    'citation("Biobase")', and for packages 'citation("pkgname")'.
Loading required package: GenomicFeatures
'select()' returned 1:1 mapping between keys and columns
Loading required package: Biostrings
Loading required package: XVector
Attaching package: ‘Biostrings’
The following object is masked from ‘package:base’:
    strsplit
Warning in applyPileups(fls, calcInfo, param = param) :
  'applyPileups' is deprecated.
Use 'pileup' instead.
See help("Deprecated")
Error: processing vignette 'SigFuge.Rnw' failed with diagnostics:
 chunk 7 
Error : The `show_guide` argument of `layer()` was deprecated in ggplot2 2.0.0
and is now defunct.
ℹ Please use the `show.legend` argument instead.
--- failed re-building ‘SigFuge.Rnw’
SUMMARY: processing the following file failed:
  ‘SigFuge.Rnw’
Error: Vignette re-building failed.
Execution halted