| Back to Multiple platform build/check report for BioC 3.22: simplified long |
|
This page was generated on 2025-10-24 12:05 -0400 (Fri, 24 Oct 2025).
| Hostname | OS | Arch (*) | R version | Installed pkgs |
|---|---|---|---|---|
| nebbiolo2 | Linux (Ubuntu 24.04.3 LTS) | x86_64 | 4.5.1 Patched (2025-08-23 r88802) -- "Great Square Root" | 4898 |
| lconway | macOS 12.7.6 Monterey | x86_64 | 4.5.1 Patched (2025-09-10 r88807) -- "Great Square Root" | 4688 |
| kjohnson3 | macOS 13.7.7 Ventura | arm64 | 4.5.1 Patched (2025-09-10 r88807) -- "Great Square Root" | 4634 |
| taishan | Linux (openEuler 24.03 LTS) | aarch64 | 4.5.0 (2025-04-11) -- "How About a Twenty-Six" | 4658 |
| Click on any hostname to see more info about the system (e.g. compilers) (*) as reported by 'uname -p', except on Windows and Mac OS X | ||||
| Package 1656/2359 | Hostname | OS / Arch | INSTALL | BUILD | CHECK | BUILD BIN | ||||||||
| ProteoDisco 1.15.1 (landing page) Job van Riet
| nebbiolo2 | Linux (Ubuntu 24.04.3 LTS) / x86_64 | OK | OK | WARNINGS | |||||||||
| lconway | macOS 12.7.6 Monterey / x86_64 | OK | OK | WARNINGS | OK | |||||||||
| kjohnson3 | macOS 13.7.7 Ventura / arm64 | OK | OK | WARNINGS | OK | |||||||||
| taishan | Linux (openEuler 24.03 LTS) / aarch64 | OK | TIMEOUT | skipped | ||||||||||
|
To the developers/maintainers of the ProteoDisco package: - Allow up to 24 hours (and sometimes 48 hours) for your latest push to git@git.bioconductor.org:packages/ProteoDisco.git to reflect on this report. See Troubleshooting Build Report for more information. - Use the following Renviron settings to reproduce errors and warnings. - If 'R CMD check' started to fail recently on the Linux builder(s) over a missing dependency, add the missing dependency to 'Suggests:' in your DESCRIPTION file. See Renviron.bioc for more information. |
| Package: ProteoDisco |
| Version: 1.15.1 |
| Command: /Library/Frameworks/R.framework/Resources/bin/R CMD check --install=check:ProteoDisco.install-out.txt --library=/Library/Frameworks/R.framework/Resources/library --no-vignettes --timings ProteoDisco_1.15.1.tar.gz |
| StartedAt: 2025-10-23 23:22:58 -0400 (Thu, 23 Oct 2025) |
| EndedAt: 2025-10-23 23:33:06 -0400 (Thu, 23 Oct 2025) |
| EllapsedTime: 608.4 seconds |
| RetCode: 0 |
| Status: WARNINGS |
| CheckDir: ProteoDisco.Rcheck |
| Warnings: 2 |
##############################################################################
##############################################################################
###
### Running command:
###
### /Library/Frameworks/R.framework/Resources/bin/R CMD check --install=check:ProteoDisco.install-out.txt --library=/Library/Frameworks/R.framework/Resources/library --no-vignettes --timings ProteoDisco_1.15.1.tar.gz
###
##############################################################################
##############################################################################
* using log directory ‘/Users/biocbuild/bbs-3.22-bioc/meat/ProteoDisco.Rcheck’
* using R version 4.5.1 Patched (2025-09-10 r88807)
* using platform: x86_64-apple-darwin20
* R was compiled by
Apple clang version 14.0.0 (clang-1400.0.29.202)
GNU Fortran (GCC) 14.2.0
* running under: macOS Monterey 12.7.6
* using session charset: UTF-8
* using option ‘--no-vignettes’
* checking for file ‘ProteoDisco/DESCRIPTION’ ... OK
* checking extension type ... Package
* this is package ‘ProteoDisco’ version ‘1.15.1’
* package encoding: UTF-8
* checking package namespace information ... OK
* checking package dependencies ... OK
* checking if this is a source package ... OK
* checking if there is a namespace ... OK
* checking for hidden files and directories ... OK
* checking for portable file names ... OK
* checking for sufficient/correct file permissions ... OK
* checking whether package ‘ProteoDisco’ can be installed ... WARNING
Found the following significant warnings:
Warning: replacing previous import ‘dplyr::rename’ by ‘plyr::rename’ when loading ‘ProteoDisco’
Warning: replacing previous import ‘dplyr::count’ by ‘plyr::count’ when loading ‘ProteoDisco’
Warning: replacing previous import ‘dplyr::failwith’ by ‘plyr::failwith’ when loading ‘ProteoDisco’
Warning: replacing previous import ‘dplyr::id’ by ‘plyr::id’ when loading ‘ProteoDisco’
Warning: replacing previous import ‘dplyr::summarize’ by ‘plyr::summarize’ when loading ‘ProteoDisco’
Warning: replacing previous import ‘dplyr::summarise’ by ‘plyr::summarise’ when loading ‘ProteoDisco’
Warning: replacing previous import ‘dplyr::mutate’ by ‘plyr::mutate’ when loading ‘ProteoDisco’
Warning: replacing previous import ‘dplyr::desc’ by ‘plyr::desc’ when loading ‘ProteoDisco’
Warning: replacing previous import ‘dplyr::arrange’ by ‘plyr::arrange’ when loading ‘ProteoDisco’
See ‘/Users/biocbuild/bbs-3.22-bioc/meat/ProteoDisco.Rcheck/00install.out’ for details.
* checking installed package size ... OK
* checking package directory ... OK
* checking ‘build’ directory ... OK
* checking DESCRIPTION meta-information ... OK
* checking top-level files ... OK
* checking for left-over files ... OK
* checking index information ... OK
* checking package subdirectories ... OK
* checking code files for non-ASCII characters ... OK
* checking R files for syntax errors ... OK
* checking whether the package can be loaded ... OK
* checking whether the package can be loaded with stated dependencies ... OK
* checking whether the package can be unloaded cleanly ... OK
* checking whether the namespace can be loaded with stated dependencies ... NOTE
Warning: no function found corresponding to methods exports from ‘ProteoDisco’ for: ‘show’
A namespace must be able to be loaded with just the base namespace
loaded: otherwise if the namespace gets loaded by a saved object, the
session will be unable to start.
Probably some imports need to be declared in the NAMESPACE file.
* checking whether the namespace can be unloaded cleanly ... OK
* checking dependencies in R code ... OK
* checking S3 generic/method consistency ... OK
* checking replacement functions ... OK
* checking foreign function calls ... OK
* checking R code for possible problems ... OK
* checking Rd files ... NOTE
checkRd: (-1) checkProteotypicFragments.Rd:25: Lost braces; missing escapes or markup?
25 | \item{x}{({ProteoDiscography}): ProteoDiscography object which stores the annotation and genomic sequences.}
| ^
checkRd: (-1) checkProteotypicFragments.Rd:39: Lost braces; missing escapes or markup?
39 | {ProteoDiscography} with an additional column specifying the number of proteotypic fragments per record.
| ^
checkRd: (-1) generateJunctionModels.Rd:36: Lost braces; missing escapes or markup?
36 | of the given {ProteoDiscography}; strand-information is taken into account. If no strand-information is given, the nearest (or overlapping) known
| ^
checkRd: (-1) importGenomicVariants.MAF.Rd:17: Lost braces; missing escapes or markup?
17 | \item{ProteoDiscography}{({ProteoDiscography}): ProteoDiscography object which stores the annotation and genomic sequences.}
| ^
checkRd: (-1) importGenomicVariants.Rd:40: Lost braces; missing escapes or markup?
40 | into the {ProteoDiscography} as a {VRanges}. This genomic variants can later be incorporated within transcript
| ^
checkRd: (-1) importGenomicVariants.Rd:40: Lost braces; missing escapes or markup?
40 | into the {ProteoDiscography} as a {VRanges}. This genomic variants can later be incorporated within transcript
| ^
checkRd: (-1) importGenomicVariants.Rd:19: Lost braces; missing escapes or markup?
19 | \item{ProteoDiscography}{({ProteoDiscography}): ProteoDiscography object which stores the annotation and genomic sequences.}
| ^
checkRd: (-1) importGenomicVariants.VCF.Rd:17: Lost braces; missing escapes or markup?
17 | \item{ProteoDiscography}{({ProteoDiscography}): ProteoDiscography object which stores the annotation and genomic sequences.}
| ^
checkRd: (-1) importSpliceJunctions.Rd:39: Lost braces; missing escapes or markup?
39 | Input should be a {tibble} containing the following columns:
| ^
checkRd: (-1) importSpliceJunctions.Rd:18: Lost braces; missing escapes or markup?
18 | \item{ProteoDiscography}{({ProteoDiscography}): ProteoDiscography object which stores the annotation and genomic sequences.}
| ^
checkRd: (-1) importTranscriptSequences.Rd:15: Lost braces; missing escapes or markup?
15 | \item{ProteoDiscography}{({ProteoDiscography}): ProteoDiscography object which stores the annotation and genomic sequences.}
| ^
checkRd: (-1) incorporateGenomicVariants.Rd:34: Lost braces; missing escapes or markup?
34 | \code{incorporateMutations} Incorporates SNV, MNV and InDels present in the {ProteoDiscography} on the transcripts.
| ^
checkRd: (-1) incorporateGenomicVariants.Rd:17: Lost braces; missing escapes or markup?
17 | \item{ProteoDiscography}{({ProteoDiscography}): ProteoDiscography object which stores the annotation and genomic sequences.}
| ^
* checking Rd metadata ... OK
* checking Rd cross-references ... NOTE
Non-topic package-anchored link(s) in Rd file 'exportProteoDiscography.Rd':
‘[ProteoDisco]{ProteoDiscography}’
Non-topic package-anchored link(s) in Rd file 'generateJunctionModels.Rd':
‘[ProteoDisco]{ProteoDiscography}’
See section 'Cross-references' in the 'Writing R Extensions' manual.
* checking for missing documentation entries ... WARNING
Undocumented S4 methods:
generic 'show' and siglist 'ProteoDiscography'
All user-level objects in a package (including S4 classes and methods)
should have documentation entries.
See chapter ‘Writing R documentation files’ in the ‘Writing R
Extensions’ manual.
* checking for code/documentation mismatches ... OK
* checking Rd \usage sections ... OK
* checking Rd contents ... OK
* checking for unstated dependencies in examples ... OK
* checking contents of ‘data’ directory ... OK
* checking data for non-ASCII characters ... INFO
Error loading dataset 'ProteoDiscographyExample.hg19':
Error in h(simpleError(msg, call)) :
error in evaluating the argument 'x' in selecting a method for function 'seqlevels': UCSC library operation failed
* checking data for ASCII and uncompressed saves ... OK
* checking installed files from ‘inst/doc’ ... OK
* checking files in ‘vignettes’ ... OK
* checking examples ... OK
Examples with CPU (user + system) or elapsed time > 5s
user system elapsed
incorporateGenomicVariants 66.842 1.449 68.724
generateJunctionModels 22.673 2.214 24.935
importGenomicVariants.MAF 4.746 0.385 5.157
* checking for unstated dependencies in ‘tests’ ... OK
* checking tests ...
Running ‘testthat.R’
OK
* checking for unstated dependencies in vignettes ... OK
* checking package vignettes ... OK
* checking running R code from vignettes ... SKIPPED
* checking re-building of vignette outputs ... SKIPPED
* checking PDF version of manual ... OK
* DONE
Status: 2 WARNINGs, 3 NOTEs
See
‘/Users/biocbuild/bbs-3.22-bioc/meat/ProteoDisco.Rcheck/00check.log’
for details.
ProteoDisco.Rcheck/00install.out
############################################################################## ############################################################################## ### ### Running command: ### ### /Library/Frameworks/R.framework/Resources/bin/R CMD INSTALL ProteoDisco ### ############################################################################## ############################################################################## * installing to library ‘/Library/Frameworks/R.framework/Versions/4.5-x86_64/Resources/library’ * installing *source* package ‘ProteoDisco’ ... ** this is package ‘ProteoDisco’ version ‘1.15.1’ ** using staged installation ** R ** data ** inst ** byte-compile and prepare package for lazy loading Warning: replacing previous import ‘dplyr::rename’ by ‘plyr::rename’ when loading ‘ProteoDisco’ Warning: replacing previous import ‘dplyr::count’ by ‘plyr::count’ when loading ‘ProteoDisco’ Warning: replacing previous import ‘dplyr::failwith’ by ‘plyr::failwith’ when loading ‘ProteoDisco’ Warning: replacing previous import ‘dplyr::id’ by ‘plyr::id’ when loading ‘ProteoDisco’ Warning: replacing previous import ‘dplyr::summarize’ by ‘plyr::summarize’ when loading ‘ProteoDisco’ Warning: replacing previous import ‘dplyr::summarise’ by ‘plyr::summarise’ when loading ‘ProteoDisco’ Warning: replacing previous import ‘dplyr::mutate’ by ‘plyr::mutate’ when loading ‘ProteoDisco’ Warning: replacing previous import ‘dplyr::desc’ by ‘plyr::desc’ when loading ‘ProteoDisco’ Warning: replacing previous import ‘dplyr::arrange’ by ‘plyr::arrange’ when loading ‘ProteoDisco’ ** help *** installing help indices ** building package indices ** installing vignettes ** testing if installed package can be loaded from temporary location Warning: replacing previous import ‘dplyr::rename’ by ‘plyr::rename’ when loading ‘ProteoDisco’ Warning: replacing previous import ‘dplyr::count’ by ‘plyr::count’ when loading ‘ProteoDisco’ Warning: replacing previous import ‘dplyr::failwith’ by ‘plyr::failwith’ when loading ‘ProteoDisco’ Warning: replacing previous import ‘dplyr::id’ by ‘plyr::id’ when loading ‘ProteoDisco’ Warning: replacing previous import ‘dplyr::summarize’ by ‘plyr::summarize’ when loading ‘ProteoDisco’ Warning: replacing previous import ‘dplyr::summarise’ by ‘plyr::summarise’ when loading ‘ProteoDisco’ Warning: replacing previous import ‘dplyr::mutate’ by ‘plyr::mutate’ when loading ‘ProteoDisco’ Warning: replacing previous import ‘dplyr::desc’ by ‘plyr::desc’ when loading ‘ProteoDisco’ Warning: replacing previous import ‘dplyr::arrange’ by ‘plyr::arrange’ when loading ‘ProteoDisco’ ** testing if installed package can be loaded from final location Warning: replacing previous import ‘dplyr::rename’ by ‘plyr::rename’ when loading ‘ProteoDisco’ Warning: replacing previous import ‘dplyr::count’ by ‘plyr::count’ when loading ‘ProteoDisco’ Warning: replacing previous import ‘dplyr::failwith’ by ‘plyr::failwith’ when loading ‘ProteoDisco’ Warning: replacing previous import ‘dplyr::id’ by ‘plyr::id’ when loading ‘ProteoDisco’ Warning: replacing previous import ‘dplyr::summarize’ by ‘plyr::summarize’ when loading ‘ProteoDisco’ Warning: replacing previous import ‘dplyr::summarise’ by ‘plyr::summarise’ when loading ‘ProteoDisco’ Warning: replacing previous import ‘dplyr::mutate’ by ‘plyr::mutate’ when loading ‘ProteoDisco’ Warning: replacing previous import ‘dplyr::desc’ by ‘plyr::desc’ when loading ‘ProteoDisco’ Warning: replacing previous import ‘dplyr::arrange’ by ‘plyr::arrange’ when loading ‘ProteoDisco’ ** testing if installed package keeps a record of temporary installation path * DONE (ProteoDisco)
ProteoDisco.Rcheck/tests/testthat.Rout
R version 4.5.1 Patched (2025-09-10 r88807) -- "Great Square Root"
Copyright (C) 2025 The R Foundation for Statistical Computing
Platform: x86_64-apple-darwin20
R is free software and comes with ABSOLUTELY NO WARRANTY.
You are welcome to redistribute it under certain conditions.
Type 'license()' or 'licence()' for distribution details.
R is a collaborative project with many contributors.
Type 'contributors()' for more information and
'citation()' on how to cite R or R packages in publications.
Type 'demo()' for some demos, 'help()' for on-line help, or
'help.start()' for an HTML browser interface to help.
Type 'q()' to quit R.
> Sys.setenv("R_TESTS" = "")
>
> library(testthat)
> library(ProteoDisco)
Warning messages:
1: replacing previous import 'dplyr::rename' by 'plyr::rename' when loading 'ProteoDisco'
2: replacing previous import 'dplyr::count' by 'plyr::count' when loading 'ProteoDisco'
3: replacing previous import 'dplyr::failwith' by 'plyr::failwith' when loading 'ProteoDisco'
4: replacing previous import 'dplyr::id' by 'plyr::id' when loading 'ProteoDisco'
5: replacing previous import 'dplyr::summarize' by 'plyr::summarize' when loading 'ProteoDisco'
6: replacing previous import 'dplyr::summarise' by 'plyr::summarise' when loading 'ProteoDisco'
7: replacing previous import 'dplyr::mutate' by 'plyr::mutate' when loading 'ProteoDisco'
8: replacing previous import 'dplyr::desc' by 'plyr::desc' when loading 'ProteoDisco'
9: replacing previous import 'dplyr::arrange' by 'plyr::arrange' when loading 'ProteoDisco'
>
> testthat::test_check("ProteoDisco")
ProteoDisco - Importing manual transcript sequences to the ProteoDiscography.
ProteoDisco - Importing splice-junctions to the ProteoDiscography.
ProteoDisco - Generating splice-junctions models based on 9 unique (sample-specific or aggregated) splice-junctions.
Retrieving all CDS-records from the TxDb.
|
| | 0%Retrieving overlapping or adjacent CDS for each splice-junction: testSJ
Retrieving 5'-adjacent or overlapping CDS.
Retrieving 3'-adjacent or overlapping CDS.
|
|======================================================================| 100%
ProteoDisco - Ignoring subsetting on shared seqlevels as a BSgenome was given.
ProteoDisco - Generating the annotation database (ProteoDiscography)
ProteoDisco - Importing genomic variants from 1 file(s) to the ProteoDiscography.
ProteoDisco - Importing 1 VCF file(s).
|
| | 0%ProteoDisco - Importing /Library/Frameworks/R.framework/Versions/4.5-x86_64/Resources/library/ProteoDisco/extdata/validationSet_hg19.vcf
ProteoDisco - Checking sanity of reference anchors for validationSet_hg19.vcf.
ProteoDisco - Checking sanity of reference anchors in chr1 (using 1 threads)
ProteoDisco - Checking sanity of reference anchors in chr2 (using 1 threads)
ProteoDisco - Checking sanity of reference anchors in chr3 (using 1 threads)
ProteoDisco - Checking sanity of reference anchors in chr6 (using 1 threads)
ProteoDisco - Checking sanity of reference anchors in chr7 (using 1 threads)
ProteoDisco - Checking sanity of reference anchors in chr10 (using 1 threads)
ProteoDisco - Checking sanity of reference anchors in chr11 (using 1 threads)
ProteoDisco - Checking sanity of reference anchors in chr13 (using 1 threads)
ProteoDisco - Checking sanity of reference anchors in chr14 (using 1 threads)
ProteoDisco - Checking sanity of reference anchors in chr17 (using 1 threads)
ProteoDisco - Checking sanity of reference anchors in chr19 (using 1 threads)
ProteoDisco - Checking sanity of reference anchors in chrX (using 1 threads)
|
|======================================================================| 100%
ProteoDisco - Calculating a prelim. overlap of genomic mutations with given annotations
ProteoDisco - Adding SNV/MNV and InDel mutations to transcript sequences.
ProteoDisco - Finding overlap of mutations with CDS within the TxDb.
ProteoDisco - Incorporating mutations within the CDS sequence(s).
Working on sample: validationSet_hg19.vcf (28 overlapping CDS; 4 threads)
|
| | 0%
|
|== | 3%
|
|==== | 6%
|
|====== | 9%
|
|======== | 11%
|
|========== | 14%
|
|============ | 17%
|
|============== | 20%
|
|================ | 23%
|
|================== | 26%
|
|==================== | 29%
|
|====================== | 31%
|
|======================== | 34%
|
|========================== | 37%
|
|============================ | 40%
|
|============================== | 43%
|
|================================ | 46%
|
|================================== | 49%
|
|==================================== | 51%
|
|====================================== | 54%
|
|======================================== | 57%
|
|========================================== | 60%
|
|============================================ | 63%
|
|============================================== | 66%
|
|================================================ | 69%
|
|================================================== | 71%
|
|==================================================== | 74%
|
|====================================================== | 77%
|
|======================================================== | 80%
|
|========================================================== | 83%
|
|============================================================ | 86%
|
|============================================================== | 89%
|
|================================================================ | 91%
|
|================================================================== | 94%
|
|==================================================================== | 97%
|
|======================================================================| 100%
ProteoDisco - Generating mutant transcript sequence(s) by replacing wild-type to mutant CDS.
Working on sample: validationSet_hg19.vcf (35 mutant CDS; 4 threads)
|
| | 0%
|
|= | 1%
|
|= | 2%
|
|== | 2%
|
|== | 3%
|
|=== | 4%
|
|=== | 5%
|
|==== | 6%
|
|===== | 7%
|
|====== | 8%
|
|====== | 9%
|
|======= | 9%
|
|======= | 10%
|
|======== | 11%
|
|======== | 12%
|
|========= | 13%
|
|========== | 14%
|
|========== | 15%
|
|=========== | 16%
|
|============ | 17%
|
|============= | 18%
|
|============= | 19%
|
|============== | 20%
|
|=============== | 21%
|
|=============== | 22%
|
|================ | 23%
|
|================= | 24%
|
|================== | 25%
|
|================== | 26%
|
|=================== | 27%
|
|=================== | 28%
|
|==================== | 28%
|
|==================== | 29%
|
|===================== | 30%
|
|===================== | 31%
|
|====================== | 31%
|
|======================= | 32%
|
|======================= | 33%
|
|======================== | 34%
|
|======================== | 35%
|
|========================= | 35%
|
|========================= | 36%
|
|========================== | 37%
|
|========================== | 38%
|
|=========================== | 39%
|
|============================ | 39%
|
|============================ | 40%
|
|============================= | 41%
|
|============================= | 42%
|
|============================== | 43%
|
|=============================== | 44%
|
|=============================== | 45%
|
|================================ | 46%
|
|================================= | 46%
|
|================================= | 47%
|
|================================== | 48%
|
|================================== | 49%
|
|=================================== | 50%
|
|==================================== | 51%
|
|==================================== | 52%
|
|===================================== | 53%
|
|===================================== | 54%
|
|====================================== | 54%
|
|======================================= | 55%
|
|======================================= | 56%
|
|======================================== | 57%
|
|========================================= | 58%
|
|========================================= | 59%
|
|========================================== | 60%
|
|========================================== | 61%
|
|=========================================== | 61%
|
|============================================ | 62%
|
|============================================ | 63%
|
|============================================= | 64%
|
|============================================= | 65%
|
|============================================== | 65%
|
|============================================== | 66%
|
|=============================================== | 67%
|
|=============================================== | 68%
|
|================================================ | 69%
|
|================================================= | 69%
|
|================================================= | 70%
|
|================================================== | 71%
|
|================================================== | 72%
|
|=================================================== | 72%
|
|=================================================== | 73%
|
|==================================================== | 74%
|
|==================================================== | 75%
|
|===================================================== | 76%
|
|====================================================== | 77%
|
|======================================================= | 78%
|
|======================================================= | 79%
|
|======================================================== | 80%
|
|========================================================= | 81%
|
|========================================================= | 82%
|
|========================================================== | 83%
|
|=========================================================== | 84%
|
|============================================================ | 85%
|
|============================================================ | 86%
|
|============================================================= | 87%
|
|============================================================== | 88%
|
|============================================================== | 89%
|
|=============================================================== | 90%
|
|=============================================================== | 91%
|
|================================================================ | 91%
|
|================================================================ | 92%
|
|================================================================= | 93%
|
|================================================================== | 94%
|
|=================================================================== | 95%
|
|=================================================================== | 96%
|
|==================================================================== | 97%
|
|==================================================================== | 98%
|
|===================================================================== | 98%
|
|===================================================================== | 99%
|
|======================================================================| 100%
Retrieving 3' UTR
ProteoDisco - Adding mutant transcripts to the ProteoDiscography.
ProteoDisco - Adding SNV/MNV and InDel mutations to transcript sequences.
ProteoDisco - Finding overlap of mutations with CDS within the TxDb.
ProteoDisco - Incorporating mutations within the CDS sequence(s).
Working on sample: validationSet_hg19.vcf (28 overlapping CDS; 4 threads)
|
| | 0%
|
|== | 3%
|
|==== | 6%
|
|====== | 9%
|
|======== | 11%
|
|========== | 14%
|
|============ | 17%
|
|============== | 20%
|
|================ | 23%
|
|================== | 26%
|
|==================== | 29%
|
|====================== | 31%
|
|======================== | 34%
|
|========================== | 37%
|
|============================ | 40%
|
|============================== | 43%
|
|================================ | 46%
|
|================================== | 49%
|
|==================================== | 51%
|
|====================================== | 54%
|
|======================================== | 57%
|
|========================================== | 60%
|
|============================================ | 63%
|
|============================================== | 66%
|
|================================================ | 69%
|
|================================================== | 71%
|
|==================================================== | 74%
|
|====================================================== | 77%
|
|======================================================== | 80%
|
|========================================================== | 83%
|
|============================================================ | 86%
|
|============================================================== | 89%
|
|================================================================ | 91%
|
|================================================================== | 94%
|
|==================================================================== | 97%
|
|======================================================================| 100%
ProteoDisco - Generating mutant transcript sequence(s) by replacing wild-type to mutant CDS.
Working on sample: validationSet_hg19.vcf (36 mutant CDS; 4 threads)
|
| | 0%
|
|= | 1%
|
|= | 2%
|
|== | 2%
|
|== | 3%
|
|=== | 4%
|
|=== | 5%
|
|==== | 6%
|
|===== | 7%
|
|====== | 8%
|
|====== | 9%
|
|======= | 9%
|
|======= | 10%
|
|======== | 11%
|
|======== | 12%
|
|========= | 13%
|
|========== | 14%
|
|========== | 15%
|
|=========== | 16%
|
|============ | 17%
|
|============= | 18%
|
|============= | 19%
|
|============== | 20%
|
|=============== | 21%
|
|=============== | 22%
|
|================ | 23%
|
|================= | 24%
|
|================== | 25%
|
|================== | 26%
|
|=================== | 27%
|
|=================== | 28%
|
|==================== | 28%
|
|==================== | 29%
|
|===================== | 30%
|
|===================== | 31%
|
|====================== | 31%
|
|======================= | 32%
|
|======================= | 33%
|
|======================== | 34%
|
|======================== | 35%
|
|========================= | 35%
|
|========================= | 36%
|
|========================== | 37%
|
|========================== | 38%
|
|=========================== | 39%
|
|============================ | 39%
|
|============================ | 40%
|
|============================= | 41%
|
|============================= | 42%
|
|============================== | 43%
|
|=============================== | 44%
|
|=============================== | 45%
|
|================================ | 46%
|
|================================= | 46%
|
|================================= | 47%
|
|================================== | 48%
|
|================================== | 49%
|
|=================================== | 50%
|
|==================================== | 51%
|
|==================================== | 52%
|
|===================================== | 53%
|
|===================================== | 54%
|
|====================================== | 54%
|
|======================================= | 55%
|
|======================================= | 56%
|
|======================================== | 57%
|
|========================================= | 58%
|
|========================================= | 59%
|
|========================================== | 60%
|
|========================================== | 61%
|
|=========================================== | 61%
|
|============================================ | 62%
|
|============================================ | 63%
|
|============================================= | 64%
|
|============================================= | 65%
|
|============================================== | 65%
|
|============================================== | 66%
|
|=============================================== | 67%
|
|=============================================== | 68%
|
|================================================ | 69%
|
|================================================= | 69%
|
|================================================= | 70%
|
|================================================== | 71%
|
|================================================== | 72%
|
|=================================================== | 72%
|
|=================================================== | 73%
|
|==================================================== | 74%
|
|==================================================== | 75%
|
|===================================================== | 76%
|
|====================================================== | 77%
|
|======================================================= | 78%
|
|======================================================= | 79%
|
|======================================================== | 80%
|
|========================================================= | 81%
|
|========================================================= | 82%
|
|========================================================== | 83%
|
|=========================================================== | 84%
|
|============================================================ | 85%
|
|============================================================ | 86%
|
|============================================================= | 87%
|
|============================================================== | 88%
|
|============================================================== | 89%
|
|=============================================================== | 90%
|
|=============================================================== | 91%
|
|================================================================ | 91%
|
|================================================================ | 92%
|
|================================================================= | 93%
|
|================================================================== | 94%
|
|=================================================================== | 95%
|
|=================================================================== | 96%
|
|==================================================================== | 97%
|
|==================================================================== | 98%
|
|===================================================================== | 98%
|
|===================================================================== | 99%
|
|======================================================================| 100%
Retrieving 3' UTR
ProteoDisco - Adding mutant transcripts to the ProteoDiscography.
ProteoDisco - Exporting mutant protein isoforms.
Exporting 174 mutant protein sequences.
Writing to test.FASTA.
[ FAIL 0 | WARN 3 | SKIP 0 | PASS 11 ]
[ FAIL 0 | WARN 3 | SKIP 0 | PASS 11 ]
>
> proc.time()
user system elapsed
257.019 105.520 187.261
ProteoDisco.Rcheck/ProteoDisco-Ex.timings
| name | user | system | elapsed | |
| checkProteotypicFragments | 0.442 | 0.016 | 0.459 | |
| exportProteoDiscography | 0.364 | 0.018 | 0.385 | |
| generateJunctionModels | 22.673 | 2.214 | 24.935 | |
| generateProteoDiscography | 0.002 | 0.006 | 0.008 | |
| getDiscography | 0.397 | 0.053 | 0.451 | |
| importGenomicVariants.MAF | 4.746 | 0.385 | 5.157 | |
| importGenomicVariants | 4.416 | 0.152 | 4.591 | |
| importGenomicVariants.VCF | 4.335 | 0.131 | 4.492 | |
| importSpliceJunctions | 0.418 | 0.042 | 0.465 | |
| importTranscriptSequences | 0.231 | 0.004 | 0.237 | |
| incorporateGenomicVariants | 66.842 | 1.449 | 68.724 | |
| mutantTranscripts | 0.333 | 0.012 | 0.346 | |
| setGenomicSequences | 0.329 | 0.012 | 0.340 | |
| setMutantTranscripts | 0.422 | 0.013 | 0.437 | |
| setTxDb | 0.381 | 0.041 | 0.424 | |