| Back to Multiple platform build/check report for BioC 3.22: simplified long |
|
This page was generated on 2025-10-24 12:05 -0400 (Fri, 24 Oct 2025).
| Hostname | OS | Arch (*) | R version | Installed pkgs |
|---|---|---|---|---|
| nebbiolo2 | Linux (Ubuntu 24.04.3 LTS) | x86_64 | 4.5.1 Patched (2025-08-23 r88802) -- "Great Square Root" | 4898 |
| lconway | macOS 12.7.6 Monterey | x86_64 | 4.5.1 Patched (2025-09-10 r88807) -- "Great Square Root" | 4688 |
| kjohnson3 | macOS 13.7.7 Ventura | arm64 | 4.5.1 Patched (2025-09-10 r88807) -- "Great Square Root" | 4634 |
| taishan | Linux (openEuler 24.03 LTS) | aarch64 | 4.5.0 (2025-04-11) -- "How About a Twenty-Six" | 4658 |
| Click on any hostname to see more info about the system (e.g. compilers) (*) as reported by 'uname -p', except on Windows and Mac OS X | ||||
| Package 1401/2359 | Hostname | OS / Arch | INSTALL | BUILD | CHECK | BUILD BIN | ||||||||
| MSstatsPTM 2.11.5 (landing page) Anthony Wu
| nebbiolo2 | Linux (Ubuntu 24.04.3 LTS) / x86_64 | OK | OK | WARNINGS | |||||||||
| lconway | macOS 12.7.6 Monterey / x86_64 | OK | OK | WARNINGS | OK | |||||||||
| kjohnson3 | macOS 13.7.7 Ventura / arm64 | OK | OK | WARNINGS | OK | |||||||||
| taishan | Linux (openEuler 24.03 LTS) / aarch64 | OK | OK | NA | ||||||||||
|
To the developers/maintainers of the MSstatsPTM package: - Allow up to 24 hours (and sometimes 48 hours) for your latest push to git@git.bioconductor.org:packages/MSstatsPTM.git to reflect on this report. See Troubleshooting Build Report for more information. - Use the following Renviron settings to reproduce errors and warnings. - If 'R CMD check' started to fail recently on the Linux builder(s) over a missing dependency, add the missing dependency to 'Suggests:' in your DESCRIPTION file. See Renviron.bioc for more information. |
| Package: MSstatsPTM |
| Version: 2.11.5 |
| Command: /Library/Frameworks/R.framework/Resources/bin/R CMD check --install=check:MSstatsPTM.install-out.txt --library=/Library/Frameworks/R.framework/Resources/library --no-vignettes --timings MSstatsPTM_2.11.5.tar.gz |
| StartedAt: 2025-10-23 22:41:57 -0400 (Thu, 23 Oct 2025) |
| EndedAt: 2025-10-23 22:46:01 -0400 (Thu, 23 Oct 2025) |
| EllapsedTime: 244.1 seconds |
| RetCode: 0 |
| Status: WARNINGS |
| CheckDir: MSstatsPTM.Rcheck |
| Warnings: 1 |
##############################################################################
##############################################################################
###
### Running command:
###
### /Library/Frameworks/R.framework/Resources/bin/R CMD check --install=check:MSstatsPTM.install-out.txt --library=/Library/Frameworks/R.framework/Resources/library --no-vignettes --timings MSstatsPTM_2.11.5.tar.gz
###
##############################################################################
##############################################################################
* using log directory ‘/Users/biocbuild/bbs-3.22-bioc/meat/MSstatsPTM.Rcheck’
* using R version 4.5.1 Patched (2025-09-10 r88807)
* using platform: x86_64-apple-darwin20
* R was compiled by
Apple clang version 14.0.0 (clang-1400.0.29.202)
GNU Fortran (GCC) 14.2.0
* running under: macOS Monterey 12.7.6
* using session charset: UTF-8
* using option ‘--no-vignettes’
* checking for file ‘MSstatsPTM/DESCRIPTION’ ... OK
* checking extension type ... Package
* this is package ‘MSstatsPTM’ version ‘2.11.5’
* package encoding: UTF-8
* checking package namespace information ... OK
* checking package dependencies ... OK
* checking if this is a source package ... OK
* checking if there is a namespace ... OK
* checking for hidden files and directories ... NOTE
Found the following hidden files and directories:
.travis.yml
These were most likely included in error. See section ‘Package
structure’ in the ‘Writing R Extensions’ manual.
* checking for portable file names ... OK
* checking for sufficient/correct file permissions ... OK
* checking whether package ‘MSstatsPTM’ can be installed ... OK
* used C++ compiler: ‘Apple clang version 14.0.0 (clang-1400.0.29.202)’
* used SDK: ‘MacOSX11.3.1.sdk’
* checking installed package size ... OK
* checking package directory ... OK
* checking ‘build’ directory ... OK
* checking DESCRIPTION meta-information ... OK
* checking top-level files ... OK
* checking for left-over files ... OK
* checking index information ... OK
* checking package subdirectories ... OK
* checking code files for non-ASCII characters ... OK
* checking R files for syntax errors ... OK
* checking whether the package can be loaded ... OK
* checking whether the package can be loaded with stated dependencies ... OK
* checking whether the package can be unloaded cleanly ... OK
* checking whether the namespace can be loaded with stated dependencies ... OK
* checking whether the namespace can be unloaded cleanly ... OK
* checking dependencies in R code ... NOTE
Unexported objects imported by ':::' calls:
‘MSstats:::.getMedianSigmaSubject’ ‘MSstats:::.getVarComponent’
‘MSstatsConvert:::.filterFewMeasurements’
‘MSstatsConvert:::.filterManyColumns’
‘MSstatsConvert:::.getChannelColumns’
‘MSstatsConvert:::.standardizeColnames’
See the note in ?`:::` about the use of this operator.
* checking S3 generic/method consistency ... OK
* checking replacement functions ... OK
* checking foreign function calls ... OK
* checking R code for possible problems ... NOTE
.extract_pd_mods: no visible binding for global variable
‘..sequence_col’
.format.data.process.plots: no visible binding for global variable
‘ABUNDANCE’
.pivotPS: no visible binding for global variable ‘..keep_cols’
.plot.model.volcano: no visible binding for global variable
‘text.angle’
.progensis.add.sites: no visible binding for global variable
‘..col_order’
.qc.all.plot.lf: no visible binding for global variable ‘text.angle’
.qc.single.plot.lf: no visible binding for global variable ‘text.angle’
.removeCutoffSites: no visible binding for global variable
‘..mod_pep_col’
.rmConfounded: no visible binding for global variable ‘..col_res’
.savePlotlyPlotHTML: no visible global function definition for
‘txtProgressBar’
.savePlotlyPlotHTML: no visible global function definition for
‘setTxtProgressBar’
.savePlotlyPlotHTML: no visible global function definition for ‘zip’
DIANNtoMSstatsPTMFormat: no visible binding for global variable
‘..protein_id_col’
FragPipetoMSstatsPTMFormat: no visible binding for global variable
‘..msstats_cols’
MSstatsPTMSiteLocator: no visible binding for global variable
‘..mod_pep_col’
MaxQtoMSstatsPTMFormat: no visible binding for global variable
‘TMT.keyword’
MaxQtoMSstatsPTMFormat: no visible binding for global variable
‘ptm.keyword’
MaxQtoMSstatsPTMFormat: no visible binding for global variable
‘mod.num’
MaxQtoMSstatsPTMFormat: no visible binding for global variable
‘which.proteinid.ptm’
MaxQtoMSstatsPTMFormat: no visible binding for global variable
‘PeptideSequence’
MetamorpheusToMSstatsPTMFormat: no visible binding for global variable
‘..protein_id_col’
PStoMSstatsPTMFormat: no visible binding for global variable
‘Intensity’
ProgenesistoMSstatsPTMFormat: no visible binding for global variable
‘Type’
ProteinProspectortoMSstatsPTMFormat: no visible binding for global
variable ‘..protein_id_col’
SkylinetoMSstatsPTMFormat: no visible binding for global variable
‘annotation_prot’
dataProcessPlotsPTM: no visible binding for global variable
‘PROTEINNAME’
dataProcessPlotsPTM: no visible binding for global variable
‘GLOBALPROTEIN’
dataSummarizationPTM: no visible binding for global variable ‘address’
locatePTM: no visible binding for global variable ‘..col_seq’
locatePTM: no visible binding for global variable ‘..col_fasta’
Undefined global functions or variables:
..col_fasta ..col_order ..col_res ..col_seq ..keep_cols ..mod_pep_col
..msstats_cols ..protein_id_col ..sequence_col ABUNDANCE
GLOBALPROTEIN Intensity PROTEINNAME PeptideSequence TMT.keyword Type
address annotation_prot mod.num ptm.keyword setTxtProgressBar
text.angle txtProgressBar which.proteinid.ptm zip
Consider adding
importFrom("utils", "setTxtProgressBar", "txtProgressBar", "zip")
to your NAMESPACE file.
* checking Rd files ... OK
* checking Rd metadata ... OK
* checking Rd cross-references ... OK
* checking for missing documentation entries ... OK
* checking for code/documentation mismatches ... OK
* checking Rd \usage sections ... WARNING
Undocumented arguments in Rd file 'dataProcessPTM.Rd'
‘use_log_file’ ‘append’ ‘verbose’ ‘log_file_path’
Functions with \usage entries need to have the appropriate \alias
entries, and all their arguments documented.
The \usage entries must correspond to syntactically valid R code.
See chapter ‘Writing R documentation files’ in the ‘Writing R
Extensions’ manual.
* checking Rd contents ... OK
* checking for unstated dependencies in examples ... OK
* checking contents of ‘data’ directory ... OK
* checking data for non-ASCII characters ... OK
* checking LazyData ... OK
* checking data for ASCII and uncompressed saves ... OK
* checking line endings in C/C++/Fortran sources/headers ... OK
* checking compiled code ... NOTE
Note: information on .o files is not available
* checking files in ‘vignettes’ ... OK
* checking examples ... OK
Examples with CPU (user + system) or elapsed time > 5s
user system elapsed
groupComparisonPlotsPTM 15.896 0.112 16.103
designSampleSizePTM 5.760 0.067 5.845
groupComparisonPTM 5.007 0.040 5.071
* checking for unstated dependencies in ‘tests’ ... OK
* checking tests ...
Running ‘tinytest.R’
OK
* checking for unstated dependencies in vignettes ... OK
* checking package vignettes ... OK
* checking running R code from vignettes ... SKIPPED
* checking re-building of vignette outputs ... SKIPPED
* checking PDF version of manual ... OK
* DONE
Status: 1 WARNING, 4 NOTEs
See
‘/Users/biocbuild/bbs-3.22-bioc/meat/MSstatsPTM.Rcheck/00check.log’
for details.
MSstatsPTM.Rcheck/00install.out
############################################################################## ############################################################################## ### ### Running command: ### ### /Library/Frameworks/R.framework/Resources/bin/R CMD INSTALL MSstatsPTM ### ############################################################################## ############################################################################## * installing to library ‘/Library/Frameworks/R.framework/Versions/4.5-x86_64/Resources/library’ * installing *source* package ‘MSstatsPTM’ ... ** this is package ‘MSstatsPTM’ version ‘2.11.5’ ** using staged installation ** libs using C++ compiler: ‘Apple clang version 14.0.0 (clang-1400.0.29.202)’ using SDK: ‘MacOSX11.3.1.sdk’ clang++ -arch x86_64 -std=gnu++17 -I"/Library/Frameworks/R.framework/Resources/include" -DNDEBUG -I'/Library/Frameworks/R.framework/Versions/4.5-x86_64/Resources/library/Rcpp/include' -I/opt/R/x86_64/include -fPIC -falign-functions=64 -Wall -g -O2 -c RcppExports.cpp -o RcppExports.o clang++ -arch x86_64 -std=gnu++17 -I"/Library/Frameworks/R.framework/Resources/include" -DNDEBUG -I'/Library/Frameworks/R.framework/Versions/4.5-x86_64/Resources/library/Rcpp/include' -I/opt/R/x86_64/include -fPIC -falign-functions=64 -Wall -g -O2 -c model_adjustment.cpp -o model_adjustment.o clang++ -arch x86_64 -std=gnu++17 -dynamiclib -Wl,-headerpad_max_install_names -undefined dynamic_lookup -L/Library/Frameworks/R.framework/Resources/lib -L/opt/R/x86_64/lib -o MSstatsPTM.so RcppExports.o model_adjustment.o -F/Library/Frameworks/R.framework/.. -framework R installing to /Library/Frameworks/R.framework/Versions/4.5-x86_64/Resources/library/00LOCK-MSstatsPTM/00new/MSstatsPTM/libs ** R ** data *** moving datasets to lazyload DB ** inst ** byte-compile and prepare package for lazy loading ** help *** installing help indices ** building package indices ** installing vignettes ** testing if installed package can be loaded from temporary location ** checking absolute paths in shared objects and dynamic libraries ** testing if installed package can be loaded from final location ** testing if installed package keeps a record of temporary installation path * DONE (MSstatsPTM)
MSstatsPTM.Rcheck/tests/tinytest.Rout
R version 4.5.1 Patched (2025-09-10 r88807) -- "Great Square Root"
Copyright (C) 2025 The R Foundation for Statistical Computing
Platform: x86_64-apple-darwin20
R is free software and comes with ABSOLUTELY NO WARRANTY.
You are welcome to redistribute it under certain conditions.
Type 'license()' or 'licence()' for distribution details.
R is a collaborative project with many contributors.
Type 'contributors()' for more information and
'citation()' on how to cite R or R packages in publications.
Type 'demo()' for some demos, 'help()' for on-line help, or
'help.start()' for an HTML browser interface to help.
Type 'q()' to quit R.
>
> if ( requireNamespace("tinytest", quietly=TRUE) ){
+ tinytest::test_package("MSstatsPTM")
+ }
test_converters.R............. 0 tests
test_converters.R............. 0 tests
test_converters.R............. 0 tests
test_converters.R............. 0 tests
test_converters.R............. 0 tests
test_converters.R............. 1 tests [0;32mOK[0m
test_converters.R............. 2 tests [0;32mOK[0m
test_converters.R............. 3 tests [0;32mOK[0m
test_converters.R............. 4 tests [0;32mOK[0m
test_converters.R............. 5 tests [0;32mOK[0m INFO [2025-10-23 22:45:17] ** Raw data from MaxQuant imported successfully.
INFO [2025-10-23 22:45:17] ** Rows with values of Potentialcontaminant equal to + are removed
INFO [2025-10-23 22:45:17] ** Rows with values of Reverse equal to + are removed
INFO [2025-10-23 22:45:17] ** Features with all missing measurements across channels within each run are removed.
INFO [2025-10-23 22:45:17] ** Using provided annotation.
INFO [2025-10-23 22:45:17] ** Run and Channel labels were standardized to remove symbols such as '.' or '%'.
INFO [2025-10-23 22:45:17] ** The following options are used:
- Features will be defined by the columns: PeptideSequence, PrecursorCharge
- Shared peptides will be removed.
- Proteins with single feature will not be removed.
- Features with less than 3 measurements within each run will be kept.
INFO [2025-10-23 22:45:17] ** Features with all missing measurements across channels within each run are removed.
INFO [2025-10-23 22:45:17] ** Shared peptides are removed.
INFO [2025-10-23 22:45:17] ** Features with all missing measurements across channels within each run are removed.
INFO [2025-10-23 22:45:18] ** PSMs have been aggregated to peptide ions.
INFO [2025-10-23 22:45:18] ** Run annotation merged with quantification data.
INFO [2025-10-23 22:45:18] ** Features with one or two measurements across channels within each run are removed.
INFO [2025-10-23 22:45:18] ** Fractionation handled.
INFO [2025-10-23 22:45:18] ** Updated quantification data to make balanced design. Missing values are marked by NA
INFO [2025-10-23 22:45:18] ** Finished preprocessing. The dataset is ready to be processed by the proteinSummarization function.
test_converters.R............. 5 tests [0;32mOK[0m
test_converters.R............. 7 tests [0;32mOK[0m
test_converters.R............. 8 tests [0;32mOK[0m
test_converters.R............. 9 tests [0;32mOK[0m
test_converters.R............. 10 tests [0;32mOK[0m
test_converters.R............. 11 tests [0;32mOK[0m
test_converters.R............. 12 tests [0;32mOK[0m INFO [2025-10-23 22:45:18] ** Raw data from MaxQuant imported successfully.
INFO [2025-10-23 22:45:18] ** Rows with values of Potentialcontaminant equal to + are removed
INFO [2025-10-23 22:45:18] ** Rows with values of Reverse equal to + are removed
INFO [2025-10-23 22:45:18] ** Features with all missing measurements across channels within each run are removed.
INFO [2025-10-23 22:45:18] ** Using provided annotation.
INFO [2025-10-23 22:45:18] ** Run and Channel labels were standardized to remove symbols such as '.' or '%'.
INFO [2025-10-23 22:45:18] ** The following options are used:
- Features will be defined by the columns: PeptideSequence, PrecursorCharge
- Shared peptides will be removed.
- Proteins with single feature will not be removed.
- Features with less than 3 measurements within each run will be kept.
INFO [2025-10-23 22:45:18] ** Features with all missing measurements across channels within each run are removed.
INFO [2025-10-23 22:45:18] ** Shared peptides are removed.
INFO [2025-10-23 22:45:18] ** Features with all missing measurements across channels within each run are removed.
INFO [2025-10-23 22:45:18] ** PSMs have been aggregated to peptide ions.
INFO [2025-10-23 22:45:18] ** Run annotation merged with quantification data.
INFO [2025-10-23 22:45:18] ** Features with one or two measurements across channels within each run are removed.
INFO [2025-10-23 22:45:18] ** Fractionation handled.
INFO [2025-10-23 22:45:18] ** Updated quantification data to make balanced design. Missing values are marked by NA
INFO [2025-10-23 22:45:18] ** Finished preprocessing. The dataset is ready to be processed by the proteinSummarization function.
test_converters.R............. 12 tests [0;32mOK[0m
test_converters.R............. 14 tests [0;32mOK[0m
test_converters.R............. 15 tests [0;32mOK[0m
test_converters.R............. 16 tests [0;32mOK[0m
test_converters.R............. 17 tests [0;32mOK[0m
test_converters.R............. 17 tests [0;32mOK[0m
test_converters.R............. 17 tests [0;32mOK[0m
test_converters.R............. 18 tests [0;32mOK[0m
test_converters.R............. 19 tests [0;32mOK[0m
test_converters.R............. 20 tests [0;32mOK[0m
test_converters.R............. 21 tests [0;32mOK[0m
test_converters.R............. 22 tests [0;32mOK[0m INFO [2025-10-23 22:45:18] ** Raw data from MaxQuant imported successfully.
INFO [2025-10-23 22:45:18] ** Rows with values of Potentialcontaminant equal to + are removed
INFO [2025-10-23 22:45:18] ** Rows with values of Reverse equal to + are removed
INFO [2025-10-23 22:45:18] ** Using provided annotation.
INFO [2025-10-23 22:45:18] ** Run labels were standardized to remove symbols such as '.' or '%'.
INFO [2025-10-23 22:45:18] ** The following options are used:
- Features will be defined by the columns: PeptideSequence, PrecursorCharge
- Shared peptides will be removed.
- Proteins with single feature will not be removed.
- Features with less than 3 measurements across runs will be removed.
INFO [2025-10-23 22:45:18] ** Features with all missing measurements across runs are removed.
INFO [2025-10-23 22:45:18] ** Shared peptides are removed.
INFO [2025-10-23 22:45:18] ** Multiple measurements in a feature and a run are summarized by summaryforMultipleRows: max
INFO [2025-10-23 22:45:18] ** Features with one or two measurements across runs are removed.
INFO [2025-10-23 22:45:18] ** Run annotation merged with quantification data.
INFO [2025-10-23 22:45:18] ** Features with one or two measurements across runs are removed.
INFO [2025-10-23 22:45:18] ** Fractionation handled.
INFO [2025-10-23 22:45:18] ** Updated quantification data to make balanced design. Missing values are marked by NA
INFO [2025-10-23 22:45:18] ** Finished preprocessing. The dataset is ready to be processed by the dataProcess function.
test_converters.R............. 22 tests [0;32mOK[0m
test_converters.R............. 24 tests [0;32mOK[0m
test_converters.R............. 25 tests [0;32mOK[0m
test_converters.R............. 26 tests [0;32mOK[0m
test_converters.R............. 27 tests [0;32mOK[0m
test_converters.R............. 28 tests [0;32mOK[0m
test_converters.R............. 29 tests [0;32mOK[0m INFO [2025-10-23 22:45:18] ** Raw data from MaxQuant imported successfully.
INFO [2025-10-23 22:45:18] ** Rows with values of Potentialcontaminant equal to + are removed
INFO [2025-10-23 22:45:18] ** Rows with values of Reverse equal to + are removed
INFO [2025-10-23 22:45:18] ** Using provided annotation.
INFO [2025-10-23 22:45:18] ** Run labels were standardized to remove symbols such as '.' or '%'.
INFO [2025-10-23 22:45:18] ** The following options are used:
- Features will be defined by the columns: PeptideSequence, PrecursorCharge
- Shared peptides will be removed.
- Proteins with single feature will not be removed.
- Features with less than 3 measurements across runs will be removed.
INFO [2025-10-23 22:45:18] ** Features with all missing measurements across runs are removed.
INFO [2025-10-23 22:45:18] ** Shared peptides are removed.
INFO [2025-10-23 22:45:18] ** Multiple measurements in a feature and a run are summarized by summaryforMultipleRows: max
INFO [2025-10-23 22:45:18] ** Features with one or two measurements across runs are removed.
INFO [2025-10-23 22:45:18] ** Run annotation merged with quantification data.
INFO [2025-10-23 22:45:18] ** Features with one or two measurements across runs are removed.
INFO [2025-10-23 22:45:18] ** Fractionation handled.
INFO [2025-10-23 22:45:18] ** Updated quantification data to make balanced design. Missing values are marked by NA
INFO [2025-10-23 22:45:18] ** Finished preprocessing. The dataset is ready to be processed by the dataProcess function.
test_converters.R............. 29 tests [0;32mOK[0m
test_converters.R............. 31 tests [0;32mOK[0m
test_converters.R............. 32 tests [0;32mOK[0m
test_converters.R............. 33 tests [0;32mOK[0m
test_converters.R............. 34 tests [0;32mOK[0m
test_converters.R............. 34 tests [0;32mOK[0m
test_converters.R............. 34 tests [0;32mOK[0m
test_converters.R............. 35 tests [0;32mOK[0m
test_converters.R............. 36 tests [0;32mOK[0m
test_converters.R............. 37 tests [0;32mOK[0m
test_converters.R............. 38 tests [0;32mOK[0m INFO [2025-10-23 22:45:21] ** Raw data from Spectronaut imported successfully.
INFO [2025-10-23 22:45:21] ** Raw data from Spectronaut cleaned successfully.
INFO [2025-10-23 22:45:21] ** Using provided annotation.
INFO [2025-10-23 22:45:21] ** Run labels were standardized to remove symbols such as '.' or '%'.
INFO [2025-10-23 22:45:21] ** The following options are used:
- Features will be defined by the columns: PeptideSequence, PrecursorCharge, FragmentIon, ProductCharge
- Shared peptides will be removed.
- Proteins with single feature will not be removed.
- Features with less than 3 measurements across runs will be removed.
INFO [2025-10-23 22:45:21] ** Intensities with values of FExcludedFromQuantification equal to TRUE are replaced with NA
WARN [2025-10-23 22:45:21] ** PGQvalue not found in input columns.
WARN [2025-10-23 22:45:21] ** EGQvalue not found in input columns.
INFO [2025-10-23 22:45:21] ** Features with all missing measurements across runs are removed.
INFO [2025-10-23 22:45:21] ** Shared peptides are removed.
INFO [2025-10-23 22:45:21] ** Multiple measurements in a feature and a run are summarized by summaryforMultipleRows: max
INFO [2025-10-23 22:45:21] ** Features with one or two measurements across runs are removed.
INFO [2025-10-23 22:45:21] ** Run annotation merged with quantification data.
INFO [2025-10-23 22:45:21] ** Features with one or two measurements across runs are removed.
INFO [2025-10-23 22:45:21] ** Fractionation handled.
INFO [2025-10-23 22:45:21] ** Updated quantification data to make balanced design. Missing values are marked by NA
INFO [2025-10-23 22:45:21] ** Finished preprocessing. The dataset is ready to be processed by the dataProcess function.
test_converters.R............. 38 tests [0;32mOK[0m
test_converters.R............. 40 tests [0;32mOK[0m
test_converters.R............. 41 tests [0;32mOK[0m
test_converters.R............. 42 tests [0;32mOK[0m
test_converters.R............. 43 tests [0;32mOK[0m
test_converters.R............. 44 tests [0;32mOK[0m
test_converters.R............. 45 tests [0;32mOK[0m
test_converters.R............. 45 tests [0;32mOK[0m
test_converters.R............. 45 tests [0;32mOK[0m
test_converters.R............. 45 tests [0;32mOK[0m INFO [2025-10-23 22:45:22] ** Raw data from ProteomeDiscoverer imported successfully.
INFO [2025-10-23 22:45:22] ** Raw data from ProteomeDiscoverer cleaned successfully.
INFO [2025-10-23 22:45:22] ** Using provided annotation.
INFO [2025-10-23 22:45:22] ** Run labels were standardized to remove symbols such as '.' or '%'.
INFO [2025-10-23 22:45:22] ** The following options are used:
- Features will be defined by the columns: PeptideSequence, PrecursorCharge
- Shared peptides will be removed.
- Proteins with single feature will not be removed.
- Features with less than 3 measurements across runs will be removed.
INFO [2025-10-23 22:45:22] ** Features with all missing measurements across runs are removed.
INFO [2025-10-23 22:45:22] ** Shared peptides are removed.
INFO [2025-10-23 22:45:22] ** Multiple measurements in a feature and a run are summarized by summaryforMultipleRows: max
INFO [2025-10-23 22:45:22] ** Features with one or two measurements across runs are removed.
INFO [2025-10-23 22:45:22] ** Run annotation merged with quantification data.
INFO [2025-10-23 22:45:22] ** Features with one or two measurements across runs are removed.
INFO [2025-10-23 22:45:22] ** Fractionation handled.
INFO [2025-10-23 22:45:22] ** Updated quantification data to make balanced design. Missing values are marked by NA
INFO [2025-10-23 22:45:22] ** Finished preprocessing. The dataset is ready to be processed by the dataProcess function.
test_converters.R............. 46 tests [0;32mOK[0m INFO: Extracting modifications
INFO [2025-10-23 22:45:23] ** Raw data from ProteomeDiscoverer imported successfully.
INFO [2025-10-23 22:45:23] ** Raw data from ProteomeDiscoverer cleaned successfully.
INFO [2025-10-23 22:45:23] ** Using provided annotation.
INFO [2025-10-23 22:45:23] ** Run labels were standardized to remove symbols such as '.' or '%'.
INFO [2025-10-23 22:45:23] ** The following options are used:
- Features will be defined by the columns: PeptideSequence, PrecursorCharge
- Shared peptides will be removed.
- Proteins with single feature will not be removed.
- Features with less than 3 measurements across runs will be removed.
INFO [2025-10-23 22:45:23] ** Features with all missing measurements across runs are removed.
INFO [2025-10-23 22:45:23] ** Shared peptides are removed.
INFO [2025-10-23 22:45:23] ** Multiple measurements in a feature and a run are summarized by summaryforMultipleRows: max
INFO [2025-10-23 22:45:23] ** Features with one or two measurements across runs are removed.
INFO [2025-10-23 22:45:23] ** Run annotation merged with quantification data.
INFO [2025-10-23 22:45:23] ** Features with one or two measurements across runs are removed.
INFO [2025-10-23 22:45:23] ** Fractionation handled.
INFO [2025-10-23 22:45:23] ** Updated quantification data to make balanced design. Missing values are marked by NA
INFO [2025-10-23 22:45:23] ** Finished preprocessing. The dataset is ready to be processed by the dataProcess function.
test_converters.R............. 47 tests [0;32mOK[0m INFO: Extracting modifications
INFO [2025-10-23 22:45:24] ** Raw data from ProteomeDiscoverer imported successfully.
INFO [2025-10-23 22:45:24] ** Raw data from ProteomeDiscoverer cleaned successfully.
INFO [2025-10-23 22:45:24] ** Using provided annotation.
INFO [2025-10-23 22:45:24] ** Run labels were standardized to remove symbols such as '.' or '%'.
INFO [2025-10-23 22:45:24] ** The following options are used:
- Features will be defined by the columns: PeptideSequence, PrecursorCharge
- Shared peptides will be removed.
- Proteins with single feature will not be removed.
- Features with less than 3 measurements across runs will be removed.
INFO [2025-10-23 22:45:24] ** Features with all missing measurements across runs are removed.
INFO [2025-10-23 22:45:24] ** Shared peptides are removed.
INFO [2025-10-23 22:45:24] ** Multiple measurements in a feature and a run are summarized by summaryforMultipleRows: max
INFO [2025-10-23 22:45:24] ** Features with one or two measurements across runs are removed.
INFO [2025-10-23 22:45:24] ** Run annotation merged with quantification data.
INFO [2025-10-23 22:45:24] ** Features with one or two measurements across runs are removed.
INFO [2025-10-23 22:45:24] ** Fractionation handled.
INFO [2025-10-23 22:45:24] ** Updated quantification data to make balanced design. Missing values are marked by NA
INFO [2025-10-23 22:45:24] ** Finished preprocessing. The dataset is ready to be processed by the dataProcess function.
test_converters.R............. 48 tests [0;32mOK[0m INFO [2025-10-23 22:45:25] ** Raw data from ProteomeDiscoverer imported successfully.
INFO [2025-10-23 22:45:25] ** Raw data from ProteomeDiscoverer cleaned successfully.
INFO [2025-10-23 22:45:25] ** Using provided annotation.
INFO [2025-10-23 22:45:25] ** Run labels were standardized to remove symbols such as '.' or '%'.
INFO [2025-10-23 22:45:25] ** The following options are used:
- Features will be defined by the columns: PeptideSequence, PrecursorCharge
- Shared peptides will be removed.
- Proteins with single feature will not be removed.
- Features with less than 3 measurements across runs will be removed.
INFO [2025-10-23 22:45:25] ** Features with all missing measurements across runs are removed.
INFO [2025-10-23 22:45:25] ** Shared peptides are removed.
INFO [2025-10-23 22:45:25] ** Multiple measurements in a feature and a run are summarized by summaryforMultipleRows: max
INFO [2025-10-23 22:45:25] ** Features with one or two measurements across runs are removed.
INFO [2025-10-23 22:45:25] ** Run annotation merged with quantification data.
INFO [2025-10-23 22:45:25] ** Features with one or two measurements across runs are removed.
INFO [2025-10-23 22:45:25] ** Fractionation handled.
INFO [2025-10-23 22:45:26] ** Updated quantification data to make balanced design. Missing values are marked by NA
INFO [2025-10-23 22:45:26] ** Finished preprocessing. The dataset is ready to be processed by the dataProcess function.
test_converters.R............. 49 tests [0;32mOK[0m
test_converters.R............. 50 tests [0;32mOK[0m INFO [2025-10-23 22:45:27] ** Raw data from ProteomeDiscoverer imported successfully.
INFO [2025-10-23 22:45:27] ** Raw data from ProteomeDiscoverer cleaned successfully.
INFO [2025-10-23 22:45:27] ** Using provided annotation.
INFO [2025-10-23 22:45:27] ** Run labels were standardized to remove symbols such as '.' or '%'.
INFO [2025-10-23 22:45:27] ** The following options are used:
- Features will be defined by the columns: PeptideSequence, PrecursorCharge
- Shared peptides will be removed.
- Proteins with single feature will not be removed.
- Features with less than 3 measurements across runs will be removed.
INFO [2025-10-23 22:45:27] ** Features with all missing measurements across runs are removed.
INFO [2025-10-23 22:45:27] ** Shared peptides are removed.
INFO [2025-10-23 22:45:27] ** Multiple measurements in a feature and a run are summarized by summaryforMultipleRows: max
INFO [2025-10-23 22:45:27] ** Features with one or two measurements across runs are removed.
INFO [2025-10-23 22:45:27] ** Run annotation merged with quantification data.
INFO [2025-10-23 22:45:27] ** Features with one or two measurements across runs are removed.
INFO [2025-10-23 22:45:27] ** Fractionation handled.
INFO [2025-10-23 22:45:27] ** Updated quantification data to make balanced design. Missing values are marked by NA
INFO [2025-10-23 22:45:27] ** Finished preprocessing. The dataset is ready to be processed by the dataProcess function.
test_converters.R............. 51 tests [0;32mOK[0m
test_converters.R............. 52 tests [0;32mOK[0m
test_converters.R............. 53 tests [0;32mOK[0m
test_converters.R............. 53 tests [0;32mOK[0m
test_converters.R............. 53 tests [0;32mOK[0m
test_converters.R............. 53 tests [0;32mOK[0m
test_converters.R............. 53 tests [0;32mOK[0m
test_converters.R............. 53 tests [0;32mOK[0m
test_converters.R............. 53 tests [0;32mOK[0m
test_converters.R............. 53 tests [0;32mOK[0m
test_converters.R............. 53 tests [0;32mOK[0m
test_converters.R............. 53 tests [0;32mOK[0m INFO: Extracting modifications
INFO [2025-10-23 22:45:27] ** Raw data from ProteomeDiscoverer imported successfully.
INFO [2025-10-23 22:45:27] ** Raw data from ProteomeDiscoverer cleaned successfully.
INFO [2025-10-23 22:45:27] ** Using provided annotation.
INFO [2025-10-23 22:45:27] ** Run and Channel labels were standardized to remove symbols such as '.' or '%'.
INFO [2025-10-23 22:45:27] ** The following options are used:
- Features will be defined by the columns: PeptideSequence, PrecursorCharge
- Shared peptides will be removed.
- Proteins with single feature will not be removed.
- Features with less than 3 measurements within each run will be removed.
INFO [2025-10-23 22:45:27] ** Features with all missing measurements across channels within each run are removed.
INFO [2025-10-23 22:45:27] ** Shared peptides are removed.
INFO [2025-10-23 22:45:27] ** Features with one or two measurements across channels within each run are removed.
INFO [2025-10-23 22:45:27] ** PSMs have been aggregated to peptide ions.
INFO [2025-10-23 22:45:27] ** Run annotation merged with quantification data.
INFO [2025-10-23 22:45:27] ** Features with one or two measurements across channels within each run are removed.
INFO [2025-10-23 22:45:27] ** Fractionation handled.
INFO [2025-10-23 22:45:27] ** Updated quantification data to make balanced design. Missing values are marked by NA
INFO [2025-10-23 22:45:27] ** Finished preprocessing. The dataset is ready to be processed by the proteinSummarization function.
INFO [2025-10-23 22:45:27] ** Raw data from ProteomeDiscoverer imported successfully.
INFO [2025-10-23 22:45:27] ** Raw data from ProteomeDiscoverer cleaned successfully.
INFO [2025-10-23 22:45:27] ** Using provided annotation.
INFO [2025-10-23 22:45:27] ** Run and Channel labels were standardized to remove symbols such as '.' or '%'.
INFO [2025-10-23 22:45:27] ** The following options are used:
- Features will be defined by the columns: PeptideSequence, PrecursorCharge
- Shared peptides will be removed.
- Proteins with single feature will not be removed.
- Features with less than 3 measurements within each run will be removed.
INFO [2025-10-23 22:45:27] ** Features with all missing measurements across channels within each run are removed.
INFO [2025-10-23 22:45:27] ** Shared peptides are removed.
INFO [2025-10-23 22:45:27] ** Features with one or two measurements across channels within each run are removed.
INFO [2025-10-23 22:45:27] ** PSMs have been aggregated to peptide ions.
INFO [2025-10-23 22:45:27] ** Run annotation merged with quantification data.
INFO [2025-10-23 22:45:27] ** For peptides overlapped between fractions of mixture1_1 use the fraction with maximal average abundance.
INFO [2025-10-23 22:45:27] ** Fractions belonging to same mixture have been combined.
INFO [2025-10-23 22:45:27] ** Features with one or two measurements across channels within each run are removed.
INFO [2025-10-23 22:45:27] ** Fractionation handled.
INFO [2025-10-23 22:45:27] ** Updated quantification data to make balanced design. Missing values are marked by NA
INFO [2025-10-23 22:45:27] ** Finished preprocessing. The dataset is ready to be processed by the proteinSummarization function.
test_converters.R............. 53 tests [0;32mOK[0m
test_converters.R............. 55 tests [0;32mOK[0m
test_converters.R............. 56 tests [0;32mOK[0m
test_converters.R............. 57 tests [0;32mOK[0m
test_converters.R............. 58 tests [0;32mOK[0m
test_converters.R............. 59 tests [0;32mOK[0m
test_converters.R............. 60 tests [0;32mOK[0m
test_converters.R............. 60 tests [0;32mOK[0m
test_converters.R............. 60 tests [0;32mOK[0m
test_converters.R............. 60 tests [0;32mOK[0m
test_converters.R............. 60 tests [0;32mOK[0m
test_converters.R............. 60 tests [0;32mOK[0m
test_converters.R............. 60 tests [0;32mOK[0m
test_converters.R............. 60 tests [0;32mOK[0m
test_converters.R............. 60 tests [0;32mOK[0m
test_converters.R............. 60 tests [0;32mOK[0m
test_converters.R............. 61 tests [0;32mOK[0m
test_converters.R............. 62 tests [0;32mOK[0m
test_converters.R............. 63 tests [0;32mOK[0m
test_converters.R............. 64 tests [0;32mOK[0m
test_converters.R............. 65 tests [0;32mOK[0m [1] "FASTA file missing 3 Proteins. These will be removed. This may be due to non-unique identifications."
INFO [2025-10-23 22:45:27] ** Raw data from Metamorpheus imported successfully.
INFO [2025-10-23 22:45:27] ** Raw data from Metamorpheus cleaned successfully.
INFO [2025-10-23 22:45:27] ** Using provided annotation.
INFO [2025-10-23 22:45:27] ** Run labels were standardized to remove symbols such as '.' or '%'.
INFO [2025-10-23 22:45:27] ** The following options are used:
- Features will be defined by the columns: PeptideSequence, PrecursorCharge
- Shared peptides will be removed.
- Proteins with single feature will not be removed.
- Features with less than 3 measurements across runs will be removed.
INFO [2025-10-23 22:45:27] ** Features with all missing measurements across runs are removed.
INFO [2025-10-23 22:45:27] ** Shared peptides are removed.
INFO [2025-10-23 22:45:27] ** Multiple measurements in a feature and a run are summarized by summaryforMultipleRows: max
INFO [2025-10-23 22:45:27] ** Features with one or two measurements across runs are removed.
INFO [2025-10-23 22:45:27] ** Run annotation merged with quantification data.
INFO [2025-10-23 22:45:27] ** Features with one or two measurements across runs are removed.
INFO [2025-10-23 22:45:27] ** Fractionation handled.
INFO [2025-10-23 22:45:27] ** Updated quantification data to make balanced design. Missing values are marked by NA
INFO [2025-10-23 22:45:27] ** Finished preprocessing. The dataset is ready to be processed by the dataProcess function.
INFO [2025-10-23 22:45:27] ** Raw data from Metamorpheus imported successfully.
INFO [2025-10-23 22:45:27] ** Raw data from Metamorpheus cleaned successfully.
INFO [2025-10-23 22:45:27] ** Using provided annotation.
INFO [2025-10-23 22:45:27] ** Run labels were standardized to remove symbols such as '.' or '%'.
INFO [2025-10-23 22:45:27] ** The following options are used:
- Features will be defined by the columns: PeptideSequence, PrecursorCharge
- Shared peptides will be removed.
- Proteins with single feature will not be removed.
- Features with less than 3 measurements across runs will be removed.
INFO [2025-10-23 22:45:27] ** Features with all missing measurements across runs are removed.
INFO [2025-10-23 22:45:27] ** Shared peptides are removed.
INFO [2025-10-23 22:45:27] ** Multiple measurements in a feature and a run are summarized by summaryforMultipleRows: max
INFO [2025-10-23 22:45:27] ** Features with one or two measurements across runs are removed.
INFO [2025-10-23 22:45:27] ** Run annotation merged with quantification data.
INFO [2025-10-23 22:45:27] ** Features with one or two measurements across runs are removed.
INFO [2025-10-23 22:45:27] ** Fractionation handled.
INFO [2025-10-23 22:45:27] ** Updated quantification data to make balanced design. Missing values are marked by NA
INFO [2025-10-23 22:45:27] ** Finished preprocessing. The dataset is ready to be processed by the dataProcess function.
test_converters.R............. 65 tests [0;32mOK[0m
test_converters.R............. 67 tests [0;32mOK[0m
test_converters.R............. 68 tests [0;32mOK[0m
test_converters.R............. 69 tests [0;32mOK[0m
test_converters.R............. 70 tests [0;32mOK[0m
test_converters.R............. 71 tests [0;32mOK[0m
test_converters.R............. 72 tests [0;32mOK[0m [1] "FASTA file missing 3 Proteins. These will be removed. This may be due to non-unique identifications."
INFO [2025-10-23 22:45:28] ** Raw data from Metamorpheus imported successfully.
INFO [2025-10-23 22:45:28] ** Raw data from Metamorpheus cleaned successfully.
INFO [2025-10-23 22:45:28] ** Using provided annotation.
INFO [2025-10-23 22:45:28] ** Run labels were standardized to remove symbols such as '.' or '%'.
INFO [2025-10-23 22:45:28] ** The following options are used:
- Features will be defined by the columns: PeptideSequence, PrecursorCharge
- Shared peptides will be removed.
- Proteins with single feature will not be removed.
- Features with less than 3 measurements across runs will be removed.
INFO [2025-10-23 22:45:28] ** Features with all missing measurements across runs are removed.
INFO [2025-10-23 22:45:28] ** Shared peptides are removed.
INFO [2025-10-23 22:45:28] ** Multiple measurements in a feature and a run are summarized by summaryforMultipleRows: max
INFO [2025-10-23 22:45:28] ** Features with one or two measurements across runs are removed.
INFO [2025-10-23 22:45:28] ** Run annotation merged with quantification data.
INFO [2025-10-23 22:45:28] ** Features with one or two measurements across runs are removed.
INFO [2025-10-23 22:45:28] ** Fractionation handled.
INFO [2025-10-23 22:45:28] ** Updated quantification data to make balanced design. Missing values are marked by NA
INFO [2025-10-23 22:45:28] ** Finished preprocessing. The dataset is ready to be processed by the dataProcess function.
INFO [2025-10-23 22:45:28] ** Raw data from Metamorpheus imported successfully.
INFO [2025-10-23 22:45:28] ** Raw data from Metamorpheus cleaned successfully.
INFO [2025-10-23 22:45:28] ** Using provided annotation.
INFO [2025-10-23 22:45:28] ** Run labels were standardized to remove symbols such as '.' or '%'.
INFO [2025-10-23 22:45:28] ** The following options are used:
- Features will be defined by the columns: PeptideSequence, PrecursorCharge
- Shared peptides will be removed.
- Proteins with single feature will not be removed.
- Features with less than 3 measurements across runs will be removed.
INFO [2025-10-23 22:45:28] ** Features with all missing measurements across runs are removed.
INFO [2025-10-23 22:45:28] ** Shared peptides are removed.
INFO [2025-10-23 22:45:28] ** Multiple measurements in a feature and a run are summarized by summaryforMultipleRows: max
INFO [2025-10-23 22:45:28] ** Features with one or two measurements across runs are removed.
INFO [2025-10-23 22:45:28] ** Run annotation merged with quantification data.
INFO [2025-10-23 22:45:28] ** Features with one or two measurements across runs are removed.
INFO [2025-10-23 22:45:28] ** Fractionation handled.
INFO [2025-10-23 22:45:28] ** Updated quantification data to make balanced design. Missing values are marked by NA
INFO [2025-10-23 22:45:28] ** Finished preprocessing. The dataset is ready to be processed by the dataProcess function.
test_converters.R............. 72 tests [0;32mOK[0m
test_converters.R............. 74 tests [0;32mOK[0m
test_converters.R............. 75 tests [0;32mOK[0m
test_converters.R............. 76 tests [0;32mOK[0m
test_converters.R............. 77 tests [0;32mOK[0m
test_converters.R............. 78 tests [0;32mOK[0m
test_converters.R............. 79 tests [0;32mOK[0m
test_converters.R............. 79 tests [0;32mOK[0m
test_converters.R............. 79 tests [0;32mOK[0m
test_converters.R............. 79 tests [0;32mOK[0m
test_converters.R............. 79 tests [0;32mOK[0m
test_converters.R............. 79 tests [0;32mOK[0m
test_converters.R............. 79 tests [0;32mOK[0m
test_converters.R............. 80 tests [0;32mOK[0m
test_converters.R............. 81 tests [0;32mOK[0m INFO [2025-10-23 22:45:28] ** Raw data from Progenesis imported successfully.
INFO [2025-10-23 22:45:28] ** Raw data from Progenesis cleaned successfully.
INFO [2025-10-23 22:45:28] ** Using provided annotation.
INFO [2025-10-23 22:45:28] ** Run labels were standardized to remove symbols such as '.' or '%'.
INFO [2025-10-23 22:45:28] ** The following options are used:
- Features will be defined by the columns: PeptideSequence, PrecursorCharge
- Shared peptides will be removed.
- Proteins with single feature will not be removed.
- Features with less than 3 measurements across runs will be removed.
INFO [2025-10-23 22:45:28] ** Features with all missing measurements across runs are removed.
INFO [2025-10-23 22:45:28] ** Shared peptides are removed.
INFO [2025-10-23 22:45:28] ** Multiple measurements in a feature and a run are summarized by summaryforMultipleRows: max
INFO [2025-10-23 22:45:28] ** Features with one or two measurements across runs are removed.
INFO [2025-10-23 22:45:28] ** Run annotation merged with quantification data.
INFO [2025-10-23 22:45:28] ** Features with one or two measurements across runs are removed.
INFO [2025-10-23 22:45:28] ** Fractionation handled.
INFO [2025-10-23 22:45:28] ** Updated quantification data to make balanced design. Missing values are marked by NA
INFO [2025-10-23 22:45:28] ** Finished preprocessing. The dataset is ready to be processed by the dataProcess function.
test_converters.R............. 81 tests [0;32mOK[0m
test_converters.R............. 82 tests [0;32mOK[0m
test_converters.R............. 83 tests [0;32mOK[0m
test_converters.R............. 84 tests [0;32mOK[0m INFO [2025-10-23 22:45:29] ** Raw data from Philosopher imported successfully.
INFO [2025-10-23 22:45:29] ** Using provided annotation.
INFO [2025-10-23 22:45:29] ** Run and Channel labels were standardized to remove symbols such as '.' or '%'.
INFO [2025-10-23 22:45:29] ** The following options are used:
- Features will be defined by the columns: PeptideSequence, PrecursorCharge
- Shared peptides will be removed.
- Proteins with single feature will not be removed.
- Features with less than 3 measurements within each run will be kept.
INFO [2025-10-23 22:45:29] ** Rows with values not greater than 0.6 in Purity are removed
WARN [2025-10-23 22:45:29] ** PeptideProphetProbability not found in input columns.
INFO [2025-10-23 22:45:29] ** Sequences containing Oxidation are removed.
INFO [2025-10-23 22:45:29] ** Features with all missing measurements across channels within each run are removed.
INFO [2025-10-23 22:45:29] ** Shared peptides are removed.
INFO [2025-10-23 22:45:29] ** Features with all missing measurements across channels within each run are removed.
INFO [2025-10-23 22:45:29] ** PSMs have been aggregated to peptide ions.
INFO [2025-10-23 22:45:29] ** Run annotation merged with quantification data.
INFO [2025-10-23 22:45:29] ** Features with one or two measurements across channels within each run are removed.
INFO [2025-10-23 22:45:29] ** Fractionation handled.
INFO [2025-10-23 22:45:29] ** Updated quantification data to make balanced design. Missing values are marked by NA
INFO [2025-10-23 22:45:29] ** Finished preprocessing. The dataset is ready to be processed by the proteinSummarization function.
INFO [2025-10-23 22:45:29] ** Raw data from Philosopher imported successfully.
test_converters.R............. 85 tests [0;32mOK[0m
test_converters.R............. 86 tests [0;32mOK[0m INFO [2025-10-23 22:45:29] ** Raw data from Philosopher imported successfully.
INFO [2025-10-23 22:45:29] ** Using provided annotation.
INFO [2025-10-23 22:45:29] ** Run and Channel labels were standardized to remove symbols such as '.' or '%'.
INFO [2025-10-23 22:45:29] ** The following options are used:
- Features will be defined by the columns: PeptideSequence, PrecursorCharge
- Shared peptides will be removed.
- Proteins with single feature will not be removed.
- Features with less than 3 measurements within each run will be kept.
INFO [2025-10-23 22:45:29] ** Rows with values not greater than 0.6 in Purity are removed
WARN [2025-10-23 22:45:29] ** PeptideProphetProbability not found in input columns.
INFO [2025-10-23 22:45:29] ** Sequences containing Oxidation are removed.
INFO [2025-10-23 22:45:29] ** Features with all missing measurements across channels within each run are removed.
INFO [2025-10-23 22:45:29] ** Shared peptides are removed.
INFO [2025-10-23 22:45:29] ** Features with all missing measurements across channels within each run are removed.
INFO [2025-10-23 22:45:30] ** PSMs have been aggregated to peptide ions.
INFO [2025-10-23 22:45:30] ** Run annotation merged with quantification data.
INFO [2025-10-23 22:45:30] ** Features with one or two measurements across channels within each run are removed.
INFO [2025-10-23 22:45:30] ** Fractionation handled.
INFO [2025-10-23 22:45:30] ** Updated quantification data to make balanced design. Missing values are marked by NA
INFO [2025-10-23 22:45:30] ** Finished preprocessing. The dataset is ready to be processed by the proteinSummarization function.
INFO [2025-10-23 22:45:30] ** Raw data from Philosopher imported successfully.
INFO [2025-10-23 22:45:30] ** Using provided annotation.
INFO [2025-10-23 22:45:30] ** Run and Channel labels were standardized to remove symbols such as '.' or '%'.
INFO [2025-10-23 22:45:30] ** The following options are used:
- Features will be defined by the columns: PeptideSequence, PrecursorCharge
- Shared peptides will be removed.
- Proteins with single feature will not be removed.
- Features with less than 3 measurements within each run will be kept.
INFO [2025-10-23 22:45:30] ** Rows with values not greater than 0.6 in Purity are removed
WARN [2025-10-23 22:45:30] ** PeptideProphetProbability not found in input columns.
INFO [2025-10-23 22:45:30] ** Sequences containing Oxidation are removed.
INFO [2025-10-23 22:45:30] ** Features with all missing measurements across channels within each run are removed.
INFO [2025-10-23 22:45:30] ** Shared peptides are removed.
INFO [2025-10-23 22:45:30] ** Features with all missing measurements across channels within each run are removed.
INFO [2025-10-23 22:45:30] ** PSMs have been aggregated to peptide ions.
INFO [2025-10-23 22:45:30] ** Run annotation merged with quantification data.
INFO [2025-10-23 22:45:30] ** Features with one or two measurements across channels within each run are removed.
INFO [2025-10-23 22:45:30] ** Fractionation handled.
INFO [2025-10-23 22:45:30] ** Updated quantification data to make balanced design. Missing values are marked by NA
INFO [2025-10-23 22:45:30] ** Finished preprocessing. The dataset is ready to be processed by the proteinSummarization function.
test_converters.R............. 86 tests [0;32mOK[0m
test_converters.R............. 88 tests [0;32mOK[0m
test_converters.R............. 89 tests [0;32mOK[0m
test_converters.R............. 90 tests [0;32mOK[0m
test_converters.R............. 91 tests [0;32mOK[0m
test_converters.R............. 92 tests [0;32mOK[0m
test_converters.R............. 93 tests [0;32mOK[0m
test_converters.R............. 93 tests [0;32mOK[0m
test_converters.R............. 93 tests [0;32mOK[0m
test_converters.R............. 93 tests [0;32mOK[0m
test_converters.R............. 93 tests [0;32mOK[0m
test_converters.R............. 94 tests [0;32mOK[0m
test_converters.R............. 95 tests [0;32mOK[0m INFO [2025-10-23 22:45:30] ** Raw data from FragPipe imported successfully.
INFO [2025-10-23 22:45:30] ** Using annotation extracted from quantification data.
INFO [2025-10-23 22:45:30] ** Run labels were standardized to remove symbols such as '.' or '%'.
INFO [2025-10-23 22:45:30] ** The following options are used:
- Features will be defined by the columns: PeptideSequence, PrecursorCharge, FragmentIon, ProductCharge
- Shared peptides will be removed.
- Proteins with single feature will not be removed.
- Features with less than 3 measurements across runs will be kept.
INFO [2025-10-23 22:45:30] ** Features with all missing measurements across runs are removed.
INFO [2025-10-23 22:45:30] ** Shared peptides are removed.
INFO [2025-10-23 22:45:30] ** Multiple measurements in a feature and a run are summarized by summaryforMultipleRows: sum
INFO [2025-10-23 22:45:30] ** Features with all missing measurements across runs are removed.
INFO [2025-10-23 22:45:30] ** Run annotation merged with quantification data.
INFO [2025-10-23 22:45:30] ** Features with all missing measurements across runs are removed.
INFO [2025-10-23 22:45:30] ** Fractionation handled.
INFO [2025-10-23 22:45:30] ** Updated quantification data to make balanced design. Missing values are marked by NA
INFO [2025-10-23 22:45:30] ** Finished preprocessing. The dataset is ready to be processed by the dataProcess function.
test_converters.R............. 95 tests [0;32mOK[0m
test_converters.R............. 96 tests [0;32mOK[0m
test_converters.R............. 97 tests [0;32mOK[0m
test_converters.R............. 98 tests [0;32mOK[0m
test_converters.R............. 98 tests [0;32mOK[0m
test_converters.R............. 98 tests [0;32mOK[0m
test_converters.R............. 98 tests [0;32mOK[0m
test_converters.R............. 98 tests [0;32mOK[0m
test_converters.R............. 98 tests [0;32mOK[0m
test_converters.R............. 98 tests [0;32mOK[0m
test_converters.R............. 98 tests [0;32mOK[0m
test_converters.R............. 98 tests [0;32mOK[0m
test_converters.R............. 99 tests [0;32mOK[0m
test_converters.R............. 100 tests [0;32mOK[0m
test_converters.R............. 101 tests [0;32mOK[0m
test_converters.R............. 102 tests [0;32mOK[0m
test_converters.R............. 103 tests [0;32mOK[0m INFO [2025-10-23 22:45:31] ** Raw data from ProteinProspector imported successfully.
INFO [2025-10-23 22:45:31] ** Raw data from ProteinProspector cleaned successfully.
INFO [2025-10-23 22:45:31] ** Using provided annotation.
INFO [2025-10-23 22:45:31] ** Run and Channel labels were standardized to remove symbols such as '.' or '%'.
INFO [2025-10-23 22:45:31] ** The following options are used:
- Features will be defined by the columns: PeptideSequence, PrecursorCharge
- Shared peptides will be removed.
- Proteins with single feature will not be removed.
- Features with less than 3 measurements within each run will be removed.
INFO [2025-10-23 22:45:31] ** Features with all missing measurements across channels within each run are removed.
INFO [2025-10-23 22:45:31] ** Shared peptides are removed.
INFO [2025-10-23 22:45:31] ** Features with one or two measurements across channels within each run are removed.
INFO [2025-10-23 22:45:31] ** PSMs have been aggregated to peptide ions.
INFO [2025-10-23 22:45:31] ** Run annotation merged with quantification data.
INFO [2025-10-23 22:45:31] ** For peptides overlapped between fractions of Mixture1_1 use the fraction with maximal average abundance.
INFO [2025-10-23 22:45:31] ** Fractions belonging to same mixture have been combined.
INFO [2025-10-23 22:45:31] ** Features with one or two measurements across channels within each run are removed.
INFO [2025-10-23 22:45:31] ** Fractionation handled.
INFO [2025-10-23 22:45:31] ** Updated quantification data to make balanced design. Missing values are marked by NA
INFO [2025-10-23 22:45:31] ** Finished preprocessing. The dataset is ready to be processed by the proteinSummarization function.
INFO [2025-10-23 22:45:31] ** Raw data from ProteinProspector imported successfully.
INFO [2025-10-23 22:45:31] ** Raw data from ProteinProspector cleaned successfully.
INFO [2025-10-23 22:45:31] ** Using provided annotation.
INFO [2025-10-23 22:45:31] ** Run and Channel labels were standardized to remove symbols such as '.' or '%'.
INFO [2025-10-23 22:45:31] ** The following options are used:
- Features will be defined by the columns: PeptideSequence, PrecursorCharge
- Shared peptides will be removed.
- Proteins with single feature will not be removed.
- Features with less than 3 measurements within each run will be removed.
INFO [2025-10-23 22:45:31] ** Features with all missing measurements across channels within each run are removed.
INFO [2025-10-23 22:45:31] ** Shared peptides are removed.
INFO [2025-10-23 22:45:31] ** Features with one or two measurements across channels within each run are removed.
INFO [2025-10-23 22:45:31] ** PSMs have been aggregated to peptide ions.
INFO [2025-10-23 22:45:31] ** Run annotation merged with quantification data.
INFO [2025-10-23 22:45:31] ** For peptides overlapped between fractions of Mixture1_1 use the fraction with maximal average abundance.
INFO [2025-10-23 22:45:31] ** Fractions belonging to same mixture have been combined.
INFO [2025-10-23 22:45:31] ** Features with one or two measurements across channels within each run are removed.
INFO [2025-10-23 22:45:31] ** Fractionation handled.
INFO [2025-10-23 22:45:31] ** Updated quantification data to make balanced design. Missing values are marked by NA
INFO [2025-10-23 22:45:31] ** Finished preprocessing. The dataset is ready to be processed by the proteinSummarization function.
test_converters.R............. 103 tests [0;32mOK[0m
test_converters.R............. 105 tests [0;32mOK[0m
test_converters.R............. 106 tests [0;32mOK[0m
test_converters.R............. 107 tests [0;32mOK[0m
test_converters.R............. 108 tests [0;32mOK[0m
test_converters.R............. 109 tests [0;32mOK[0m
test_converters.R............. 110 tests [0;32mOK[0m
test_converters.R............. 111 tests [0;32mOK[0m [0;34m15.0s[0m
test_dataSummarizationPTM.R... 0 tests
test_dataSummarizationPTM.R... 1 tests [0;32mOK[0m
test_dataSummarizationPTM.R... 2 tests [0;32mOK[0m
test_dataSummarizationPTM.R... 3 tests [0;32mOK[0m
test_dataSummarizationPTM.R... 4 tests [0;32mOK[0m
test_dataSummarizationPTM.R... 5 tests [0;32mOK[0m
test_dataSummarizationPTM.R... 6 tests [0;32mOK[0m
test_dataSummarizationPTM.R... 7 tests [0;32mOK[0m
test_dataSummarizationPTM.R... 8 tests [0;32mOK[0m
test_dataSummarizationPTM.R... 9 tests [0;32mOK[0m
test_dataSummarizationPTM.R... 10 tests [0;32mOK[0m
test_dataSummarizationPTM.R... 11 tests [0;32mOK[0m
test_dataSummarizationPTM.R... 12 tests [0;32mOK[0m
test_dataSummarizationPTM.R... 13 tests [0;32mOK[0m
test_dataSummarizationPTM.R... 14 tests [0;32mOK[0m
test_dataSummarizationPTM.R... 15 tests [0;32mOK[0m
test_dataSummarizationPTM.R... 16 tests [0;32mOK[0m
test_dataSummarizationPTM.R... 17 tests [0;32mOK[0m
test_dataSummarizationPTM.R... 18 tests [0;32mOK[0m
test_dataSummarizationPTM.R... 19 tests [0;32mOK[0m
test_dataSummarizationPTM.R... 20 tests [0;32mOK[0m
test_dataSummarizationPTM.R... 21 tests [0;32mOK[0m
test_dataSummarizationPTM.R... 22 tests [0;32mOK[0m
test_dataSummarizationPTM.R... 23 tests [0;32mOK[0m
test_dataSummarizationPTM.R... 24 tests [0;32mOK[0m
test_dataSummarizationPTM.R... 25 tests [0;32mOK[0m
test_dataSummarizationPTM.R... 26 tests [0;32mOK[0m
test_dataSummarizationPTM.R... 27 tests [0;32mOK[0m
test_dataSummarizationPTM.R... 28 tests [0;32mOK[0m
test_dataSummarizationPTM.R... 29 tests [0;32mOK[0m
test_dataSummarizationPTM.R... 30 tests [0;32mOK[0m Starting PTM summarization...
test_dataSummarizationPTM.R... 31 tests [0;32mOK[0m [0;34m0.3s[0m
test_dataSummarizationPTM_TMT.R 0 tests
test_dataSummarizationPTM_TMT.R 1 tests [0;32mOK[0m
test_dataSummarizationPTM_TMT.R 2 tests [0;32mOK[0m
test_dataSummarizationPTM_TMT.R 3 tests [0;32mOK[0m
test_dataSummarizationPTM_TMT.R 4 tests [0;32mOK[0m
test_dataSummarizationPTM_TMT.R 5 tests [0;32mOK[0m
test_dataSummarizationPTM_TMT.R 6 tests [0;32mOK[0m
test_dataSummarizationPTM_TMT.R 7 tests [0;32mOK[0m
test_dataSummarizationPTM_TMT.R 8 tests [0;32mOK[0m
test_dataSummarizationPTM_TMT.R 9 tests [0;32mOK[0m
test_dataSummarizationPTM_TMT.R 10 tests [0;32mOK[0m
test_dataSummarizationPTM_TMT.R 11 tests [0;32mOK[0m
test_dataSummarizationPTM_TMT.R 12 tests [0;32mOK[0m
test_dataSummarizationPTM_TMT.R 13 tests [0;32mOK[0m
test_dataSummarizationPTM_TMT.R 14 tests [0;32mOK[0m
test_dataSummarizationPTM_TMT.R 15 tests [0;32mOK[0m
test_dataSummarizationPTM_TMT.R 16 tests [0;32mOK[0m
test_dataSummarizationPTM_TMT.R 17 tests [0;32mOK[0m
test_dataSummarizationPTM_TMT.R 18 tests [0;32mOK[0m
test_dataSummarizationPTM_TMT.R 19 tests [0;32mOK[0m
test_dataSummarizationPTM_TMT.R 20 tests [0;32mOK[0m
test_dataSummarizationPTM_TMT.R 21 tests [0;32mOK[0m
test_dataSummarizationPTM_TMT.R 22 tests [0;32mOK[0m
test_dataSummarizationPTM_TMT.R 23 tests [0;32mOK[0m
test_dataSummarizationPTM_TMT.R 24 tests [0;32mOK[0m
test_dataSummarizationPTM_TMT.R 25 tests [0;32mOK[0m
test_dataSummarizationPTM_TMT.R 26 tests [0;32mOK[0m
test_dataSummarizationPTM_TMT.R 27 tests [0;32mOK[0m
test_dataSummarizationPTM_TMT.R 28 tests [0;32mOK[0m
test_dataSummarizationPTM_TMT.R 29 tests [0;32mOK[0m
test_dataSummarizationPTM_TMT.R 30 tests [0;32mOK[0m
test_dataSummarizationPTM_TMT.R 31 tests [0;32mOK[0m [0;34m0.2s[0m
test_groupComparisonPTM.R..... 0 tests
test_groupComparisonPTM.R..... 0 tests
test_groupComparisonPTM.R..... 1 tests [0;32mOK[0m
test_groupComparisonPTM.R..... 2 tests [0;32mOK[0m Starting PTM modeling...
test_groupComparisonPTM.R..... 3 tests [0;32mOK[0m Starting PTM modeling...
INFO [2025-10-23 22:45:36] == Start to test and get inference in whole plot ...
|
| | 0%
|
|= | 1%
|
|= | 2%
|
|== | 2%
|
|== | 3%
|
|=== | 4%
|
|=== | 5%
|
|==== | 6%
|
|===== | 7%
|
|====== | 8%
|
|====== | 9%
|
|======= | 10%
|
|======== | 11%
|
|======== | 12%
|
|========= | 12%
|
|========= | 13%
|
|========== | 14%
|
|========== | 15%
|
|=========== | 16%
|
|============ | 17%
|
|============= | 18%
|
|============= | 19%
|
|============== | 20%
|
|============== | 21%
|
|=============== | 21%
|
|================ | 22%
|
|================ | 23%
|
|================= | 24%
|
|================= | 25%
|
|================== | 26%
|
|=================== | 26%
|
|=================== | 27%
|
|==================== | 28%
|
|==================== | 29%
|
|===================== | 30%
|
|===================== | 31%
|
|====================== | 31%
|
|======================= | 32%
|
|======================= | 33%
|
|======================== | 34%
|
|======================== | 35%
|
|========================= | 36%
|
|========================== | 37%
|
|=========================== | 38%
|
|=========================== | 39%
|
|============================ | 40%
|
|============================= | 41%
|
|============================== | 42%
|
|============================== | 43%
|
|=============================== | 44%
|
|=============================== | 45%
|
|================================ | 45%
|
|================================ | 46%
|
|================================= | 47%
|
|================================== | 48%
|
|================================== | 49%
|
|=================================== | 50%
|
|==================================== | 51%
|
|==================================== | 52%
|
|===================================== | 53%
|
|====================================== | 54%
|
|====================================== | 55%
|
|======================================= | 55%
|
|======================================= | 56%
|
|======================================== | 57%
|
|======================================== | 58%
|
|========================================= | 59%
|
|========================================== | 60%
|
|=========================================== | 61%
|
|=========================================== | 62%
|
|============================================ | 63%
|
|============================================= | 64%
|
|============================================== | 65%
|
|============================================== | 66%
|
|=============================================== | 67%
|
|=============================================== | 68%
|
|================================================ | 69%
|
|================================================= | 69%
|
|================================================= | 70%
|
|================================================== | 71%
|
|================================================== | 72%
|
|=================================================== | 73%
|
|=================================================== | 74%
|
|==================================================== | 74%
|
|===================================================== | 75%
|
|===================================================== | 76%
|
|====================================================== | 77%
|
|====================================================== | 78%
|
|======================================================= | 79%
|
|======================================================== | 79%
|
|======================================================== | 80%
|
|========================================================= | 81%
|
|========================================================= | 82%
|
|========================================================== | 83%
|
|=========================================================== | 84%
|
|============================================================ | 85%
|
|============================================================ | 86%
|
|============================================================= | 87%
|
|============================================================= | 88%
|
|============================================================== | 88%
|
|============================================================== | 89%
|
|=============================================================== | 90%
|
|================================================================ | 91%
|
|================================================================ | 92%
|
|================================================================= | 93%
|
|================================================================== | 94%
|
|=================================================================== | 95%
|
|=================================================================== | 96%
|
|==================================================================== | 97%
|
|==================================================================== | 98%
|
|===================================================================== | 98%
|
|===================================================================== | 99%
|
|======================================================================| 100%
INFO [2025-10-23 22:45:40] == Comparisons for all proteins are done.
Starting Protein modeling...
INFO [2025-10-23 22:45:40] == Start to test and get inference in whole plot ...
|
| | 0%
|
|=== | 4%
|
|===== | 8%
|
|======== | 12%
|
|=========== | 15%
|
|============= | 19%
|
|================ | 23%
|
|=================== | 27%
|
|====================== | 31%
|
|======================== | 35%
|
|=========================== | 38%
|
|============================== | 42%
|
|================================ | 46%
|
|=================================== | 50%
|
|====================================== | 54%
|
|======================================== | 58%
|
|=========================================== | 62%
|
|============================================== | 65%
|
|================================================ | 69%
|
|=================================================== | 73%
|
|====================================================== | 77%
|
|========================================================= | 81%
|
|=========================================================== | 85%
|
|============================================================== | 88%
|
|================================================================= | 92%
|
|=================================================================== | 96%
|
|======================================================================| 100%
INFO [2025-10-23 22:45:40] == Comparisons for all proteins are done.
Starting adjustment...
test_groupComparisonPTM.R..... 3 tests [0;32mOK[0m
test_groupComparisonPTM.R..... 4 tests [0;32mOK[0m
test_groupComparisonPTM.R..... 5 tests [0;32mOK[0m
test_groupComparisonPTM.R..... 6 tests [0;32mOK[0m
test_groupComparisonPTM.R..... 7 tests [0;32mOK[0m
test_groupComparisonPTM.R..... 8 tests [0;32mOK[0m
test_groupComparisonPTM.R..... 9 tests [0;32mOK[0m
test_groupComparisonPTM.R..... 10 tests [0;32mOK[0m Starting PTM modeling...
INFO [2025-10-23 22:45:41] Design: 2 mixtures.
INFO [2025-10-23 22:45:41] Design: 1 MS run per mixture.
INFO [2025-10-23 22:45:41] Design: group comparison design (Different conditions contains different biological subjects).
INFO [2025-10-23 22:45:41] Model fitting for 90 proteins.
|
| | 0%
|
|= | 1%
|
|== | 2%
|
|== | 3%
|
|=== | 4%
|
|==== | 6%
|
|===== | 7%
|
|===== | 8%
|
|====== | 9%
|
|======= | 10%
|
|======== | 11%
|
|========= | 12%
|
|========= | 13%
|
|========== | 14%
|
|=========== | 16%
|
|============ | 17%
|
|============ | 18%
|
|============= | 19%
|
|============== | 20%
|
|=============== | 21%
|
|================ | 22%
|
|================ | 23%
|
|================= | 24%
|
|================== | 26%
|
|=================== | 27%
|
|=================== | 28%
|
|==================== | 29%
|
|===================== | 30%
|
|====================== | 31%
|
|======================= | 32%
|
|======================= | 33%
|
|======================== | 34%
|
|========================= | 36%
|
|========================== | 37%
|
|========================== | 38%
|
|=========================== | 39%
|
|============================ | 40%
|
|============================= | 41%
|
|============================== | 42%
|
|============================== | 43%
|
|=============================== | 44%
|
|================================ | 46%
|
|================================= | 47%
|
|================================= | 48%
|
|================================== | 49%
|
|=================================== | 50%
|
|==================================== | 51%
|
|===================================== | 52%
|
|===================================== | 53%
|
|====================================== | 54%
|
|======================================= | 56%
|
|======================================== | 57%
|
|======================================== | 58%
|
|========================================= | 59%
|
|========================================== | 60%
|
|=========================================== | 61%
|
|============================================ | 62%
|
|============================================ | 63%
|
|============================================= | 64%
|
|============================================== | 66%
|
|=============================================== | 67%
|
|=============================================== | 68%
|
|================================================ | 69%
|
|================================================= | 70%
|
|================================================== | 71%
|
|=================================================== | 72%
|
|=================================================== | 73%
|
|==================================================== | 74%
|
|===================================================== | 76%
|
|====================================================== | 77%
|
|====================================================== | 78%
|
|======================================================= | 79%
|
|======================================================== | 80%
|
|========================================================= | 81%
|
|========================================================== | 82%
|
|========================================================== | 83%
|
|=========================================================== | 84%
|
|============================================================ | 86%
|
|============================================================= | 87%
|
|============================================================= | 88%
|
|============================================================== | 89%
|
|=============================================================== | 90%
|
|================================================================ | 91%
|
|================================================================= | 92%
|
|================================================================= | 93%
|
|================================================================== | 94%
|
|=================================================================== | 96%
|
|==================================================================== | 97%
|
|==================================================================== | 98%
|
|===================================================================== | 99%
|
|======================================================================| 100%
INFO [2025-10-23 22:45:43] Testing for 90 proteins:
|
| | 0%
|
|= | 1%
|
|== | 2%
|
|== | 3%
|
|=== | 4%
|
|==== | 6%
|
|===== | 7%
|
|===== | 8%
|
|====== | 9%
|
|======= | 10%
|
|======== | 11%
|
|========= | 12%
|
|========= | 13%
|
|========== | 14%
|
|=========== | 16%
|
|============ | 17%
|
|============ | 18%
|
|============= | 19%
|
|============== | 20%
|
|=============== | 21%
|
|================ | 22%
|
|================ | 23%
|
|================= | 24%
|
|================== | 26%
|
|=================== | 27%
|
|=================== | 28%
|
|==================== | 29%
|
|===================== | 30%
|
|====================== | 31%
|
|======================= | 32%
|
|======================= | 33%
|
|======================== | 34%
|
|========================= | 36%
|
|========================== | 37%
|
|========================== | 38%
|
|=========================== | 39%
|
|============================ | 40%
|
|============================= | 41%
|
|============================== | 42%
|
|============================== | 43%
|
|=============================== | 44%
|
|================================ | 46%
|
|================================= | 47%
|
|================================= | 48%
|
|================================== | 49%
|
|=================================== | 50%
|
|==================================== | 51%
|
|===================================== | 52%
|
|===================================== | 53%
|
|====================================== | 54%
|
|======================================= | 56%
|
|======================================== | 57%
|
|======================================== | 58%
|
|========================================= | 59%
|
|========================================== | 60%
|
|=========================================== | 61%
|
|============================================ | 62%
|
|============================================ | 63%
|
|============================================= | 64%
|
|============================================== | 66%
|
|=============================================== | 67%
|
|=============================================== | 68%
|
|================================================ | 69%
|
|================================================= | 70%
|
|================================================== | 71%
|
|=================================================== | 72%
|
|=================================================== | 73%
|
|==================================================== | 74%
|
|===================================================== | 76%
|
|====================================================== | 77%
|
|====================================================== | 78%
|
|======================================================= | 79%
|
|======================================================== | 80%
|
|========================================================= | 81%
|
|========================================================== | 82%
|
|========================================================== | 83%
|
|=========================================================== | 84%
|
|============================================================ | 86%
|
|============================================================= | 87%
|
|============================================================= | 88%
|
|============================================================== | 89%
|
|=============================================================== | 90%
|
|================================================================ | 91%
|
|================================================================= | 92%
|
|================================================================= | 93%
|
|================================================================== | 94%
|
|=================================================================== | 96%
|
|==================================================================== | 97%
|
|==================================================================== | 98%
|
|===================================================================== | 99%
|
|======================================================================| 100%
Starting Protein modeling...
INFO [2025-10-23 22:45:44] Design: 2 mixtures.
INFO [2025-10-23 22:45:44] Design: 1 MS run per mixture.
INFO [2025-10-23 22:45:44] Design: group comparison design (Different conditions contains different biological subjects).
INFO [2025-10-23 22:45:44] Model fitting for 85 proteins.
|
| | 0%
|
|= | 1%
|
|== | 2%
|
|== | 4%
|
|=== | 5%
|
|==== | 6%
|
|===== | 7%
|
|====== | 8%
|
|======= | 9%
|
|======= | 11%
|
|======== | 12%
|
|========= | 13%
|
|========== | 14%
|
|=========== | 15%
|
|============ | 16%
|
|============ | 18%
|
|============= | 19%
|
|============== | 20%
|
|=============== | 21%
|
|================ | 22%
|
|================ | 24%
|
|================= | 25%
|
|================== | 26%
|
|=================== | 27%
|
|==================== | 28%
|
|===================== | 29%
|
|===================== | 31%
|
|====================== | 32%
|
|======================= | 33%
|
|======================== | 34%
|
|========================= | 35%
|
|========================== | 36%
|
|========================== | 38%
|
|=========================== | 39%
|
|============================ | 40%
|
|============================= | 41%
|
|============================== | 42%
|
|============================== | 44%
|
|=============================== | 45%
|
|================================ | 46%
|
|================================= | 47%
|
|================================== | 48%
|
|=================================== | 49%
|
|=================================== | 51%
|
|==================================== | 52%
|
|===================================== | 53%
|
|====================================== | 54%
|
|======================================= | 55%
|
|======================================== | 56%
|
|======================================== | 58%
|
|========================================= | 59%
|
|========================================== | 60%
|
|=========================================== | 61%
|
|============================================ | 62%
|
|============================================ | 64%
|
|============================================= | 65%
|
|============================================== | 66%
|
|=============================================== | 67%
|
|================================================ | 68%
|
|================================================= | 69%
|
|================================================= | 71%
|
|================================================== | 72%
|
|=================================================== | 73%
|
|==================================================== | 74%
|
|===================================================== | 75%
|
|====================================================== | 76%
|
|====================================================== | 78%
|
|======================================================= | 79%
|
|======================================================== | 80%
|
|========================================================= | 81%
|
|========================================================== | 82%
|
|========================================================== | 84%
|
|=========================================================== | 85%
|
|============================================================ | 86%
|
|============================================================= | 87%
|
|============================================================== | 88%
|
|=============================================================== | 89%
|
|=============================================================== | 91%
|
|================================================================ | 92%
|
|================================================================= | 93%
|
|================================================================== | 94%
|
|=================================================================== | 95%
|
|==================================================================== | 96%
|
|==================================================================== | 98%
|
|===================================================================== | 99%
|
|======================================================================| 100%
INFO [2025-10-23 22:45:49] Testing for 85 proteins:
|
| | 0%
|
|= | 1%
|
|== | 2%
|
|== | 4%
|
|=== | 5%
|
|==== | 6%
|
|===== | 7%
|
|====== | 8%
|
|======= | 9%
|
|======= | 11%
|
|======== | 12%
|
|========= | 13%
|
|========== | 14%
|
|=========== | 15%
|
|============ | 16%
|
|============ | 18%
|
|============= | 19%
|
|============== | 20%
|
|=============== | 21%
|
|================ | 22%
|
|================ | 24%
|
|================= | 25%
|
|================== | 26%
|
|=================== | 27%
|
|==================== | 28%
|
|===================== | 29%
|
|===================== | 31%
|
|====================== | 32%
|
|======================= | 33%
|
|======================== | 34%
|
|========================= | 35%
|
|========================== | 36%
|
|========================== | 38%
|
|=========================== | 39%
|
|============================ | 40%
|
|============================= | 41%
|
|============================== | 42%
|
|============================== | 44%
|
|=============================== | 45%
|
|================================ | 46%
|
|================================= | 47%
|
|================================== | 48%
|
|=================================== | 49%
|
|=================================== | 51%
|
|==================================== | 52%
|
|===================================== | 53%
|
|====================================== | 54%
|
|======================================= | 55%
|
|======================================== | 56%
|
|======================================== | 58%
|
|========================================= | 59%
|
|========================================== | 60%
|
|=========================================== | 61%
|
|============================================ | 62%
|
|============================================ | 64%
|
|============================================= | 65%
|
|============================================== | 66%
|
|=============================================== | 67%
|
|================================================ | 68%
|
|================================================= | 69%
|
|================================================= | 71%
|
|================================================== | 72%
|
|=================================================== | 73%
|
|==================================================== | 74%
|
|===================================================== | 75%
|
|====================================================== | 76%
|
|====================================================== | 78%
|
|======================================================= | 79%
|
|======================================================== | 80%
|
|========================================================= | 81%
|
|========================================================== | 82%
|
|========================================================== | 84%
|
|=========================================================== | 85%
|
|============================================================ | 86%
|
|============================================================= | 87%
|
|============================================================== | 88%
|
|=============================================================== | 89%
|
|=============================================================== | 91%
|
|================================================================ | 92%
|
|================================================================= | 93%
|
|================================================================== | 94%
|
|=================================================================== | 95%
|
|==================================================================== | 96%
|
|==================================================================== | 98%
|
|===================================================================== | 99%
|
|======================================================================| 100%
Starting adjustment...
test_groupComparisonPTM.R..... 10 tests [0;32mOK[0m
test_groupComparisonPTM.R..... 11 tests [0;32mOK[0m
test_groupComparisonPTM.R..... 12 tests [0;32mOK[0m
test_groupComparisonPTM.R..... 13 tests [0;32mOK[0m
test_groupComparisonPTM.R..... 14 tests [0;32mOK[0m
test_groupComparisonPTM.R..... 15 tests [0;32mOK[0m
test_groupComparisonPTM.R..... 16 tests [0;32mOK[0m
test_groupComparisonPTM.R..... 17 tests [0;32mOK[0m [0;34m18.3s[0m
test_utils_checks.R........... 0 tests
test_utils_checks.R........... 1 tests [0;32mOK[0m
test_utils_checks.R........... 2 tests [0;32mOK[0m
test_utils_checks.R........... 2 tests [0;32mOK[0m
test_utils_checks.R........... 3 tests [0;32mOK[0m
test_utils_checks.R........... 3 tests [0;32mOK[0m
test_utils_checks.R........... 4 tests [0;32mOK[0m
test_utils_checks.R........... 4 tests [0;32mOK[0m
test_utils_checks.R........... 5 tests [0;32mOK[0m
test_utils_checks.R........... 5 tests [0;32mOK[0m
test_utils_checks.R........... 6 tests [0;32mOK[0m
test_utils_checks.R........... 6 tests [0;32mOK[0m
test_utils_checks.R........... 7 tests [0;32mOK[0m
test_utils_checks.R........... 7 tests [0;32mOK[0m
test_utils_checks.R........... 8 tests [0;32mOK[0m
test_utils_checks.R........... 8 tests [0;32mOK[0m
test_utils_checks.R........... 9 tests [0;32mOK[0m
test_utils_checks.R........... 9 tests [0;32mOK[0m
test_utils_checks.R........... 10 tests [0;32mOK[0m
test_utils_checks.R........... 11 tests [0;32mOK[0m
test_utils_checks.R........... 11 tests [0;32mOK[0m
test_utils_checks.R........... 12 tests [0;32mOK[0m
test_utils_checks.R........... 13 tests [0;32mOK[0m
test_utils_checks.R........... 13 tests [0;32mOK[0m
test_utils_checks.R........... 14 tests [0;32mOK[0m
test_utils_checks.R........... 14 tests [0;32mOK[0m
test_utils_checks.R........... 15 tests [0;32mOK[0m
test_utils_checks.R........... 16 tests [0;32mOK[0m
test_utils_checks.R........... 16 tests [0;32mOK[0m
test_utils_checks.R........... 17 tests [0;32mOK[0m
test_utils_checks.R........... 18 tests [0;32mOK[0m
test_utils_checks.R........... 18 tests [0;32mOK[0m
test_utils_checks.R........... 19 tests [0;32mOK[0m
test_utils_checks.R........... 20 tests [0;32mOK[0m
test_utils_checks.R........... 21 tests [0;32mOK[0m [0;36m19ms[0m
All ok, 211 results (33.9s)
There were 50 or more warnings (use warnings() to see the first 50)
>
> proc.time()
user system elapsed
39.481 1.183 40.976
MSstatsPTM.Rcheck/MSstatsPTM-Ex.timings
| name | user | system | elapsed | |
| DIANNtoMSstatsPTMFormat | 0.262 | 0.013 | 0.277 | |
| FragPipetoMSstatsPTMFormat | 1.175 | 0.041 | 1.222 | |
| MSstatsPTMSiteLocator | 0 | 0 | 0 | |
| MaxQtoMSstatsPTMFormat | 0.355 | 0.036 | 0.392 | |
| MetamorpheusToMSstatsPTMFormat | 0.174 | 0.015 | 0.192 | |
| PDtoMSstatsPTMFormat | 1.129 | 0.092 | 1.227 | |
| PStoMSstatsPTMFormat | 0.076 | 0.004 | 0.081 | |
| ProgenesistoMSstatsPTMFormat | 0.083 | 0.008 | 0.092 | |
| ProteinProspectortoMSstatsPTMFormat | 0.359 | 0.055 | 0.416 | |
| SkylinetoMSstatsPTMFormat | 0.064 | 0.001 | 0.065 | |
| SpectronauttoMSstatsPTMFormat | 0.625 | 0.039 | 0.665 | |
| annotSite | 0.001 | 0.001 | 0.001 | |
| dataProcessPlotsPTM | 3.444 | 0.040 | 3.494 | |
| dataSummarizationPTM | 2.524 | 0.033 | 2.566 | |
| dataSummarizationPTM_TMT | 4.450 | 0.124 | 4.590 | |
| designSampleSizePTM | 5.760 | 0.067 | 5.845 | |
| fragpipe_annotation | 0.002 | 0.001 | 0.003 | |
| fragpipe_annotation_protein | 0.002 | 0.000 | 0.003 | |
| fragpipe_input | 0.005 | 0.002 | 0.007 | |
| fragpipe_input_protein | 0.004 | 0.002 | 0.005 | |
| groupComparisonPTM | 5.007 | 0.040 | 5.071 | |
| groupComparisonPlotsPTM | 15.896 | 0.112 | 16.103 | |
| locateMod | 0.000 | 0.000 | 0.001 | |
| locatePTM | 0.014 | 0.002 | 0.016 | |
| maxq_lf_annotation | 0.002 | 0.001 | 0.002 | |
| maxq_lf_evidence | 0.009 | 0.003 | 0.012 | |
| maxq_tmt_annotation | 0.002 | 0.001 | 0.003 | |
| maxq_tmt_evidence | 0.015 | 0.005 | 0.021 | |
| pd_annotation | 0.001 | 0.000 | 0.001 | |
| pd_psm_input | 0.011 | 0.002 | 0.014 | |
| pd_testing_output | 0.144 | 0.150 | 0.296 | |
| raw.input | 0.059 | 0.001 | 0.060 | |
| raw.input.tmt | 0.004 | 0.001 | 0.004 | |
| spectronaut_annotation | 0.002 | 0.000 | 0.001 | |
| spectronaut_input | 0.003 | 0.000 | 0.004 | |
| summary.data | 0.282 | 0.413 | 0.699 | |
| summary.data.tmt | 0.588 | 0.832 | 1.430 | |
| tidyFasta | 0.009 | 0.001 | 0.009 | |