| Back to Multiple platform build/check report for BioC 3.22: simplified long |
|
This page was generated on 2025-10-24 12:05 -0400 (Fri, 24 Oct 2025).
| Hostname | OS | Arch (*) | R version | Installed pkgs |
|---|---|---|---|---|
| nebbiolo2 | Linux (Ubuntu 24.04.3 LTS) | x86_64 | 4.5.1 Patched (2025-08-23 r88802) -- "Great Square Root" | 4898 |
| lconway | macOS 12.7.6 Monterey | x86_64 | 4.5.1 Patched (2025-09-10 r88807) -- "Great Square Root" | 4688 |
| kjohnson3 | macOS 13.7.7 Ventura | arm64 | 4.5.1 Patched (2025-09-10 r88807) -- "Great Square Root" | 4634 |
| taishan | Linux (openEuler 24.03 LTS) | aarch64 | 4.5.0 (2025-04-11) -- "How About a Twenty-Six" | 4658 |
| Click on any hostname to see more info about the system (e.g. compilers) (*) as reported by 'uname -p', except on Windows and Mac OS X | ||||
| Package 1357/2359 | Hostname | OS / Arch | INSTALL | BUILD | CHECK | BUILD BIN | ||||||||
| MOSim 2.5.0 (landing page) Sonia Tarazona
| nebbiolo2 | Linux (Ubuntu 24.04.3 LTS) / x86_64 | OK | OK | WARNINGS | |||||||||
| lconway | macOS 12.7.6 Monterey / x86_64 | OK | OK | WARNINGS | OK | |||||||||
| kjohnson3 | macOS 13.7.7 Ventura / arm64 | OK | OK | WARNINGS | OK | |||||||||
| taishan | Linux (openEuler 24.03 LTS) / aarch64 | OK | OK | NA | ||||||||||
|
To the developers/maintainers of the MOSim package: - Allow up to 24 hours (and sometimes 48 hours) for your latest push to git@git.bioconductor.org:packages/MOSim.git to reflect on this report. See Troubleshooting Build Report for more information. - Use the following Renviron settings to reproduce errors and warnings. - If 'R CMD check' started to fail recently on the Linux builder(s) over a missing dependency, add the missing dependency to 'Suggests:' in your DESCRIPTION file. See Renviron.bioc for more information. |
| Package: MOSim |
| Version: 2.5.0 |
| Command: /Library/Frameworks/R.framework/Resources/bin/R CMD check --install=check:MOSim.install-out.txt --library=/Library/Frameworks/R.framework/Resources/library --no-vignettes --timings MOSim_2.5.0.tar.gz |
| StartedAt: 2025-10-23 22:33:40 -0400 (Thu, 23 Oct 2025) |
| EndedAt: 2025-10-23 22:50:06 -0400 (Thu, 23 Oct 2025) |
| EllapsedTime: 985.1 seconds |
| RetCode: 0 |
| Status: WARNINGS |
| CheckDir: MOSim.Rcheck |
| Warnings: 1 |
##############################################################################
##############################################################################
###
### Running command:
###
### /Library/Frameworks/R.framework/Resources/bin/R CMD check --install=check:MOSim.install-out.txt --library=/Library/Frameworks/R.framework/Resources/library --no-vignettes --timings MOSim_2.5.0.tar.gz
###
##############################################################################
##############################################################################
* using log directory ‘/Users/biocbuild/bbs-3.22-bioc/meat/MOSim.Rcheck’
* using R version 4.5.1 Patched (2025-09-10 r88807)
* using platform: x86_64-apple-darwin20
* R was compiled by
Apple clang version 14.0.0 (clang-1400.0.29.202)
GNU Fortran (GCC) 14.2.0
* running under: macOS Monterey 12.7.6
* using session charset: UTF-8
* using option ‘--no-vignettes’
* checking for file ‘MOSim/DESCRIPTION’ ... OK
* this is package ‘MOSim’ version ‘2.5.0’
* package encoding: UTF-8
* checking package namespace information ... OK
* checking package dependencies ... OK
* checking if this is a source package ... OK
* checking if there is a namespace ... OK
* checking for hidden files and directories ... OK
* checking for portable file names ... OK
* checking for sufficient/correct file permissions ... OK
* checking whether package ‘MOSim’ can be installed ... WARNING
Found the following significant warnings:
Warning: multiple methods tables found for ‘seqnames’
Warning: replacing previous import ‘dplyr::count’ by ‘matrixStats::count’ when loading ‘MOSim’
See ‘/Users/biocbuild/bbs-3.22-bioc/meat/MOSim.Rcheck/00install.out’ for details.
* used C++ compiler: ‘Apple clang version 14.0.0 (clang-1400.0.29.202)’
* used SDK: ‘MacOSX11.3.1.sdk’
* checking installed package size ... INFO
installed size is 6.7Mb
sub-directories of 1Mb or more:
data 5.8Mb
* checking package directory ... OK
* checking ‘build’ directory ... OK
* checking DESCRIPTION meta-information ... OK
* checking top-level files ... OK
* checking for left-over files ... OK
* checking index information ... OK
* checking package subdirectories ... OK
* checking code files for non-ASCII characters ... OK
* checking R files for syntax errors ... OK
* checking whether the package can be loaded ... OK
* checking whether the package can be loaded with stated dependencies ... OK
* checking whether the package can be unloaded cleanly ... OK
* checking whether the namespace can be loaded with stated dependencies ... OK
* checking whether the namespace can be unloaded cleanly ... OK
* checking whether startup messages can be suppressed ... OK
* checking dependencies in R code ... OK
* checking S3 generic/method consistency ... OK
* checking replacement functions ... OK
* checking foreign function calls ... OK
* checking R code for possible problems ... NOTE
make_association_dataframe : keep_remaining: no visible binding for
global variable ‘Freq.a’
make_association_dataframe : keep_remaining: no visible binding for
global variable ‘Freq.ao’
make_association_dataframe : keep_remaining: no visible binding for
global variable ‘cluster’
make_association_dataframe : keep_remaining: no visible binding for
global variable ‘Freq’
make_association_dataframe : keep_remaining2: no visible binding for
global variable ‘Freq.a’
make_association_dataframe : keep_remaining2: no visible binding for
global variable ‘Freq.ao’
make_association_dataframe : keep_remaining2: no visible binding for
global variable ‘cluster’
make_association_dataframe : keep_remaining2: no visible binding for
global variable ‘Freq’
make_association_dataframe: no visible binding for global variable
‘Peak_ID’
make_association_dataframe: no visible binding for global variable
‘Gene_ID’
Undefined global functions or variables:
Freq Freq.a Freq.ao Gene_ID Peak_ID cluster
* checking Rd files ... NOTE
checkRd: (-1) TF_human.Rd:12: Lost braces; missing escapes or markup?
12 | @source {https://tflink.net/}
| ^
checkRd: (-1) associationList.Rd:14: Lost braces; missing escapes or markup?
14 | @source {Created in-house to serve as an example}
| ^
checkRd: (-1) sc_mosim.Rd:94: Lost braces; missing escapes or markup?
94 | {https://tflink.net/}}
| ^
checkRd: (-1) scatac.Rd:14-15: Lost braces
14 | @source {https://github.com/satijalab/seurat-data, we took 11 cells
| ^
checkRd: (-1) scrna.Rd:14-15: Lost braces
14 | @source {https://github.com/satijalab/seurat-data, we took 11 cells
| ^
checkRd: (-1) scrna.Rd:23-28: Lost braces
23 | for (cell_type in unique_cell_types) {
| ^
* checking Rd metadata ... OK
* checking Rd cross-references ... OK
* checking for missing documentation entries ... OK
* checking for code/documentation mismatches ... OK
* checking Rd \usage sections ... OK
* checking Rd contents ... OK
* checking for unstated dependencies in examples ... OK
* checking contents of ‘data’ directory ... OK
* checking data for non-ASCII characters ... OK
* checking data for ASCII and uncompressed saves ... OK
* checking line endings in C/C++/Fortran sources/headers ... OK
* checking compiled code ... NOTE
Note: information on .o files is not available
* checking files in ‘vignettes’ ... OK
* checking examples ... OK
Examples with CPU (user + system) or elapsed time > 5s
user system elapsed
omicSettings 86.198 7.355 94.132
discretize 83.030 5.544 89.032
omicResults 77.215 7.086 85.098
omicSim 74.770 8.132 83.402
plotProfile 73.452 8.191 82.155
experimentalDesign 61.545 6.005 67.903
mosim 60.852 5.638 66.873
sc_mosim 49.189 1.124 50.732
sc_omicResults 36.917 0.514 37.560
sc_omicSettings 36.801 0.441 37.387
make_cluster_patterns 17.078 0.106 17.279
* checking for unstated dependencies in ‘tests’ ... OK
* checking tests ...
Running ‘testthat.R’
OK
* checking for unstated dependencies in vignettes ... OK
* checking package vignettes ... OK
* checking running R code from vignettes ... SKIPPED
* checking re-building of vignette outputs ... SKIPPED
* checking PDF version of manual ... OK
* DONE
Status: 1 WARNING, 3 NOTEs
See
‘/Users/biocbuild/bbs-3.22-bioc/meat/MOSim.Rcheck/00check.log’
for details.
MOSim.Rcheck/00install.out
############################################################################## ############################################################################## ### ### Running command: ### ### /Library/Frameworks/R.framework/Resources/bin/R CMD INSTALL MOSim ### ############################################################################## ############################################################################## * installing to library ‘/Library/Frameworks/R.framework/Versions/4.5-x86_64/Resources/library’ * installing *source* package ‘MOSim’ ... ** this is package ‘MOSim’ version ‘2.5.0’ ** using staged installation ** libs using C++ compiler: ‘Apple clang version 14.0.0 (clang-1400.0.29.202)’ using SDK: ‘MacOSX11.3.1.sdk’ clang++ -arch x86_64 -std=gnu++17 -I"/Library/Frameworks/R.framework/Resources/include" -DNDEBUG -I'/Library/Frameworks/R.framework/Versions/4.5-x86_64/Resources/library/cpp11/include' -I'/Library/Frameworks/R.framework/Versions/4.5-x86_64/Resources/library/Rcpp/include' -I/opt/R/x86_64/include -fPIC -falign-functions=64 -Wall -g -O2 -c Random_number.cpp -o Random_number.o clang++ -arch x86_64 -std=gnu++17 -dynamiclib -Wl,-headerpad_max_install_names -undefined dynamic_lookup -L/Library/Frameworks/R.framework/Resources/lib -L/opt/R/x86_64/lib -o MOSim.so Random_number.o -F/Library/Frameworks/R.framework/.. -framework R installing to /Library/Frameworks/R.framework/Versions/4.5-x86_64/Resources/library/00LOCK-MOSim/00new/MOSim/libs ** R ** data ** inst ** byte-compile and prepare package for lazy loading Warning: multiple methods tables found for ‘seqnames’ Warning: replacing previous import ‘dplyr::count’ by ‘matrixStats::count’ when loading ‘MOSim’ Creating a new generic function for ‘simulate’ in package ‘MOSim’ ** help *** installing help indices ** building package indices ** installing vignettes ** testing if installed package can be loaded from temporary location Warning: multiple methods tables found for ‘seqnames’ Warning: replacing previous import ‘dplyr::count’ by ‘matrixStats::count’ when loading ‘MOSim’ ** checking absolute paths in shared objects and dynamic libraries ** testing if installed package can be loaded from final location Warning: multiple methods tables found for ‘seqnames’ Warning: replacing previous import ‘dplyr::count’ by ‘matrixStats::count’ when loading ‘MOSim’ ** testing if installed package keeps a record of temporary installation path * DONE (MOSim)
MOSim.Rcheck/tests/testthat.Rout
R version 4.5.1 Patched (2025-09-10 r88807) -- "Great Square Root"
Copyright (C) 2025 The R Foundation for Statistical Computing
Platform: x86_64-apple-darwin20
R is free software and comes with ABSOLUTELY NO WARRANTY.
You are welcome to redistribute it under certain conditions.
Type 'license()' or 'licence()' for distribution details.
R is a collaborative project with many contributors.
Type 'contributors()' for more information and
'citation()' on how to cite R or R packages in publications.
Type 'demo()' for some demos, 'help()' for on-line help, or
'help.start()' for an HTML browser interface to help.
Type 'q()' to quit R.
> library(testthat)
> #library(MOSim)
>
> #test_check("MOSim")
>
> proc.time()
user system elapsed
0.388 0.103 0.475
MOSim.Rcheck/MOSim-Ex.timings
| name | user | system | elapsed | |
| calculate_mean_per_list_df | 0.003 | 0.001 | 0.003 | |
| check_patterns | 0.009 | 0.001 | 0.010 | |
| discretize | 83.030 | 5.544 | 89.032 | |
| experimentalDesign | 61.545 | 6.005 | 67.903 | |
| make_cluster_patterns | 17.078 | 0.106 | 17.279 | |
| match_gene_regulator | 0.023 | 0.005 | 0.029 | |
| match_gene_regulator_cluster | 0.060 | 0.004 | 0.065 | |
| mosim | 60.852 | 5.638 | 66.873 | |
| omicData | 3.571 | 0.064 | 3.655 | |
| omicResults | 77.215 | 7.086 | 85.098 | |
| omicSettings | 86.198 | 7.355 | 94.132 | |
| omicSim | 74.770 | 8.132 | 83.402 | |
| plotProfile | 73.452 | 8.191 | 82.155 | |
| sc_mosim | 49.189 | 1.124 | 50.732 | |
| sc_omicData | 0.920 | 0.026 | 0.949 | |
| sc_omicResults | 36.917 | 0.514 | 37.560 | |
| sc_omicSettings | 36.801 | 0.441 | 37.387 | |
| sc_param_estimation | 0.196 | 0.012 | 0.209 | |