| Back to Multiple platform build/check report for BioC 3.22: simplified long |
|
This page was generated on 2025-08-15 12:07 -0400 (Fri, 15 Aug 2025).
| Hostname | OS | Arch (*) | R version | Installed pkgs |
|---|---|---|---|---|
| nebbiolo2 | Linux (Ubuntu 24.04.3 LTS) | x86_64 | 4.5.1 (2025-06-13) -- "Great Square Root" | 4818 |
| palomino8 | Windows Server 2022 Datacenter | x64 | 4.5.1 (2025-06-13 ucrt) -- "Great Square Root" | 4554 |
| lconway | macOS 12.7.1 Monterey | x86_64 | 4.5.1 (2025-06-13) -- "Great Square Root" | 4595 |
| kjohnson3 | macOS 13.7.7 Ventura | arm64 | 4.5.1 Patched (2025-06-14 r88325) -- "Great Square Root" | 4537 |
| taishan | Linux (openEuler 24.03 LTS) | aarch64 | 4.5.0 (2025-04-11) -- "How About a Twenty-Six" | 4535 |
| Click on any hostname to see more info about the system (e.g. compilers) (*) as reported by 'uname -p', except on Windows and Mac OS X | ||||
| Package 1319/2317 | Hostname | OS / Arch | INSTALL | BUILD | CHECK | BUILD BIN | ||||||||
| MOFA2 1.19.0 (landing page) Ricard Argelaguet
| nebbiolo2 | Linux (Ubuntu 24.04.3 LTS) / x86_64 | OK | OK | WARNINGS | |||||||||
| palomino8 | Windows Server 2022 Datacenter / x64 | OK | ERROR | skipped | skipped | |||||||||
| lconway | macOS 12.7.1 Monterey / x86_64 | OK | OK | WARNINGS | OK | |||||||||
| kjohnson3 | macOS 13.7.7 Ventura / arm64 | OK | ERROR | skipped | skipped | |||||||||
| taishan | Linux (openEuler 24.03 LTS) / aarch64 | OK | ERROR | skipped | ||||||||||
|
To the developers/maintainers of the MOFA2 package: - Allow up to 24 hours (and sometimes 48 hours) for your latest push to git@git.bioconductor.org:packages/MOFA2.git to reflect on this report. See Troubleshooting Build Report for more information. - Use the following Renviron settings to reproduce errors and warnings. - If 'R CMD check' started to fail recently on the Linux builder(s) over a missing dependency, add the missing dependency to 'Suggests:' in your DESCRIPTION file. See Renviron.bioc for more information. |
| Package: MOFA2 |
| Version: 1.19.0 |
| Command: chmod a+r MOFA2 -R && F:\biocbuild\bbs-3.22-bioc\R\bin\R.exe CMD build --keep-empty-dirs --no-resave-data MOFA2 |
| StartedAt: 2025-08-14 21:36:01 -0400 (Thu, 14 Aug 2025) |
| EndedAt: 2025-08-14 21:38:00 -0400 (Thu, 14 Aug 2025) |
| EllapsedTime: 119.0 seconds |
| RetCode: 1 |
| Status: ERROR |
| PackageFile: None |
| PackageFileSize: NA |
##############################################################################
##############################################################################
###
### Running command:
###
### chmod a+r MOFA2 -R && F:\biocbuild\bbs-3.22-bioc\R\bin\R.exe CMD build --keep-empty-dirs --no-resave-data MOFA2
###
##############################################################################
##############################################################################
* checking for file 'MOFA2/DESCRIPTION' ... OK
* preparing 'MOFA2':
* checking DESCRIPTION meta-information ... OK
* installing the package to build vignettes
* creating vignettes ... ERROR
--- re-building 'MEFISTO_temporal.Rmd' using rmarkdown
:: [Info] :: Mirror: https://www.python.org/ftp/python
:: [Info] :: Mirror: https://downloads.python.org/pypy/versions.json
:: [Info] :: Mirror: https://api.github.com/repos/oracle/graalpython/releases
:: [Installing] :: 3.10.5 ...
:: [Error] :: error installing "core" component MSI.
:: [Error] :: couldn't install 3.10.5
Quitting from MEFISTO_temporal.Rmd:95-98 [unnamed-chunk-7]
~~~~~~~~~~~~~~~~~~~~~~~~~~~~~~~~~~~~~~~~~~~~~~~~~~~~~~~~~~~~~~~~~~~~~~~~~~~~~~~~
<error/rlang_error>
Error in `pyenv_python()`:
! Python 3.10.5 does not appear to be installed.
Try installing it with install_python(version = "3.10.5").
---
Backtrace:
▆
1. └─MOFA2::run_mofa(sm, outfile, use_basilisk = TRUE)
2. └─basilisk::basiliskStart(mofa_env)
3. └─basilisk::obtainEnvironmentPath(env)
4. └─basilisk::setupBasiliskEnv(...)
5. ├─base::suppressMessages(install_python(version))
6. │ └─base::withCallingHandlers(...)
7. └─reticulate::install_python(version)
8. └─reticulate:::pyenv_python(version = version)
~~~~~~~~~~~~~~~~~~~~~~~~~~~~~~~~~~~~~~~~~~~~~~~~~~~~~~~~~~~~~~~~~~~~~~~~~~~~~~~~
Error: processing vignette 'MEFISTO_temporal.Rmd' failed with diagnostics:
Python 3.10.5 does not appear to be installed.
Try installing it with install_python(version = "3.10.5").
--- failed re-building 'MEFISTO_temporal.Rmd'
--- re-building 'downstream_analysis.Rmd' using rmarkdown
--- finished re-building 'downstream_analysis.Rmd'
--- re-building 'getting_started_R.Rmd' using rmarkdown
:: [Info] :: Mirror: https://www.python.org/ftp/python
:: [Info] :: Mirror: https://downloads.python.org/pypy/versions.json
:: [Info] :: Mirror: https://api.github.com/repos/oracle/graalpython/releases
:: [Installing] :: 3.10.5 ...
:: [Error] :: error installing "core" component MSI.
:: [Error] :: couldn't install 3.10.5
Quitting from getting_started_R.Rmd:212-215 [unnamed-chunk-14]
~~~~~~~~~~~~~~~~~~~~~~~~~~~~~~~~~~~~~~~~~~~~~~~~~~~~~~~~~~~~~~~~~~~~~~~~~~~~~~~~
<error/rlang_error>
Error in `pyenv_python()`:
! Python 3.10.5 does not appear to be installed.
Try installing it with install_python(version = "3.10.5").
---
Backtrace:
▆
1. └─MOFA2::run_mofa(MOFAobject, outfile, use_basilisk = TRUE)
2. └─basilisk::basiliskStart(mofa_env)
3. └─basilisk::obtainEnvironmentPath(env)
4. └─basilisk::setupBasiliskEnv(...)
5. ├─base::suppressMessages(install_python(version))
6. │ └─base::withCallingHandlers(...)
7. └─reticulate::install_python(version)
8. └─reticulate:::pyenv_python(version = version)
~~~~~~~~~~~~~~~~~~~~~~~~~~~~~~~~~~~~~~~~~~~~~~~~~~~~~~~~~~~~~~~~~~~~~~~~~~~~~~~~
Error: processing vignette 'getting_started_R.Rmd' failed with diagnostics:
Python 3.10.5 does not appear to be installed.
Try installing it with install_python(version = "3.10.5").
--- failed re-building 'getting_started_R.Rmd'
SUMMARY: processing the following files failed:
'MEFISTO_temporal.Rmd' 'getting_started_R.Rmd'
Error: Vignette re-building failed.
Execution halted