| Back to Multiple platform build/check report for BioC 3.22: simplified long |
|
This page was generated on 2025-08-15 12:07 -0400 (Fri, 15 Aug 2025).
| Hostname | OS | Arch (*) | R version | Installed pkgs |
|---|---|---|---|---|
| nebbiolo2 | Linux (Ubuntu 24.04.3 LTS) | x86_64 | 4.5.1 (2025-06-13) -- "Great Square Root" | 4818 |
| palomino8 | Windows Server 2022 Datacenter | x64 | 4.5.1 (2025-06-13 ucrt) -- "Great Square Root" | 4554 |
| lconway | macOS 12.7.1 Monterey | x86_64 | 4.5.1 (2025-06-13) -- "Great Square Root" | 4595 |
| kjohnson3 | macOS 13.7.7 Ventura | arm64 | 4.5.1 Patched (2025-06-14 r88325) -- "Great Square Root" | 4537 |
| taishan | Linux (openEuler 24.03 LTS) | aarch64 | 4.5.0 (2025-04-11) -- "How About a Twenty-Six" | 4535 |
| Click on any hostname to see more info about the system (e.g. compilers) (*) as reported by 'uname -p', except on Windows and Mac OS X | ||||
| Package 1311/2317 | Hostname | OS / Arch | INSTALL | BUILD | CHECK | BUILD BIN | ||||||||
| MMDiff2 1.37.1 (landing page) Gabriele Schweikert
| nebbiolo2 | Linux (Ubuntu 24.04.3 LTS) / x86_64 | OK | OK | OK | |||||||||
| palomino8 | Windows Server 2022 Datacenter / x64 | OK | OK | WARNINGS | OK | |||||||||
| lconway | macOS 12.7.1 Monterey / x86_64 | OK | OK | OK | OK | |||||||||
| kjohnson3 | macOS 13.7.7 Ventura / arm64 | OK | OK | OK | OK | |||||||||
| taishan | Linux (openEuler 24.03 LTS) / aarch64 | OK | OK | OK | ||||||||||
|
To the developers/maintainers of the MMDiff2 package: - Allow up to 24 hours (and sometimes 48 hours) for your latest push to git@git.bioconductor.org:packages/MMDiff2.git to reflect on this report. See Troubleshooting Build Report for more information. - Use the following Renviron settings to reproduce errors and warnings. - If 'R CMD check' started to fail recently on the Linux builder(s) over a missing dependency, add the missing dependency to 'Suggests:' in your DESCRIPTION file. See Renviron.bioc for more information. |
| Package: MMDiff2 |
| Version: 1.37.1 |
| Command: F:\biocbuild\bbs-3.22-bioc\R\bin\R.exe CMD check --no-multiarch --install=check:MMDiff2.install-out.txt --library=F:\biocbuild\bbs-3.22-bioc\R\library --no-vignettes --timings MMDiff2_1.37.1.tar.gz |
| StartedAt: 2025-08-15 05:18:29 -0400 (Fri, 15 Aug 2025) |
| EndedAt: 2025-08-15 05:24:38 -0400 (Fri, 15 Aug 2025) |
| EllapsedTime: 369.0 seconds |
| RetCode: 0 |
| Status: WARNINGS |
| CheckDir: MMDiff2.Rcheck |
| Warnings: 1 |
##############################################################################
##############################################################################
###
### Running command:
###
### F:\biocbuild\bbs-3.22-bioc\R\bin\R.exe CMD check --no-multiarch --install=check:MMDiff2.install-out.txt --library=F:\biocbuild\bbs-3.22-bioc\R\library --no-vignettes --timings MMDiff2_1.37.1.tar.gz
###
##############################################################################
##############################################################################
* using log directory 'F:/biocbuild/bbs-3.22-bioc/meat/MMDiff2.Rcheck'
* using R version 4.5.1 (2025-06-13 ucrt)
* using platform: x86_64-w64-mingw32
* R was compiled by
gcc.exe (GCC) 14.2.0
GNU Fortran (GCC) 14.2.0
* running under: Windows Server 2022 x64 (build 20348)
* using session charset: UTF-8
* using option '--no-vignettes'
* checking for file 'MMDiff2/DESCRIPTION' ... OK
* checking extension type ... Package
* this is package 'MMDiff2' version '1.37.1'
* checking package namespace information ... OK
* checking package dependencies ... OK
* checking if this is a source package ... OK
* checking if there is a namespace ... OK
* checking for hidden files and directories ... OK
* checking for portable file names ... OK
* checking whether package 'MMDiff2' can be installed ... WARNING
Found the following significant warnings:
Warning: replacing previous import 'GenomicRanges::windows' by 'grDevices::windows' when loading 'MMDiff2'
See 'F:/biocbuild/bbs-3.22-bioc/meat/MMDiff2.Rcheck/00install.out' for details.
* checking installed package size ... OK
* checking package directory ... OK
* checking 'build' directory ... OK
* checking DESCRIPTION meta-information ... OK
* checking top-level files ... OK
* checking for left-over files ... OK
* checking index information ... OK
* checking package subdirectories ... OK
* checking code files for non-ASCII characters ... OK
* checking R files for syntax errors ... OK
* checking whether the package can be loaded ... OK
* checking whether the package can be loaded with stated dependencies ... OK
* checking whether the package can be unloaded cleanly ... OK
* checking whether the namespace can be loaded with stated dependencies ... OK
* checking whether the namespace can be unloaded cleanly ... OK
* checking dependencies in R code ... NOTE
Namespace in Imports field not imported from: 'methods'
All declared Imports should be used.
* checking S3 generic/method consistency ... OK
* checking replacement functions ... OK
* checking foreign function calls ... OK
* checking R code for possible problems ... NOTE
DBAmmd: no visible global function definition for 'new'
getReads: no visible global function definition for 'IRangesList'
Undefined global functions or variables:
IRangesList new
Consider adding
importFrom("methods", "new")
to your NAMESPACE file (and ensure that your DESCRIPTION Imports field
contains 'methods').
* checking Rd files ... NOTE
checkRd: (-1) DBAmmd-class.Rd:20: Lost braces
20 | \code{DBAmmd()}{returns an empty DBAmmd Object.} \cr
| ^
checkRd: (-1) DBAmmd-class.Rd:21-23: Lost braces
21 | \code{DBAmmd(MetaData)}{ initializes a DBAmmd Object for a new
| ^
* checking Rd metadata ... OK
* checking Rd cross-references ... OK
* checking for missing documentation entries ... OK
* checking for code/documentation mismatches ... OK
* checking Rd \usage sections ... OK
* checking Rd contents ... OK
* checking for unstated dependencies in examples ... OK
* checking contents of 'data' directory ... OK
* checking data for non-ASCII characters ... OK
* checking data for ASCII and uncompressed saves ... OK
* checking sizes of PDF files under 'inst/doc' ... OK
* checking files in 'vignettes' ... OK
* checking examples ... OK
Examples with CPU (user + system) or elapsed time > 5s
user system elapsed
compDists 27.64 6.23 33.89
plotPeak 18.22 0.53 19.29
DBAmmd-Accessors 4.96 0.53 5.50
compHists 4.60 0.53 5.13
* checking for unstated dependencies in vignettes ... OK
* checking package vignettes ... OK
* checking running R code from vignettes ... SKIPPED
* checking re-building of vignette outputs ... SKIPPED
* checking PDF version of manual ... OK
* DONE
Status: 1 WARNING, 3 NOTEs
See
'F:/biocbuild/bbs-3.22-bioc/meat/MMDiff2.Rcheck/00check.log'
for details.
MMDiff2.Rcheck/00install.out
############################################################################## ############################################################################## ### ### Running command: ### ### F:\biocbuild\bbs-3.22-bioc\R\bin\R.exe CMD INSTALL MMDiff2 ### ############################################################################## ############################################################################## * installing to library 'F:/biocbuild/bbs-3.22-bioc/R/library' * installing *source* package 'MMDiff2' ... ** this is package 'MMDiff2' version '1.37.1' ** using staged installation ** R ** data ** byte-compile and prepare package for lazy loading Warning: replacing previous import 'GenomicRanges::windows' by 'grDevices::windows' when loading 'MMDiff2' ** help *** installing help indices ** building package indices ** installing vignettes ** testing if installed package can be loaded from temporary location Warning: replacing previous import 'GenomicRanges::windows' by 'grDevices::windows' when loading 'MMDiff2' ** testing if installed package can be loaded from final location Warning: replacing previous import 'GenomicRanges::windows' by 'grDevices::windows' when loading 'MMDiff2' ** testing if installed package keeps a record of temporary installation path * DONE (MMDiff2)
MMDiff2.Rcheck/MMDiff2-Ex.timings
| name | user | system | elapsed | |
| Cfp1-Peaks | 0 | 0 | 0 | |
| DBAmmd-Accessors | 4.96 | 0.53 | 5.50 | |
| DBAmmd-class | 0.05 | 0.00 | 0.06 | |
| MMD | 0 | 0 | 0 | |
| compDists | 27.64 | 6.23 | 33.89 | |
| compHists | 4.60 | 0.53 | 5.13 | |
| compPvals | 1.31 | 0.19 | 1.50 | |
| estimateFragmentCenters | 1.40 | 0.31 | 1.72 | |
| getPeakReads | 0.29 | 0.02 | 0.42 | |
| mm9-Genes | 0 | 0 | 0 | |
| plotDISTS4Peak | 1.01 | 0.25 | 1.27 | |
| plotDists | 1.00 | 0.14 | 1.14 | |
| plotPeak | 18.22 | 0.53 | 19.29 | |
| reportResults | 1.16 | 0.17 | 1.33 | |
| runShinyMMDiff2 | 0 | 0 | 0 | |
| server.MMDiff2 | 0 | 0 | 0 | |
| ui.MMDiff2 | 0 | 0 | 0 | |