| Back to Multiple platform build/check report for BioC 3.22: simplified long |
|
This page was generated on 2025-08-15 12:06 -0400 (Fri, 15 Aug 2025).
| Hostname | OS | Arch (*) | R version | Installed pkgs |
|---|---|---|---|---|
| nebbiolo2 | Linux (Ubuntu 24.04.3 LTS) | x86_64 | 4.5.1 (2025-06-13) -- "Great Square Root" | 4818 |
| palomino8 | Windows Server 2022 Datacenter | x64 | 4.5.1 (2025-06-13 ucrt) -- "Great Square Root" | 4554 |
| lconway | macOS 12.7.1 Monterey | x86_64 | 4.5.1 (2025-06-13) -- "Great Square Root" | 4595 |
| kjohnson3 | macOS 13.7.7 Ventura | arm64 | 4.5.1 Patched (2025-06-14 r88325) -- "Great Square Root" | 4537 |
| taishan | Linux (openEuler 24.03 LTS) | aarch64 | 4.5.0 (2025-04-11) -- "How About a Twenty-Six" | 4535 |
| Click on any hostname to see more info about the system (e.g. compilers) (*) as reported by 'uname -p', except on Windows and Mac OS X | ||||
| Package 604/2317 | Hostname | OS / Arch | INSTALL | BUILD | CHECK | BUILD BIN | ||||||||
Marija Buljan
| nebbiolo2 | Linux (Ubuntu 24.04.3 LTS) / x86_64 | OK | ERROR | skipped | |||||||||
| palomino8 | Windows Server 2022 Datacenter / x64 | OK | ERROR | skipped | skipped | |||||||||
| lconway | macOS 12.7.1 Monterey / x86_64 | OK | ERROR | skipped | skipped | |||||||||
| kjohnson3 | macOS 13.7.7 Ventura / arm64 | OK | ERROR | skipped | skipped | |||||||||
| taishan | Linux (openEuler 24.03 LTS) / aarch64 | OK | ERROR | skipped | ||||||||||
|
To the developers/maintainers of the DominoEffect package: - Allow up to 24 hours (and sometimes 48 hours) for your latest push to git@git.bioconductor.org:packages/DominoEffect.git to reflect on this report. See Troubleshooting Build Report for more information. - Use the following Renviron settings to reproduce errors and warnings. - If 'R CMD check' started to fail recently on the Linux builder(s) over a missing dependency, add the missing dependency to 'Suggests:' in your DESCRIPTION file. See Renviron.bioc for more information. |
| Package: DominoEffect |
| Version: 1.29.2 |
| Command: chmod a+r DominoEffect -R && F:\biocbuild\bbs-3.22-bioc\R\bin\R.exe CMD build --keep-empty-dirs --no-resave-data DominoEffect |
| StartedAt: 2025-08-14 19:48:34 -0400 (Thu, 14 Aug 2025) |
| EndedAt: 2025-08-14 19:49:57 -0400 (Thu, 14 Aug 2025) |
| EllapsedTime: 82.7 seconds |
| RetCode: 1 |
| Status: ERROR |
| PackageFile: None |
| PackageFileSize: NA |
##############################################################################
##############################################################################
###
### Running command:
###
### chmod a+r DominoEffect -R && F:\biocbuild\bbs-3.22-bioc\R\bin\R.exe CMD build --keep-empty-dirs --no-resave-data DominoEffect
###
##############################################################################
##############################################################################
* checking for file 'DominoEffect/DESCRIPTION' ... OK
* preparing 'DominoEffect':
* checking DESCRIPTION meta-information ... OK
* installing the package to build vignettes
* creating vignettes ... ERROR
--- re-building 'Vignette.Rmd' using rmarkdown
trying URL 'http://www.uniprot.org/uniprot/P50148.fasta'
Content type 'text/plain;format=fasta' length 483 bytes
==================================================
downloaded 483 bytes
trying URL 'http://www.uniprot.org/uniprot/P29992.fasta'
Content type 'text/plain;format=fasta' length 483 bytes
==================================================
downloaded 483 bytes
trying URL 'http://www.uniprot.org/uniprot/O75533.fasta'
Content type 'text/plain;format=fasta' length 1421 bytes
==================================================
downloaded 1421 bytes
trying URL 'http://www.uniprot.org/uniprot/Q9NR22.fasta'
Content type 'text/plain;format=fasta' length 505 bytes
==================================================
downloaded 505 bytes
trying URL 'http://www.uniprot.org/uniprot/O96017.fasta'
Content type 'text/plain;format=fasta' length 655 bytes
==================================================
downloaded 655 bytes
Quitting from Vignette.Rmd:60-63 [unnamed-chunk-6]
~~~~~~~~~~~~~~~~~~~~~~~~~~~~~~~~~~~~~~~~~~~~~~~~~~~~~~~~~~~~~~~~~~~~~~~~~~~~~~~~
<error/rlang_error>
Error in `.call_fun_in_pwalign()`:
! pattern() has moved from Biostrings to the pwalign package, and is formally
defunct in Biostrings >= 2.77.1. Please call pwalign::pattern() to get rid of
this error.
---
Backtrace:
▆
1. └─DominoEffect::DominoEffect(...)
2. └─DominoEffect::map_to_func_elem(results, write_to_file, ens_release = ens_release)
3. └─DominoEffect::align_to_unip(ens.seq, uni.seq, ensembl_mut_position)
4. ├─base::grep("-", pattern(alignment.subseq[1]))
5. │ └─base::is.factor(x)
6. └─Biostrings::pattern(alignment.subseq[1])
7. └─Biostrings:::.call_fun_in_pwalign("pattern", ...)
8. └─base::.Defunct(msg = wmsg(msg))
~~~~~~~~~~~~~~~~~~~~~~~~~~~~~~~~~~~~~~~~~~~~~~~~~~~~~~~~~~~~~~~~~~~~~~~~~~~~~~~~
Error: processing vignette 'Vignette.Rmd' failed with diagnostics:
pattern() has moved from Biostrings to the pwalign package, and is formally
defunct in Biostrings >= 2.77.1. Please call pwalign::pattern() to get rid of
this error.
--- failed re-building 'Vignette.Rmd'
SUMMARY: processing the following file failed:
'Vignette.Rmd'
Error: Vignette re-building failed.
Execution halted