| Back to Multiple platform build/check report for BioC 3.22: simplified long |
|
This page was generated on 2025-10-25 12:04 -0400 (Sat, 25 Oct 2025).
| Hostname | OS | Arch (*) | R version | Installed pkgs |
|---|---|---|---|---|
| nebbiolo2 | Linux (Ubuntu 24.04.3 LTS) | x86_64 | 4.5.1 Patched (2025-08-23 r88802) -- "Great Square Root" | 4901 |
| lconway | macOS 12.7.6 Monterey | x86_64 | 4.5.1 Patched (2025-09-10 r88807) -- "Great Square Root" | 4691 |
| kjohnson3 | macOS 13.7.7 Ventura | arm64 | 4.5.1 Patched (2025-09-10 r88807) -- "Great Square Root" | 4637 |
| taishan | Linux (openEuler 24.03 LTS) | aarch64 | 4.5.0 (2025-04-11) -- "How About a Twenty-Six" | 4658 |
| Click on any hostname to see more info about the system (e.g. compilers) (*) as reported by 'uname -p', except on Windows and Mac OS X | ||||
| Package 338/2361 | Hostname | OS / Arch | INSTALL | BUILD | CHECK | BUILD BIN | ||||||||
| ChemmineR 3.61.2 (landing page) Thomas Girke
| nebbiolo2 | Linux (Ubuntu 24.04.3 LTS) / x86_64 | OK | OK | WARNINGS | |||||||||
| lconway | macOS 12.7.6 Monterey / x86_64 | OK | OK | WARNINGS | OK | |||||||||
| kjohnson3 | macOS 13.7.7 Ventura / arm64 | OK | OK | WARNINGS | OK | |||||||||
| taishan | Linux (openEuler 24.03 LTS) / aarch64 | OK | NA | NA | ||||||||||
|
To the developers/maintainers of the ChemmineR package: - Allow up to 24 hours (and sometimes 48 hours) for your latest push to git@git.bioconductor.org:packages/ChemmineR.git to reflect on this report. See Troubleshooting Build Report for more information. - Use the following Renviron settings to reproduce errors and warnings. - If 'R CMD check' started to fail recently on the Linux builder(s) over a missing dependency, add the missing dependency to 'Suggests:' in your DESCRIPTION file. See Renviron.bioc for more information. |
| Package: ChemmineR |
| Version: 3.61.2 |
| Command: /Library/Frameworks/R.framework/Resources/bin/R CMD check --install=check:ChemmineR.install-out.txt --library=/Library/Frameworks/R.framework/Resources/library --no-vignettes --timings ChemmineR_3.61.2.tar.gz |
| StartedAt: 2025-10-24 20:08:15 -0400 (Fri, 24 Oct 2025) |
| EndedAt: 2025-10-24 20:10:44 -0400 (Fri, 24 Oct 2025) |
| EllapsedTime: 149.4 seconds |
| RetCode: 0 |
| Status: WARNINGS |
| CheckDir: ChemmineR.Rcheck |
| Warnings: 1 |
##############################################################################
##############################################################################
###
### Running command:
###
### /Library/Frameworks/R.framework/Resources/bin/R CMD check --install=check:ChemmineR.install-out.txt --library=/Library/Frameworks/R.framework/Resources/library --no-vignettes --timings ChemmineR_3.61.2.tar.gz
###
##############################################################################
##############################################################################
* using log directory ‘/Users/biocbuild/bbs-3.22-bioc/meat/ChemmineR.Rcheck’
* using R version 4.5.1 Patched (2025-09-10 r88807)
* using platform: x86_64-apple-darwin20
* R was compiled by
Apple clang version 14.0.0 (clang-1400.0.29.202)
GNU Fortran (GCC) 14.2.0
* running under: macOS Monterey 12.7.6
* using session charset: UTF-8
* using option ‘--no-vignettes’
* checking for file ‘ChemmineR/DESCRIPTION’ ... OK
* checking extension type ... Package
* this is package ‘ChemmineR’ version ‘3.61.2’
* checking package namespace information ... OK
* checking package dependencies ... OK
* checking if this is a source package ... OK
* checking if there is a namespace ... OK
* checking for hidden files and directories ... OK
* checking for portable file names ... OK
* checking for sufficient/correct file permissions ... OK
* checking whether package ‘ChemmineR’ can be installed ... OK
* used C++ compiler: ‘Apple clang version 14.0.0 (clang-1400.0.29.202)’
* used SDK: ‘MacOSX11.3.1.sdk’
* checking installed package size ... OK
* checking package directory ... OK
* checking ‘build’ directory ... OK
* checking DESCRIPTION meta-information ... NOTE
Package listed in more than one of Depends, Imports, Suggests, Enhances:
‘png’
A package should be listed in only one of these fields.
* checking top-level files ... OK
* checking for left-over files ... OK
* checking index information ... OK
* checking package subdirectories ... OK
* checking code files for non-ASCII characters ... OK
* checking R files for syntax errors ... OK
* checking whether the package can be loaded ... OK
* checking whether the package can be loaded with stated dependencies ... OK
* checking whether the package can be unloaded cleanly ... OK
* checking whether the namespace can be loaded with stated dependencies ... OK
* checking whether the namespace can be unloaded cleanly ... OK
* checking whether startup messages can be suppressed ... OK
* checking dependencies in R code ... NOTE
'library' or 'require' calls in package code:
‘ChemmineDrugs’ ‘ChemmineOB’ ‘RPostgreSQL’ ‘RSQLite’ ‘fmcsR’ ‘png’
‘snow’
Please use :: or requireNamespace() instead.
See section 'Suggested packages' in the 'Writing R Extensions' manual.
Namespace in Imports field not imported from: ‘BiocGenerics’
All declared Imports should be used.
* checking S3 generic/method consistency ... OK
* checking replacement functions ... OK
* checking foreign function calls ... OK
* checking R code for possible problems ... NOTE
Found the following possibly unsafe calls:
File ‘ChemmineR/R/sim.R’:
unlockBinding(".progress_bar_int_cnt", environment(.progress_bar))
.data.frame.to.str: no visible global function definition for
‘write.table’
.data.frame.to.str: no visible binding for global variable ‘string’
.rings: no visible global function definition for ‘combn’
DUD: no visible global function definition for ‘download.file’
DUD: no visible global function definition for ‘untar’
applyOptions: no visible global function definition for ‘convertFormat’
browseJob: no visible global function definition for ‘browseURL’
canonicalNumbering: no visible global function definition for
‘canonicalNumbering_OB’
canonicalNumberingOB: no visible global function definition for
‘canonicalNumbering_OB’
cluster.visualize: no visible global function definition for ‘rainbow’
cluster.visualize: no visible global function definition for ‘pdf’
cluster.visualize: no visible global function definition for
‘postscript’
cluster.visualize: no visible global function definition for ‘dev.off’
desc2fp: no visible global function definition for ‘data’
draw_sdf: no visible global function definition for ‘rgb’
draw_sdf: no visible global function definition for ‘fmcs’
exactMassOB: no visible global function definition for ‘exactMass_OB’
fingerprintOB: no visible global function definition for
‘fingerprint_OB’
getCompoundFeatures : <anonymous>: no visible global function
definition for ‘write.table’
getCompounds: no visible global function definition for ‘str’
getDbConn: no visible global function definition for ‘error’
handle_segs: no visible binding for global variable ‘C1’
handle_segs: no visible binding for global variable ‘C2’
handle_segs: no visible binding for global variable ‘C1.1’
handle_segs: no visible binding for global variable ‘C2.1’
handle_text: no visible binding for global variable ‘C1’
handle_text: no visible binding for global variable ‘C2’
listCMTools: no visible global function definition for ‘read.table’
parBatchByIndex: no visible global function definition for
‘clusterExport’
parBatchByIndex: no visible global function definition for
‘clusterApplyLB’
postgresqlWriteTable: no visible global function definition for
‘postgresqlTableRef’
postgresqlWriteTable: no visible global function definition for
‘postgresqlQuoteId’
postgresqlWriteTable: no visible global function definition for
‘postgresqlpqExec’
postgresqlWriteTable: no visible global function definition for
‘postgresqlCopyInDataframe’
postgresqlWriteTable: no visible global function definition for
‘postgresqlgetResult’
propOB: no visible global function definition for ‘prop_OB’
read.AP: no visible global function definition for ‘read.delim’
sdf2OBMol: no visible global function definition for ‘forEachMol’
sdf2image: no visible global function definition for ‘convertToImage’
sdf2smiles: no visible global function definition for ‘convertFormat’
sdf2smilesOB: no visible global function definition for ‘convertFormat’
sdfStream: no visible global function definition for ‘write.table’
setPriorities: no visible global function definition for
‘clusterExport’
smartsSearchOB: no visible global function definition for
‘smartsSearch_OB’
smile2sdfFile: no visible global function definition for
‘convertFormatFile’
write.SMI: no visible global function definition for ‘write.table’
Undefined global functions or variables:
C1 C1.1 C2 C2.1 browseURL canonicalNumbering_OB clusterApplyLB
clusterExport combn convertFormat convertFormatFile convertToImage
data dev.off download.file error exactMass_OB fingerprint_OB fmcs
forEachMol pdf postgresqlCopyInDataframe postgresqlQuoteId
postgresqlTableRef postgresqlgetResult postgresqlpqExec postscript
prop_OB rainbow read.delim read.table rgb smartsSearch_OB str string
untar write.table
Consider adding
importFrom("grDevices", "dev.off", "pdf", "postscript", "rainbow",
"rgb")
importFrom("utils", "browseURL", "combn", "data", "download.file",
"read.delim", "read.table", "str", "untar", "write.table")
to your NAMESPACE file.
* checking Rd files ... NOTE
checkRd: (-1) cmp.duplicated.Rd:29: Escaped LaTeX specials: \$
* checking Rd metadata ... OK
* checking Rd cross-references ... OK
* checking for missing documentation entries ... WARNING
Undocumented code objects:
‘sdfid<-’
Undocumented S4 methods:
generic '$' and siglist '_p_Descriptors'
generic '[' and siglist 'ExternalReferenceSwig'
generic '[<-' and siglist 'ExternalReferenceSwig'
generic 'coerce' and siglist 'ExternalReferenceSwig,character'
generic 'length' and siglist 'SWIGArray'
generic 'sdfid<-' and siglist 'SDF'
generic 'sdfid<-' and siglist 'SDFset'
All user-level objects in a package (including S4 classes and methods)
should have documentation entries.
See chapter ‘Writing R documentation files’ in the ‘Writing R
Extensions’ manual.
* checking for code/documentation mismatches ... OK
* checking Rd \usage sections ... OK
* checking Rd contents ... NOTE
Argument items with no description in Rd file 'cmp.search.Rd':
‘visualize’ ‘visualize.browse’ ‘visualize.query’
* checking for unstated dependencies in examples ... OK
* checking contents of ‘data’ directory ... OK
* checking data for non-ASCII characters ... OK
* checking data for ASCII and uncompressed saves ... OK
* checking line endings in C/C++/Fortran sources/headers ... OK
* checking line endings in Makefiles ... OK
* checking compilation flags in Makevars ... OK
* checking for GNU extensions in Makefiles ... OK
* checking for portable use of $(BLAS_LIBS) and $(LAPACK_LIBS) ... OK
* checking use of PKG_*FLAGS in Makefiles ... OK
* checking compiled code ... NOTE
Note: information on .o files is not available
File ‘/Library/Frameworks/R.framework/Versions/4.5-x86_64/Resources/library/ChemmineR/libs/ChemmineR.so’:
Found ‘__ZNSt3__14cerrE’, possibly from ‘std::cerr’ (C++)
Found ‘__ZNSt3__14coutE’, possibly from ‘std::cout’ (C++)
File ‘ChemmineR/libs/ChemmineR.so’:
Found non-API call to R: ‘SET_S4_OBJECT’
Compiled code should not call entry points which might terminate R nor
write to stdout/stderr instead of to the console, nor use Fortran I/O
nor system RNGs nor [v]sprintf. The detected symbols are linked into
the code but might come from libraries and not actually be called.
Compiled code should not call non-API entry points in R.
See ‘Writing portable packages’ in the ‘Writing R Extensions’ manual,
and section ‘Moving into C API compliance’ for issues with the use of
non-API entry points.
* checking files in ‘vignettes’ ... OK
* checking examples ... OK
* checking for unstated dependencies in ‘tests’ ... OK
* checking tests ...
Running ‘runTests.R’
OK
* checking for unstated dependencies in vignettes ... OK
* checking package vignettes ... OK
* checking running R code from vignettes ... SKIPPED
* checking re-building of vignette outputs ... SKIPPED
* checking PDF version of manual ... OK
* DONE
Status: 1 WARNING, 6 NOTEs
See
‘/Users/biocbuild/bbs-3.22-bioc/meat/ChemmineR.Rcheck/00check.log’
for details.
ChemmineR.Rcheck/00install.out
##############################################################################
##############################################################################
###
### Running command:
###
### /Library/Frameworks/R.framework/Resources/bin/R CMD INSTALL ChemmineR
###
##############################################################################
##############################################################################
* installing to library ‘/Library/Frameworks/R.framework/Versions/4.5-x86_64/Resources/library’
* installing *source* package ‘ChemmineR’ ...
** this is package ‘ChemmineR’ version ‘3.61.2’
** using staged installation
** libs
using C++ compiler: ‘Apple clang version 14.0.0 (clang-1400.0.29.202)’
using SDK: ‘MacOSX11.3.1.sdk’
clang++ -arch x86_64 -std=gnu++17 -I"/Library/Frameworks/R.framework/Resources/include" -DNDEBUG -I'/Library/Frameworks/R.framework/Versions/4.5-x86_64/Resources/library/Rcpp/include' -I'/Library/Frameworks/R.framework/Versions/4.5-x86_64/Resources/library/BH/include' -I/opt/R/x86_64/include -DNO_MAIN -DNO_DEBUG -DSTRICT_R_HEADERS -DR_NO_REMAP -fPIC -falign-functions=64 -Wall -g -O2 -c DisjointSets.cpp -o DisjointSets.o
clang++ -arch x86_64 -std=gnu++17 -I"/Library/Frameworks/R.framework/Resources/include" -DNDEBUG -I'/Library/Frameworks/R.framework/Versions/4.5-x86_64/Resources/library/Rcpp/include' -I'/Library/Frameworks/R.framework/Versions/4.5-x86_64/Resources/library/BH/include' -I/opt/R/x86_64/include -DNO_MAIN -DNO_DEBUG -DSTRICT_R_HEADERS -DR_NO_REMAP -fPIC -falign-functions=64 -Wall -g -O2 -c cluster.cc -o cluster.o
cluster.cc:49:13: warning: unused function 'prepare_neighbors' [-Wunused-function]
void static prepare_neighbors(const char* nbr_file, int skip, int p)
^
1 warning generated.
clang++ -arch x86_64 -std=gnu++17 -I"/Library/Frameworks/R.framework/Resources/include" -DNDEBUG -I'/Library/Frameworks/R.framework/Versions/4.5-x86_64/Resources/library/Rcpp/include' -I'/Library/Frameworks/R.framework/Versions/4.5-x86_64/Resources/library/BH/include' -I/opt/R/x86_64/include -DNO_MAIN -DNO_DEBUG -DSTRICT_R_HEADERS -DR_NO_REMAP -fPIC -falign-functions=64 -Wall -g -O2 -c cstrsplit.cc -o cstrsplit.o
clang++ -arch x86_64 -std=gnu++17 -I"/Library/Frameworks/R.framework/Resources/include" -DNDEBUG -I'/Library/Frameworks/R.framework/Versions/4.5-x86_64/Resources/library/Rcpp/include' -I'/Library/Frameworks/R.framework/Versions/4.5-x86_64/Resources/library/BH/include' -I/opt/R/x86_64/include -DNO_MAIN -DNO_DEBUG -DSTRICT_R_HEADERS -DR_NO_REMAP -fPIC -falign-functions=64 -Wall -g -O2 -c desc.cc -o desc.o
clang++ -arch x86_64 -std=gnu++17 -I"/Library/Frameworks/R.framework/Resources/include" -DNDEBUG -I'/Library/Frameworks/R.framework/Versions/4.5-x86_64/Resources/library/Rcpp/include' -I'/Library/Frameworks/R.framework/Versions/4.5-x86_64/Resources/library/BH/include' -I/opt/R/x86_64/include -DNO_MAIN -DNO_DEBUG -DSTRICT_R_HEADERS -DR_NO_REMAP -fPIC -falign-functions=64 -Wall -g -O2 -c fingerprints.cc -o fingerprints.o
clang++ -arch x86_64 -std=gnu++17 -I"/Library/Frameworks/R.framework/Resources/include" -DNDEBUG -I'/Library/Frameworks/R.framework/Versions/4.5-x86_64/Resources/library/Rcpp/include' -I'/Library/Frameworks/R.framework/Versions/4.5-x86_64/Resources/library/BH/include' -I/opt/R/x86_64/include -DNO_MAIN -DNO_DEBUG -DSTRICT_R_HEADERS -DR_NO_REMAP -fPIC -falign-functions=64 -Wall -g -O2 -c formats.cc -o formats.o
clang++ -arch x86_64 -std=gnu++17 -I"/Library/Frameworks/R.framework/Resources/include" -DNDEBUG -I'/Library/Frameworks/R.framework/Versions/4.5-x86_64/Resources/library/Rcpp/include' -I'/Library/Frameworks/R.framework/Versions/4.5-x86_64/Resources/library/BH/include' -I/opt/R/x86_64/include -DNO_MAIN -DNO_DEBUG -DSTRICT_R_HEADERS -DR_NO_REMAP -fPIC -falign-functions=64 -Wall -g -O2 -c molecule.cc -o molecule.o
clang++ -arch x86_64 -std=gnu++17 -I"/Library/Frameworks/R.framework/Resources/include" -DNDEBUG -I'/Library/Frameworks/R.framework/Versions/4.5-x86_64/Resources/library/Rcpp/include' -I'/Library/Frameworks/R.framework/Versions/4.5-x86_64/Resources/library/BH/include' -I/opt/R/x86_64/include -DNO_MAIN -DNO_DEBUG -DSTRICT_R_HEADERS -DR_NO_REMAP -fPIC -falign-functions=64 -Wall -g -O2 -c r_wrap.cc -o r_wrap.o
r_wrap.cc:758:10: warning: 'R_NO_REMAP' macro redefined [-Wmacro-redefined]
# define R_NO_REMAP
^
<command line>:5:9: note: previous definition is here
#define R_NO_REMAP 1
^
r_wrap.cc:761:10: warning: 'STRICT_R_HEADERS' macro redefined [-Wmacro-redefined]
# define STRICT_R_HEADERS
^
<command line>:4:9: note: previous definition is here
#define STRICT_R_HEADERS 1
^
2 warnings generated.
clang++ -arch x86_64 -std=gnu++17 -I"/Library/Frameworks/R.framework/Resources/include" -DNDEBUG -I'/Library/Frameworks/R.framework/Versions/4.5-x86_64/Resources/library/Rcpp/include' -I'/Library/Frameworks/R.framework/Versions/4.5-x86_64/Resources/library/BH/include' -I/opt/R/x86_64/include -DNO_MAIN -DNO_DEBUG -DSTRICT_R_HEADERS -DR_NO_REMAP -fPIC -falign-functions=64 -Wall -g -O2 -c script.cc -o script.o
clang++ -arch x86_64 -std=gnu++17 -I"/Library/Frameworks/R.framework/Resources/include" -DNDEBUG -I'/Library/Frameworks/R.framework/Versions/4.5-x86_64/Resources/library/Rcpp/include' -I'/Library/Frameworks/R.framework/Versions/4.5-x86_64/Resources/library/BH/include' -I/opt/R/x86_64/include -DNO_MAIN -DNO_DEBUG -DSTRICT_R_HEADERS -DR_NO_REMAP -fPIC -falign-functions=64 -Wall -g -O2 -c similarity.cc -o similarity.o
clang++ -arch x86_64 -std=gnu++17 -dynamiclib -Wl,-headerpad_max_install_names -undefined dynamic_lookup -L/Library/Frameworks/R.framework/Resources/lib -L/opt/R/x86_64/lib -o ChemmineR.so DisjointSets.o cluster.o cstrsplit.o desc.o fingerprints.o formats.o molecule.o r_wrap.o script.o similarity.o -F/Library/Frameworks/R.framework/.. -framework R
installing to /Library/Frameworks/R.framework/Versions/4.5-x86_64/Resources/library/00LOCK-ChemmineR/00new/ChemmineR/libs
** R
** data
** inst
** byte-compile and prepare package for lazy loading
** help
*** installing help indices
** building package indices
** installing vignettes
** testing if installed package can be loaded from temporary location
** checking absolute paths in shared objects and dynamic libraries
** testing if installed package can be loaded from final location
** testing if installed package keeps a record of temporary installation path
* DONE (ChemmineR)
ChemmineR.Rcheck/tests/runTests.Rout
R version 4.5.1 Patched (2025-09-10 r88807) -- "Great Square Root"
Copyright (C) 2025 The R Foundation for Statistical Computing
Platform: x86_64-apple-darwin20
R is free software and comes with ABSOLUTELY NO WARRANTY.
You are welcome to redistribute it under certain conditions.
Type 'license()' or 'licence()' for distribution details.
R is a collaborative project with many contributors.
Type 'contributors()' for more information and
'citation()' on how to cite R or R packages in publications.
Type 'demo()' for some demos, 'help()' for on-line help, or
'help.start()' for an HTML browser interface to help.
Type 'q()' to quit R.
> BiocGenerics:::testPackage("ChemmineR")
======= testing fpset ===============================================
======= folding...
Loading required package: RSQLite
[1] "createing db"
[1] "createing db"
[1] "loading first half, no features"
[1] "createing db"
[1] "loading first half,with features"
adding new features to existing compounds. This could take a while
[1] "loading incomplete features"
[1] "loading second half"
adding new features to existing compounds. This could take a while
[1] "done loading"
[1] "createing db"
adding new features to existing compounds. This could take a while
[1] "found 70 compounds"
[1] "found 20 compounds"
Timing stopped at: 0 0 0
Error in DEACTIVATED("local test") : local test
In addition: There were 14 warnings (use warnings() to see them)
Timing stopped at: 0 0 0
Error in DEACTIVATED("local test only") : local test only
found 100 ids
[1] 201 202 203 204 205 206 207 208 209 210 211 212 213 214 215 216 217 218
[19] 219 220 221 222 223 224 225 226 227 228 229 230 231 232 233 234 235 236
[37] 237 238 239 240 241 242 243 244 245 246 247 248 249 250 251 252 253 254
[55] 255 256 257 258 259 260 261 262 263 264 265 266 267 268 269 270 271 272
[73] 273 274 275 276 277 278 279 280 281 282 283 284 285 286 287 288 289 290
[91] 291 292 293 294 295 296 297 298 299 300
starting parBatchByIndex
Loading required package: snow
int [1:100] 201 202 203 204 205 206 207 208 209 210 ...
NULL
[1] "results: parBench-sub-1,parBench-sub-2,parBench-sub-3,parBench-sub-4,parBench-sub-5,parBench-sub-6,parBench-sub-7,parBench-sub-8,parBench-sub-9,parBench-sub-10"
[1] "loading duplications"
loading 1 new compounds, updating 1 compounds
fetching features:
Timing stopped at: 0 0 0
Error in DEACTIVATED("causing timeout on bioc, disabling for now") :
causing timeout on bioc, disabling for now
In addition: Warning messages:
1: In x@atomblock : closing unused connection 5 (<-localhost:11989)
2: In x@atomblock : closing unused connection 4 (<-localhost:11989)
3: In x@atomblock : closing unused connection 3 (<-localhost:11989)
test.formatConversions
Timing stopped at: 0 0 0
Error in DEACTIVATED("removed old version of function") :
removed old version of function
==============================
*** Open Babel Warning in ParseSmiles
Invalid SMILES string: 1 unmatched ring bonds.
==============================
*** Open Babel Error in ParseSimple
SMILES string contains a character 'G' which is invalid
==============================
*** Open Babel Warning in ParseSmiles
Invalid SMILES string: 1 unmatched ring bonds.
==============================
*** Open Babel Error in ParseSimple
SMILES string contains a character 'G' which is invalid
==============================
*** Open Babel Warning in ParseSmiles
Invalid SMILES string: 1 unmatched ring bonds.
==============================
*** Open Babel Error in ParseSimple
SMILES string contains a character 'G' which is invalid
==============================
*** Open Babel Warning in ParseSmiles
Invalid SMILES string: 1 unmatched ring bonds.
==============================
*** Open Babel Error in ParseSimple
SMILES string contains a character 'G' which is invalid
Timing stopped at: 0 0 0
Error in DEACTIVATED("just for manual testing") : just for manual testing
In addition: Warning messages:
1: In smiles2sdf(smiles) : Could not convert FailingSmile1'. Skipping.
2: In smiles2sdf(smiles) : Could not convert FailingSmile2'. Skipping.
3: In smiles2sdf(smiles[c(2, 3, 1, 4)]) :
Could not convert FailingSmile1'. Skipping.
4: In smiles2sdf(smiles[c(2, 3, 1, 4)]) :
Could not convert FailingSmile2'. Skipping.
5: In smiles2sdf(smiles[c(1, 4, 2, 3)]) :
Could not convert FailingSmile1'. Skipping.
6: In smiles2sdf(smiles[c(1, 4, 2, 3)]) :
Could not convert FailingSmile2'. Skipping.
7: In smiles2sdf(smiles[c(2, 3)]) :
Could not convert FailingSmile1'. Skipping.
8: In smiles2sdf(smiles[c(2, 3)]) :
Could not convert FailingSmile2'. Skipping.
Timing stopped at: 0 0 0
Error in DEACTIVATED("requires local files") : requires local files
Timing stopped at: 0 0 0
Error in DEACTIVATED("fails on ubuntu 16.04") : fails on ubuntu 16.04
Timing stopped at: 0 0.001 0
Error in DEACTIVATED("Causes SSL protocol version error on BioC") :
Causes SSL protocol version error on BioC
[1] "rotable bonds: "
CMP1 CMP2 CMP3 CMP4 CMP5
24 20 14 30 10
[1] "650001" "650002" "650003" "650004" "650005"
2025-10-24 20:10:29.818 R[49224:637796379] XType: com.apple.fonts is not accessible.
2025-10-24 20:10:29.818 R[49224:637796379] XType: XTFontStaticRegistry is enabled.
RUNIT TEST PROTOCOL -- Fri Oct 24 20:10:30 2025
***********************************************
Number of test functions: 24
Number of deactivated test functions: 8
Number of errors: 0
Number of failures: 0
1 Test Suite :
ChemmineR RUnit Tests - 24 test functions, 0 errors, 0 failures
Number of test functions: 24
Number of deactivated test functions: 8
Number of errors: 0
Number of failures: 0
>
> proc.time()
user system elapsed
14.887 1.431 17.666
ChemmineR.Rcheck/ChemmineR-Ex.timings
| name | user | system | elapsed | |
| AP-class | 0.357 | 0.137 | 0.498 | |
| APset-class | 0.332 | 0.118 | 0.452 | |
| ExtSDF-class | 0.000 | 0.000 | 0.001 | |
| FP-class | 0.054 | 0.006 | 0.061 | |
| FPset-class | 0.221 | 0.031 | 0.252 | |
| SDF-class | 0.046 | 0.010 | 0.057 | |
| SDF2apcmp | 0.022 | 0.002 | 0.024 | |
| SDFDataTable | 0 | 0 | 0 | |
| SDFset-class | 0.285 | 0.047 | 0.337 | |
| SDFset2SDF | 0.059 | 0.013 | 0.072 | |
| SDFset2list | 0.047 | 0.048 | 0.095 | |
| SDFstr-class | 0.241 | 0.007 | 0.249 | |
| SMI-class | 0.003 | 0.002 | 0.003 | |
| SMIset-class | 0.004 | 0.001 | 0.006 | |
| addDescriptorType | 0 | 0 | 0 | |
| addNewFeatures | 2.908 | 0.260 | 3.252 | |
| ap | 0.059 | 0.016 | 0.075 | |
| apfp | 0.003 | 0.001 | 0.004 | |
| apset | 0.004 | 0.002 | 0.005 | |
| apset2descdb | 0.320 | 0.115 | 0.437 | |
| atomblock | 0.075 | 0.024 | 0.099 | |
| atomcount | 0.153 | 0.009 | 0.162 | |
| atomprop | 0.004 | 0.002 | 0.005 | |
| atomsubset | 0.021 | 0.002 | 0.023 | |
| batchByIndex | 0.001 | 0.000 | 0.000 | |
| bondblock | 0.070 | 0.014 | 0.085 | |
| bonds | 0.024 | 0.005 | 0.029 | |
| browseJob | 0.000 | 0.000 | 0.001 | |
| bufferLines | 0.000 | 0.000 | 0.001 | |
| bufferResultSet | 0.001 | 0.001 | 0.000 | |
| byCluster | 1.147 | 0.062 | 1.213 | |
| canonicalNumbering | 0.000 | 0.000 | 0.001 | |
| canonicalize | 0 | 0 | 0 | |
| cid | 0.017 | 0.001 | 0.019 | |
| cluster.sizestat | 0.758 | 0.032 | 0.803 | |
| cluster.visualize | 0.952 | 0.038 | 0.994 | |
| cmp.cluster | 2.376 | 0.077 | 2.461 | |
| cmp.duplicated | 0.034 | 0.002 | 0.037 | |
| cmp.parse | 0.023 | 0.002 | 0.025 | |
| cmp.parse1 | 0 | 0 | 0 | |
| cmp.search | 1.090 | 0.041 | 1.135 | |
| cmp.similarity | 0.036 | 0.004 | 0.040 | |
| conMA | 0.040 | 0.017 | 0.060 | |
| connections | 0.191 | 0.007 | 0.200 | |
| datablock | 0.183 | 0.018 | 0.202 | |
| datablock2ma | 0.028 | 0.003 | 0.031 | |
| db.explain | 0.032 | 0.012 | 0.044 | |
| db.subset | 0.002 | 0.001 | 0.003 | |
| dbTransaction | 0.027 | 0.009 | 0.038 | |
| desc2fp | 0.069 | 0.006 | 0.076 | |
| draw_sdf | 0.689 | 0.029 | 0.736 | |
| exactMassOB | 0 | 0 | 0 | |
| findCompounds | 2.470 | 0.039 | 2.530 | |
| findCompoundsByName | 0.324 | 0.025 | 0.377 | |
| fingerprintOB | 0.000 | 0.001 | 0.001 | |
| fold | 0.000 | 0.000 | 0.002 | |
| foldCount | 0.001 | 0.001 | 0.001 | |
| fp2bit | 0.322 | 0.035 | 0.360 | |
| fpSim | 0.316 | 0.030 | 0.349 | |
| fptype | 0.001 | 0.001 | 0.001 | |
| fromNNMatrix | 1.222 | 0.025 | 1.258 | |
| genAPDescriptors | 0.015 | 0.002 | 0.017 | |
| genParameters | 0.282 | 0.006 | 0.290 | |
| generate3DCoords | 0 | 0 | 0 | |
| getAllCompoundIds | 0.264 | 0.015 | 0.281 | |
| getAtomAttr | 0.001 | 0.000 | 0.000 | |
| getBondAttr | 0 | 0 | 0 | |
| getCompoundFeatures | 2.430 | 0.029 | 2.476 | |
| getCompoundNames | 0.304 | 0.019 | 0.335 | |
| getCompounds | 0.315 | 0.017 | 0.336 | |
| getIds | 0.000 | 0.000 | 0.001 | |
| grepSDFset | 0.047 | 0.003 | 0.050 | |
| groups | 0.131 | 0.013 | 0.143 | |
| header | 0.066 | 0.008 | 0.074 | |
| initDb | 0.024 | 0.008 | 0.034 | |
| jarvisPatrick | 2.551 | 0.046 | 2.614 | |
| jobToken-class | 0.000 | 0.000 | 0.001 | |
| largestComponent | 0 | 0 | 0 | |
| launchCMTool | 0.000 | 0.001 | 0.000 | |
| listCMTools | 0.000 | 0.000 | 0.001 | |
| listFeatures | 0.334 | 0.016 | 0.356 | |
| loadSdf | 2.787 | 0.049 | 2.862 | |
| makeUnique | 0.014 | 0.001 | 0.015 | |
| maximallyDissimilar | 0.253 | 0.005 | 0.258 | |
| nearestNeighbors | 1.445 | 0.035 | 1.489 | |
| numBits | 0.000 | 0.000 | 0.001 | |
| obmol | 0.445 | 0.079 | 0.533 | |
| openBabelPlot | 0 | 0 | 0 | |
| parBatchByIndex | 0.000 | 0.000 | 0.001 | |
| plotStruc | 0.230 | 0.014 | 0.247 | |
| propOB | 0.000 | 0.001 | 0.000 | |
| pubchemCidToSDF | 0 | 0 | 0 | |
| pubchemFPencoding | 0.003 | 0.002 | 0.005 | |
| pubchemInchi2cid | 0.000 | 0.000 | 0.001 | |
| pubchemInchikey2sdf | 0.000 | 0.000 | 0.001 | |
| pubchemName2CID | 0 | 0 | 0 | |
| pubchemSDFSearch | 0.000 | 0.000 | 0.001 | |
| pubchemSmilesSearch | 0.000 | 0.001 | 0.001 | |
| read.AP | 0.017 | 0.003 | 0.021 | |
| read.SDFindex | 0.016 | 0.002 | 0.018 | |
| read.SDFset | 0.555 | 0.005 | 0.563 | |
| read.SDFstr | 0.791 | 0.007 | 0.802 | |
| read.SMIset | 0.001 | 0.001 | 0.002 | |
| regenerateCoords | 0 | 0 | 0 | |
| result | 0.000 | 0.000 | 0.001 | |
| rings | 0.576 | 0.015 | 0.598 | |
| sdf.subset | 0 | 0 | 0 | |
| sdf.visualize | 0.013 | 0.002 | 0.015 | |
| sdf2ap | 0.363 | 0.233 | 0.617 | |
| sdf2list | 0.020 | 0.031 | 0.053 | |
| sdf2smiles | 0.000 | 0.000 | 0.001 | |
| sdf2str | 0.027 | 0.011 | 0.038 | |
| sdfStream | 0.017 | 0.003 | 0.021 | |
| sdfid | 0.016 | 0.003 | 0.020 | |
| sdfsample | 0.035 | 0.008 | 0.044 | |
| sdfstr2list | 0.585 | 0.584 | 1.200 | |
| searchSim | 0 | 0 | 0 | |
| searchString | 0.000 | 0.000 | 0.001 | |
| selectInBatches | 0.001 | 0.000 | 0.001 | |
| setPriorities | 0 | 0 | 0 | |
| smartsSearchOB | 0 | 0 | 0 | |
| smiles2sdf | 0.000 | 0.000 | 0.001 | |
| smisample | 0.002 | 0.002 | 0.004 | |
| status | 0.000 | 0.001 | 0.000 | |
| toolDetails | 0 | 0 | 0 | |
| trimNeighbors | 2.018 | 0.032 | 2.063 | |
| validSDF | 0.018 | 0.001 | 0.019 | |
| view | 0.029 | 0.005 | 0.035 | |
| write.SDF | 0.098 | 0.005 | 0.104 | |
| write.SDFsplit | 0.015 | 0.001 | 0.017 | |
| write.SMI | 0.001 | 0.001 | 0.003 | |