Back to Multiple platform build/check report for BioC 3.22:   simplified   long
AB[C]DEFGHIJKLMNOPQRSTUVWXYZ

This page was generated on 2025-10-25 12:04 -0400 (Sat, 25 Oct 2025).

HostnameOSArch (*)R versionInstalled pkgs
nebbiolo2Linux (Ubuntu 24.04.3 LTS)x86_644.5.1 Patched (2025-08-23 r88802) -- "Great Square Root" 4901
lconwaymacOS 12.7.6 Montereyx86_644.5.1 Patched (2025-09-10 r88807) -- "Great Square Root" 4691
kjohnson3macOS 13.7.7 Venturaarm644.5.1 Patched (2025-09-10 r88807) -- "Great Square Root" 4637
taishanLinux (openEuler 24.03 LTS)aarch644.5.0 (2025-04-11) -- "How About a Twenty-Six" 4658
Click on any hostname to see more info about the system (e.g. compilers)      (*) as reported by 'uname -p', except on Windows and Mac OS X

Package 293/2361HostnameOS / ArchINSTALLBUILDCHECKBUILD BIN
CBN2Path 0.99.17  (landing page)
William Choi-Kim
Snapshot Date: 2025-10-24 13:45 -0400 (Fri, 24 Oct 2025)
git_url: https://git.bioconductor.org/packages/CBN2Path
git_branch: devel
git_last_commit: a48e22d
git_last_commit_date: 2025-10-18 01:58:51 -0400 (Sat, 18 Oct 2025)
nebbiolo2Linux (Ubuntu 24.04.3 LTS) / x86_64  OK    OK    OK  UNNEEDED, same version is already published
lconwaymacOS 12.7.6 Monterey / x86_64  OK    OK    WARNINGS    OK  UNNEEDED, same version is already published
kjohnson3macOS 13.7.7 Ventura / arm64  OK    OK    WARNINGS    OK  UNNEEDED, same version is already published
taishanLinux (openEuler 24.03 LTS) / aarch64  OK    NA    NA  


CHECK results for CBN2Path on lconway

To the developers/maintainers of the CBN2Path package:
- Allow up to 24 hours (and sometimes 48 hours) for your latest push to git@git.bioconductor.org:packages/CBN2Path.git to reflect on this report. See Troubleshooting Build Report for more information.
- Use the following Renviron settings to reproduce errors and warnings.
- If 'R CMD check' started to fail recently on the Linux builder(s) over a missing dependency, add the missing dependency to 'Suggests:' in your DESCRIPTION file. See Renviron.bioc for more information.

raw results


Summary

Package: CBN2Path
Version: 0.99.17
Command: /Library/Frameworks/R.framework/Resources/bin/R CMD check --install=check:CBN2Path.install-out.txt --library=/Library/Frameworks/R.framework/Resources/library --no-vignettes --timings CBN2Path_0.99.17.tar.gz
StartedAt: 2025-10-24 20:01:50 -0400 (Fri, 24 Oct 2025)
EndedAt: 2025-10-24 20:11:39 -0400 (Fri, 24 Oct 2025)
EllapsedTime: 589.5 seconds
RetCode: 0
Status:   WARNINGS  
CheckDir: CBN2Path.Rcheck
Warnings: 1

Command output

##############################################################################
##############################################################################
###
### Running command:
###
###   /Library/Frameworks/R.framework/Resources/bin/R CMD check --install=check:CBN2Path.install-out.txt --library=/Library/Frameworks/R.framework/Resources/library --no-vignettes --timings CBN2Path_0.99.17.tar.gz
###
##############################################################################
##############################################################################


* using log directory ‘/Users/biocbuild/bbs-3.22-bioc/meat/CBN2Path.Rcheck’
* using R version 4.5.1 Patched (2025-09-10 r88807)
* using platform: x86_64-apple-darwin20
* R was compiled by
    Apple clang version 14.0.0 (clang-1400.0.29.202)
    GNU Fortran (GCC) 14.2.0
* running under: macOS Monterey 12.7.6
* using session charset: UTF-8
* using option ‘--no-vignettes’
* checking for file ‘CBN2Path/DESCRIPTION’ ... OK
* this is package ‘CBN2Path’ version ‘0.99.17’
* package encoding: UTF-8
* checking package namespace information ... OK
* checking package dependencies ... OK
* checking if this is a source package ... OK
* checking if there is a namespace ... OK
* checking for hidden files and directories ... NOTE
Found the following hidden files and directories:
  .BBSoptions
These were most likely included in error. See section ‘Package
structure’ in the ‘Writing R Extensions’ manual.
* checking for portable file names ... OK
* checking for sufficient/correct file permissions ... OK
* checking whether package ‘CBN2Path’ can be installed ... WARNING
Found the following significant warnings:
  bcbn.c:554:36: warning: if statement has empty body [-Wempty-body]
  bcbn.c:611:30: warning: if statement has empty body [-Wempty-body]
  bcbn.c:623:43: warning: if statement has empty body [-Wempty-body]
  bcbn.c:633:45: warning: if statement has empty body [-Wempty-body]
  bcbn.c:931:30: warning: if statement has empty body [-Wempty-body]
  bcbn.c:943:43: warning: if statement has empty body [-Wempty-body]
  bcbn.c:953:45: warning: if statement has empty body [-Wempty-body]
  ./ct-cbn.h:551:36: warning: if statement has empty body [-Wempty-body]
  ./ct-cbn.h:611:36: warning: if statement has empty body [-Wempty-body]
  ./ct-cbn.h:670:30: warning: if statement has empty body [-Wempty-body]
  ./ct-cbn.h:682:43: warning: if statement has empty body [-Wempty-body]
  ./ct-cbn.h:692:45: warning: if statement has empty body [-Wempty-body]
  ./ct-cbn.h:719:33: warning: if statement has empty body [-Wempty-body]
See ‘/Users/biocbuild/bbs-3.22-bioc/meat/CBN2Path.Rcheck/00install.out’ for details.
* used C compiler: ‘Apple clang version 14.0.0 (clang-1400.0.29.202)’
* used SDK: ‘MacOSX11.3.1.sdk’
* checking installed package size ... OK
* checking package directory ... OK
* checking ‘build’ directory ... OK
* checking DESCRIPTION meta-information ... OK
* checking top-level files ... OK
* checking for left-over files ... OK
* checking index information ... OK
* checking package subdirectories ... NOTE
Found the following CITATION file in a non-standard place:
  CITATION.cff
Most likely ‘inst/CITATION’ should be used instead.
* checking code files for non-ASCII characters ... OK
* checking R files for syntax errors ... OK
* checking whether the package can be loaded ... OK
* checking whether the package can be loaded with stated dependencies ... OK
* checking whether the package can be unloaded cleanly ... OK
* checking whether the namespace can be loaded with stated dependencies ... OK
* checking whether the namespace can be unloaded cleanly ... OK
* checking dependencies in R code ... OK
* checking S3 generic/method consistency ... OK
* checking replacement functions ... OK
* checking foreign function calls ... OK
* checking R code for possible problems ... NOTE
bcbn: no visible global function definition for ‘SnowParam’
bcbn: no visible binding for global variable ‘datasets’
ctcbn: no visible global function definition for ‘SnowParam’
generateGeomNodePoint: no visible binding for global variable ‘nodes’
generateGeomNodeText: no visible binding for global variable ‘nodes’
generateGgText: no visible binding for global variable ‘x’
generateGgText: no visible binding for global variable ‘y’
generateGgText: no visible binding for global variable ‘label’
generateMatrixGenotypes : f1 : <anonymous>: no visible global function
  definition for ‘combn’
hcbn: no visible global function definition for ‘SnowParam’
variableCapSize: no visible binding for global variable ‘edges’
variableCapSize: no visible binding for global variable ‘x’
variableCapSize: no visible binding for global variable ‘y’
visualizeCBNModel: no visible binding for global variable ‘name’
visualizeFitnessLandscape: no visible binding for global variable ‘x’
visualizeFitnessLandscape: no visible binding for global variable ‘y’
visualizeFitnessLandscape: no visible binding for global variable
  ‘name’
visualizeProbabilities: no visible binding for global variable ‘name’
Undefined global functions or variables:
  SnowParam combn datasets edges label name nodes x y
Consider adding
  importFrom("utils", "combn")
to your NAMESPACE file.
* checking Rd files ... OK
* checking Rd metadata ... OK
* checking Rd cross-references ... OK
* checking for missing documentation entries ... OK
* checking for code/documentation mismatches ... OK
* checking Rd \usage sections ... OK
* checking Rd contents ... OK
* checking for unstated dependencies in examples ... OK
* checking line endings in shell scripts ... OK
* checking line endings in C/C++/Fortran sources/headers ... OK
* checking line endings in Makefiles ... OK
* checking compilation flags in Makevars ... OK
* checking for GNU extensions in Makefiles ... OK
* checking for portable use of $(BLAS_LIBS) and $(LAPACK_LIBS) ... OK
* checking use of PKG_*FLAGS in Makefiles ... OK
* checking compiled code ... NOTE
Note: information on .o files is not available
File ‘/Library/Frameworks/R.framework/Versions/4.5-x86_64/Resources/library/CBN2Path/libs/CBN2Path.so’:
  Found ‘___stderrp’, possibly from ‘stderr’ (C)
  Found ‘___stdoutp’, possibly from ‘stdout’ (C)
  Found ‘_abort’, possibly from ‘abort’ (C)
  Found ‘_printf’, possibly from ‘printf’ (C)

Compiled code should not call entry points which might terminate R nor
write to stdout/stderr instead of to the console, nor use Fortran I/O
nor system RNGs nor [v]sprintf. The detected symbols are linked into
the code but might come from libraries and not actually be called.

See ‘Writing portable packages’ in the ‘Writing R Extensions’ manual.
* checking files in ‘vignettes’ ... OK
* checking examples ... OK
Examples with CPU (user + system) or elapsed time > 5s
                          user system elapsed
hcbnSingle              60.901  0.299  61.455
pathProbQuartetBCBN     45.642  2.033  48.182
visualizeProbabilities  37.097  0.215  37.463
bcbn                    22.228  8.817  31.237
jensenShannonDivergence 12.920  2.626  15.673
Predictability          11.347  1.635  13.088
pathProbQuartetRCBN      9.972  2.364  12.376
pathProbQuartetHCBN      7.747  2.120   9.903
pathProbQuartetCTCBN     7.430  1.901   9.397
* checking for unstated dependencies in ‘tests’ ... OK
* checking tests ...
  Running ‘testthat.R’
 OK
* checking for unstated dependencies in vignettes ... OK
* checking package vignettes ... OK
* checking running R code from vignettes ... SKIPPED
* checking re-building of vignette outputs ... SKIPPED
* checking PDF version of manual ... OK
* DONE

Status: 1 WARNING, 4 NOTEs
See
  ‘/Users/biocbuild/bbs-3.22-bioc/meat/CBN2Path.Rcheck/00check.log’
for details.


Installation output

CBN2Path.Rcheck/00install.out

##############################################################################
##############################################################################
###
### Running command:
###
###   /Library/Frameworks/R.framework/Resources/bin/R CMD INSTALL CBN2Path
###
##############################################################################
##############################################################################


* installing to library ‘/Library/Frameworks/R.framework/Versions/4.5-x86_64/Resources/library’
* installing *source* package ‘CBN2Path’ ...
** this is package ‘CBN2Path’ version ‘0.99.17’
** using staged installation
checking for gcc... clang -arch x86_64
checking whether the C compiler works... yes
checking for C compiler default output file name... a.out
checking for suffix of executables... 
checking whether we are cross compiling... no
checking for suffix of object files... o
checking whether the compiler supports GNU C... yes
checking whether clang -arch x86_64 accepts -g... yes
checking for clang -arch x86_64 option to enable C11 features... none needed
checking for gsl-config... /usr/local/bin/gsl-config
checking if GSL version >= 2.5... yes
configure: creating ./config.status
config.status: creating src/Makevars
** libs
using C compiler: ‘Apple clang version 14.0.0 (clang-1400.0.29.202)’
using SDK: ‘MacOSX11.3.1.sdk’
clang -arch x86_64 -I"/Library/Frameworks/R.framework/Resources/include" -DNDEBUG -I/usr/local/include -I.  -I/opt/R/x86_64/include    -fPIC  -falign-functions=64 -Wall -g -O2  -c bcbn.c -o bcbn.o
bcbn.c:433:7: warning: unused variable 'i' [-Wunused-variable]
  int i;
      ^
bcbn.c:554:36: warning: if statement has empty body [-Wempty-body]
  if(fscanf(input, "%d %d", N, &p));
                                   ^
bcbn.c:554:36: note: put the semicolon on a separate line to silence this warning
bcbn.c:611:30: warning: if statement has empty body [-Wempty-body]
  if(fscanf(input, "%d", &n));
                             ^
bcbn.c:611:30: note: put the semicolon on a separate line to silence this warning
bcbn.c:623:43: warning: if statement has empty body [-Wempty-body]
  if(fscanf(input,"%d %d", &left, &right));
                                          ^
bcbn.c:623:43: note: put the semicolon on a separate line to silence this warning
bcbn.c:633:45: warning: if statement has empty body [-Wempty-body]
    if(fscanf(input,"%d %d", &left, &right));
                                            ^
bcbn.c:633:45: note: put the semicolon on a separate line to silence this warning
bcbn.c:641:7: warning: unused variable 'i' [-Wunused-variable]
  int i;
      ^
bcbn.c:931:30: warning: if statement has empty body [-Wempty-body]
  if(fscanf(input, "%d", &n));
                             ^
bcbn.c:931:30: note: put the semicolon on a separate line to silence this warning
bcbn.c:943:43: warning: if statement has empty body [-Wempty-body]
  if(fscanf(input,"%d %d", &left, &right));
                                          ^
bcbn.c:943:43: note: put the semicolon on a separate line to silence this warning
bcbn.c:953:45: warning: if statement has empty body [-Wempty-body]
    if(fscanf(input,"%d %d", &left, &right));
                                            ^
bcbn.c:953:45: note: put the semicolon on a separate line to silence this warning
bcbn.c:1056:9: warning: unused variable 'j' [-Wunused-variable]
  int i,j,c,k;
        ^
bcbn.c:1075:10: warning: variable 'p' set but not used [-Wunused-but-set-variable]
  double p = 0;
         ^
bcbn.c:1056:13: warning: unused variable 'k' [-Wunused-variable]
  int i,j,c,k;
            ^
bcbn.c:1281:15: warning: unused variable 'likelihood' [-Wunused-variable]
  long double likelihood, likelihood_d;
              ^
bcbn.c:1367:25: warning: variable 'x' set but not used [-Wunused-but-set-variable]
  double alpha,beta,var,x;
                        ^
bcbn.c:1367:21: warning: unused variable 'var' [-Wunused-variable]
  double alpha,beta,var,x;
                    ^
bcbn.c:1380:21: warning: unused variable 'var' [-Wunused-variable]
  double alpha,beta,var,x;
                    ^
bcbn.c:1380:25: warning: variable 'x' set but not used [-Wunused-but-set-variable]
  double alpha,beta,var,x;
                        ^
bcbn.c:1449:11: warning: unused variable 'k' [-Wunused-variable]
  int i,j,k,N_compatible,N_all_comp;
          ^
bcbn.c:1550:22: warning: unused variable 'N_compatible' [-Wunused-variable]
  int i,j,N_all_comp,N_compatible,k;
                     ^
bcbn.c:1550:35: warning: unused variable 'k' [-Wunused-variable]
  int i,j,N_all_comp,N_compatible,k;
                                  ^
bcbn.c:1550:11: warning: variable 'N_all_comp' set but not used [-Wunused-but-set-variable]
  int i,j,N_all_comp,N_compatible,k;
          ^
bcbn.c:1675:16: warning: unused variable 'beta' [-Wunused-variable]
  double alpha,beta,var,x;
               ^
bcbn.c:1675:21: warning: unused variable 'var' [-Wunused-variable]
  double alpha,beta,var,x;
                    ^
bcbn.c:1675:25: warning: unused variable 'x' [-Wunused-variable]
  double alpha,beta,var,x;
                        ^
bcbn.c:1675:10: warning: unused variable 'alpha' [-Wunused-variable]
  double alpha,beta,var,x;
         ^
bcbn.c:1755:11: warning: unused variable 'k' [-Wunused-variable]
  int i,j,k,N_compatible,N_all_comp;
          ^
bcbn.c:1878:26: warning: variable 'N_all_comp' set but not used [-Wunused-but-set-variable]
  int i,j,k,N_compatible,N_all_comp;
                         ^
bcbn.c:1878:13: warning: unused variable 'N_compatible' [-Wunused-variable]
  int i,j,k,N_compatible,N_all_comp;
            ^
bcbn.c:1878:11: warning: unused variable 'k' [-Wunused-variable]
  int i,j,k,N_compatible,N_all_comp;
          ^
bcbn.c:1946:11: warning: unused variable 'k' [-Wunused-variable]
  int i,j,k,N_compatible,N_all_comp;
          ^
bcbn.c:1946:13: warning: unused variable 'N_compatible' [-Wunused-variable]
  int i,j,k,N_compatible,N_all_comp;
            ^
bcbn.c:1946:26: warning: variable 'N_all_comp' set but not used [-Wunused-but-set-variable]
  int i,j,k,N_compatible,N_all_comp;
                         ^
bcbn.c:1957:7: warning: unused variable 'c' [-Wunused-variable]
  int c = 0;
      ^
bcbn.c:1997:26: warning: variable 'N_all_comp' set but not used [-Wunused-but-set-variable]
  int i,j,k,N_compatible,N_all_comp;
                         ^
bcbn.c:2008:7: warning: unused variable 'c' [-Wunused-variable]
  int c = 0;
      ^
bcbn.c:1997:11: warning: unused variable 'k' [-Wunused-variable]
  int i,j,k,N_compatible,N_all_comp;
          ^
bcbn.c:1997:13: warning: unused variable 'N_compatible' [-Wunused-variable]
  int i,j,k,N_compatible,N_all_comp;
            ^
bcbn.c:2358:7: warning: unused variable 'i' [-Wunused-variable]
  int i,j,k = 0;
      ^
bcbn.c:2358:9: warning: unused variable 'j' [-Wunused-variable]
  int i,j,k = 0;
        ^
bcbn.c:2362:7: warning: unused variable 'accepted' [-Wunused-variable]
  int accepted = 0;
      ^
bcbn.c:2620:22: warning: unused variable 'MH_ratio' [-Wunused-variable]
  long double alpha, MH_ratio;
                     ^
41 warnings generated.
clang -arch x86_64 -I"/Library/Frameworks/R.framework/Resources/include" -DNDEBUG -I/usr/local/include -I.  -I/opt/R/x86_64/include    -fPIC  -falign-functions=64 -Wall -g -O2  -c ctcbn.c -o ctcbn.o
In file included from ctcbn.c:3:
./ct-cbn.h:184:7: warning: unused variable 'j' [-Wunused-variable]
  int j;
      ^
./ct-cbn.h:551:36: warning: if statement has empty body [-Wempty-body]
  if(fscanf(input, "%d %d", N, &p));
                                   ^
./ct-cbn.h:551:36: note: put the semicolon on a separate line to silence this warning
./ct-cbn.h:611:36: warning: if statement has empty body [-Wempty-body]
  if(fscanf(input, "%d %d", N, &p));
                                   ^
./ct-cbn.h:611:36: note: put the semicolon on a separate line to silence this warning
./ct-cbn.h:670:30: warning: if statement has empty body [-Wempty-body]
  if(fscanf(input, "%d", &n));
                             ^
./ct-cbn.h:670:30: note: put the semicolon on a separate line to silence this warning
./ct-cbn.h:682:43: warning: if statement has empty body [-Wempty-body]
  if(fscanf(input,"%d %d", &left, &right));
                                          ^
./ct-cbn.h:682:43: note: put the semicolon on a separate line to silence this warning
./ct-cbn.h:692:45: warning: if statement has empty body [-Wempty-body]
    if(fscanf(input,"%d %d", &left, &right));
                                            ^
./ct-cbn.h:692:45: note: put the semicolon on a separate line to silence this warning
./ct-cbn.h:719:33: warning: if statement has empty body [-Wempty-body]
    if(fscanf(input, "%lf", &x));
                                ^
./ct-cbn.h:719:33: note: put the semicolon on a separate line to silence this warning
./ct-cbn.h:803:7: warning: unused variable 'i' [-Wunused-variable]
  int i;
      ^
./ct-cbn.h:2721:17: warning: variable 'alpha_new' set but not used [-Wunused-but-set-variable]
  double alpha, alpha_new;
                ^
./ct-cbn.h:3305:7: warning: variable 'mut_next' set but not used [-Wunused-but-set-variable]
  int mut_next, index_next;
      ^
ctcbn.c:84:7: warning: unused variable 'GPS' [-Wunused-variable]
  int GPS = 0;
      ^
ctcbn.c:88:7: warning: unused variable 'c' [-Wunused-variable]
  int c = 0;
      ^
ctcbn.c:79:7: warning: unused variable 'verbose' [-Wunused-variable]
  int verbose = 0;
      ^
ctcbn.c:304:7: warning: variable 'e_flag' set but not used [-Wunused-but-set-variable]
  int e_flag = 0;
      ^
ctcbn.c:314:7: warning: variable 'N_iter' set but not used [-Wunused-but-set-variable]
  int N_iter = 0;
      ^
ctcbn.c:302:7: warning: unused variable 'error_flag' [-Wunused-variable]
  int error_flag = 0;
      ^
ctcbn.c:313:10: warning: unused variable 'T' [-Wunused-variable]
  double T = REAL(temp)[0];
         ^
ctcbn.c:303:7: warning: unused variable 'f_flag' [-Wunused-variable]
  int f_flag = 0;
      ^
ctcbn.c:308:7: warning: unused variable 't_flag' [-Wunused-variable]
  int t_flag = 1;
      ^
ctcbn.c:319:7: warning: unused variable 'c' [-Wunused-variable]
  int c = 0;
      ^
ctcbn.c:305:7: warning: unused variable 'gps_flag' [-Wunused-variable]
  int gps_flag = 0;
      ^
ctcbn.c:306:7: warning: unused variable 'l_flag' [-Wunused-variable]
  int l_flag = 0;
      ^
22 warnings generated.
clang -arch x86_64 -I"/Library/Frameworks/R.framework/Resources/include" -DNDEBUG -I/usr/local/include -I.  -I/opt/R/x86_64/include    -fPIC  -falign-functions=64 -Wall -g -O2  -c init.c -o init.o
clang -arch x86_64 -I"/Library/Frameworks/R.framework/Resources/include" -DNDEBUG -I/usr/local/include -I.  -I/opt/R/x86_64/include    -fPIC  -falign-functions=64 -Wall -g -O2  -c queue.c -o queue.o
clang -arch x86_64 -dynamiclib -Wl,-headerpad_max_install_names -undefined dynamic_lookup -L/Library/Frameworks/R.framework/Resources/lib -L/opt/R/x86_64/lib -o CBN2Path.so bcbn.o ctcbn.o init.o queue.o -L/usr/local/lib -lgsl -lgslcblas -F/Library/Frameworks/R.framework/.. -framework R
installing to /Library/Frameworks/R.framework/Versions/4.5-x86_64/Resources/library/00LOCK-CBN2Path/00new/CBN2Path/libs
** R
** inst
** byte-compile and prepare package for lazy loading
** help
*** installing help indices
** building package indices
** installing vignettes
** testing if installed package can be loaded from temporary location
** checking absolute paths in shared objects and dynamic libraries
** testing if installed package can be loaded from final location
** testing if installed package keeps a record of temporary installation path
* DONE (CBN2Path)

Tests output

CBN2Path.Rcheck/tests/testthat.Rout


R version 4.5.1 Patched (2025-09-10 r88807) -- "Great Square Root"
Copyright (C) 2025 The R Foundation for Statistical Computing
Platform: x86_64-apple-darwin20

R is free software and comes with ABSOLUTELY NO WARRANTY.
You are welcome to redistribute it under certain conditions.
Type 'license()' or 'licence()' for distribution details.

R is a collaborative project with many contributors.
Type 'contributors()' for more information and
'citation()' on how to cite R or R packages in publications.

Type 'demo()' for some demos, 'help()' for on-line help, or
'help.start()' for an HTML browser interface to help.
Type 'q()' to quit R.

> # This file is part of the standard setup for testthat.
> # It is recommended that you do not modify it.
> #
> # Where should you do additional test configuration?
> # Learn more about the roles of various files in:
> # * https://r-pkgs.org/testing-design.html#sec-tests-files-overview
> # * https://testthat.r-lib.org/articles/special-files.html
> 
> library(testthat)
> library(CBN2Path)
> 
> test_check("CBN2Path")
chain: 1
0
chain: 2
0
chain: 3
0
chain: 4
0
       V1                V2                V3                 V4         
 Min.   :0.07533   Min.   :0.06538   Min.   :0.005901   Min.   :0.01136  
 1st Qu.:0.70105   1st Qu.:0.63746   1st Qu.:0.631416   1st Qu.:0.07492  
 Median :0.80469   Median :0.75482   Median :0.774020   Median :0.10052  
 Mean   :0.78724   Mean   :0.73578   Mean   :0.744870   Mean   :0.10518  
 3rd Qu.:0.89225   3rd Qu.:0.85419   3rd Qu.:0.889609   3rd Qu.:0.13029  
 Max.   :0.99998   Max.   :0.99990   Max.   :0.999990   Max.   :0.40836  
       V5         
 Min.   :-12.099  
 1st Qu.: -7.433  
 Median : -6.949  
 Mean   : -7.004  
 3rd Qu.: -6.499  
 Max.   : -5.624  
       V1               V2                V3                V4         
 Min.   :0.1634   Min.   :0.08797   Min.   :0.02005   Min.   :0.01296  
 1st Qu.:0.7023   1st Qu.:0.63632   1st Qu.:0.62500   1st Qu.:0.07650  
 Median :0.8058   Median :0.75449   Median :0.77273   Median :0.10064  
 Mean   :0.7872   Mean   :0.73638   Mean   :0.74281   Mean   :0.10567  
 3rd Qu.:0.8940   3rd Qu.:0.85413   3rd Qu.:0.89158   3rd Qu.:0.13042  
 Max.   :0.9999   Max.   :0.99999   Max.   :0.99999   Max.   :0.30539  
       V5         
 Min.   :-12.856  
 1st Qu.: -7.435  
 Median : -6.965  
 Mean   : -7.011  
 3rd Qu.: -6.505  
 Max.   : -5.631  
       V1                V2                V3                V4         
 Min.   :0.05084   Min.   :0.06773   Min.   :0.01303   Min.   :0.01124  
 1st Qu.:0.69999   1st Qu.:0.64044   1st Qu.:0.62991   1st Qu.:0.07480  
 Median :0.80381   Median :0.75423   Median :0.77579   Median :0.09826  
 Mean   :0.78547   Mean   :0.73645   Mean   :0.74587   Mean   :0.10422  
 3rd Qu.:0.89165   3rd Qu.:0.85249   3rd Qu.:0.89529   3rd Qu.:0.12815  
 Max.   :0.99989   Max.   :0.99987   Max.   :0.99996   Max.   :0.31354  
       V5         
 Min.   :-16.038  
 1st Qu.: -7.434  
 Median : -6.936  
 Mean   : -6.993  
 3rd Qu.: -6.468  
 Max.   : -5.612  
       V1               V2                V3                 V4          
 Min.   :0.1639   Min.   :0.05091   Min.   :0.008542   Min.   :0.009215  
 1st Qu.:0.6969   1st Qu.:0.63322   1st Qu.:0.626641   1st Qu.:0.077285  
 Median :0.8028   Median :0.74953   Median :0.775711   Median :0.101315  
 Mean   :0.7843   Mean   :0.73359   Mean   :0.743579   Mean   :0.105816  
 3rd Qu.:0.8934   3rd Qu.:0.85054   3rd Qu.:0.890659   3rd Qu.:0.129599  
 Max.   :1.0000   Max.   :0.99977   Max.   :0.999927   Max.   :0.310562  
       V5         
 Min.   :-11.719  
 1st Qu.: -7.454  
 Median : -6.976  
 Mean   : -7.019  
 3rd Qu.: -6.500  
 Max.   : -5.628  
[1] "Criterion: 1.00051649889375"
Potential scale reduction factors:

     Point est. Upper C.I.
[1,]          1          1
[2,]          1          1
[3,]          1          1
[4,]          1          1
[5,]          1          1

Multivariate psrf

1
[1] "##########################################"
[ FAIL 0 | WARN 2 | SKIP 0 | PASS 9 ]

[ FAIL 0 | WARN 2 | SKIP 0 | PASS 9 ]
> 
> proc.time()
   user  system elapsed 
 94.543   1.214  96.274 

Example timings

CBN2Path.Rcheck/CBN2Path-Ex.timings

nameusersystemelapsed
Base2IndVec0.0000.0000.001
Base2Indexing0.0010.0000.001
EdgeMarginalized0.0140.0010.015
Predictability11.347 1.63513.088
Spock0.0250.0050.031
bcbn22.228 8.81731.237
ctcbn1.0120.0381.055
ctcbnSingle0.2380.0110.249
generateData0.0160.0400.056
generateMatrixGenotypes0.0000.0010.002
generateTCGAMatrix0.0010.0000.002
genotypeFeasibility0.0010.0000.001
genotypeMatrixMutator0.0010.0010.001
getExamples0.0050.0030.008
getRawTCGAData0.0450.0080.385
hcbn1.9420.0481.998
hcbnSingle60.901 0.29961.455
jensenShannonDivergence12.920 2.62615.673
pathEdgeMapper0.0030.0010.003
pathNormalization0.0120.0000.011
pathProbCBN0.0060.0000.007
pathProbQuartetBCBN45.642 2.03348.182
pathProbQuartetCTCBN7.4301.9019.397
pathProbQuartetHCBN7.7472.1209.903
pathProbQuartetRCBN 9.972 2.36412.376
pathProbSSWM0.0040.0000.004
pathwayCompatibilityQuartet0.0040.0000.005
pathwayFeasibility0.0010.0000.002
pathwayGenotypeCompatibility0.0000.0000.001
pathwayWeightingRCBN0.0150.0010.016
permutations0.0000.0000.001
posetWeightingRCBN0.0140.0000.014
readLambda0.0050.0030.008
readPattern0.0310.0730.106
readPoset0.0050.0030.008
readTime0.0290.0680.098
transitiveClosure0.0000.0000.002
visualizeCBNModel0.3510.0070.359
visualizeFitnessLandscape0.3100.0050.316
visualizeProbabilities37.097 0.21537.463