| Back to Multiple platform build/check report for BioC 3.22: simplified long |
|
This page was generated on 2025-10-24 12:04 -0400 (Fri, 24 Oct 2025).
| Hostname | OS | Arch (*) | R version | Installed pkgs |
|---|---|---|---|---|
| nebbiolo2 | Linux (Ubuntu 24.04.3 LTS) | x86_64 | 4.5.1 Patched (2025-08-23 r88802) -- "Great Square Root" | 4898 |
| lconway | macOS 12.7.6 Monterey | x86_64 | 4.5.1 Patched (2025-09-10 r88807) -- "Great Square Root" | 4688 |
| kjohnson3 | macOS 13.7.7 Ventura | arm64 | 4.5.1 Patched (2025-09-10 r88807) -- "Great Square Root" | 4634 |
| taishan | Linux (openEuler 24.03 LTS) | aarch64 | 4.5.0 (2025-04-11) -- "How About a Twenty-Six" | 4658 |
| Click on any hostname to see more info about the system (e.g. compilers) (*) as reported by 'uname -p', except on Windows and Mac OS X | ||||
| Package 260/2359 | Hostname | OS / Arch | INSTALL | BUILD | CHECK | BUILD BIN | ||||||||
| BulkSignalR 1.1.5 (landing page) Jean-Philippe Villemin
| nebbiolo2 | Linux (Ubuntu 24.04.3 LTS) / x86_64 | OK | OK | ERROR | |||||||||
| lconway | macOS 12.7.6 Monterey / x86_64 | OK | OK | ERROR | OK | |||||||||
| kjohnson3 | macOS 13.7.7 Ventura / arm64 | OK | OK | ERROR | OK | |||||||||
| taishan | Linux (openEuler 24.03 LTS) / aarch64 | OK | OK | OK | ||||||||||
|
To the developers/maintainers of the BulkSignalR package: - Allow up to 24 hours (and sometimes 48 hours) for your latest push to git@git.bioconductor.org:packages/BulkSignalR.git to reflect on this report. See Troubleshooting Build Report for more information. - Use the following Renviron settings to reproduce errors and warnings. - If 'R CMD check' started to fail recently on the Linux builder(s) over a missing dependency, add the missing dependency to 'Suggests:' in your DESCRIPTION file. See Renviron.bioc for more information. |
| Package: BulkSignalR |
| Version: 1.1.5 |
| Command: /Library/Frameworks/R.framework/Resources/bin/R CMD check --install=check:BulkSignalR.install-out.txt --library=/Library/Frameworks/R.framework/Resources/library --no-vignettes --timings BulkSignalR_1.1.5.tar.gz |
| StartedAt: 2025-10-23 19:49:37 -0400 (Thu, 23 Oct 2025) |
| EndedAt: 2025-10-23 19:56:52 -0400 (Thu, 23 Oct 2025) |
| EllapsedTime: 435.0 seconds |
| RetCode: 1 |
| Status: ERROR |
| CheckDir: BulkSignalR.Rcheck |
| Warnings: NA |
##############################################################################
##############################################################################
###
### Running command:
###
### /Library/Frameworks/R.framework/Resources/bin/R CMD check --install=check:BulkSignalR.install-out.txt --library=/Library/Frameworks/R.framework/Resources/library --no-vignettes --timings BulkSignalR_1.1.5.tar.gz
###
##############################################################################
##############################################################################
* using log directory ‘/Users/biocbuild/bbs-3.22-bioc/meat/BulkSignalR.Rcheck’
* using R version 4.5.1 Patched (2025-09-10 r88807)
* using platform: x86_64-apple-darwin20
* R was compiled by
Apple clang version 14.0.0 (clang-1400.0.29.202)
GNU Fortran (GCC) 14.2.0
* running under: macOS Monterey 12.7.6
* using session charset: UTF-8
* using option ‘--no-vignettes’
* checking for file ‘BulkSignalR/DESCRIPTION’ ... OK
* checking extension type ... Package
* this is package ‘BulkSignalR’ version ‘1.1.5’
* package encoding: UTF-8
* checking package namespace information ... OK
* checking package dependencies ... INFO
Imports includes 26 non-default packages.
Importing from so many packages makes the package vulnerable to any of
them becoming unavailable. Move as many as possible to Suggests and
use conditionally.
* checking if this is a source package ... OK
* checking if there is a namespace ... OK
* checking for hidden files and directories ... OK
* checking for portable file names ... OK
* checking for sufficient/correct file permissions ... OK
* checking whether package ‘BulkSignalR’ can be installed ... OK
* checking installed package size ... OK
* checking package directory ... OK
* checking ‘build’ directory ... OK
* checking DESCRIPTION meta-information ... OK
* checking top-level files ... OK
* checking for left-over files ... OK
* checking index information ... OK
* checking package subdirectories ... OK
* checking code files for non-ASCII characters ... OK
* checking R files for syntax errors ... OK
* checking whether the package can be loaded ... OK
* checking whether the package can be loaded with stated dependencies ... OK
* checking whether the package can be unloaded cleanly ... OK
* checking whether the namespace can be loaded with stated dependencies ... OK
* checking whether the namespace can be unloaded cleanly ... OK
* checking whether startup messages can be suppressed ... OK
* checking dependencies in R code ... OK
* checking S3 generic/method consistency ... OK
* checking replacement functions ... OK
* checking foreign function calls ... OK
* checking R code for possible problems ... OK
* checking Rd files ... OK
* checking Rd metadata ... OK
* checking Rd cross-references ... OK
* checking for missing documentation entries ... OK
* checking for code/documentation mismatches ... OK
* checking Rd \usage sections ... OK
* checking Rd contents ... OK
* checking for unstated dependencies in examples ... OK
* checking contents of ‘data’ directory ... OK
* checking data for non-ASCII characters ... OK
* checking data for ASCII and uncompressed saves ... OK
* checking files in ‘vignettes’ ... OK
* checking examples ... ERROR
Running examples in ‘BulkSignalR-Ex.R’ failed
The error most likely occurred in:
> base::assign(".ptime", proc.time(), pos = "CheckExEnv")
> ### Name: convertToHuman
> ### Title: Transpose to Human Gene Names
> ### Aliases: convertToHuman
>
> ### ** Examples
>
> data(bodyMap.mouse)
>
> idx <- sample(nrow(bodyMap.mouse), 500)
> bodyMap.mouse <- bodyMap.mouse[idx,]
>
> ortholog.dict <- findOrthoGenes(
+ from_organism = "mmusculus",
+ from_values = rownames(bodyMap.mouse)
+ )
Error in gprofiler_request(url, body) :
There's an issue with your request to g:Profiler.
Error code: 503.
Please double check your input. If this doesn't help, then check your internet connection or contact us with a reproducible example on biit.support@ut.ee
Calls: findOrthoGenes ... map_orthologs_gprofiler -> <Anonymous> -> gprofiler_request
Execution halted
Examples with CPU (user + system) or elapsed time > 5s
user system elapsed
cacheClear 3.585 0.232 7.333
* checking for unstated dependencies in ‘tests’ ... OK
* checking tests ...
Running ‘testthat.R’
OK
* checking for unstated dependencies in vignettes ... OK
* checking package vignettes ... OK
* checking running R code from vignettes ... SKIPPED
* checking re-building of vignette outputs ... SKIPPED
* checking PDF version of manual ... OK
* DONE
Status: 1 ERROR
See
‘/Users/biocbuild/bbs-3.22-bioc/meat/BulkSignalR.Rcheck/00check.log’
for details.
BulkSignalR.Rcheck/00install.out
############################################################################## ############################################################################## ### ### Running command: ### ### /Library/Frameworks/R.framework/Resources/bin/R CMD INSTALL BulkSignalR ### ############################################################################## ############################################################################## * installing to library ‘/Library/Frameworks/R.framework/Versions/4.5-x86_64/Resources/library’ * installing *source* package ‘BulkSignalR’ ... ** this is package ‘BulkSignalR’ version ‘1.1.5’ ** using staged installation ** R ** data ** inst ** byte-compile and prepare package for lazy loading ** help *** installing help indices *** copying figures ** building package indices ** installing vignettes ** testing if installed package can be loaded from temporary location ** testing if installed package can be loaded from final location ** testing if installed package keeps a record of temporary installation path * DONE (BulkSignalR)
BulkSignalR.Rcheck/tests/testthat.Rout
R version 4.5.1 Patched (2025-09-10 r88807) -- "Great Square Root"
Copyright (C) 2025 The R Foundation for Statistical Computing
Platform: x86_64-apple-darwin20
R is free software and comes with ABSOLUTELY NO WARRANTY.
You are welcome to redistribute it under certain conditions.
Type 'license()' or 'licence()' for distribution details.
R is a collaborative project with many contributors.
Type 'contributors()' for more information and
'citation()' on how to cite R or R packages in publications.
Type 'demo()' for some demos, 'help()' for on-line help, or
'help.start()' for an HTML browser interface to help.
Type 'q()' to quit R.
> library(testthat)
> library(BulkSignalR)
Local "resources" are up to date.
> test_check("BulkSignalR")
[ FAIL 0 | WARN 0 | SKIP 0 | PASS 1 ]
>
> proc.time()
user system elapsed
15.816 0.904 17.831
BulkSignalR.Rcheck/BulkSignalR-Ex.timings
| name | user | system | elapsed | |
| BSRClusterComp-class | 0.002 | 0.000 | 0.002 | |
| BSRClusterComp | 0.365 | 0.019 | 0.389 | |
| BSRDataModel-class | 0.056 | 0.007 | 0.064 | |
| BSRDataModel | 0.243 | 0.008 | 0.252 | |
| BSRDataModelComp-class | 0.006 | 0.001 | 0.006 | |
| BSRDataModelComp | 0.292 | 0.008 | 0.301 | |
| BSRInference-class | 0.005 | 0.000 | 0.005 | |
| BSRInference | 3.437 | 0.085 | 3.542 | |
| BSRInferenceComp-class | 0.009 | 0.001 | 0.010 | |
| BSRInferenceComp | 1.327 | 0.095 | 1.432 | |
| BSRSignature-class | 0.002 | 0.000 | 0.003 | |
| BSRSignature | 0.033 | 0.001 | 0.035 | |
| BSRSignatureComp-class | 0.003 | 0.000 | 0.003 | |
| BSRSignatureComp | 0.016 | 0.001 | 0.018 | |
| LRinter | 0.001 | 0.001 | 0.002 | |
| LRinterScore | 0.003 | 0.001 | 0.004 | |
| LRinterShort | 0.003 | 0.001 | 0.005 | |
| addClusterComp | 0.313 | 0.010 | 0.326 | |
| alluvialPlot | 0.641 | 0.023 | 0.668 | |
| assignCellTypesToInteractions | 0.768 | 0.033 | 0.809 | |
| bubblePlotPathwaysLR | 0.600 | 0.008 | 0.615 | |
| cacheClear | 3.585 | 0.232 | 7.333 | |
| cacheInfo | 0.114 | 0.009 | 0.123 | |
| cacheVersion | 0.327 | 0.040 | 0.712 | |
| cellTypeFrequency | 0.709 | 0.025 | 0.739 | |
| cellularNetwork | 0.619 | 0.017 | 0.639 | |
| cellularNetworkTable | 0.612 | 0.014 | 0.630 | |
| chordDiagramLR | 1.251 | 0.016 | 1.273 | |
| coerce | 0.001 | 0.000 | 0.002 | |
| colClusterA | 0.000 | 0.000 | 0.001 | |
| colClusterB | 0 | 0 | 0 | |
| comparison | 0.001 | 0.000 | 0.000 | |
| comparisonName | 0.000 | 0.000 | 0.001 | |