| Back to Multiple platform build/check report for BioC 3.22: simplified long |
|
This page was generated on 2025-10-24 12:07 -0400 (Fri, 24 Oct 2025).
| Hostname | OS | Arch (*) | R version | Installed pkgs |
|---|---|---|---|---|
| nebbiolo2 | Linux (Ubuntu 24.04.3 LTS) | x86_64 | 4.5.1 Patched (2025-08-23 r88802) -- "Great Square Root" | 4898 |
| lconway | macOS 12.7.6 Monterey | x86_64 | 4.5.1 Patched (2025-09-10 r88807) -- "Great Square Root" | 4688 |
| kjohnson3 | macOS 13.7.7 Ventura | arm64 | 4.5.1 Patched (2025-09-10 r88807) -- "Great Square Root" | 4634 |
| taishan | Linux (openEuler 24.03 LTS) | aarch64 | 4.5.0 (2025-04-11) -- "How About a Twenty-Six" | 4658 |
| Click on any hostname to see more info about the system (e.g. compilers) (*) as reported by 'uname -p', except on Windows and Mac OS X | ||||
| Package 177/2359 | Hostname | OS / Arch | INSTALL | BUILD | CHECK | BUILD BIN | ||||||||
| BindingSiteFinder 2.7.1 (landing page) Mirko Brüggemann
| nebbiolo2 | Linux (Ubuntu 24.04.3 LTS) / x86_64 | OK | OK | OK | |||||||||
| lconway | macOS 12.7.6 Monterey / x86_64 | OK | OK | OK | OK | |||||||||
| kjohnson3 | macOS 13.7.7 Ventura / arm64 | OK | OK | OK | OK | |||||||||
| taishan | Linux (openEuler 24.03 LTS) / aarch64 | OK | OK | TIMEOUT | ||||||||||
|
To the developers/maintainers of the BindingSiteFinder package: - Allow up to 24 hours (and sometimes 48 hours) for your latest push to git@git.bioconductor.org:packages/BindingSiteFinder.git to reflect on this report. See Troubleshooting Build Report for more information. - Use the following Renviron settings to reproduce errors and warnings. - If 'R CMD check' started to fail recently on the Linux builder(s) over a missing dependency, add the missing dependency to 'Suggests:' in your DESCRIPTION file. See Renviron.bioc for more information. - See Martin Grigorov's blog post for how to debug Linux ARM64 related issues on a x86_64 host. |
| Package: BindingSiteFinder |
| Version: 2.7.1 |
| Command: /home/biocbuild/R/R/bin/R CMD check --install=check:BindingSiteFinder.install-out.txt --library=/home/biocbuild/R/R/site-library --no-vignettes --timings BindingSiteFinder_2.7.1.tar.gz |
| StartedAt: 2025-10-21 04:52:13 -0000 (Tue, 21 Oct 2025) |
| EndedAt: 2025-10-21 05:33:28 -0000 (Tue, 21 Oct 2025) |
| EllapsedTime: 2475.1 seconds |
| RetCode: None |
| Status: TIMEOUT |
| CheckDir: BindingSiteFinder.Rcheck |
| Warnings: NA |
##############################################################################
##############################################################################
###
### Running command:
###
### /home/biocbuild/R/R/bin/R CMD check --install=check:BindingSiteFinder.install-out.txt --library=/home/biocbuild/R/R/site-library --no-vignettes --timings BindingSiteFinder_2.7.1.tar.gz
###
##############################################################################
##############################################################################
* using log directory ‘/home/biocbuild/bbs-3.22-bioc/meat/BindingSiteFinder.Rcheck’
* using R version 4.5.0 (2025-04-11)
* using platform: aarch64-unknown-linux-gnu
* R was compiled by
aarch64-unknown-linux-gnu-gcc (GCC) 14.2.0
GNU Fortran (GCC) 14.2.0
* running under: openEuler 24.03 (LTS)
* using session charset: UTF-8
* using option ‘--no-vignettes’
* checking for file ‘BindingSiteFinder/DESCRIPTION’ ... OK
* checking extension type ... Package
* this is package ‘BindingSiteFinder’ version ‘2.7.1’
* package encoding: UTF-8
* checking package namespace information ... OK
* checking package dependencies ... OK
* checking if this is a source package ... OK
* checking if there is a namespace ... OK
* checking for hidden files and directories ... OK
* checking for portable file names ... OK
* checking for sufficient/correct file permissions ... OK
* checking whether package ‘BindingSiteFinder’ can be installed ... OK
* checking installed package size ... OK
* checking package directory ... OK
* checking ‘build’ directory ... OK
* checking DESCRIPTION meta-information ... OK
* checking top-level files ... OK
* checking for left-over files ... OK
* checking index information ... OK
* checking package subdirectories ... OK
* checking code files for non-ASCII characters ... OK
* checking R files for syntax errors ... OK
* checking whether the package can be loaded ... OK
* checking whether the package can be loaded with stated dependencies ... OK
* checking whether the package can be unloaded cleanly ... OK
* checking whether the namespace can be loaded with stated dependencies ... OK
* checking whether the namespace can be unloaded cleanly ... OK
* checking loading without being on the library search path ... OK
* checking dependencies in R code ... OK
* checking S3 generic/method consistency ... OK
* checking replacement functions ... OK
* checking foreign function calls ... OK
* checking R code for possible problems ... OK
* checking Rd files ... OK
* checking Rd metadata ... OK
* checking Rd cross-references ... NOTE
Found the following Rd file(s) with Rd \link{} targets missing package
anchors:
BSFind.Rd: GenomicRanges, CompressedGRangesList
annotateWithScore.Rd: GenomicRanges
assignToGenes.Rd: GenomicRanges, overlaps
assignToTranscriptRegions.Rd: CompressedGRangesList, overlaps
bindingSiteDefinednessPlot.Rd: ggplot
calculateBsBackground.Rd: GenomicRanges
duplicatedSitesPlot.Rd: ggplot
estimateBsWidth.Rd: GenomicRanges
estimateBsWidthPlot.Rd: ggplot
geneOverlapsPlot.Rd: ggplot
geneRegulationPlot.Rd: GenomicRanges
globalScorePlot.Rd: ggplot
makeBsSummaryPlot.Rd: ggplot
mergeCrosslinkDiagnosticsPlot.Rd: ggplot
plotBsBackgroundFilter.Rd: ggplot
plotBsMA.Rd: ggplot
plotBsVolcano.Rd: ggplot
processingStepsFlowChart.Rd: ggplot
pureClipGeneWiseFilter.Rd: GenomicRanges, overlaps
pureClipGlobalFilter.Rd: GenomicRanges
pureClipGlobalFilterPlot.Rd: ggplot
reproducibilityFilterPlot.Rd: ggplot
reproducibilitySamplesPlot.Rd: ggplot
targetGeneSpectrumPlot.Rd: ggplot
transcriptRegionOverlapsPlot.Rd: ggplot
transcriptRegionSpectrumPlot.Rd: ggplot
Please provide package anchors for all Rd \link{} targets not in the
package itself and the base packages.
* checking for missing documentation entries ... OK
* checking for code/documentation mismatches ... OK
* checking Rd \usage sections ... OK
* checking Rd contents ... OK
* checking for unstated dependencies in examples ... OK
* checking files in ‘vignettes’ ... OK
* checking examples ... ERROR
Running examples in ‘BindingSiteFinder-Ex.R’ failed
The error most likely occurred in:
> base::assign(".ptime", proc.time(), pos = "CheckExEnv")
> ### Name: calculateBsFoldChange
> ### Title: Compute fold-changes per binding site
> ### Aliases: calculateBsFoldChange
>
> ### ** Examples
>
> # load clip data
> files <- system.file("extdata", package="BindingSiteFinder")
> load(list.files(files, pattern = ".rda$", full.names = TRUE))
> load(list.files(files, pattern = ".rds$", full.names = TRUE)[1])
>
> # make example dataset
> bds = makeBindingSites(bds, bsSize = 7)
Examples with CPU (user + system) or elapsed time > 5s
user system elapsed
bindingSiteDefinednessPlot 43.566 0.465 51.673
BSFind 39.930 0.623 40.674
bindingSiteCoveragePlot 11.478 0.160 11.670
calculateBsBackground 7.838 3.591 22.646
* checking for unstated dependencies in ‘tests’ ... OK
* checking tests ...
Running ‘testthat.R’
BindingSiteFinder.Rcheck/00install.out
############################################################################## ############################################################################## ### ### Running command: ### ### /home/biocbuild/R/R/bin/R CMD INSTALL BindingSiteFinder ### ############################################################################## ############################################################################## * installing to library ‘/home/biocbuild/R/R-4.5.0/site-library’ * installing *source* package ‘BindingSiteFinder’ ... ** this is package ‘BindingSiteFinder’ version ‘2.7.1’ ** using staged installation ** R ** inst ** byte-compile and prepare package for lazy loading ** help *** installing help indices ** building package indices ** installing vignettes ** testing if installed package can be loaded from temporary location ** testing if installed package can be loaded from final location ** testing if installed package keeps a record of temporary installation path * DONE (BindingSiteFinder)
BindingSiteFinder.Rcheck/tests/testthat.Rout
R version 4.5.0 (2025-04-11) -- "How About a Twenty-Six"
Copyright (C) 2025 The R Foundation for Statistical Computing
Platform: aarch64-unknown-linux-gnu
R is free software and comes with ABSOLUTELY NO WARRANTY.
You are welcome to redistribute it under certain conditions.
Type 'license()' or 'licence()' for distribution details.
R is a collaborative project with many contributors.
Type 'contributors()' for more information and
'citation()' on how to cite R or R packages in publications.
Type 'demo()' for some demos, 'help()' for on-line help, or
'help.start()' for an HTML browser interface to help.
Type 'q()' to quit R.
> library("testthat")
> library("BindingSiteFinder")
Loading required package: GenomicRanges
Loading required package: stats4
Loading required package: BiocGenerics
Loading required package: generics
Attaching package: 'generics'
The following objects are masked from 'package:base':
as.difftime, as.factor, as.ordered, intersect, is.element, setdiff,
setequal, union
Attaching package: 'BiocGenerics'
The following objects are masked from 'package:stats':
IQR, mad, sd, var, xtabs
The following objects are masked from 'package:base':
Filter, Find, Map, Position, Reduce, anyDuplicated, aperm, append,
as.data.frame, basename, cbind, colnames, dirname, do.call,
duplicated, eval, evalq, get, grep, grepl, is.unsorted, lapply,
mapply, match, mget, order, paste, pmax, pmax.int, pmin, pmin.int,
rank, rbind, rownames, sapply, saveRDS, table, tapply, unique,
unsplit, which.max, which.min
Loading required package: S4Vectors
Attaching package: 'S4Vectors'
The following object is masked from 'package:utils':
findMatches
The following objects are masked from 'package:base':
I, expand.grid, unname
Loading required package: IRanges
Loading required package: Seqinfo
BindingSiteFinder.Rcheck/BindingSiteFinder-Ex.timings
| name | user | system | elapsed | |
| BSFDataSet | 0.231 | 0.015 | 0.250 | |
| BSFind | 39.930 | 0.623 | 40.674 | |
| add-BSFDataSet | 3.293 | 0.047 | 3.351 | |
| annotateWithScore | 2.172 | 0.012 | 2.200 | |
| assignToGenes | 3.113 | 0.016 | 3.137 | |
| assignToTranscriptRegions | 3.580 | 0.008 | 3.596 | |
| bindingSiteCoveragePlot | 11.478 | 0.160 | 11.670 | |
| bindingSiteDefinednessPlot | 43.566 | 0.465 | 51.673 | |
| calculateBsBackground | 7.838 | 3.591 | 22.646 | |