| Back to Multiple platform build/check report for BioC 3.16: simplified long |
|
This page was generated on 2023-04-12 11:06:31 -0400 (Wed, 12 Apr 2023).
| Hostname | OS | Arch (*) | R version | Installed pkgs |
|---|---|---|---|---|
| nebbiolo2 | Linux (Ubuntu 20.04.5 LTS) | x86_64 | 4.2.3 (2023-03-15) -- "Shortstop Beagle" | 4502 |
| palomino4 | Windows Server 2022 Datacenter | x64 | 4.2.3 (2023-03-15 ucrt) -- "Shortstop Beagle" | 4282 |
| lconway | macOS 12.5.1 Monterey | x86_64 | 4.2.3 (2023-03-15) -- "Shortstop Beagle" | 4310 |
| Click on any hostname to see more info about the system (e.g. compilers) (*) as reported by 'uname -p', except on Windows and Mac OS X | ||||
|
To the developers/maintainers of the waddR package: - Please allow up to 24 hours (and sometimes 48 hours) for your latest push to git@git.bioconductor.org:packages/waddR.git to reflect on this report. See How and When does the builder pull? When will my changes propagate? for more information. - Make sure to use the following settings in order to reproduce any error or warning you see on this page. |
| Package 2156/2183 | Hostname | OS / Arch | INSTALL | BUILD | CHECK | BUILD BIN | ||||||||
| waddR 1.12.0 (landing page) Julian Flesch
| nebbiolo2 | Linux (Ubuntu 20.04.5 LTS) / x86_64 | OK | OK | OK | |||||||||
| palomino4 | Windows Server 2022 Datacenter / x64 | OK | OK | ERROR | OK | |||||||||
| lconway | macOS 12.5.1 Monterey / x86_64 | OK | ERROR | skipped | skipped | |||||||||
| Package: waddR |
| Version: 1.12.0 |
| Command: /Library/Frameworks/R.framework/Resources/bin/R CMD build --keep-empty-dirs --no-resave-data waddR |
| StartedAt: 2023-04-10 18:23:14 -0400 (Mon, 10 Apr 2023) |
| EndedAt: 2023-04-10 18:24:15 -0400 (Mon, 10 Apr 2023) |
| EllapsedTime: 61.0 seconds |
| RetCode: 1 |
| Status: ERROR |
| PackageFile: None |
| PackageFileSize: NA |
##############################################################################
##############################################################################
###
### Running command:
###
### /Library/Frameworks/R.framework/Resources/bin/R CMD build --keep-empty-dirs --no-resave-data waddR
###
##############################################################################
##############################################################################
* checking for file ‘waddR/DESCRIPTION’ ... OK
* preparing ‘waddR’:
* checking DESCRIPTION meta-information ... OK
* cleaning src
* installing the package to build vignettes
* creating vignettes ... ERROR
--- re-building ‘waddR.Rmd’ using rmarkdown
Warning: The vignette title specified in \VignetteIndexEntry{} is different from the title in the YAML metadata. The former is "waddR", and the latter is "The `waddR` package". If that is intentional, you may set options(rmarkdown.html_vignette.check_title = FALSE) to suppress this check.
--- finished re-building ‘waddR.Rmd’
--- re-building ‘wasserstein_metric.Rmd’ using rmarkdown
Warning: The vignette title specified in \VignetteIndexEntry{} is different from the title in the YAML metadata. The former is "wasserstein_metric", and the latter is "2-Wasserstein distance calculation". If that is intentional, you may set options(rmarkdown.html_vignette.check_title = FALSE) to suppress this check.
--- finished re-building ‘wasserstein_metric.Rmd’
--- re-building ‘wasserstein_singlecell.Rmd’ using rmarkdown
Quitting from lines 92-94 (wasserstein_singlecell.Rmd)
Error: processing vignette 'wasserstein_singlecell.Rmd' failed with diagnostics:
wrong args for environment subassignment
--- failed re-building ‘wasserstein_singlecell.Rmd’
--- re-building ‘wasserstein_test.Rmd’ using rmarkdown
Warning: The vignette title specified in \VignetteIndexEntry{} is different from the title in the YAML metadata. The former is "wasserstein_test", and the latter is "Two-sample tests based on the 2-Wasserstein distance". If that is intentional, you may set options(rmarkdown.html_vignette.check_title = FALSE) to suppress this check.
--- finished re-building ‘wasserstein_test.Rmd’
SUMMARY: processing the following file failed:
‘wasserstein_singlecell.Rmd’
Error: Vignette re-building failed.
Execution halted