| Back to Multiple platform build/check report for BioC 3.16: simplified long |
|
This page was generated on 2023-04-12 11:05:16 -0400 (Wed, 12 Apr 2023).
| Hostname | OS | Arch (*) | R version | Installed pkgs |
|---|---|---|---|---|
| nebbiolo2 | Linux (Ubuntu 20.04.5 LTS) | x86_64 | 4.2.3 (2023-03-15) -- "Shortstop Beagle" | 4502 |
| palomino4 | Windows Server 2022 Datacenter | x64 | 4.2.3 (2023-03-15 ucrt) -- "Shortstop Beagle" | 4282 |
| lconway | macOS 12.5.1 Monterey | x86_64 | 4.2.3 (2023-03-15) -- "Shortstop Beagle" | 4310 |
| Click on any hostname to see more info about the system (e.g. compilers) (*) as reported by 'uname -p', except on Windows and Mac OS X | ||||
|
To the developers/maintainers of the rifi package: - Please allow up to 24 hours (and sometimes 48 hours) for your latest push to git@git.bioconductor.org:packages/rifi.git to reflect on this report. See How and When does the builder pull? When will my changes propagate? for more information. - Make sure to use the following settings in order to reproduce any error or warning you see on this page. |
| Package 1682/2183 | Hostname | OS / Arch | INSTALL | BUILD | CHECK | BUILD BIN | ||||||||
| rifi 1.2.2 (landing page) Jens Georg
| nebbiolo2 | Linux (Ubuntu 20.04.5 LTS) / x86_64 | OK | OK | WARNINGS | |||||||||
| palomino4 | Windows Server 2022 Datacenter / x64 | ... NOT SUPPORTED ... | ||||||||||||
| lconway | macOS 12.5.1 Monterey / x86_64 | OK | OK | WARNINGS | OK | |||||||||
| Package: rifi |
| Version: 1.2.2 |
| Command: /home/biocbuild/bbs-3.16-bioc/R/bin/R CMD check --install=check:rifi.install-out.txt --library=/home/biocbuild/bbs-3.16-bioc/R/site-library --timings rifi_1.2.2.tar.gz |
| StartedAt: 2023-04-10 23:27:04 -0400 (Mon, 10 Apr 2023) |
| EndedAt: 2023-04-10 23:36:26 -0400 (Mon, 10 Apr 2023) |
| EllapsedTime: 561.9 seconds |
| RetCode: 0 |
| Status: WARNINGS |
| CheckDir: rifi.Rcheck |
| Warnings: 2 |
##############################################################################
##############################################################################
###
### Running command:
###
### /home/biocbuild/bbs-3.16-bioc/R/bin/R CMD check --install=check:rifi.install-out.txt --library=/home/biocbuild/bbs-3.16-bioc/R/site-library --timings rifi_1.2.2.tar.gz
###
##############################################################################
##############################################################################
* using log directory ‘/home/biocbuild/bbs-3.16-bioc/meat/rifi.Rcheck’
* using R version 4.2.3 (2023-03-15)
* using platform: x86_64-pc-linux-gnu (64-bit)
* using session charset: UTF-8
* checking for file ‘rifi/DESCRIPTION’ ... OK
* this is package ‘rifi’ version ‘1.2.2’
* package encoding: UTF-8
* checking package namespace information ... OK
* checking package dependencies ... OK
* checking if this is a source package ... OK
* checking if there is a namespace ... OK
* checking for hidden files and directories ... NOTE
Found the following hidden files and directories:
.BBSoptions
R/.ipynb_checkpoints
vignettes/.ipynb_checkpoints
These were most likely included in error. See section ‘Package
structure’ in the ‘Writing R Extensions’ manual.
* checking for portable file names ... OK
* checking for sufficient/correct file permissions ... OK
* checking whether package ‘rifi’ can be installed ... WARNING
Found the following significant warnings:
Note: next used in wrong context: no loop is visible
Warning: /home/biocbuild/bbs-3.16-bioc/meat/rifi/man/apply_Ttest_delay.Rd:55: unexpected '}'
Warning: /home/biocbuild/bbs-3.16-bioc/meat/rifi/man/predict_ps_itss.Rd:57: unexpected '}'
See ‘/home/biocbuild/bbs-3.16-bioc/meat/rifi.Rcheck/00install.out’ for details.
Information on the location(s) of code generating the ‘Note’s can be
obtained by re-running with environment variable R_KEEP_PKG_SOURCE set
to ‘yes’.
* checking installed package size ... OK
* checking package directory ... OK
* checking ‘build’ directory ... OK
* checking DESCRIPTION meta-information ... OK
* checking top-level files ... OK
* checking for left-over files ... OK
* checking index information ... OK
* checking package subdirectories ... OK
* checking R files for non-ASCII characters ... OK
* checking R files for syntax errors ... OK
* checking whether the package can be loaded ... OK
* checking whether the package can be loaded with stated dependencies ... OK
* checking whether the package can be unloaded cleanly ... OK
* checking whether the namespace can be loaded with stated dependencies ... OK
* checking whether the namespace can be unloaded cleanly ... OK
* checking loading without being on the library search path ... OK
* checking dependencies in R code ... OK
* checking S3 generic/method consistency ... OK
* checking replacement functions ... OK
* checking foreign function calls ... OK
* checking R code for possible problems ... OK
* checking Rd files ... WARNING
prepare_Rd: ./man/apply_Ttest_delay.Rd:55: unexpected '}'
prepare_Rd: ./man/predict_ps_itss.Rd:57: unexpected '}'
* checking Rd metadata ... OK
* checking Rd cross-references ... OK
* checking for missing documentation entries ... OK
* checking for code/documentation mismatches ... OK
* checking Rd \usage sections ... OK
* checking Rd contents ... OK
* checking for unstated dependencies in examples ... OK
* checking contents of ‘data’ directory ... OK
* checking data for non-ASCII characters ... OK
* checking data for ASCII and uncompressed saves ... OK
* checking files in ‘vignettes’ ... OK
* checking examples ... OK
Examples with CPU (user + system) or elapsed time > 5s
user system elapsed
rifi_wrapper 100.451 49.263 113.439
rifi_penalties 46.937 30.980 62.366
nls2_fit 34.557 1.817 21.949
rifi_visualization 30.039 0.863 30.904
rifi_fit 22.060 0.328 22.388
make_pen 8.905 5.224 11.481
TI_fit 9.137 0.820 5.972
* checking for unstated dependencies in vignettes ... OK
* checking package vignettes in ‘inst/doc’ ... OK
* checking running R code from vignettes ...
‘vignette.Rmd’ using ‘UTF-8’... OK
NONE
* checking re-building of vignette outputs ... OK
* checking PDF version of manual ... OK
* DONE
Status: 2 WARNINGs, 1 NOTE
See
‘/home/biocbuild/bbs-3.16-bioc/meat/rifi.Rcheck/00check.log’
for details.
rifi.Rcheck/00install.out
############################################################################## ############################################################################## ### ### Running command: ### ### /home/biocbuild/bbs-3.16-bioc/R/bin/R CMD INSTALL rifi ### ############################################################################## ############################################################################## * installing to library ‘/home/biocbuild/bbs-3.16-bioc/R/site-library’ * installing *source* package ‘rifi’ ... ** using staged installation ** R ** data ** inst ** byte-compile and prepare package for lazy loading Note: next used in wrong context: no loop is visible ** help Warning: /home/biocbuild/bbs-3.16-bioc/meat/rifi/man/apply_Ttest_delay.Rd:55: unexpected '}' Warning: /home/biocbuild/bbs-3.16-bioc/meat/rifi/man/predict_ps_itss.Rd:57: unexpected '}' *** installing help indices ** building package indices ** installing vignettes ** testing if installed package can be loaded from temporary location ** testing if installed package can be loaded from final location ** testing if installed package keeps a record of temporary installation path * DONE (rifi)
rifi.Rcheck/rifi-Ex.timings
| name | user | system | elapsed | |
| TI_fit | 9.137 | 0.820 | 5.972 | |
| TUgether | 0.391 | 0.114 | 0.453 | |
| apply_Ttest_delay | 0.101 | 0.008 | 0.109 | |
| apply_ancova | 0.338 | 0.032 | 0.370 | |
| apply_event_position | 0.077 | 0.020 | 0.097 | |
| apply_manova | 0.539 | 0.032 | 0.572 | |
| apply_t_test | 0.637 | 0.004 | 0.640 | |
| apply_t_test_ti | 0.155 | 0.000 | 0.154 | |
| check_input | 0.321 | 0.024 | 0.345 | |
| dataframe_summary | 0.086 | 0.016 | 0.102 | |
| dataframe_summary_TI | 0.033 | 0.008 | 0.040 | |
| dataframe_summary_events | 0.755 | 0.028 | 0.783 | |
| dataframe_summary_events_HL_int | 0.576 | 0.000 | 0.575 | |
| dataframe_summary_events_ps_itss | 0.204 | 0.004 | 0.208 | |
| dataframe_summary_events_velocity | 0.205 | 0.000 | 0.206 | |
| event_dataframe | 0.664 | 0.000 | 0.665 | |
| finding_PDD | 0.208 | 0.101 | 0.258 | |
| finding_TI | 0.341 | 0.129 | 0.400 | |
| fold_change | 2.76 | 0.08 | 2.84 | |
| fragment_HL | 0.600 | 0.170 | 0.689 | |
| fragment_TI | 0.417 | 0.028 | 0.445 | |
| fragment_delay | 0.878 | 0.189 | 0.981 | |
| fragment_inty | 0.600 | 0.125 | 0.668 | |
| gff3_preprocess | 0.482 | 0.024 | 0.506 | |
| make_df | 0.604 | 0.213 | 0.518 | |
| make_pen | 8.905 | 5.224 | 11.481 | |
| nls2_fit | 34.557 | 1.817 | 21.949 | |
| predict_ps_itss | 0.232 | 0.008 | 0.240 | |
| rifi_fit | 22.060 | 0.328 | 22.388 | |
| rifi_fragmentation | 3.058 | 0.822 | 3.566 | |
| rifi_penalties | 46.937 | 30.980 | 62.366 | |
| rifi_preprocess | 1.578 | 0.436 | 1.609 | |
| rifi_stats | 2.915 | 0.040 | 2.955 | |
| rifi_summary | 2.041 | 0.020 | 2.061 | |
| rifi_visualization | 30.039 | 0.863 | 30.904 | |
| rifi_wrapper | 100.451 | 49.263 | 113.439 | |
| segment_pos | 0.166 | 0.003 | 0.170 | |
| viz_pen_obj | 0.009 | 0.000 | 0.009 | |