| Back to Multiple platform build/check report for BioC 3.16: simplified long |
|
This page was generated on 2023-04-12 11:06:23 -0400 (Wed, 12 Apr 2023).
| Hostname | OS | Arch (*) | R version | Installed pkgs |
|---|---|---|---|---|
| nebbiolo2 | Linux (Ubuntu 20.04.5 LTS) | x86_64 | 4.2.3 (2023-03-15) -- "Shortstop Beagle" | 4502 |
| palomino4 | Windows Server 2022 Datacenter | x64 | 4.2.3 (2023-03-15 ucrt) -- "Shortstop Beagle" | 4282 |
| lconway | macOS 12.5.1 Monterey | x86_64 | 4.2.3 (2023-03-15) -- "Shortstop Beagle" | 4310 |
| Click on any hostname to see more info about the system (e.g. compilers) (*) as reported by 'uname -p', except on Windows and Mac OS X | ||||
|
To the developers/maintainers of the rifi package: - Please allow up to 24 hours (and sometimes 48 hours) for your latest push to git@git.bioconductor.org:packages/rifi.git to reflect on this report. See How and When does the builder pull? When will my changes propagate? for more information. - Make sure to use the following settings in order to reproduce any error or warning you see on this page. |
| Package 1682/2183 | Hostname | OS / Arch | INSTALL | BUILD | CHECK | BUILD BIN | ||||||||
| rifi 1.2.2 (landing page) Jens Georg
| nebbiolo2 | Linux (Ubuntu 20.04.5 LTS) / x86_64 | OK | OK | WARNINGS | |||||||||
| palomino4 | Windows Server 2022 Datacenter / x64 | ... NOT SUPPORTED ... | ||||||||||||
| lconway | macOS 12.5.1 Monterey / x86_64 | OK | OK | WARNINGS | OK | |||||||||
| Package: rifi |
| Version: 1.2.2 |
| Command: /Library/Frameworks/R.framework/Resources/bin/R CMD check --install=check:rifi.install-out.txt --library=/Library/Frameworks/R.framework/Resources/library --no-vignettes --timings rifi_1.2.2.tar.gz |
| StartedAt: 2023-04-10 22:15:03 -0400 (Mon, 10 Apr 2023) |
| EndedAt: 2023-04-10 22:23:40 -0400 (Mon, 10 Apr 2023) |
| EllapsedTime: 516.9 seconds |
| RetCode: 0 |
| Status: WARNINGS |
| CheckDir: rifi.Rcheck |
| Warnings: 2 |
##############################################################################
##############################################################################
###
### Running command:
###
### /Library/Frameworks/R.framework/Resources/bin/R CMD check --install=check:rifi.install-out.txt --library=/Library/Frameworks/R.framework/Resources/library --no-vignettes --timings rifi_1.2.2.tar.gz
###
##############################################################################
##############################################################################
* using log directory ‘/Users/biocbuild/bbs-3.16-bioc/meat/rifi.Rcheck’
* using R version 4.2.3 (2023-03-15)
* using platform: x86_64-apple-darwin17.0 (64-bit)
* using session charset: UTF-8
* using option ‘--no-vignettes’
* checking for file ‘rifi/DESCRIPTION’ ... OK
* this is package ‘rifi’ version ‘1.2.2’
* package encoding: UTF-8
* checking package namespace information ... OK
* checking package dependencies ... OK
* checking if this is a source package ... OK
* checking if there is a namespace ... OK
* checking for hidden files and directories ... NOTE
Found the following hidden files and directories:
.BBSoptions
R/.ipynb_checkpoints
vignettes/.ipynb_checkpoints
These were most likely included in error. See section ‘Package
structure’ in the ‘Writing R Extensions’ manual.
* checking for portable file names ... OK
* checking for sufficient/correct file permissions ... OK
* checking whether package ‘rifi’ can be installed ... WARNING
Found the following significant warnings:
Note: next used in wrong context: no loop is visible
Warning: /Users/biocbuild/bbs-3.16-bioc/meat/rifi/man/apply_Ttest_delay.Rd:55: unexpected '}'
Warning: /Users/biocbuild/bbs-3.16-bioc/meat/rifi/man/predict_ps_itss.Rd:57: unexpected '}'
See ‘/Users/biocbuild/bbs-3.16-bioc/meat/rifi.Rcheck/00install.out’ for details.
Information on the location(s) of code generating the ‘Note’s can be
obtained by re-running with environment variable R_KEEP_PKG_SOURCE set
to ‘yes’.
* checking installed package size ... OK
* checking package directory ... OK
* checking ‘build’ directory ... OK
* checking DESCRIPTION meta-information ... OK
* checking top-level files ... OK
* checking for left-over files ... OK
* checking index information ... OK
* checking package subdirectories ... OK
* checking R files for non-ASCII characters ... OK
* checking R files for syntax errors ... OK
* checking whether the package can be loaded ... OK
* checking whether the package can be loaded with stated dependencies ... OK
* checking whether the package can be unloaded cleanly ... OK
* checking whether the namespace can be loaded with stated dependencies ... OK
* checking whether the namespace can be unloaded cleanly ... OK
* checking dependencies in R code ... OK
* checking S3 generic/method consistency ... OK
* checking replacement functions ... OK
* checking foreign function calls ... OK
* checking R code for possible problems ... OK
* checking Rd files ... WARNING
prepare_Rd: ./man/apply_Ttest_delay.Rd:55: unexpected '}'
prepare_Rd: ./man/predict_ps_itss.Rd:57: unexpected '}'
* checking Rd metadata ... OK
* checking Rd cross-references ... OK
* checking for missing documentation entries ... OK
* checking for code/documentation mismatches ... OK
* checking Rd \usage sections ... OK
* checking Rd contents ... OK
* checking for unstated dependencies in examples ... OK
* checking contents of ‘data’ directory ... OK
* checking data for non-ASCII characters ... OK
* checking data for ASCII and uncompressed saves ... OK
* checking files in ‘vignettes’ ... OK
* checking examples ... OK
Examples with CPU (user + system) or elapsed time > 5s
user system elapsed
rifi_wrapper 97.146 37.822 120.849
rifi_penalties 49.142 29.823 75.902
nls2_fit 34.467 2.936 22.121
rifi_visualization 26.898 1.891 28.874
rifi_fit 21.305 0.409 21.754
make_pen 10.042 5.268 14.781
TI_fit 9.469 1.236 6.363
* checking for unstated dependencies in vignettes ... OK
* checking package vignettes in ‘inst/doc’ ... OK
* checking running R code from vignettes ... SKIPPED
* checking re-building of vignette outputs ... SKIPPED
* checking PDF version of manual ... OK
* DONE
Status: 2 WARNINGs, 1 NOTE
See
‘/Users/biocbuild/bbs-3.16-bioc/meat/rifi.Rcheck/00check.log’
for details.
rifi.Rcheck/00install.out
############################################################################## ############################################################################## ### ### Running command: ### ### /Library/Frameworks/R.framework/Resources/bin/R CMD INSTALL rifi ### ############################################################################## ############################################################################## * installing to library ‘/Library/Frameworks/R.framework/Versions/4.2/Resources/library’ * installing *source* package ‘rifi’ ... ** using staged installation ** R ** data ** inst ** byte-compile and prepare package for lazy loading Note: next used in wrong context: no loop is visible ** help Warning: /Users/biocbuild/bbs-3.16-bioc/meat/rifi/man/apply_Ttest_delay.Rd:55: unexpected '}' Warning: /Users/biocbuild/bbs-3.16-bioc/meat/rifi/man/predict_ps_itss.Rd:57: unexpected '}' *** installing help indices ** building package indices ** installing vignettes ** testing if installed package can be loaded from temporary location ** testing if installed package can be loaded from final location ** testing if installed package keeps a record of temporary installation path * DONE (rifi)
rifi.Rcheck/rifi-Ex.timings
| name | user | system | elapsed | |
| TI_fit | 9.469 | 1.236 | 6.363 | |
| TUgether | 0.433 | 0.150 | 0.570 | |
| apply_Ttest_delay | 0.101 | 0.015 | 0.117 | |
| apply_ancova | 0.336 | 0.033 | 0.370 | |
| apply_event_position | 0.100 | 0.009 | 0.110 | |
| apply_manova | 0.469 | 0.014 | 0.483 | |
| apply_t_test | 0.580 | 0.003 | 0.583 | |
| apply_t_test_ti | 0.139 | 0.002 | 0.141 | |
| check_input | 0.364 | 0.008 | 0.374 | |
| dataframe_summary | 0.087 | 0.008 | 0.095 | |
| dataframe_summary_TI | 0.038 | 0.003 | 0.040 | |
| dataframe_summary_events | 0.779 | 0.025 | 0.806 | |
| dataframe_summary_events_HL_int | 0.644 | 0.017 | 0.662 | |
| dataframe_summary_events_ps_itss | 0.254 | 0.011 | 0.266 | |
| dataframe_summary_events_velocity | 0.279 | 0.014 | 0.295 | |
| event_dataframe | 0.731 | 0.020 | 0.753 | |
| finding_PDD | 0.205 | 0.096 | 0.287 | |
| finding_TI | 0.335 | 0.119 | 0.436 | |
| fold_change | 2.546 | 0.067 | 2.614 | |
| fragment_HL | 0.552 | 0.118 | 0.652 | |
| fragment_TI | 0.438 | 0.038 | 0.479 | |
| fragment_delay | 0.969 | 0.271 | 1.196 | |
| fragment_inty | 0.672 | 0.174 | 0.829 | |
| gff3_preprocess | 0.510 | 0.033 | 0.545 | |
| make_df | 0.746 | 0.328 | 0.699 | |
| make_pen | 10.042 | 5.268 | 14.781 | |
| nls2_fit | 34.467 | 2.936 | 22.121 | |
| predict_ps_itss | 0.293 | 0.033 | 0.329 | |
| rifi_fit | 21.305 | 0.409 | 21.754 | |
| rifi_fragmentation | 3.074 | 0.799 | 3.763 | |
| rifi_penalties | 49.142 | 29.823 | 75.902 | |
| rifi_preprocess | 1.564 | 0.525 | 1.704 | |
| rifi_stats | 2.666 | 0.081 | 2.754 | |
| rifi_summary | 1.889 | 0.029 | 1.921 | |
| rifi_visualization | 26.898 | 1.891 | 28.874 | |
| rifi_wrapper | 97.146 | 37.822 | 120.849 | |
| segment_pos | 0.164 | 0.001 | 0.165 | |
| viz_pen_obj | 0.008 | 0.001 | 0.009 | |