| Back to Multiple platform build/check report for BioC 3.16: simplified long |
|
This page was generated on 2023-04-12 11:05:43 -0400 (Wed, 12 Apr 2023).
| Hostname | OS | Arch (*) | R version | Installed pkgs |
|---|---|---|---|---|
| nebbiolo2 | Linux (Ubuntu 20.04.5 LTS) | x86_64 | 4.2.3 (2023-03-15) -- "Shortstop Beagle" | 4502 |
| palomino4 | Windows Server 2022 Datacenter | x64 | 4.2.3 (2023-03-15 ucrt) -- "Shortstop Beagle" | 4282 |
| lconway | macOS 12.5.1 Monterey | x86_64 | 4.2.3 (2023-03-15) -- "Shortstop Beagle" | 4310 |
| Click on any hostname to see more info about the system (e.g. compilers) (*) as reported by 'uname -p', except on Windows and Mac OS X | ||||
|
To the developers/maintainers of the ndexr package: - Please allow up to 24 hours (and sometimes 48 hours) for your latest push to git@git.bioconductor.org:packages/ndexr.git to reflect on this report. See How and When does the builder pull? When will my changes propagate? for more information. - Make sure to use the following settings in order to reproduce any error or warning you see on this page. |
| Package 1333/2183 | Hostname | OS / Arch | INSTALL | BUILD | CHECK | BUILD BIN | ||||||||
| ndexr 1.20.1 (landing page) Florian Auer
| nebbiolo2 | Linux (Ubuntu 20.04.5 LTS) / x86_64 | OK | OK | WARNINGS | |||||||||
| palomino4 | Windows Server 2022 Datacenter / x64 | OK | OK | WARNINGS | OK | |||||||||
| lconway | macOS 12.5.1 Monterey / x86_64 | OK | OK | WARNINGS | OK | |||||||||
| Package: ndexr |
| Version: 1.20.1 |
| Command: F:\biocbuild\bbs-3.16-bioc\R\bin\R.exe CMD check --no-multiarch --install=check:ndexr.install-out.txt --library=F:\biocbuild\bbs-3.16-bioc\R\library --no-vignettes --timings ndexr_1.20.1.tar.gz |
| StartedAt: 2023-04-11 03:55:22 -0400 (Tue, 11 Apr 2023) |
| EndedAt: 2023-04-11 03:56:30 -0400 (Tue, 11 Apr 2023) |
| EllapsedTime: 67.8 seconds |
| RetCode: 0 |
| Status: WARNINGS |
| CheckDir: ndexr.Rcheck |
| Warnings: 1 |
##############################################################################
##############################################################################
###
### Running command:
###
### F:\biocbuild\bbs-3.16-bioc\R\bin\R.exe CMD check --no-multiarch --install=check:ndexr.install-out.txt --library=F:\biocbuild\bbs-3.16-bioc\R\library --no-vignettes --timings ndexr_1.20.1.tar.gz
###
##############################################################################
##############################################################################
* using log directory 'F:/biocbuild/bbs-3.16-bioc/meat/ndexr.Rcheck'
* using R version 4.2.3 (2023-03-15 ucrt)
* using platform: x86_64-w64-mingw32 (64-bit)
* using session charset: UTF-8
* using option '--no-vignettes'
* checking for file 'ndexr/DESCRIPTION' ... OK
* checking extension type ... Package
* this is package 'ndexr' version '1.20.1'
* package encoding: UTF-8
* checking package namespace information ... OK
* checking package dependencies ... OK
* checking if this is a source package ... OK
* checking if there is a namespace ... OK
* checking for hidden files and directories ... OK
* checking for portable file names ... OK
* checking whether package 'ndexr' can be installed ... OK
* checking installed package size ... OK
* checking package directory ... OK
* checking 'build' directory ... OK
* checking DESCRIPTION meta-information ... NOTE
License components which are templates and need '+ file LICENSE':
BSD_3_clause
* checking top-level files ... NOTE
File
LICENSE
is not mentioned in the DESCRIPTION file.
* checking for left-over files ... OK
* checking index information ... OK
* checking package subdirectories ... OK
* checking R files for non-ASCII characters ... OK
* checking R files for syntax errors ... OK
* checking whether the package can be loaded ... OK
* checking whether the package can be loaded with stated dependencies ... OK
* checking whether the package can be unloaded cleanly ... OK
* checking whether the namespace can be loaded with stated dependencies ... OK
* checking whether the namespace can be unloaded cleanly ... OK
* checking dependencies in R code ... WARNING
'::' or ':::' import not declared from: 'igraph'
Package in Depends field not imported from: 'RCX'
These packages need to be imported from (in the NAMESPACE file)
for when this namespace is loaded but not attached.
Unexported object imported by a ':::' call: 'httr:::default_ua'
See the note in ?`:::` about the use of this operator.
* checking S3 generic/method consistency ... OK
* checking replacement functions ... OK
* checking foreign function calls ... OK
* checking R code for possible problems ... NOTE
ndex_create_network: no visible global function definition for 'tail'
ndex_rest_DELETE: no visible global function definition for
'packageVersion'
ndex_rest_GET: no visible global function definition for
'packageVersion'
ndex_rest_POST: no visible global function definition for
'packageVersion'
ndex_rest_PUT: no visible global function definition for
'packageVersion'
print.RCX: no visible binding for global variable 'rcx'
rcx_fromRCXgraph: no visible binding for global variable 'po'
rcx_toRCXgraph: no visible global function definition for 'V'
rcx_toRCXgraph: no visible global function definition for 'V<-'
rcx_toRCXgraph: no visible global function definition for 'E'
rcx_toRCXgraph: no visible global function definition for 'E<-'
rcxgraph_fromRCX: no visible global function definition for 'V'
rcxgraph_fromRCX: no visible global function definition for 'V<-'
rcxgraph_fromRCX: no visible global function definition for 'E'
rcxgraph_fromRCX: no visible global function definition for 'E<-'
rcxgraph_toRCX: no visible binding for global variable 'po'
Undefined global functions or variables:
E E<- V V<- packageVersion po rcx tail
Consider adding
importFrom("utils", "packageVersion", "tail")
to your NAMESPACE file.
* checking Rd files ... OK
* checking Rd metadata ... OK
* checking Rd cross-references ... OK
* checking for missing documentation entries ... OK
* checking for code/documentation mismatches ... OK
* checking Rd \usage sections ... OK
* checking Rd contents ... OK
* checking for unstated dependencies in examples ... OK
* checking installed files from 'inst/doc' ... OK
* checking files in 'vignettes' ... OK
* checking examples ... OK
* checking for unstated dependencies in 'tests' ... OK
* checking tests ...
Running 'testthat.R'
OK
* checking for unstated dependencies in vignettes ... OK
* checking package vignettes in 'inst/doc' ... OK
* checking running R code from vignettes ... SKIPPED
* checking re-building of vignette outputs ... SKIPPED
* checking PDF version of manual ... OK
* DONE
Status: 1 WARNING, 3 NOTEs
See
'F:/biocbuild/bbs-3.16-bioc/meat/ndexr.Rcheck/00check.log'
for details.
ndexr.Rcheck/00install.out
############################################################################## ############################################################################## ### ### Running command: ### ### F:\biocbuild\bbs-3.16-bioc\R\bin\R.exe CMD INSTALL ndexr ### ############################################################################## ############################################################################## * installing to library 'F:/biocbuild/bbs-3.16-bioc/R/library' * installing *source* package 'ndexr' ... ** using staged installation ** R ** inst ** byte-compile and prepare package for lazy loading ** help *** installing help indices ** building package indices ** installing vignettes ** testing if installed package can be loaded from temporary location ** testing if installed package can be loaded from final location ** testing if installed package keeps a record of temporary installation path * DONE (ndexr)
ndexr.Rcheck/tests/testthat.Rout
R version 4.2.3 (2023-03-15 ucrt) -- "Shortstop Beagle"
Copyright (C) 2023 The R Foundation for Statistical Computing
Platform: x86_64-w64-mingw32/x64 (64-bit)
R is free software and comes with ABSOLUTELY NO WARRANTY.
You are welcome to redistribute it under certain conditions.
Type 'license()' or 'licence()' for distribution details.
R is a collaborative project with many contributors.
Type 'contributors()' for more information and
'citation()' on how to cite R or R packages in publications.
Type 'demo()' for some demos, 'help()' for on-line help, or
'help.start()' for an HTML browser interface to help.
Type 'q()' to quit R.
> library(testthat)
> library(ndexr)
Loading required package: RCX
Registered S3 method overwritten by 'ndexr':
method from
print.RCX RCX
>
> test_check("ndexr")
[ FAIL 0 | WARN 0 | SKIP 0 | PASS 124 ]
>
> proc.time()
user system elapsed
17.82 0.64 26.81
ndexr.Rcheck/ndexr-Ex.timings
| name | user | system | elapsed | |
| listToRCode | 0 | 0 | 0 | |
| ndex_conf_header | 0 | 0 | 0 | |
| ndex_config | 0 | 0 | 0 | |
| ndex_connect | 0.05 | 0.04 | 0.30 | |
| ndex_create_group | 0 | 0 | 0 | |
| ndex_create_network | 0 | 0 | 0 | |
| ndex_create_user | 0 | 0 | 0 | |
| ndex_delete_group | 0 | 0 | 0 | |
| ndex_delete_network | 0 | 0 | 0 | |
| ndex_delete_user | 0 | 0 | 0 | |
| ndex_find_groups | 0.06 | 0.00 | 0.19 | |
| ndex_find_networks | 0.11 | 0.01 | 0.53 | |
| ndex_find_user_byId | 0.02 | 0.00 | 0.22 | |
| ndex_find_user_byName | 0.01 | 0.00 | 0.14 | |
| ndex_find_users | 0.00 | 0.00 | 0.15 | |
| ndex_get_group | 0.04 | 0.00 | 0.23 | |
| ndex_get_network | 0.66 | 0.02 | 0.92 | |
| ndex_group_delete_membership | 0 | 0 | 0 | |
| ndex_group_list_networks | 0.01 | 0.01 | 0.29 | |
| ndex_group_list_users | 0.03 | 0.00 | 0.16 | |
| ndex_group_network_get_permission | 0.02 | 0.00 | 0.22 | |
| ndex_group_set_membership | 0 | 0 | 0 | |
| ndex_helper_encodeParams | 0 | 0 | 0 | |
| ndex_helper_getApi | 0.01 | 0.00 | 0.08 | |
| ndex_helper_httpResponseHandler | 0.00 | 0.00 | 0.09 | |
| ndex_internal_addAspects | 0 | 0 | 0 | |
| ndex_network_aspect_get_metadata | 0.01 | 0.02 | 0.22 | |
| ndex_network_delete_permission | 0 | 0 | 0 | |
| ndex_network_get_aspect | 0.05 | 0.00 | 0.31 | |
| ndex_network_get_metadata | 0.02 | 0.00 | 0.22 | |
| ndex_network_get_permission | 0 | 0 | 0 | |
| ndex_network_get_provenance | 0.03 | 0.00 | 0.22 | |
| ndex_network_get_summary | 0.03 | 0.00 | 0.21 | |
| ndex_network_set_systemProperties | 0 | 0 | 0 | |
| ndex_network_update_aspect | 0.00 | 0.01 | 0.02 | |
| ndex_network_update_permission | 0 | 0 | 0 | |
| ndex_network_update_profile | 0 | 0 | 0 | |
| ndex_rest_DELETE | 0.00 | 0.00 | 0.06 | |
| ndex_rest_GET | 0.00 | 0.00 | 0.08 | |
| ndex_rest_POST | 0.00 | 0.00 | 0.06 | |
| ndex_rest_PUT | 0.02 | 0.00 | 0.08 | |
| ndex_update_group | 0 | 0 | 0 | |
| ndex_update_network | 0 | 0 | 0 | |
| ndex_update_user | 0 | 0 | 0 | |
| ndex_user_change_password | 0 | 0 | 0 | |
| ndex_user_forgot_password | 0 | 0 | 0 | |
| ndex_user_get_networksummary | 0 | 0 | 0 | |
| ndex_user_get_showcase | 0.03 | 0.00 | 0.22 | |
| ndex_user_list_groups | 0 | 0 | 0 | |
| ndex_user_list_permissions | 0 | 0 | 0 | |
| ndex_user_mail_password | 0 | 0 | 0 | |
| ndex_user_show_group | 0 | 0 | 0 | |
| ndex_user_show_permission | 0 | 0 | 0 | |
| ndex_verify_user | 0 | 0 | 0 | |
| ndexr-package | 0 | 0 | 0 | |
| ngraph_toRCX | 0 | 0 | 0 | |
| print.NDExConnection | 0.01 | 0.00 | 0.14 | |
| print.RCX | 0 | 0 | 0 | |
| rcx_asNewNetwork | 0 | 0 | 0 | |
| rcx_aspect_toJSON | 0 | 0 | 0 | |
| rcx_fromJSON | 0 | 0 | 0 | |
| rcx_new | 0 | 0 | 0 | |
| rcx_toJSON | 0 | 0 | 0 | |
| rcx_toNGraph | 0 | 0 | 0 | |
| rcx_toRCXgraph | 0 | 0 | 0 | |
| rcx_updateMetaData | 0 | 0 | 0 | |
| rcxgraph_toRCX | 0 | 0 | 0 | |