| Back to Multiple platform build/check report for BioC 3.16: simplified long |
|
This page was generated on 2023-04-12 11:05:12 -0400 (Wed, 12 Apr 2023).
| Hostname | OS | Arch (*) | R version | Installed pkgs |
|---|---|---|---|---|
| nebbiolo2 | Linux (Ubuntu 20.04.5 LTS) | x86_64 | 4.2.3 (2023-03-15) -- "Shortstop Beagle" | 4502 |
| palomino4 | Windows Server 2022 Datacenter | x64 | 4.2.3 (2023-03-15 ucrt) -- "Shortstop Beagle" | 4282 |
| lconway | macOS 12.5.1 Monterey | x86_64 | 4.2.3 (2023-03-15) -- "Shortstop Beagle" | 4310 |
| Click on any hostname to see more info about the system (e.g. compilers) (*) as reported by 'uname -p', except on Windows and Mac OS X | ||||
|
To the developers/maintainers of the ndexr package: - Please allow up to 24 hours (and sometimes 48 hours) for your latest push to git@git.bioconductor.org:packages/ndexr.git to reflect on this report. See How and When does the builder pull? When will my changes propagate? for more information. - Make sure to use the following settings in order to reproduce any error or warning you see on this page. |
| Package 1333/2183 | Hostname | OS / Arch | INSTALL | BUILD | CHECK | BUILD BIN | ||||||||
| ndexr 1.20.1 (landing page) Florian Auer
| nebbiolo2 | Linux (Ubuntu 20.04.5 LTS) / x86_64 | OK | OK | WARNINGS | |||||||||
| palomino4 | Windows Server 2022 Datacenter / x64 | OK | OK | WARNINGS | OK | |||||||||
| lconway | macOS 12.5.1 Monterey / x86_64 | OK | OK | WARNINGS | OK | |||||||||
| Package: ndexr |
| Version: 1.20.1 |
| Command: /home/biocbuild/bbs-3.16-bioc/R/bin/R CMD check --install=check:ndexr.install-out.txt --library=/home/biocbuild/bbs-3.16-bioc/R/site-library --timings ndexr_1.20.1.tar.gz |
| StartedAt: 2023-04-10 22:19:12 -0400 (Mon, 10 Apr 2023) |
| EndedAt: 2023-04-10 22:20:37 -0400 (Mon, 10 Apr 2023) |
| EllapsedTime: 85.3 seconds |
| RetCode: 0 |
| Status: WARNINGS |
| CheckDir: ndexr.Rcheck |
| Warnings: 1 |
##############################################################################
##############################################################################
###
### Running command:
###
### /home/biocbuild/bbs-3.16-bioc/R/bin/R CMD check --install=check:ndexr.install-out.txt --library=/home/biocbuild/bbs-3.16-bioc/R/site-library --timings ndexr_1.20.1.tar.gz
###
##############################################################################
##############################################################################
* using log directory ‘/home/biocbuild/bbs-3.16-bioc/meat/ndexr.Rcheck’
* using R version 4.2.3 (2023-03-15)
* using platform: x86_64-pc-linux-gnu (64-bit)
* using session charset: UTF-8
* checking for file ‘ndexr/DESCRIPTION’ ... OK
* checking extension type ... Package
* this is package ‘ndexr’ version ‘1.20.1’
* package encoding: UTF-8
* checking package namespace information ... OK
* checking package dependencies ... OK
* checking if this is a source package ... OK
* checking if there is a namespace ... OK
* checking for hidden files and directories ... OK
* checking for portable file names ... OK
* checking for sufficient/correct file permissions ... OK
* checking whether package ‘ndexr’ can be installed ... OK
* checking installed package size ... OK
* checking package directory ... OK
* checking ‘build’ directory ... OK
* checking DESCRIPTION meta-information ... NOTE
License components which are templates and need '+ file LICENSE':
BSD_3_clause
* checking top-level files ... NOTE
File
LICENSE
is not mentioned in the DESCRIPTION file.
* checking for left-over files ... OK
* checking index information ... OK
* checking package subdirectories ... OK
* checking R files for non-ASCII characters ... OK
* checking R files for syntax errors ... OK
* checking whether the package can be loaded ... OK
* checking whether the package can be loaded with stated dependencies ... OK
* checking whether the package can be unloaded cleanly ... OK
* checking whether the namespace can be loaded with stated dependencies ... OK
* checking whether the namespace can be unloaded cleanly ... OK
* checking loading without being on the library search path ... OK
* checking dependencies in R code ... WARNING
'::' or ':::' import not declared from: ‘igraph’
Package in Depends field not imported from: ‘RCX’
These packages need to be imported from (in the NAMESPACE file)
for when this namespace is loaded but not attached.
Unexported object imported by a ':::' call: ‘httr:::default_ua’
See the note in ?`:::` about the use of this operator.
* checking S3 generic/method consistency ... OK
* checking replacement functions ... OK
* checking foreign function calls ... OK
* checking R code for possible problems ... NOTE
ndex_create_network: no visible global function definition for ‘tail’
ndex_rest_DELETE: no visible global function definition for
‘packageVersion’
ndex_rest_GET: no visible global function definition for
‘packageVersion’
ndex_rest_POST: no visible global function definition for
‘packageVersion’
ndex_rest_PUT: no visible global function definition for
‘packageVersion’
print.RCX: no visible binding for global variable ‘rcx’
rcx_fromRCXgraph: no visible binding for global variable ‘po’
rcx_toRCXgraph: no visible global function definition for ‘V’
rcx_toRCXgraph: no visible global function definition for ‘V<-’
rcx_toRCXgraph: no visible global function definition for ‘E’
rcx_toRCXgraph: no visible global function definition for ‘E<-’
rcxgraph_fromRCX: no visible global function definition for ‘V’
rcxgraph_fromRCX: no visible global function definition for ‘V<-’
rcxgraph_fromRCX: no visible global function definition for ‘E’
rcxgraph_fromRCX: no visible global function definition for ‘E<-’
rcxgraph_toRCX: no visible binding for global variable ‘po’
Undefined global functions or variables:
E E<- V V<- packageVersion po rcx tail
Consider adding
importFrom("utils", "packageVersion", "tail")
to your NAMESPACE file.
* checking Rd files ... OK
* checking Rd metadata ... OK
* checking Rd cross-references ... OK
* checking for missing documentation entries ... OK
* checking for code/documentation mismatches ... OK
* checking Rd \usage sections ... OK
* checking Rd contents ... OK
* checking for unstated dependencies in examples ... OK
* checking installed files from ‘inst/doc’ ... OK
* checking files in ‘vignettes’ ... OK
* checking examples ... OK
* checking for unstated dependencies in ‘tests’ ... OK
* checking tests ...
Running ‘testthat.R’
OK
* checking for unstated dependencies in vignettes ... OK
* checking package vignettes in ‘inst/doc’ ... OK
* checking running R code from vignettes ...
‘ndexr-vignette.Rmd’ using ‘UTF-8’... OK
NONE
* checking re-building of vignette outputs ... OK
* checking PDF version of manual ... OK
* DONE
Status: 1 WARNING, 3 NOTEs
See
‘/home/biocbuild/bbs-3.16-bioc/meat/ndexr.Rcheck/00check.log’
for details.
ndexr.Rcheck/00install.out
############################################################################## ############################################################################## ### ### Running command: ### ### /home/biocbuild/bbs-3.16-bioc/R/bin/R CMD INSTALL ndexr ### ############################################################################## ############################################################################## * installing to library ‘/home/biocbuild/bbs-3.16-bioc/R/site-library’ * installing *source* package ‘ndexr’ ... ** using staged installation ** R ** inst ** byte-compile and prepare package for lazy loading ** help *** installing help indices ** building package indices ** installing vignettes ** testing if installed package can be loaded from temporary location ** testing if installed package can be loaded from final location ** testing if installed package keeps a record of temporary installation path * DONE (ndexr)
ndexr.Rcheck/tests/testthat.Rout
R version 4.2.3 (2023-03-15) -- "Shortstop Beagle"
Copyright (C) 2023 The R Foundation for Statistical Computing
Platform: x86_64-pc-linux-gnu (64-bit)
R is free software and comes with ABSOLUTELY NO WARRANTY.
You are welcome to redistribute it under certain conditions.
Type 'license()' or 'licence()' for distribution details.
R is a collaborative project with many contributors.
Type 'contributors()' for more information and
'citation()' on how to cite R or R packages in publications.
Type 'demo()' for some demos, 'help()' for on-line help, or
'help.start()' for an HTML browser interface to help.
Type 'q()' to quit R.
> library(testthat)
> library(ndexr)
Loading required package: RCX
Registered S3 method overwritten by 'ndexr':
method from
print.RCX RCX
>
> test_check("ndexr")
[ FAIL 0 | WARN 0 | SKIP 0 | PASS 124 ]
>
> proc.time()
user system elapsed
14.343 0.311 46.365
ndexr.Rcheck/ndexr-Ex.timings
| name | user | system | elapsed | |
| listToRCode | 0 | 0 | 0 | |
| ndex_conf_header | 0 | 0 | 0 | |
| ndex_config | 0.000 | 0.000 | 0.001 | |
| ndex_connect | 0.040 | 0.008 | 0.307 | |
| ndex_create_group | 0 | 0 | 0 | |
| ndex_create_network | 0 | 0 | 0 | |
| ndex_create_user | 0 | 0 | 0 | |
| ndex_delete_group | 0 | 0 | 0 | |
| ndex_delete_network | 0 | 0 | 0 | |
| ndex_delete_user | 0.001 | 0.000 | 0.000 | |
| ndex_find_groups | 0.042 | 0.004 | 0.312 | |
| ndex_find_networks | 0.054 | 0.003 | 1.696 | |
| ndex_find_user_byId | 0.031 | 0.000 | 0.252 | |
| ndex_find_user_byName | 0.023 | 0.000 | 0.458 | |
| ndex_find_users | 0.022 | 0.000 | 0.282 | |
| ndex_get_group | 0.041 | 0.000 | 0.378 | |
| ndex_get_network | 0.579 | 0.004 | 1.764 | |
| ndex_group_delete_membership | 0 | 0 | 0 | |
| ndex_group_list_networks | 0.050 | 0.002 | 0.469 | |
| ndex_group_list_users | 0.023 | 0.000 | 0.286 | |
| ndex_group_network_get_permission | 0.119 | 0.000 | 0.457 | |
| ndex_group_set_membership | 0.000 | 0.000 | 0.001 | |
| ndex_helper_encodeParams | 0.001 | 0.000 | 0.001 | |
| ndex_helper_getApi | 0.004 | 0.004 | 0.080 | |
| ndex_helper_httpResponseHandler | 0.018 | 0.000 | 0.090 | |
| ndex_internal_addAspects | 0 | 0 | 0 | |
| ndex_network_aspect_get_metadata | 0.038 | 0.000 | 0.372 | |
| ndex_network_delete_permission | 0 | 0 | 0 | |
| ndex_network_get_aspect | 0.071 | 0.004 | 0.481 | |
| ndex_network_get_metadata | 0.032 | 0.008 | 0.374 | |
| ndex_network_get_permission | 0.000 | 0.000 | 0.001 | |
| ndex_network_get_provenance | 0.035 | 0.000 | 0.368 | |
| ndex_network_get_summary | 0.038 | 0.000 | 0.371 | |
| ndex_network_set_systemProperties | 0.001 | 0.000 | 0.000 | |
| ndex_network_update_aspect | 0 | 0 | 0 | |
| ndex_network_update_permission | 0 | 0 | 0 | |
| ndex_network_update_profile | 0 | 0 | 0 | |
| ndex_rest_DELETE | 0.011 | 0.000 | 0.084 | |
| ndex_rest_GET | 0.006 | 0.000 | 0.079 | |
| ndex_rest_POST | 0.006 | 0.000 | 0.080 | |
| ndex_rest_PUT | 0.008 | 0.000 | 0.080 | |
| ndex_update_group | 0.000 | 0.000 | 0.001 | |
| ndex_update_network | 0.001 | 0.000 | 0.000 | |
| ndex_update_user | 0 | 0 | 0 | |
| ndex_user_change_password | 0 | 0 | 0 | |
| ndex_user_forgot_password | 0.000 | 0.000 | 0.001 | |
| ndex_user_get_networksummary | 0 | 0 | 0 | |
| ndex_user_get_showcase | 0.038 | 0.000 | 0.342 | |
| ndex_user_list_groups | 0 | 0 | 0 | |
| ndex_user_list_permissions | 0 | 0 | 0 | |
| ndex_user_mail_password | 0 | 0 | 0 | |
| ndex_user_show_group | 0.001 | 0.000 | 0.001 | |
| ndex_user_show_permission | 0 | 0 | 0 | |
| ndex_verify_user | 0 | 0 | 0 | |
| ndexr-package | 0.001 | 0.000 | 0.000 | |
| ngraph_toRCX | 0 | 0 | 0 | |
| print.NDExConnection | 0.016 | 0.000 | 0.163 | |
| print.RCX | 0 | 0 | 0 | |
| rcx_asNewNetwork | 0 | 0 | 0 | |
| rcx_aspect_toJSON | 0.001 | 0.000 | 0.000 | |
| rcx_fromJSON | 0 | 0 | 0 | |
| rcx_new | 0 | 0 | 0 | |
| rcx_toJSON | 0.000 | 0.000 | 0.001 | |
| rcx_toNGraph | 0 | 0 | 0 | |
| rcx_toRCXgraph | 0 | 0 | 0 | |
| rcx_updateMetaData | 0 | 0 | 0 | |
| rcxgraph_toRCX | 0.000 | 0.001 | 0.001 | |