| Back to Multiple platform build/check report for BioC 3.16: simplified long |
|
This page was generated on 2023-04-12 11:05:41 -0400 (Wed, 12 Apr 2023).
| Hostname | OS | Arch (*) | R version | Installed pkgs |
|---|---|---|---|---|
| nebbiolo2 | Linux (Ubuntu 20.04.5 LTS) | x86_64 | 4.2.3 (2023-03-15) -- "Shortstop Beagle" | 4502 |
| palomino4 | Windows Server 2022 Datacenter | x64 | 4.2.3 (2023-03-15 ucrt) -- "Shortstop Beagle" | 4282 |
| lconway | macOS 12.5.1 Monterey | x86_64 | 4.2.3 (2023-03-15) -- "Shortstop Beagle" | 4310 |
| Click on any hostname to see more info about the system (e.g. compilers) (*) as reported by 'uname -p', except on Windows and Mac OS X | ||||
|
To the developers/maintainers of the mina package: - Please allow up to 24 hours (and sometimes 48 hours) for your latest push to git@git.bioconductor.org:packages/mina.git to reflect on this report. See How and When does the builder pull? When will my changes propagate? for more information. - Make sure to use the following settings in order to reproduce any error or warning you see on this page. |
| Package 1205/2183 | Hostname | OS / Arch | INSTALL | BUILD | CHECK | BUILD BIN | ||||||||
| mina 1.6.0 (landing page) Rui Guan
| nebbiolo2 | Linux (Ubuntu 20.04.5 LTS) / x86_64 | OK | OK | WARNINGS | |||||||||
| palomino4 | Windows Server 2022 Datacenter / x64 | OK | OK | WARNINGS | OK | |||||||||
| lconway | macOS 12.5.1 Monterey / x86_64 | OK | OK | WARNINGS | OK | |||||||||
| Package: mina |
| Version: 1.6.0 |
| Command: F:\biocbuild\bbs-3.16-bioc\R\bin\R.exe CMD check --no-multiarch --install=check:mina.install-out.txt --library=F:\biocbuild\bbs-3.16-bioc\R\library --no-vignettes --timings mina_1.6.0.tar.gz |
| StartedAt: 2023-04-11 03:22:37 -0400 (Tue, 11 Apr 2023) |
| EndedAt: 2023-04-11 03:26:39 -0400 (Tue, 11 Apr 2023) |
| EllapsedTime: 242.0 seconds |
| RetCode: 0 |
| Status: WARNINGS |
| CheckDir: mina.Rcheck |
| Warnings: 1 |
##############################################################################
##############################################################################
###
### Running command:
###
### F:\biocbuild\bbs-3.16-bioc\R\bin\R.exe CMD check --no-multiarch --install=check:mina.install-out.txt --library=F:\biocbuild\bbs-3.16-bioc\R\library --no-vignettes --timings mina_1.6.0.tar.gz
###
##############################################################################
##############################################################################
* using log directory 'F:/biocbuild/bbs-3.16-bioc/meat/mina.Rcheck'
* using R version 4.2.3 (2023-03-15 ucrt)
* using platform: x86_64-w64-mingw32 (64-bit)
* using session charset: UTF-8
* using option '--no-vignettes'
* checking for file 'mina/DESCRIPTION' ... OK
* this is package 'mina' version '1.6.0'
* package encoding: UTF-8
* checking package namespace information ... OK
* checking package dependencies ... NOTE
Package which this enhances but not available for checking: 'doMC'
* checking if this is a source package ... OK
* checking if there is a namespace ... OK
* checking for hidden files and directories ... OK
* checking for portable file names ... OK
* checking whether package 'mina' can be installed ... OK
* checking installed package size ... NOTE
installed size is 8.8Mb
sub-directories of 1Mb or more:
data 7.4Mb
* checking package directory ... OK
* checking 'build' directory ... OK
* checking DESCRIPTION meta-information ... OK
* checking top-level files ... OK
* checking for left-over files ... OK
* checking index information ... OK
* checking package subdirectories ... OK
* checking R files for non-ASCII characters ... OK
* checking R files for syntax errors ... OK
* checking whether the package can be loaded ... OK
* checking whether the package can be loaded with stated dependencies ... OK
* checking whether the package can be unloaded cleanly ... OK
* checking whether the namespace can be loaded with stated dependencies ... OK
* checking whether the namespace can be unloaded cleanly ... OK
* checking dependencies in R code ... OK
* checking S3 generic/method consistency ... OK
* checking replacement functions ... OK
* checking foreign function calls ... OK
* checking R code for possible problems ... NOTE
sparcc: no visible binding for global variable 'i'
net_dis_pcoa,character: no visible binding for global variable 'y'
net_dis_pcoa,character: no visible binding for global variable 'Group'
net_dis_plot,mina: no visible binding for global variable 'Group1'
net_dis_plot,mina: no visible binding for global variable 'Group2'
net_dis_plot,mina: no visible binding for global variable 'Distance'
net_dis_plot,mina: no visible binding for global variable 'Sig'
Undefined global functions or variables:
Distance Group Group1 Group2 Sig i y
* checking Rd files ... OK
* checking Rd metadata ... OK
* checking Rd cross-references ... OK
* checking for missing documentation entries ... OK
* checking for code/documentation mismatches ... OK
* checking Rd \usage sections ... OK
* checking Rd contents ... OK
* checking for unstated dependencies in examples ... OK
* checking contents of 'data' directory ... OK
* checking data for non-ASCII characters ... OK
* checking LazyData ... WARNING
LazyData DB of 7.4 MB without LazyDataCompression set
See ยง1.1.6 of 'Writing R Extensions'
* checking data for ASCII and uncompressed saves ... OK
* checking line endings in C/C++/Fortran sources/headers ... OK
* checking compiled code ... NOTE
Note: information on .o files for x64 is not available
File 'F:/biocbuild/bbs-3.16-bioc/R/library/mina/libs/x64/mina.dll':
Found 'abort', possibly from 'abort' (C), 'runtime' (Fortran)
Found 'exit', possibly from 'exit' (C), 'stop' (Fortran)
Compiled code should not call entry points which might terminate R nor
write to stdout/stderr instead of to the console, nor use Fortran I/O
nor system RNGs. The detected symbols are linked into the code but
might come from libraries and not actually be called.
See 'Writing portable packages' in the 'Writing R Extensions' manual.
* checking files in 'vignettes' ... OK
* checking examples ... OK
Examples with CPU (user + system) or elapsed time > 5s
user system elapsed
net_dis_plot 31.64 5.80 33.78
com_plot-mina 26.89 4.57 3.94
net_dis-mina 16.80 2.48 17.19
dis_stat_accessor 12.31 1.76 12.75
net_cls-mina 9.25 0.63 9.56
bs_pm-mina 8.21 1.10 7.17
net_cls 5.54 0.22 5.53
net_cls-matrix 5.41 0.19 5.28
* checking for unstated dependencies in vignettes ... OK
* checking package vignettes in 'inst/doc' ... OK
* checking running R code from vignettes ... SKIPPED
* checking re-building of vignette outputs ... SKIPPED
* checking PDF version of manual ... OK
* DONE
Status: 1 WARNING, 4 NOTEs
See
'F:/biocbuild/bbs-3.16-bioc/meat/mina.Rcheck/00check.log'
for details.
mina.Rcheck/00install.out
############################################################################## ############################################################################## ### ### Running command: ### ### F:\biocbuild\bbs-3.16-bioc\R\bin\R.exe CMD INSTALL mina ### ############################################################################## ############################################################################## * installing to library 'F:/biocbuild/bbs-3.16-bioc/R/library' * installing *source* package 'mina' ... ** using staged installation ** libs g++ -std=gnu++14 -I"F:/biocbuild/bbs-3.16-bioc/R/include" -DNDEBUG -I'F:/biocbuild/bbs-3.16-bioc/R/library/Rcpp/include' -I'F:/biocbuild/bbs-3.16-bioc/R/library/RcppParallel/include' -I'F:/biocbuild/bbs-3.16-bioc/R/library/RcppArmadillo/include' -I"C:/rtools42/x86_64-w64-mingw32.static.posix/include" -O2 -Wall -mfpmath=sse -msse2 -mstackrealign -c RcppExports.cpp -o RcppExports.o g++ -std=gnu++14 -I"F:/biocbuild/bbs-3.16-bioc/R/include" -DNDEBUG -I'F:/biocbuild/bbs-3.16-bioc/R/library/Rcpp/include' -I'F:/biocbuild/bbs-3.16-bioc/R/library/RcppParallel/include' -I'F:/biocbuild/bbs-3.16-bioc/R/library/RcppArmadillo/include' -I"C:/rtools42/x86_64-w64-mingw32.static.posix/include" -O2 -Wall -mfpmath=sse -msse2 -mstackrealign -c cp_cor.cpp -o cp_cor.o g++ -std=gnu++14 -shared -s -static-libgcc -o mina.dll tmp.def RcppExports.o cp_cor.o -LC:/rtools42/x86_64-w64-mingw32.static.posix/lib/x64 -LC:/rtools42/x86_64-w64-mingw32.static.posix/lib -LF:/biocbuild/bbs-3.16-bioc/R/bin/x64 -lR installing to F:/biocbuild/bbs-3.16-bioc/R/library/00LOCK-mina/00new/mina/libs/x64 ** R ** data *** moving datasets to lazyload DB ** byte-compile and prepare package for lazy loading Creating a new generic function for 'norm' in package 'mina' ** help *** installing help indices ** building package indices ** installing vignettes ** testing if installed package can be loaded from temporary location ** testing if installed package can be loaded from final location ** testing if installed package keeps a record of temporary installation path * DONE (mina)
mina.Rcheck/mina-Ex.timings
| name | user | system | elapsed | |
| adj-matrix | 0.73 | 0.00 | 0.43 | |
| adj-mina | 1.00 | 0.03 | 0.73 | |
| adj | 0.61 | 0.02 | 0.47 | |
| adj_method_list | 0.26 | 0.06 | 0.87 | |
| bs_pm-mina | 8.21 | 1.10 | 7.17 | |
| bs_pm | 2.75 | 0.61 | 2.99 | |
| check_mina | 0.06 | 0.02 | 0.08 | |
| check_mina_de | 0.06 | 0.00 | 0.06 | |
| check_mina_qu | 0.05 | 0.01 | 0.07 | |
| cls_tab | 0.06 | 0.02 | 0.07 | |
| com_dis-matrix | 0.53 | 0.03 | 0.30 | |
| com_dis-mina | 0.44 | 0.02 | 0.06 | |
| com_dis | 0.30 | 0.03 | 0.33 | |
| com_dis_list | 0.15 | 0.07 | 0.23 | |
| com_plot-mina | 26.89 | 4.57 | 3.94 | |
| com_plot | 0.19 | 0.00 | 0.19 | |
| com_r2-mina | 0.60 | 0.02 | 0.58 | |
| com_r2 | 1.42 | 0.25 | 1.06 | |
| data-hmp | 0.00 | 0.02 | 0.02 | |
| data-maize | 0 | 0 | 0 | |
| des_accessor | 0 | 0 | 0 | |
| dis_accessor | 0.41 | 0.02 | 0.06 | |
| dis_stat_accessor | 12.31 | 1.76 | 12.75 | |
| dmr-matrix | 0.35 | 0.03 | 0.38 | |
| dmr-mina | 0.32 | 0.01 | 0.35 | |
| dmr | 0.33 | 0.04 | 0.38 | |
| dmr_accessor | 0.36 | 0.01 | 0.38 | |
| fit_tabs-mina | 0.48 | 0.08 | 0.59 | |
| fit_tabs | 1.08 | 0.17 | 1.25 | |
| get_net_cls_tab-matrix-data.frame-method | 1.28 | 0.25 | 1.28 | |
| get_net_cls_tab | 1.30 | 0.30 | 1.39 | |
| get_r2-mat | 1.00 | 0.10 | 0.69 | |
| get_r2 | 0.92 | 0.00 | 0.50 | |
| get_rep-matrix | 0.23 | 0.01 | 0.25 | |
| get_rep-mima | 0.77 | 0.09 | 0.86 | |
| hmp_des | 0 | 0 | 0 | |
| hmp_otu | 0.00 | 0.01 | 0.01 | |
| maize_asv | 0.00 | 0.02 | 0.02 | |
| maize_asv2 | 0.00 | 0.01 | 0.02 | |
| maize_des | 0.00 | 0.02 | 0.01 | |
| maize_des2 | 0.00 | 0.01 | 0.02 | |
| mina-class | 0.00 | 0.02 | 0.01 | |
| net_cls-matrix | 5.41 | 0.19 | 5.28 | |
| net_cls-mina | 9.25 | 0.63 | 9.56 | |
| net_cls | 5.54 | 0.22 | 5.53 | |
| net_cls_tab-mina-method | 1.52 | 0.09 | 1.35 | |
| net_cls_tab | 1.34 | 0.20 | 1.26 | |
| net_dis-mina | 16.80 | 2.48 | 17.19 | |
| net_dis | 2.37 | 1.50 | 3.39 | |
| net_dis_indi | 0.00 | 0.01 | 0.01 | |
| net_dis_pcoa | 0 | 0 | 0 | |
| net_dis_plot | 31.64 | 5.80 | 33.78 | |
| net_grp_cmp | 0.00 | 0.02 | 0.02 | |
| net_node_cmp | 0.00 | 0.01 | 0.02 | |
| norm_accessor | 0.04 | 0.01 | 0.05 | |
| norm_tab-matrix | 0.78 | 0.08 | 0.86 | |
| norm_tab-mina | 0.79 | 0.11 | 0.91 | |
| norm_tab | 0.04 | 0.00 | 0.03 | |
| norm_tab_method_list | 0.07 | 0.05 | 0.72 | |
| pcoa_plot | 1.82 | 0.11 | 1.10 | |
| sim_par | 0 | 0 | 0 | |
| sparcc | 0.00 | 0.01 | 0.02 | |
| tab_accessor | 0.00 | 0.02 | 0.02 | |
| tina-matrix-method | 0 | 0 | 0 | |
| tina | 0 | 0 | 0 | |