| Back to Multiple platform build/check report for BioC 3.16: simplified long |
|
This page was generated on 2023-04-12 11:05:10 -0400 (Wed, 12 Apr 2023).
| Hostname | OS | Arch (*) | R version | Installed pkgs |
|---|---|---|---|---|
| nebbiolo2 | Linux (Ubuntu 20.04.5 LTS) | x86_64 | 4.2.3 (2023-03-15) -- "Shortstop Beagle" | 4502 |
| palomino4 | Windows Server 2022 Datacenter | x64 | 4.2.3 (2023-03-15 ucrt) -- "Shortstop Beagle" | 4282 |
| lconway | macOS 12.5.1 Monterey | x86_64 | 4.2.3 (2023-03-15) -- "Shortstop Beagle" | 4310 |
| Click on any hostname to see more info about the system (e.g. compilers) (*) as reported by 'uname -p', except on Windows and Mac OS X | ||||
|
To the developers/maintainers of the mina package: - Please allow up to 24 hours (and sometimes 48 hours) for your latest push to git@git.bioconductor.org:packages/mina.git to reflect on this report. See How and When does the builder pull? When will my changes propagate? for more information. - Make sure to use the following settings in order to reproduce any error or warning you see on this page. |
| Package 1205/2183 | Hostname | OS / Arch | INSTALL | BUILD | CHECK | BUILD BIN | ||||||||
| mina 1.6.0 (landing page) Rui Guan
| nebbiolo2 | Linux (Ubuntu 20.04.5 LTS) / x86_64 | OK | OK | WARNINGS | |||||||||
| palomino4 | Windows Server 2022 Datacenter / x64 | OK | OK | WARNINGS | OK | |||||||||
| lconway | macOS 12.5.1 Monterey / x86_64 | OK | OK | WARNINGS | OK | |||||||||
| Package: mina |
| Version: 1.6.0 |
| Command: /home/biocbuild/bbs-3.16-bioc/R/bin/R CMD check --install=check:mina.install-out.txt --library=/home/biocbuild/bbs-3.16-bioc/R/site-library --timings mina_1.6.0.tar.gz |
| StartedAt: 2023-04-10 21:59:03 -0400 (Mon, 10 Apr 2023) |
| EndedAt: 2023-04-10 22:04:01 -0400 (Mon, 10 Apr 2023) |
| EllapsedTime: 297.8 seconds |
| RetCode: 0 |
| Status: WARNINGS |
| CheckDir: mina.Rcheck |
| Warnings: 1 |
##############################################################################
##############################################################################
###
### Running command:
###
### /home/biocbuild/bbs-3.16-bioc/R/bin/R CMD check --install=check:mina.install-out.txt --library=/home/biocbuild/bbs-3.16-bioc/R/site-library --timings mina_1.6.0.tar.gz
###
##############################################################################
##############################################################################
* using log directory ‘/home/biocbuild/bbs-3.16-bioc/meat/mina.Rcheck’
* using R version 4.2.3 (2023-03-15)
* using platform: x86_64-pc-linux-gnu (64-bit)
* using session charset: UTF-8
* checking for file ‘mina/DESCRIPTION’ ... OK
* this is package ‘mina’ version ‘1.6.0’
* package encoding: UTF-8
* checking package namespace information ... OK
* checking package dependencies ... OK
* checking if this is a source package ... OK
* checking if there is a namespace ... OK
* checking for hidden files and directories ... OK
* checking for portable file names ... OK
* checking for sufficient/correct file permissions ... OK
* checking whether package ‘mina’ can be installed ... OK
* checking installed package size ... NOTE
installed size is 9.4Mb
sub-directories of 1Mb or more:
data 7.4Mb
libs 1.5Mb
* checking package directory ... OK
* checking ‘build’ directory ... OK
* checking DESCRIPTION meta-information ... OK
* checking top-level files ... OK
* checking for left-over files ... OK
* checking index information ... OK
* checking package subdirectories ... OK
* checking R files for non-ASCII characters ... OK
* checking R files for syntax errors ... OK
* checking whether the package can be loaded ... OK
* checking whether the package can be loaded with stated dependencies ... OK
* checking whether the package can be unloaded cleanly ... OK
* checking whether the namespace can be loaded with stated dependencies ... OK
* checking whether the namespace can be unloaded cleanly ... OK
* checking loading without being on the library search path ... OK
* checking dependencies in R code ... OK
* checking S3 generic/method consistency ... OK
* checking replacement functions ... OK
* checking foreign function calls ... OK
* checking R code for possible problems ... NOTE
sparcc: no visible binding for global variable ‘i’
net_dis_pcoa,character: no visible binding for global variable ‘y’
net_dis_pcoa,character: no visible binding for global variable ‘Group’
net_dis_plot,mina: no visible binding for global variable ‘Group1’
net_dis_plot,mina: no visible binding for global variable ‘Group2’
net_dis_plot,mina: no visible binding for global variable ‘Distance’
net_dis_plot,mina: no visible binding for global variable ‘Sig’
Undefined global functions or variables:
Distance Group Group1 Group2 Sig i y
* checking Rd files ... OK
* checking Rd metadata ... OK
* checking Rd cross-references ... OK
* checking for missing documentation entries ... OK
* checking for code/documentation mismatches ... OK
* checking Rd \usage sections ... OK
* checking Rd contents ... OK
* checking for unstated dependencies in examples ... OK
* checking contents of ‘data’ directory ... OK
* checking data for non-ASCII characters ... OK
* checking LazyData ... WARNING
LazyData DB of 7.4 MB without LazyDataCompression set
See §1.1.6 of 'Writing R Extensions'
* checking data for ASCII and uncompressed saves ... OK
* checking line endings in C/C++/Fortran sources/headers ... OK
* checking compiled code ... NOTE
Note: information on .o files is not available
* checking files in ‘vignettes’ ... OK
* checking examples ... OK
Examples with CPU (user + system) or elapsed time > 5s
user system elapsed
net_dis_plot 45.838 4.441 32.968
net_dis-mina 21.442 1.532 14.807
dis_stat_accessor 16.839 2.535 11.745
com_plot-mina 15.408 0.040 1.777
bs_pm-mina 12.032 2.302 6.890
net_cls-mina 9.506 0.501 9.249
net_cls-matrix 6.301 0.178 6.020
net_cls 6.065 0.056 5.639
* checking for unstated dependencies in vignettes ... OK
* checking package vignettes in ‘inst/doc’ ... OK
* checking running R code from vignettes ...
‘mina.Rmd’ using ‘UTF-8’... OK
NONE
* checking re-building of vignette outputs ... OK
* checking PDF version of manual ... OK
* DONE
Status: 1 WARNING, 3 NOTEs
See
‘/home/biocbuild/bbs-3.16-bioc/meat/mina.Rcheck/00check.log’
for details.
mina.Rcheck/00install.out
############################################################################## ############################################################################## ### ### Running command: ### ### /home/biocbuild/bbs-3.16-bioc/R/bin/R CMD INSTALL mina ### ############################################################################## ############################################################################## * installing to library ‘/home/biocbuild/bbs-3.16-bioc/R/site-library’ * installing *source* package ‘mina’ ... ** using staged installation ** libs g++ -std=gnu++14 -I"/home/biocbuild/bbs-3.16-bioc/R/include" -DNDEBUG -I'/home/biocbuild/bbs-3.16-bioc/R/site-library/Rcpp/include' -I'/home/biocbuild/bbs-3.16-bioc/R/site-library/RcppParallel/include' -I'/home/biocbuild/bbs-3.16-bioc/R/site-library/RcppArmadillo/include' -I/usr/local/include -fpic -g -O2 -Wall -c RcppExports.cpp -o RcppExports.o g++ -std=gnu++14 -I"/home/biocbuild/bbs-3.16-bioc/R/include" -DNDEBUG -I'/home/biocbuild/bbs-3.16-bioc/R/site-library/Rcpp/include' -I'/home/biocbuild/bbs-3.16-bioc/R/site-library/RcppParallel/include' -I'/home/biocbuild/bbs-3.16-bioc/R/site-library/RcppArmadillo/include' -I/usr/local/include -fpic -g -O2 -Wall -c cp_cor.cpp -o cp_cor.o g++ -std=gnu++14 -shared -L/home/biocbuild/bbs-3.16-bioc/R/lib -L/usr/local/lib -o mina.so RcppExports.o cp_cor.o -L/home/biocbuild/bbs-3.16-bioc/R/lib -lR installing to /home/biocbuild/bbs-3.16-bioc/R/site-library/00LOCK-mina/00new/mina/libs ** R ** data *** moving datasets to lazyload DB ** byte-compile and prepare package for lazy loading Creating a new generic function for ‘norm’ in package ‘mina’ ** help *** installing help indices ** building package indices ** installing vignettes ** testing if installed package can be loaded from temporary location ** checking absolute paths in shared objects and dynamic libraries ** testing if installed package can be loaded from final location ** testing if installed package keeps a record of temporary installation path * DONE (mina)
mina.Rcheck/mina-Ex.timings
| name | user | system | elapsed | |
| adj-matrix | 0.655 | 0.226 | 0.328 | |
| adj-mina | 1.265 | 0.036 | 0.833 | |
| adj | 0.855 | 0.011 | 0.418 | |
| adj_method_list | 0.075 | 0.003 | 0.080 | |
| bs_pm-mina | 12.032 | 2.302 | 6.890 | |
| bs_pm | 3.397 | 0.451 | 2.033 | |
| check_mina | 0.079 | 0.008 | 0.086 | |
| check_mina_de | 0.069 | 0.012 | 0.081 | |
| check_mina_qu | 0.073 | 0.003 | 0.077 | |
| cls_tab | 0.079 | 0.000 | 0.079 | |
| com_dis-matrix | 0.618 | 0.027 | 0.267 | |
| com_dis-mina | 0.392 | 0.047 | 0.058 | |
| com_dis | 0.655 | 0.002 | 0.279 | |
| com_dis_list | 0.079 | 0.004 | 0.083 | |
| com_plot-mina | 15.408 | 0.040 | 1.777 | |
| com_plot | 0.176 | 0.001 | 0.156 | |
| com_r2-mina | 0.873 | 0.004 | 0.486 | |
| com_r2 | 1.058 | 0.009 | 0.616 | |
| data-hmp | 0.001 | 0.000 | 0.001 | |
| data-maize | 0 | 0 | 0 | |
| des_accessor | 0.002 | 0.000 | 0.002 | |
| dis_accessor | 0.632 | 0.000 | 0.262 | |
| dis_stat_accessor | 16.839 | 2.535 | 11.745 | |
| dmr-matrix | 0.734 | 0.017 | 0.333 | |
| dmr-mina | 0.708 | 0.007 | 0.313 | |
| dmr | 0.703 | 0.003 | 0.319 | |
| dmr_accessor | 0.718 | 0.022 | 0.296 | |
| fit_tabs-mina | 0.482 | 0.031 | 0.514 | |
| fit_tabs | 0.809 | 0.145 | 0.954 | |
| get_net_cls_tab-matrix-data.frame-method | 1.487 | 0.013 | 1.039 | |
| get_net_cls_tab | 1.636 | 0.005 | 1.144 | |
| get_r2-mat | 0.882 | 0.023 | 0.490 | |
| get_r2 | 0.787 | 0.020 | 0.407 | |
| get_rep-matrix | 0.249 | 0.008 | 0.256 | |
| get_rep-mima | 0.683 | 0.007 | 0.691 | |
| hmp_des | 0.001 | 0.000 | 0.000 | |
| hmp_otu | 0.001 | 0.000 | 0.001 | |
| maize_asv | 0.001 | 0.000 | 0.001 | |
| maize_asv2 | 0.001 | 0.000 | 0.000 | |
| maize_des | 0.001 | 0.000 | 0.000 | |
| maize_des2 | 0.001 | 0.000 | 0.000 | |
| mina-class | 0.001 | 0.000 | 0.001 | |
| net_cls-matrix | 6.301 | 0.178 | 6.020 | |
| net_cls-mina | 9.506 | 0.501 | 9.249 | |
| net_cls | 6.065 | 0.056 | 5.639 | |
| net_cls_tab-mina-method | 1.686 | 0.009 | 1.246 | |
| net_cls_tab | 1.492 | 0.022 | 1.064 | |
| net_dis-mina | 21.442 | 1.532 | 14.807 | |
| net_dis | 3.316 | 0.214 | 2.236 | |
| net_dis_indi | 0.001 | 0.000 | 0.000 | |
| net_dis_pcoa | 0 | 0 | 0 | |
| net_dis_plot | 45.838 | 4.441 | 32.968 | |
| net_grp_cmp | 0 | 0 | 0 | |
| net_node_cmp | 0 | 0 | 0 | |
| norm_accessor | 0.023 | 0.003 | 0.026 | |
| norm_tab-matrix | 0.764 | 0.004 | 0.768 | |
| norm_tab-mina | 0.746 | 0.008 | 0.753 | |
| norm_tab | 0.027 | 0.000 | 0.027 | |
| norm_tab_method_list | 0.046 | 0.007 | 0.053 | |
| pcoa_plot | 1.514 | 0.015 | 0.775 | |
| sim_par | 0 | 0 | 0 | |
| sparcc | 0 | 0 | 0 | |
| tab_accessor | 0.000 | 0.000 | 0.001 | |
| tina-matrix-method | 0 | 0 | 0 | |
| tina | 0 | 0 | 0 | |