| Back to Multiple platform build/check report for BioC 3.16: simplified long |
|
This page was generated on 2023-04-12 11:05:04 -0400 (Wed, 12 Apr 2023).
| Hostname | OS | Arch (*) | R version | Installed pkgs |
|---|---|---|---|---|
| nebbiolo2 | Linux (Ubuntu 20.04.5 LTS) | x86_64 | 4.2.3 (2023-03-15) -- "Shortstop Beagle" | 4502 |
| palomino4 | Windows Server 2022 Datacenter | x64 | 4.2.3 (2023-03-15 ucrt) -- "Shortstop Beagle" | 4282 |
| lconway | macOS 12.5.1 Monterey | x86_64 | 4.2.3 (2023-03-15) -- "Shortstop Beagle" | 4310 |
| Click on any hostname to see more info about the system (e.g. compilers) (*) as reported by 'uname -p', except on Windows and Mac OS X | ||||
|
To the developers/maintainers of the flowCore package: - Please allow up to 24 hours (and sometimes 48 hours) for your latest push to git@git.bioconductor.org:packages/flowCore.git to reflect on this report. See How and When does the builder pull? When will my changes propagate? for more information. - Make sure to use the following settings in order to reproduce any error or warning you see on this page. |
| Package 691/2183 | Hostname | OS / Arch | INSTALL | BUILD | CHECK | BUILD BIN | ||||||||
| flowCore 2.10.0 (landing page) Mike Jiang
| nebbiolo2 | Linux (Ubuntu 20.04.5 LTS) / x86_64 | OK | OK | WARNINGS | |||||||||
| palomino4 | Windows Server 2022 Datacenter / x64 | OK | OK | OK | OK | |||||||||
| lconway | macOS 12.5.1 Monterey / x86_64 | OK | OK | OK | OK | |||||||||
| Package: flowCore |
| Version: 2.10.0 |
| Command: /home/biocbuild/bbs-3.16-bioc/R/bin/R CMD check --install=check:flowCore.install-out.txt --library=/home/biocbuild/bbs-3.16-bioc/R/site-library --timings flowCore_2.10.0.tar.gz |
| StartedAt: 2023-04-10 20:44:12 -0400 (Mon, 10 Apr 2023) |
| EndedAt: 2023-04-10 20:47:28 -0400 (Mon, 10 Apr 2023) |
| EllapsedTime: 196.4 seconds |
| RetCode: 0 |
| Status: WARNINGS |
| CheckDir: flowCore.Rcheck |
| Warnings: 1 |
##############################################################################
##############################################################################
###
### Running command:
###
### /home/biocbuild/bbs-3.16-bioc/R/bin/R CMD check --install=check:flowCore.install-out.txt --library=/home/biocbuild/bbs-3.16-bioc/R/site-library --timings flowCore_2.10.0.tar.gz
###
##############################################################################
##############################################################################
* using log directory ‘/home/biocbuild/bbs-3.16-bioc/meat/flowCore.Rcheck’
* using R version 4.2.3 (2023-03-15)
* using platform: x86_64-pc-linux-gnu (64-bit)
* using session charset: UTF-8
* checking for file ‘flowCore/DESCRIPTION’ ... OK
* this is package ‘flowCore’ version ‘2.10.0’
* package encoding: UTF-8
* checking package namespace information ... OK
* checking package dependencies ... OK
* checking if this is a source package ... OK
* checking if there is a namespace ... OK
* checking for hidden files and directories ... OK
* checking for portable file names ... OK
* checking for sufficient/correct file permissions ... OK
* checking whether package ‘flowCore’ can be installed ... WARNING
Found the following significant warnings:
Hyperlog.cpp:47:47: warning: ‘Illegal argument value ’ directive output truncated writing 23 bytes into a region of size 8 [-Wformat-truncation=]
Hyperlog.cpp:53:47: warning: ‘Illegal argument value ’ directive output truncated writing 23 bytes into a region of size 8 [-Wformat-truncation=]
See ‘/home/biocbuild/bbs-3.16-bioc/meat/flowCore.Rcheck/00install.out’ for details.
* checking installed package size ... NOTE
installed size is 19.0Mb
sub-directories of 1Mb or more:
R 1.1Mb
data 5.4Mb
extdata 1.1Mb
libs 10.5Mb
* checking package directory ... OK
* checking ‘build’ directory ... OK
* checking DESCRIPTION meta-information ... OK
* checking top-level files ... OK
* checking for left-over files ... OK
* checking index information ... OK
* checking package subdirectories ... OK
* checking R files for non-ASCII characters ... OK
* checking R files for syntax errors ... OK
* checking whether the package can be loaded ... OK
* checking whether the package can be loaded with stated dependencies ... OK
* checking whether the package can be unloaded cleanly ... OK
* checking whether the namespace can be loaded with stated dependencies ... OK
* checking whether the namespace can be unloaded cleanly ... OK
* checking loading without being on the library search path ... OK
* checking dependencies in R code ... OK
* checking S3 generic/method consistency ... OK
* checking replacement functions ... OK
* checking foreign function calls ... OK
* checking R code for possible problems ... NOTE
eval,compensatedParameter-missing : <anonymous>: no visible binding for
global variable ‘mat’
eval,compensatedParameter-missing : <anonymous>: no visible binding for
global variable ‘msv’
show,flowFrame: no visible global function definition for
‘capture.output’
Undefined global functions or variables:
capture.output mat msv
Consider adding
importFrom("utils", "capture.output")
to your NAMESPACE file.
* checking Rd files ... OK
* checking Rd metadata ... OK
* checking Rd cross-references ... OK
* checking for missing documentation entries ... OK
* checking for code/documentation mismatches ... OK
* checking Rd \usage sections ... OK
* checking Rd contents ... OK
* checking for unstated dependencies in examples ... OK
* checking contents of ‘data’ directory ... OK
* checking data for non-ASCII characters ... OK
* checking data for ASCII and uncompressed saves ... OK
* checking line endings in C/C++/Fortran sources/headers ... OK
* checking line endings in Makefiles ... OK
* checking compilation flags in Makevars ... OK
* checking for GNU extensions in Makefiles ... OK
* checking for portable use of $(BLAS_LIBS) and $(LAPACK_LIBS) ... OK
* checking use of PKG_*FLAGS in Makefiles ... OK
* checking compiled code ... NOTE
Note: information on .o files is not available
File ‘/home/biocbuild/bbs-3.16-bioc/R/site-library/flowCore/libs/flowCore.so’:
Found ‘_ZSt4cerr’, possibly from ‘std::cerr’ (C++)
Found ‘rand’, possibly from ‘rand’ (C)
Found ‘srand’, possibly from ‘srand’ (C)
Compiled code should not call entry points which might terminate R nor
write to stdout/stderr instead of to the console, nor use Fortran I/O
nor system RNGs. The detected symbols are linked into the code but
might come from libraries and not actually be called.
See ‘Writing portable packages’ in the ‘Writing R Extensions’ manual.
* checking installed files from ‘inst/doc’ ... OK
* checking files in ‘vignettes’ ... OK
* checking examples ... OK
Examples with CPU (user + system) or elapsed time > 5s
user system elapsed
filterResultList-class 4.804 0.200 5.005
transformList-class 4.850 0.068 5.347
* checking for unstated dependencies in ‘tests’ ... OK
* checking tests ...
Running ‘testthat.R’
OK
* checking for unstated dependencies in vignettes ... OK
* checking package vignettes in ‘inst/doc’ ... OK
* checking running R code from vignettes ...
‘HowTo-flowCore.Rnw’ using ‘UTF-8’... OK
NONE
* checking re-building of vignette outputs ... OK
* checking PDF version of manual ... OK
* DONE
Status: 1 WARNING, 3 NOTEs
See
‘/home/biocbuild/bbs-3.16-bioc/meat/flowCore.Rcheck/00check.log’
for details.
flowCore.Rcheck/00install.out
##############################################################################
##############################################################################
###
### Running command:
###
### /home/biocbuild/bbs-3.16-bioc/R/bin/R CMD INSTALL flowCore
###
##############################################################################
##############################################################################
* installing to library ‘/home/biocbuild/bbs-3.16-bioc/R/site-library’
* installing *source* package ‘flowCore’ ...
** using staged installation
** libs
g++ -std=gnu++11 -I"/home/biocbuild/bbs-3.16-bioc/R/include" -DNDEBUG -I'/home/biocbuild/bbs-3.16-bioc/R/site-library/cpp11/include' -I'/home/biocbuild/bbs-3.16-bioc/R/site-library/BH/include' -I'/home/biocbuild/bbs-3.16-bioc/R/site-library/cytolib/include' -I'/home/biocbuild/bbs-3.16-bioc/R/site-library/RProtoBufLib/include' -I/usr/local/include -fpic -g -O2 -Wall -c FastLogicle.cpp -o FastLogicle.o
g++ -std=gnu++11 -I"/home/biocbuild/bbs-3.16-bioc/R/include" -DNDEBUG -I'/home/biocbuild/bbs-3.16-bioc/R/site-library/cpp11/include' -I'/home/biocbuild/bbs-3.16-bioc/R/site-library/BH/include' -I'/home/biocbuild/bbs-3.16-bioc/R/site-library/cytolib/include' -I'/home/biocbuild/bbs-3.16-bioc/R/site-library/RProtoBufLib/include' -I/usr/local/include -fpic -g -O2 -Wall -c Hyperlog.cpp -o Hyperlog.o
Hyperlog.cpp: In constructor ‘Hyperlog::IllegalArgument::IllegalArgument(double)’:
Hyperlog.cpp:47:47: warning: ‘Illegal argument value ’ directive output truncated writing 23 bytes into a region of size 8 [-Wformat-truncation=]
47 | snprintf(buffer, sizeof(buffer), "Illegal argument value %.17g", value);
| ~~~~~~~~^~~~~~~~~~~~~~~
Hyperlog.cpp:47:38: note: assuming directive output of 23 bytes
47 | snprintf(buffer, sizeof(buffer), "Illegal argument value %.17g", value);
| ^~~~~~~~~~~~~~~~~~~~~~~~~~~~~~
In file included from /usr/include/stdio.h:867,
from /usr/include/c++/9/cstdio:42,
from /home/biocbuild/bbs-3.16-bioc/R/include/R.h:40,
from zeroin.h:14,
from Hyperlog.cpp:4:
/usr/include/x86_64-linux-gnu/bits/stdio2.h:67:35: note: ‘__builtin___snprintf_chk’ output between 25 and 48 bytes into a destination of size 8
67 | return __builtin___snprintf_chk (__s, __n, __USE_FORTIFY_LEVEL - 1,
| ~~~~~~~~~~~~~~~~~~~~~~~~~^~~~~~~~~~~~~~~~~~~~~~~~~~~~~~~~~~~
68 | __bos (__s), __fmt, __va_arg_pack ());
| ~~~~~~~~~~~~~~~~~~~~~~~~~~~~~~~~~~~~~
Hyperlog.cpp: In constructor ‘Hyperlog::IllegalArgument::IllegalArgument(int)’:
Hyperlog.cpp:53:47: warning: ‘Illegal argument value ’ directive output truncated writing 23 bytes into a region of size 8 [-Wformat-truncation=]
53 | snprintf(buffer, sizeof(buffer), "Illegal argument value %d", value);
| ~~~~~~~~^~~~~~~~~~~~~~~
In file included from /usr/include/stdio.h:867,
from /usr/include/c++/9/cstdio:42,
from /home/biocbuild/bbs-3.16-bioc/R/include/R.h:40,
from zeroin.h:14,
from Hyperlog.cpp:4:
/usr/include/x86_64-linux-gnu/bits/stdio2.h:67:35: note: ‘__builtin___snprintf_chk’ output between 25 and 35 bytes into a destination of size 8
67 | return __builtin___snprintf_chk (__s, __n, __USE_FORTIFY_LEVEL - 1,
| ~~~~~~~~~~~~~~~~~~~~~~~~~^~~~~~~~~~~~~~~~~~~~~~~~~~~~~~~~~~~
68 | __bos (__s), __fmt, __va_arg_pack ());
| ~~~~~~~~~~~~~~~~~~~~~~~~~~~~~~~~~~~~~
g++ -std=gnu++11 -I"/home/biocbuild/bbs-3.16-bioc/R/include" -DNDEBUG -I'/home/biocbuild/bbs-3.16-bioc/R/site-library/cpp11/include' -I'/home/biocbuild/bbs-3.16-bioc/R/site-library/BH/include' -I'/home/biocbuild/bbs-3.16-bioc/R/site-library/cytolib/include' -I'/home/biocbuild/bbs-3.16-bioc/R/site-library/RProtoBufLib/include' -I/usr/local/include -fpic -g -O2 -Wall -c Logicle.cpp -o Logicle.o
g++ -std=gnu++11 -I"/home/biocbuild/bbs-3.16-bioc/R/include" -DNDEBUG -I'/home/biocbuild/bbs-3.16-bioc/R/site-library/cpp11/include' -I'/home/biocbuild/bbs-3.16-bioc/R/site-library/BH/include' -I'/home/biocbuild/bbs-3.16-bioc/R/site-library/cytolib/include' -I'/home/biocbuild/bbs-3.16-bioc/R/site-library/RProtoBufLib/include' -I/usr/local/include -fpic -g -O2 -Wall -c biexponential.cpp -o biexponential.o
g++ -std=gnu++11 -I"/home/biocbuild/bbs-3.16-bioc/R/include" -DNDEBUG -I'/home/biocbuild/bbs-3.16-bioc/R/site-library/cpp11/include' -I'/home/biocbuild/bbs-3.16-bioc/R/site-library/BH/include' -I'/home/biocbuild/bbs-3.16-bioc/R/site-library/cytolib/include' -I'/home/biocbuild/bbs-3.16-bioc/R/site-library/RProtoBufLib/include' -I/usr/local/include -fpic -g -O2 -Wall -c convertRawBytes.cpp -o convertRawBytes.o
g++ -std=gnu++11 -I"/home/biocbuild/bbs-3.16-bioc/R/include" -DNDEBUG -I'/home/biocbuild/bbs-3.16-bioc/R/site-library/cpp11/include' -I'/home/biocbuild/bbs-3.16-bioc/R/site-library/BH/include' -I'/home/biocbuild/bbs-3.16-bioc/R/site-library/cytolib/include' -I'/home/biocbuild/bbs-3.16-bioc/R/site-library/RProtoBufLib/include' -I/usr/local/include -fpic -g -O2 -Wall -c cpp11.cpp -o cpp11.o
g++ -std=gnu++11 -I"/home/biocbuild/bbs-3.16-bioc/R/include" -DNDEBUG -I'/home/biocbuild/bbs-3.16-bioc/R/site-library/cpp11/include' -I'/home/biocbuild/bbs-3.16-bioc/R/site-library/BH/include' -I'/home/biocbuild/bbs-3.16-bioc/R/site-library/cytolib/include' -I'/home/biocbuild/bbs-3.16-bioc/R/site-library/RProtoBufLib/include' -I/usr/local/include -fpic -g -O2 -Wall -c fcsTextParse.cpp -o fcsTextParse.o
In file included from /home/biocbuild/bbs-3.16-bioc/R/site-library/BH/include/boost/mpl/aux_/na_assert.hpp:23,
from /home/biocbuild/bbs-3.16-bioc/R/site-library/BH/include/boost/mpl/arg.hpp:25,
from /home/biocbuild/bbs-3.16-bioc/R/site-library/BH/include/boost/mpl/placeholders.hpp:24,
from /home/biocbuild/bbs-3.16-bioc/R/site-library/BH/include/boost/iterator/iterator_categories.hpp:16,
from /home/biocbuild/bbs-3.16-bioc/R/site-library/BH/include/boost/iterator/iterator_facade.hpp:13,
from /home/biocbuild/bbs-3.16-bioc/R/site-library/BH/include/boost/range/iterator_range_core.hpp:27,
from /home/biocbuild/bbs-3.16-bioc/R/site-library/BH/include/boost/range/iterator_range.hpp:13,
from /home/biocbuild/bbs-3.16-bioc/R/site-library/BH/include/boost/range/as_literal.hpp:18,
from /home/biocbuild/bbs-3.16-bioc/R/site-library/BH/include/boost/algorithm/string/trim.hpp:19,
from /home/biocbuild/bbs-3.16-bioc/R/site-library/BH/include/boost/algorithm/string.hpp:19,
from fcsTextParse.cpp:9:
/home/biocbuild/bbs-3.16-bioc/R/site-library/BH/include/boost/mpl/assert.hpp:194:21: warning: unnecessary parentheses in declaration of ‘assert_arg’ [-Wparentheses]
194 | failed ************ (Pred::************
| ^
/home/biocbuild/bbs-3.16-bioc/R/site-library/BH/include/boost/mpl/assert.hpp:199:21: warning: unnecessary parentheses in declaration of ‘assert_not_arg’ [-Wparentheses]
199 | failed ************ (boost::mpl::not_<Pred>::************
| ^
In file included from /home/biocbuild/bbs-3.16-bioc/R/site-library/BH/include/boost/bind/mem_fn.hpp:25,
from /home/biocbuild/bbs-3.16-bioc/R/site-library/BH/include/boost/mem_fn.hpp:22,
from /home/biocbuild/bbs-3.16-bioc/R/site-library/BH/include/boost/function/detail/prologue.hpp:18,
from /home/biocbuild/bbs-3.16-bioc/R/site-library/BH/include/boost/function.hpp:30,
from /home/biocbuild/bbs-3.16-bioc/R/site-library/BH/include/boost/algorithm/string/detail/find_iterator.hpp:18,
from /home/biocbuild/bbs-3.16-bioc/R/site-library/BH/include/boost/algorithm/string/find_iterator.hpp:24,
from /home/biocbuild/bbs-3.16-bioc/R/site-library/BH/include/boost/algorithm/string/iter_find.hpp:27,
from /home/biocbuild/bbs-3.16-bioc/R/site-library/BH/include/boost/algorithm/string/split.hpp:16,
from /home/biocbuild/bbs-3.16-bioc/R/site-library/BH/include/boost/algorithm/string.hpp:23,
from fcsTextParse.cpp:9:
/home/biocbuild/bbs-3.16-bioc/R/site-library/BH/include/boost/get_pointer.hpp:48:40: warning: ‘template<class> class std::auto_ptr’ is deprecated [-Wdeprecated-declarations]
48 | template<class T> T * get_pointer(std::auto_ptr<T> const& p)
| ^~~~~~~~
In file included from /usr/include/c++/9/bits/locale_conv.h:41,
from /usr/include/c++/9/locale:43,
from /home/biocbuild/bbs-3.16-bioc/R/site-library/BH/include/boost/algorithm/string/classification.hpp:15,
from /home/biocbuild/bbs-3.16-bioc/R/site-library/BH/include/boost/algorithm/string/trim.hpp:23,
from /home/biocbuild/bbs-3.16-bioc/R/site-library/BH/include/boost/algorithm/string.hpp:19,
from fcsTextParse.cpp:9:
/usr/include/c++/9/bits/unique_ptr.h:53:28: note: declared here
53 | template<typename> class auto_ptr;
| ^~~~~~~~
In file included from fcsTextParse.cpp:13:
/home/biocbuild/bbs-3.16-bioc/R/site-library/cytolib/include/cytolib/compensation.hpp: In constructor ‘cytolib::compensation::compensation(const string&)’:
/home/biocbuild/bbs-3.16-bioc/R/site-library/cytolib/include/cytolib/compensation.hpp:58:20: warning: comparison of integer expressions of different signedness: ‘std::vector<std::__cxx11::basic_string<char>, std::allocator<std::__cxx11::basic_string<char> > >::size_type’ {aka ‘long unsigned int’} and ‘int’ [-Wsign-compare]
58 | if(valVec.size() != 1+n+n*n){
| ~~~~~~~~~~~~~~^~~~~~~~~~
/home/biocbuild/bbs-3.16-bioc/R/site-library/cytolib/include/cytolib/compensation.hpp:62:21: warning: comparison of integer expressions of different signedness: ‘std::vector<std::__cxx11::basic_string<char>, std::allocator<std::__cxx11::basic_string<char> > >::size_type’ {aka ‘long unsigned int’} and ‘int’ [-Wsign-compare]
62 | if(valVec.size() == 1+n+2*n*n){
| ~~~~~~~~~~~~~~^~~~~~~~~~~~
/home/biocbuild/bbs-3.16-bioc/R/site-library/cytolib/include/cytolib/compensation.hpp:68:33: warning: comparison of integer expressions of different signedness: ‘int’ and ‘std::vector<std::__cxx11::basic_string<char>, std::allocator<std::__cxx11::basic_string<char> > >::size_type’ {aka ‘long unsigned int’} [-Wsign-compare]
68 | for(int i = 1+n, j = 1+n; i < valVec_fixed.size(); i++, j+=2)
| ~~^~~~~~~~~~~~~~~~~~~~~
fcsTextParse.cpp: In function ‘cpp11::writable::doubles_matrix<> string_to_spill(std::string)’:
fcsTextParse.cpp:21:22: warning: comparison of integer expressions of different signedness: ‘int’ and ‘const uword’ {aka ‘const long long unsigned int’} [-Wsign-compare]
21 | for (auto j = 0; j < spillover.n_cols; j++) {
| ~~^~~~~~~~~~~~~~~~~~
fcsTextParse.cpp:22:24: warning: comparison of integer expressions of different signedness: ‘int’ and ‘const uword’ {aka ‘const long long unsigned int’} [-Wsign-compare]
22 | for (auto i = 0; i < spillover.n_rows; i++) {
| ~~^~~~~~~~~~~~~~~~~~
fcsTextParse.cpp: In function ‘cpp11::sexp fcsTextParse(std::string, bool)’:
fcsTextParse.cpp:142:23: warning: comparison of integer expressions of different signedness: ‘int’ and ‘std::vector<std::pair<std::__cxx11::basic_string<char>, std::__cxx11::basic_string<char> > >::size_type’ {aka ‘long unsigned int’} [-Wsign-compare]
142 | for (int i = 0; i < pairs.size(); i++) {
| ~~^~~~~~~~~~~~~~
g++ -std=gnu++11 -I"/home/biocbuild/bbs-3.16-bioc/R/include" -DNDEBUG -I'/home/biocbuild/bbs-3.16-bioc/R/site-library/cpp11/include' -I'/home/biocbuild/bbs-3.16-bioc/R/site-library/BH/include' -I'/home/biocbuild/bbs-3.16-bioc/R/site-library/cytolib/include' -I'/home/biocbuild/bbs-3.16-bioc/R/site-library/RProtoBufLib/include' -I/usr/local/include -fpic -g -O2 -Wall -c hyperlogTransform.cpp -o hyperlogTransform.o
g++ -std=gnu++11 -I"/home/biocbuild/bbs-3.16-bioc/R/include" -DNDEBUG -I'/home/biocbuild/bbs-3.16-bioc/R/site-library/cpp11/include' -I'/home/biocbuild/bbs-3.16-bioc/R/site-library/BH/include' -I'/home/biocbuild/bbs-3.16-bioc/R/site-library/cytolib/include' -I'/home/biocbuild/bbs-3.16-bioc/R/site-library/RProtoBufLib/include' -I/usr/local/include -fpic -g -O2 -Wall -c inPolygon.cpp -o inPolygon.o
g++ -std=gnu++11 -I"/home/biocbuild/bbs-3.16-bioc/R/include" -DNDEBUG -I'/home/biocbuild/bbs-3.16-bioc/R/site-library/cpp11/include' -I'/home/biocbuild/bbs-3.16-bioc/R/site-library/BH/include' -I'/home/biocbuild/bbs-3.16-bioc/R/site-library/cytolib/include' -I'/home/biocbuild/bbs-3.16-bioc/R/site-library/RProtoBufLib/include' -I/usr/local/include -fpic -g -O2 -Wall -c inPolytope.cpp -o inPolytope.o
g++ -std=gnu++11 -I"/home/biocbuild/bbs-3.16-bioc/R/include" -DNDEBUG -I'/home/biocbuild/bbs-3.16-bioc/R/site-library/cpp11/include' -I'/home/biocbuild/bbs-3.16-bioc/R/site-library/BH/include' -I'/home/biocbuild/bbs-3.16-bioc/R/site-library/cytolib/include' -I'/home/biocbuild/bbs-3.16-bioc/R/site-library/RProtoBufLib/include' -I/usr/local/include -fpic -g -O2 -Wall -c logicleTransform.cpp -o logicleTransform.o
g++ -std=gnu++11 -I"/home/biocbuild/bbs-3.16-bioc/R/include" -DNDEBUG -I'/home/biocbuild/bbs-3.16-bioc/R/site-library/cpp11/include' -I'/home/biocbuild/bbs-3.16-bioc/R/site-library/BH/include' -I'/home/biocbuild/bbs-3.16-bioc/R/site-library/cytolib/include' -I'/home/biocbuild/bbs-3.16-bioc/R/site-library/RProtoBufLib/include' -I/usr/local/include -fpic -g -O2 -Wall -c poly_centroid.cpp -o poly_centroid.o
g++ -std=gnu++11 -I"/home/biocbuild/bbs-3.16-bioc/R/include" -DNDEBUG -I'/home/biocbuild/bbs-3.16-bioc/R/site-library/cpp11/include' -I'/home/biocbuild/bbs-3.16-bioc/R/site-library/BH/include' -I'/home/biocbuild/bbs-3.16-bioc/R/site-library/cytolib/include' -I'/home/biocbuild/bbs-3.16-bioc/R/site-library/RProtoBufLib/include' -I/usr/local/include -fpic -g -O2 -Wall -c sortBytes.cpp -o sortBytes.o
g++ -std=gnu++11 -I"/home/biocbuild/bbs-3.16-bioc/R/include" -DNDEBUG -I'/home/biocbuild/bbs-3.16-bioc/R/site-library/cpp11/include' -I'/home/biocbuild/bbs-3.16-bioc/R/site-library/BH/include' -I'/home/biocbuild/bbs-3.16-bioc/R/site-library/cytolib/include' -I'/home/biocbuild/bbs-3.16-bioc/R/site-library/RProtoBufLib/include' -I/usr/local/include -fpic -g -O2 -Wall -c uint2double.cpp -o uint2double.o
g++ -std=gnu++11 -I"/home/biocbuild/bbs-3.16-bioc/R/include" -DNDEBUG -I'/home/biocbuild/bbs-3.16-bioc/R/site-library/cpp11/include' -I'/home/biocbuild/bbs-3.16-bioc/R/site-library/BH/include' -I'/home/biocbuild/bbs-3.16-bioc/R/site-library/cytolib/include' -I'/home/biocbuild/bbs-3.16-bioc/R/site-library/RProtoBufLib/include' -I/usr/local/include -fpic -g -O2 -Wall -c zeroin.cpp -o zeroin.o
g++ -std=gnu++11 -shared -L/home/biocbuild/bbs-3.16-bioc/R/lib -L/usr/local/lib -o flowCore.so FastLogicle.o Hyperlog.o Logicle.o biexponential.o convertRawBytes.o cpp11.o fcsTextParse.o hyperlogTransform.o inPolygon.o inPolytope.o logicleTransform.o poly_centroid.o sortBytes.o uint2double.o zeroin.o /home/biocbuild/bbs-3.16-bioc/R/site-library/cytolib/lib/libcytolib.a -L/home/biocbuild/bbs-3.16-bioc/R/lib -lR
if [ `uname -s` = 'Darwin' ]; then install_name_tool -change /usr/local/clang4/lib/libc++.1.dylib /usr/lib/libc++.1.dylib flowCore.so; fi
installing to /home/biocbuild/bbs-3.16-bioc/R/site-library/00LOCK-flowCore/00new/flowCore/libs
** R
** data
** inst
** byte-compile and prepare package for lazy loading
** help
*** installing help indices
** building package indices
** installing vignettes
** testing if installed package can be loaded from temporary location
** checking absolute paths in shared objects and dynamic libraries
** testing if installed package can be loaded from final location
** testing if installed package keeps a record of temporary installation path
* DONE (flowCore)
flowCore.Rcheck/tests/testthat.Rout
R version 4.2.3 (2023-03-15) -- "Shortstop Beagle"
Copyright (C) 2023 The R Foundation for Statistical Computing
Platform: x86_64-pc-linux-gnu (64-bit)
R is free software and comes with ABSOLUTELY NO WARRANTY.
You are welcome to redistribute it under certain conditions.
Type 'license()' or 'licence()' for distribution details.
R is a collaborative project with many contributors.
Type 'contributors()' for more information and
'citation()' on how to cite R or R packages in publications.
Type 'demo()' for some demos, 'help()' for on-line help, or
'help.start()' for an HTML browser interface to help.
Type 'q()' to quit R.
> library(testthat)
> library(flowCore)
> library(flowStats)
Warning message:
replacing previous import 'flowViz::contour' by 'graphics::contour' when loading 'flowStats'
>
>
> test_check("flowCore")
Loading required package: BiocGenerics
Attaching package: 'BiocGenerics'
The following object is masked from 'package:flowStats':
normalize
The following object is masked from 'package:flowCore':
normalize
The following objects are masked from 'package:stats':
IQR, mad, sd, var, xtabs
The following objects are masked from 'package:base':
Filter, Find, Map, Position, Reduce, anyDuplicated, aperm, append,
as.data.frame, basename, cbind, colnames, dirname, do.call,
duplicated, eval, evalq, get, grep, grepl, intersect, is.unsorted,
lapply, mapply, match, mget, order, paste, pmax, pmax.int, pmin,
pmin.int, rank, rbind, rownames, sapply, setdiff, sort, table,
tapply, union, unique, unsplit, which.max, which.min
Welcome to Bioconductor
Vignettes contain introductory material; view with
'browseVignettes()'. To cite Bioconductor, see
'citation("Biobase")', and for packages 'citation("pkgname")'.
[ FAIL 0 | WARN 2 | SKIP 3 | PASS 334 ]
══ Skipped tests ═══════════════════════════════════════════════════════════════
• dir.exists(dataPath) is not TRUE (1)
• file.exists(filename) is not TRUE (2)
[ FAIL 0 | WARN 2 | SKIP 3 | PASS 334 ]
>
> #devtools::test("~/rglab/workspace/flowCore")
>
> proc.time()
user system elapsed
30.016 1.160 31.920
flowCore.Rcheck/flowCore-Ex.timings
| name | user | system | elapsed | |
| EHtrans-class | 0.037 | 0.009 | 0.047 | |
| FCSTransTransform | 1.425 | 0.021 | 1.446 | |
| Subset-methods | 0.221 | 0.000 | 0.221 | |
| arcsinhTransform | 0.046 | 0.000 | 0.046 | |
| asinht-class | 0.021 | 0.000 | 0.021 | |
| asinhtGml2-class | 0.021 | 0.000 | 0.022 | |
| biexponentialTransform | 3.386 | 0.048 | 3.434 | |
| boundaryFilter-class | 0.064 | 0.000 | 0.064 | |
| characterOrNumeric-class | 0.001 | 0.000 | 0.001 | |
| characterOrParameters-class | 0.001 | 0.000 | 0.001 | |
| characterOrTransformation-class | 0.001 | 0.000 | 0.001 | |
| coerce | 0.031 | 0.004 | 0.035 | |
| collapse_desc | 1.423 | 0.019 | 1.442 | |
| compensatedParameter-class | 0.091 | 0.000 | 0.092 | |
| compensation-class | 0.220 | 0.004 | 0.224 | |
| decompensate | 0.035 | 0.000 | 0.035 | |
| dg1polynomial-class | 0.016 | 0.000 | 0.016 | |
| each_col | 0.02 | 0.00 | 0.02 | |
| ellipsoidGate-class | 0.048 | 0.000 | 0.048 | |
| exponential-class | 0.016 | 0.000 | 0.016 | |
| expressionFilter-class | 0.067 | 0.000 | 0.067 | |
| filter-methods | 1.493 | 0.096 | 1.589 | |
| filter-on-methods | 0.079 | 0.036 | 0.115 | |
| filterList-class | 0.005 | 0.000 | 0.005 | |
| filterResult-class | 0.001 | 0.000 | 0.000 | |
| filterResultList-class | 4.804 | 0.200 | 5.005 | |
| filterSummary-class | 0.099 | 0.000 | 0.099 | |
| filterSummaryList-class | 1.394 | 0.000 | 1.394 | |
| flowFrame-class | 4.267 | 0.075 | 4.345 | |
| flowSet-class | 2.778 | 0.060 | 2.839 | |
| fr_append_cols | 1.26 | 0.02 | 1.28 | |
| fsApply | 0.091 | 0.008 | 0.099 | |
| getIndexSort | 0.017 | 0.000 | 0.017 | |
| hyperlog-class | 0.685 | 0.008 | 0.692 | |
| hyperlogtGml2-class | 0.021 | 0.000 | 0.021 | |
| identifier-methods | 0.015 | 0.000 | 0.015 | |
| inverseLogicleTransform | 1.292 | 0.012 | 1.305 | |
| invsplitscale-class | 0.019 | 0.000 | 0.019 | |
| keyword-methods | 1.299 | 0.012 | 1.311 | |
| kmeansFilter-class | 0.101 | 0.000 | 0.101 | |
| linearTransform | 0.024 | 0.000 | 0.024 | |
| lintGml2-class | 0.019 | 0.000 | 0.019 | |
| lnTransform | 1.616 | 0.008 | 1.624 | |
| logTransform | 0.03 | 0.00 | 0.03 | |
| logarithm-class | 0.015 | 0.004 | 0.019 | |
| logicalFilterResult-class | 0.001 | 0.000 | 0.001 | |
| logicleTransform | 1.293 | 0.004 | 1.297 | |
| logicletGml2-class | 0.029 | 0.000 | 0.029 | |
| logtGml2-class | 0.019 | 0.000 | 0.019 | |
| manyFilterResult-class | 0 | 0 | 0 | |
| markernames | 1.279 | 0.020 | 1.299 | |
| multipleFilterResult-class | 0.001 | 0.000 | 0.001 | |
| parameters-methods | 0.016 | 0.004 | 0.020 | |
| polygonGate-class | 0.052 | 0.004 | 0.056 | |
| quadGate-class | 0.514 | 0.064 | 0.578 | |
| quadratic-class | 0.019 | 0.000 | 0.019 | |
| quadraticTransform | 0.025 | 0.000 | 0.025 | |
| ratio-class | 0.024 | 0.000 | 0.024 | |
| ratiotGml2-class | 0.018 | 0.000 | 0.018 | |
| read.FCS | 0.059 | 0.000 | 0.059 | |
| read.FCSheader | 0.004 | 0.000 | 0.004 | |
| read.flowSet | 0.07 | 0.00 | 0.07 | |
| rectangleGate-class | 0.070 | 0.004 | 0.074 | |
| rotate_gate | 0 | 0 | 0 | |
| sampleFilter-class | 0.045 | 0.000 | 0.045 | |
| scaleTransform | 0.022 | 0.004 | 0.026 | |
| scale_gate | 0 | 0 | 0 | |
| shift_gate | 0 | 0 | 0 | |
| singleParameterTransform-class | 0.001 | 0.000 | 0.001 | |
| sinht-class | 0.02 | 0.00 | 0.02 | |
| split-methods | 1.491 | 0.020 | 1.511 | |
| splitScaleTransform | 1.627 | 0.016 | 1.643 | |
| splitscale-class | 0.019 | 0.000 | 0.019 | |
| squareroot-class | 0.019 | 0.000 | 0.019 | |
| timeFilter-class | 2.22 | 0.00 | 2.22 | |
| transform-class | 0.001 | 0.000 | 0.000 | |
| transform | 3.110 | 0.000 | 3.134 | |
| transformFilter-class | 0.099 | 0.004 | 0.102 | |
| transformList-class | 4.850 | 0.068 | 5.347 | |
| transformMap-class | 0.001 | 0.000 | 0.001 | |
| transform_gate | 0 | 0 | 0 | |
| truncateTransform | 0.084 | 0.000 | 0.083 | |
| unitytransform-class | 0.045 | 0.008 | 0.053 | |
| write.FCS | 0.111 | 0.004 | 0.115 | |
| write.flowSet | 4.614 | 0.020 | 4.636 | |