| Back to Multiple platform build/check report for BioC 3.16: simplified long |
|
This page was generated on 2023-04-12 11:05:29 -0400 (Wed, 12 Apr 2023).
| Hostname | OS | Arch (*) | R version | Installed pkgs |
|---|---|---|---|---|
| nebbiolo2 | Linux (Ubuntu 20.04.5 LTS) | x86_64 | 4.2.3 (2023-03-15) -- "Shortstop Beagle" | 4502 |
| palomino4 | Windows Server 2022 Datacenter | x64 | 4.2.3 (2023-03-15 ucrt) -- "Shortstop Beagle" | 4282 |
| lconway | macOS 12.5.1 Monterey | x86_64 | 4.2.3 (2023-03-15) -- "Shortstop Beagle" | 4310 |
| Click on any hostname to see more info about the system (e.g. compilers) (*) as reported by 'uname -p', except on Windows and Mac OS X | ||||
|
To the developers/maintainers of the contiBAIT package: - Please allow up to 24 hours (and sometimes 48 hours) for your latest push to git@git.bioconductor.org:packages/contiBAIT.git to reflect on this report. See How and When does the builder pull? When will my changes propagate? for more information. - Make sure to use the following settings in order to reproduce any error or warning you see on this page. |
| Package 408/2183 | Hostname | OS / Arch | INSTALL | BUILD | CHECK | BUILD BIN | ||||||||
| contiBAIT 1.26.0 (landing page) Kieran O'Neill
| nebbiolo2 | Linux (Ubuntu 20.04.5 LTS) / x86_64 | OK | OK | WARNINGS | |||||||||
| palomino4 | Windows Server 2022 Datacenter / x64 | OK | OK | WARNINGS | OK | |||||||||
| lconway | macOS 12.5.1 Monterey / x86_64 | OK | OK | WARNINGS | OK | |||||||||
| Package: contiBAIT |
| Version: 1.26.0 |
| Command: F:\biocbuild\bbs-3.16-bioc\R\bin\R.exe CMD check --no-multiarch --install=check:contiBAIT.install-out.txt --library=F:\biocbuild\bbs-3.16-bioc\R\library --no-vignettes --timings contiBAIT_1.26.0.tar.gz |
| StartedAt: 2023-04-11 00:21:18 -0400 (Tue, 11 Apr 2023) |
| EndedAt: 2023-04-11 00:27:00 -0400 (Tue, 11 Apr 2023) |
| EllapsedTime: 342.3 seconds |
| RetCode: 0 |
| Status: WARNINGS |
| CheckDir: contiBAIT.Rcheck |
| Warnings: 2 |
##############################################################################
##############################################################################
###
### Running command:
###
### F:\biocbuild\bbs-3.16-bioc\R\bin\R.exe CMD check --no-multiarch --install=check:contiBAIT.install-out.txt --library=F:\biocbuild\bbs-3.16-bioc\R\library --no-vignettes --timings contiBAIT_1.26.0.tar.gz
###
##############################################################################
##############################################################################
* using log directory 'F:/biocbuild/bbs-3.16-bioc/meat/contiBAIT.Rcheck'
* using R version 4.2.3 (2023-03-15 ucrt)
* using platform: x86_64-w64-mingw32 (64-bit)
* using session charset: UTF-8
* using option '--no-vignettes'
* checking for file 'contiBAIT/DESCRIPTION' ... OK
* checking extension type ... Package
* this is package 'contiBAIT' version '1.26.0'
* checking package namespace information ... OK
* checking package dependencies ... OK
* checking if this is a source package ... OK
* checking if there is a namespace ... OK
* checking for hidden files and directories ... OK
* checking for portable file names ... OK
* checking whether package 'contiBAIT' can be installed ... WARNING
Found the following significant warnings:
Warning: replacing previous import 'IRanges::windows' by 'grDevices::windows' when loading 'contiBAIT'
See 'F:/biocbuild/bbs-3.16-bioc/meat/contiBAIT.Rcheck/00install.out' for details.
* checking installed package size ... NOTE
installed size is 5.5Mb
sub-directories of 1Mb or more:
extdata 3.4Mb
* checking package directory ... OK
* checking 'build' directory ... OK
* checking DESCRIPTION meta-information ... OK
* checking top-level files ... OK
* checking for left-over files ... OK
* checking index information ... OK
* checking package subdirectories ... OK
* checking R files for non-ASCII characters ... OK
* checking R files for syntax errors ... OK
* checking whether the package can be loaded ... OK
* checking whether the package can be loaded with stated dependencies ... OK
* checking whether the package can be unloaded cleanly ... OK
* checking whether the namespace can be loaded with stated dependencies ... OK
* checking whether the namespace can be unloaded cleanly ... OK
* checking dependencies in R code ... OK
* checking S3 generic/method consistency ... OK
* checking replacement functions ... OK
* checking foreign function calls ... OK
* checking R code for possible problems ... NOTE
ideogramPlot.func: no visible binding for global variable 'w'
ideogramPlot.func: no visible binding for global variable 'w2'
makeChrTable: no visible global function definition for 'queryHits'
makeChrTable: no visible global function definition for 'subjectHits'
orderContigsGreedy: no visible global function definition for
'makeCluster'
orderContigsGreedy: no visible global function definition for
'clusterCall'
orderContigsGreedy: no visible global function definition for
'stopCluster'
strandSeqFreqTable: no visible global function definition for
'queryHits'
strandSeqFreqTable: no visible global function definition for
'subjectHits'
ideogramPlot,StrandReadMatrix-StrandReadMatrix-ChrTable: no visible
binding for global variable 'w'
ideogramPlot,StrandReadMatrix-StrandReadMatrix-ChrTable: no visible
binding for global variable 'w2'
Undefined global functions or variables:
clusterCall makeCluster queryHits stopCluster subjectHits w w2
* checking Rd files ... OK
* checking Rd metadata ... OK
* checking Rd cross-references ... OK
* checking for missing documentation entries ... OK
* checking for code/documentation mismatches ... OK
* checking Rd \usage sections ... WARNING
Documented arguments not in \usage in documentation object 'plotLGDistances,LinkageGroupList,StrandStateMatrix-method':
'...'
Functions with \usage entries need to have the appropriate \alias
entries, and all their arguments documented.
The \usage entries must correspond to syntactically valid R code.
See chapter 'Writing R documentation files' in the 'Writing R
Extensions' manual.
* checking Rd contents ... OK
* checking for unstated dependencies in examples ... OK
* checking contents of 'data' directory ... OK
* checking data for non-ASCII characters ... OK
* checking data for ASCII and uncompressed saves ... OK
* checking line endings in C/C++/Fortran sources/headers ... OK
* checking line endings in Makefiles ... OK
* checking compilation flags in Makevars ... OK
* checking for GNU extensions in Makefiles ... OK
* checking for portable use of $(BLAS_LIBS) and $(LAPACK_LIBS) ... OK
* checking use of PKG_*FLAGS in Makefiles ... OK
* checking compiled code ... NOTE
Note: information on .o files for x64 is not available
File 'F:/biocbuild/bbs-3.16-bioc/R/library/contiBAIT/libs/x64/contiBAIT.dll':
Found 'abort', possibly from 'abort' (C), 'runtime' (Fortran)
Found 'exit', possibly from 'exit' (C), 'stop' (Fortran)
Compiled code should not call entry points which might terminate R nor
write to stdout/stderr instead of to the console, nor use Fortran I/O
nor system RNGs. The detected symbols are linked into the code but
might come from libraries and not actually be called.
See 'Writing portable packages' in the 'Writing R Extensions' manual.
* checking sizes of PDF files under 'inst/doc' ... OK
* checking files in 'vignettes' ... OK
* checking examples ... OK
Examples with CPU (user + system) or elapsed time > 5s
user system elapsed
contiBAIT 4.67 0.23 5.22
* checking for unstated dependencies in vignettes ... OK
* checking package vignettes in 'inst/doc' ... OK
* checking running R code from vignettes ... SKIPPED
* checking re-building of vignette outputs ... SKIPPED
* checking PDF version of manual ... OK
* DONE
Status: 2 WARNINGs, 3 NOTEs
See
'F:/biocbuild/bbs-3.16-bioc/meat/contiBAIT.Rcheck/00check.log'
for details.
contiBAIT.Rcheck/00install.out
############################################################################## ############################################################################## ### ### Running command: ### ### F:\biocbuild\bbs-3.16-bioc\R\bin\R.exe CMD INSTALL contiBAIT ### ############################################################################## ############################################################################## * installing to library 'F:/biocbuild/bbs-3.16-bioc/R/library' * installing *source* package 'contiBAIT' ... ** using staged installation ** libs g++ -std=gnu++14 -I"F:/biocbuild/bbs-3.16-bioc/R/include" -DNDEBUG -I'F:/biocbuild/bbs-3.16-bioc/R/library/Rcpp/include' -I'F:/biocbuild/bbs-3.16-bioc/R/library/BH/include' -I"C:/rtools42/x86_64-w64-mingw32.static.posix/include" -O2 -Wall -mfpmath=sse -msse2 -mstackrealign -c buildLinkageGroups.cpp -o buildLinkageGroups.o g++ -std=gnu++14 -I"F:/biocbuild/bbs-3.16-bioc/R/include" -DNDEBUG -I'F:/biocbuild/bbs-3.16-bioc/R/library/Rcpp/include' -I'F:/biocbuild/bbs-3.16-bioc/R/library/BH/include' -I"C:/rtools42/x86_64-w64-mingw32.static.posix/include" -O2 -Wall -mfpmath=sse -msse2 -mstackrealign -c computeSim.cpp -o computeSim.o g++ -std=gnu++14 -I"F:/biocbuild/bbs-3.16-bioc/R/include" -DNDEBUG -I'F:/biocbuild/bbs-3.16-bioc/R/library/Rcpp/include' -I'F:/biocbuild/bbs-3.16-bioc/R/library/BH/include' -I"C:/rtools42/x86_64-w64-mingw32.static.posix/include" -O2 -Wall -mfpmath=sse -msse2 -mstackrealign -c orderContigsGreedy.cpp -o orderContigsGreedy.o g++ -std=gnu++14 -shared -s -static-libgcc -o contiBAIT.dll tmp.def buildLinkageGroups.o computeSim.o orderContigsGreedy.o -lm -LC:/rtools42/x86_64-w64-mingw32.static.posix/lib/x64 -LC:/rtools42/x86_64-w64-mingw32.static.posix/lib -LF:/biocbuild/bbs-3.16-bioc/R/bin/x64 -lR installing to F:/biocbuild/bbs-3.16-bioc/R/library/00LOCK-contiBAIT/00new/contiBAIT/libs/x64 ** R ** data ** inst ** byte-compile and prepare package for lazy loading Warning: replacing previous import 'IRanges::windows' by 'grDevices::windows' when loading 'contiBAIT' ** help *** installing help indices ** building package indices ** installing vignettes ** testing if installed package can be loaded from temporary location Warning: replacing previous import 'IRanges::windows' by 'grDevices::windows' when loading 'contiBAIT' ** testing if installed package can be loaded from final location Warning: replacing previous import 'IRanges::windows' by 'grDevices::windows' when loading 'contiBAIT' ** testing if installed package keeps a record of temporary installation path * DONE (contiBAIT)
contiBAIT.Rcheck/contiBAIT-Ex.timings
| name | user | system | elapsed | |
| BAIT | 0 | 0 | 0 | |
| ContigOrdering | 0 | 0 | 0 | |
| LibraryGroupList | 0.00 | 0.01 | 0.01 | |
| LinkageGroupList | 0 | 0 | 0 | |
| StrandFreqMatrix | 0.05 | 0.00 | 0.05 | |
| StrandReadMatrix | 0.00 | 0.02 | 0.02 | |
| StrandStateMatrix | 0 | 0 | 0 | |
| barplotLinkageGroupCalls-LinkageGroupList-ChrTable-method | 0.39 | 0.09 | 0.48 | |
| clusterContigs-StrandStateMatrix-method | 0.05 | 0.00 | 0.04 | |
| contiBAIT | 4.67 | 0.23 | 5.22 | |
| findSimilarLibraries | 0.63 | 0.00 | 0.62 | |
| ideogramPlot-StrandReadMatrix-StrandReadMatrix-ChrTable-method | 1.64 | 0.07 | 1.71 | |
| makeBoxPlot | 0.01 | 0.03 | 0.04 | |
| makeChrTable | 0.66 | 0.00 | 0.66 | |
| orderAllLinkageGroups | 0.39 | 0.01 | 0.41 | |
| plotContigOrder | 0.27 | 0.03 | 0.40 | |
| plotLGDistances-LinkageGroupList-StrandStateMatrix-method | 0.12 | 0.00 | 0.13 | |
| plotWCdistribution-StrandFreqMatrix-method | 0.17 | 0.00 | 0.17 | |
| preprocessStrandTable-StrandFreqMatrix-method | 0.14 | 0.00 | 0.15 | |
| reorientAndMergeLGs | 0.10 | 0.00 | 0.09 | |
| strandSeqFreqTable | 4.53 | 0.05 | 4.58 | |
| thoroughBed | 0.03 | 0.01 | 0.04 | |
| writeBed | 0 | 0 | 0 | |