| Back to Multiple platform build/check report for BioC 3.16: simplified long |
|
This page was generated on 2023-04-12 11:06:03 -0400 (Wed, 12 Apr 2023).
| Hostname | OS | Arch (*) | R version | Installed pkgs |
|---|---|---|---|---|
| nebbiolo2 | Linux (Ubuntu 20.04.5 LTS) | x86_64 | 4.2.3 (2023-03-15) -- "Shortstop Beagle" | 4502 |
| palomino4 | Windows Server 2022 Datacenter | x64 | 4.2.3 (2023-03-15 ucrt) -- "Shortstop Beagle" | 4282 |
| lconway | macOS 12.5.1 Monterey | x86_64 | 4.2.3 (2023-03-15) -- "Shortstop Beagle" | 4310 |
| Click on any hostname to see more info about the system (e.g. compilers) (*) as reported by 'uname -p', except on Windows and Mac OS X | ||||
|
To the developers/maintainers of the contiBAIT package: - Please allow up to 24 hours (and sometimes 48 hours) for your latest push to git@git.bioconductor.org:packages/contiBAIT.git to reflect on this report. See How and When does the builder pull? When will my changes propagate? for more information. - Make sure to use the following settings in order to reproduce any error or warning you see on this page. |
| Package 408/2183 | Hostname | OS / Arch | INSTALL | BUILD | CHECK | BUILD BIN | ||||||||
| contiBAIT 1.26.0 (landing page) Kieran O'Neill
| nebbiolo2 | Linux (Ubuntu 20.04.5 LTS) / x86_64 | OK | OK | WARNINGS | |||||||||
| palomino4 | Windows Server 2022 Datacenter / x64 | OK | OK | WARNINGS | OK | |||||||||
| lconway | macOS 12.5.1 Monterey / x86_64 | OK | OK | WARNINGS | OK | |||||||||
| Package: contiBAIT |
| Version: 1.26.0 |
| Command: /Library/Frameworks/R.framework/Resources/bin/R CMD check --install=check:contiBAIT.install-out.txt --library=/Library/Frameworks/R.framework/Resources/library --no-vignettes --timings contiBAIT_1.26.0.tar.gz |
| StartedAt: 2023-04-10 19:34:44 -0400 (Mon, 10 Apr 2023) |
| EndedAt: 2023-04-10 19:39:32 -0400 (Mon, 10 Apr 2023) |
| EllapsedTime: 288.2 seconds |
| RetCode: 0 |
| Status: WARNINGS |
| CheckDir: contiBAIT.Rcheck |
| Warnings: 1 |
##############################################################################
##############################################################################
###
### Running command:
###
### /Library/Frameworks/R.framework/Resources/bin/R CMD check --install=check:contiBAIT.install-out.txt --library=/Library/Frameworks/R.framework/Resources/library --no-vignettes --timings contiBAIT_1.26.0.tar.gz
###
##############################################################################
##############################################################################
* using log directory ‘/Users/biocbuild/bbs-3.16-bioc/meat/contiBAIT.Rcheck’
* using R version 4.2.3 (2023-03-15)
* using platform: x86_64-apple-darwin17.0 (64-bit)
* using session charset: UTF-8
* using option ‘--no-vignettes’
* checking for file ‘contiBAIT/DESCRIPTION’ ... OK
* checking extension type ... Package
* this is package ‘contiBAIT’ version ‘1.26.0’
* checking package namespace information ... OK
* checking package dependencies ... OK
* checking if this is a source package ... OK
* checking if there is a namespace ... OK
* checking for hidden files and directories ... OK
* checking for portable file names ... OK
* checking for sufficient/correct file permissions ... OK
* checking whether package ‘contiBAIT’ can be installed ... OK
* checking installed package size ... OK
* checking package directory ... OK
* checking ‘build’ directory ... OK
* checking DESCRIPTION meta-information ... OK
* checking top-level files ... OK
* checking for left-over files ... OK
* checking index information ... OK
* checking package subdirectories ... OK
* checking R files for non-ASCII characters ... OK
* checking R files for syntax errors ... OK
* checking whether the package can be loaded ... OK
* checking whether the package can be loaded with stated dependencies ... OK
* checking whether the package can be unloaded cleanly ... OK
* checking whether the namespace can be loaded with stated dependencies ... OK
* checking whether the namespace can be unloaded cleanly ... OK
* checking dependencies in R code ... OK
* checking S3 generic/method consistency ... OK
* checking replacement functions ... OK
* checking foreign function calls ... OK
* checking R code for possible problems ... NOTE
ideogramPlot.func: no visible binding for global variable ‘w’
ideogramPlot.func: no visible binding for global variable ‘w2’
makeChrTable: no visible global function definition for ‘queryHits’
makeChrTable: no visible global function definition for ‘subjectHits’
orderContigsGreedy: no visible global function definition for
‘makeCluster’
orderContigsGreedy: no visible global function definition for
‘clusterCall’
orderContigsGreedy: no visible global function definition for
‘stopCluster’
strandSeqFreqTable: no visible global function definition for
‘queryHits’
strandSeqFreqTable: no visible global function definition for
‘subjectHits’
ideogramPlot,StrandReadMatrix-StrandReadMatrix-ChrTable: no visible
binding for global variable ‘w’
ideogramPlot,StrandReadMatrix-StrandReadMatrix-ChrTable: no visible
binding for global variable ‘w2’
Undefined global functions or variables:
clusterCall makeCluster queryHits stopCluster subjectHits w w2
* checking Rd files ... OK
* checking Rd metadata ... OK
* checking Rd cross-references ... OK
* checking for missing documentation entries ... OK
* checking for code/documentation mismatches ... OK
* checking Rd \usage sections ... WARNING
Documented arguments not in \usage in documentation object 'plotLGDistances,LinkageGroupList,StrandStateMatrix-method':
‘...’
Functions with \usage entries need to have the appropriate \alias
entries, and all their arguments documented.
The \usage entries must correspond to syntactically valid R code.
See chapter ‘Writing R documentation files’ in the ‘Writing R
Extensions’ manual.
* checking Rd contents ... OK
* checking for unstated dependencies in examples ... OK
* checking contents of ‘data’ directory ... OK
* checking data for non-ASCII characters ... OK
* checking data for ASCII and uncompressed saves ... OK
* checking line endings in C/C++/Fortran sources/headers ... OK
* checking line endings in Makefiles ... OK
* checking compilation flags in Makevars ... OK
* checking for GNU extensions in Makefiles ... OK
* checking for portable use of $(BLAS_LIBS) and $(LAPACK_LIBS) ... OK
* checking use of PKG_*FLAGS in Makefiles ... OK
* checking compiled code ... NOTE
Note: information on .o files is not available
* checking sizes of PDF files under ‘inst/doc’ ... OK
* checking files in ‘vignettes’ ... OK
* checking examples ... OK
Examples with CPU (user + system) or elapsed time > 5s
user system elapsed
findSimilarLibraries 4.764 1.858 6.513
contiBAIT 5.133 1.291 6.341
* checking for unstated dependencies in vignettes ... OK
* checking package vignettes in ‘inst/doc’ ... OK
* checking running R code from vignettes ... SKIPPED
* checking re-building of vignette outputs ... SKIPPED
* checking PDF version of manual ... OK
* DONE
Status: 1 WARNING, 2 NOTEs
See
‘/Users/biocbuild/bbs-3.16-bioc/meat/contiBAIT.Rcheck/00check.log’
for details.
contiBAIT.Rcheck/00install.out
############################################################################## ############################################################################## ### ### Running command: ### ### /Library/Frameworks/R.framework/Resources/bin/R CMD INSTALL contiBAIT ### ############################################################################## ############################################################################## * installing to library ‘/Library/Frameworks/R.framework/Versions/4.2/Resources/library’ * installing *source* package ‘contiBAIT’ ... ** using staged installation ** libs clang++ -mmacosx-version-min=10.13 -std=gnu++14 -I"/Library/Frameworks/R.framework/Resources/include" -DNDEBUG -I'/Library/Frameworks/R.framework/Versions/4.2/Resources/library/Rcpp/include' -I'/Library/Frameworks/R.framework/Versions/4.2/Resources/library/BH/include' -I/usr/local/include -fPIC -Wall -g -O2 -c buildLinkageGroups.cpp -o buildLinkageGroups.o clang++ -mmacosx-version-min=10.13 -std=gnu++14 -I"/Library/Frameworks/R.framework/Resources/include" -DNDEBUG -I'/Library/Frameworks/R.framework/Versions/4.2/Resources/library/Rcpp/include' -I'/Library/Frameworks/R.framework/Versions/4.2/Resources/library/BH/include' -I/usr/local/include -fPIC -Wall -g -O2 -c computeSim.cpp -o computeSim.o clang++ -mmacosx-version-min=10.13 -std=gnu++14 -I"/Library/Frameworks/R.framework/Resources/include" -DNDEBUG -I'/Library/Frameworks/R.framework/Versions/4.2/Resources/library/Rcpp/include' -I'/Library/Frameworks/R.framework/Versions/4.2/Resources/library/BH/include' -I/usr/local/include -fPIC -Wall -g -O2 -c orderContigsGreedy.cpp -o orderContigsGreedy.o clang++ -mmacosx-version-min=10.13 -std=gnu++14 -dynamiclib -Wl,-headerpad_max_install_names -undefined dynamic_lookup -single_module -multiply_defined suppress -L/Library/Frameworks/R.framework/Resources/lib -L/usr/local/lib -o contiBAIT.so buildLinkageGroups.o computeSim.o orderContigsGreedy.o -lm -F/Library/Frameworks/R.framework/.. -framework R -Wl,-framework -Wl,CoreFoundation installing to /Library/Frameworks/R.framework/Versions/4.2/Resources/library/00LOCK-contiBAIT/00new/contiBAIT/libs ** R ** data ** inst ** byte-compile and prepare package for lazy loading ** help *** installing help indices ** building package indices ** installing vignettes ** testing if installed package can be loaded from temporary location ** checking absolute paths in shared objects and dynamic libraries ** testing if installed package can be loaded from final location ** testing if installed package keeps a record of temporary installation path * DONE (contiBAIT)
contiBAIT.Rcheck/contiBAIT-Ex.timings
| name | user | system | elapsed | |
| BAIT | 0 | 0 | 0 | |
| ContigOrdering | 0.001 | 0.000 | 0.001 | |
| LibraryGroupList | 0.007 | 0.000 | 0.008 | |
| LinkageGroupList | 0.001 | 0.001 | 0.000 | |
| StrandFreqMatrix | 0.020 | 0.003 | 0.024 | |
| StrandReadMatrix | 0.009 | 0.001 | 0.011 | |
| StrandStateMatrix | 0.002 | 0.000 | 0.002 | |
| barplotLinkageGroupCalls-LinkageGroupList-ChrTable-method | 0.491 | 0.020 | 0.513 | |
| clusterContigs-StrandStateMatrix-method | 0.020 | 0.002 | 0.021 | |
| contiBAIT | 5.133 | 1.291 | 6.341 | |
| findSimilarLibraries | 4.764 | 1.858 | 6.513 | |
| ideogramPlot-StrandReadMatrix-StrandReadMatrix-ChrTable-method | 1.408 | 0.156 | 1.571 | |
| makeBoxPlot | 0.024 | 0.005 | 0.030 | |
| makeChrTable | 0.500 | 0.011 | 0.513 | |
| orderAllLinkageGroups | 0.341 | 0.016 | 0.361 | |
| plotContigOrder | 0.246 | 0.015 | 0.266 | |
| plotLGDistances-LinkageGroupList-StrandStateMatrix-method | 0.078 | 0.007 | 0.086 | |
| plotWCdistribution-StrandFreqMatrix-method | 0.053 | 0.006 | 0.059 | |
| preprocessStrandTable-StrandFreqMatrix-method | 0.140 | 0.006 | 0.149 | |
| reorientAndMergeLGs | 0.070 | 0.003 | 0.073 | |
| strandSeqFreqTable | 3.190 | 0.056 | 3.275 | |
| thoroughBed | 0.035 | 0.002 | 0.038 | |
| writeBed | 0.000 | 0.000 | 0.001 | |