| Back to Multiple platform build/check report for BioC 3.16: simplified long |
|
This page was generated on 2023-04-12 11:05:53 -0400 (Wed, 12 Apr 2023).
| Hostname | OS | Arch (*) | R version | Installed pkgs |
|---|---|---|---|---|
| nebbiolo2 | Linux (Ubuntu 20.04.5 LTS) | x86_64 | 4.2.3 (2023-03-15) -- "Shortstop Beagle" | 4502 |
| palomino4 | Windows Server 2022 Datacenter | x64 | 4.2.3 (2023-03-15 ucrt) -- "Shortstop Beagle" | 4282 |
| lconway | macOS 12.5.1 Monterey | x86_64 | 4.2.3 (2023-03-15) -- "Shortstop Beagle" | 4310 |
| Click on any hostname to see more info about the system (e.g. compilers) (*) as reported by 'uname -p', except on Windows and Mac OS X | ||||
|
To the developers/maintainers of the SPLINTER package: - Please allow up to 24 hours (and sometimes 48 hours) for your latest push to git@git.bioconductor.org:packages/SPLINTER.git to reflect on this report. See How and When does the builder pull? When will my changes propagate? for more information. - Make sure to use the following settings in order to reproduce any error or warning you see on this page. |
| Package 1949/2183 | Hostname | OS / Arch | INSTALL | BUILD | CHECK | BUILD BIN | ||||||||
| SPLINTER 1.24.0 (landing page) Diana Low
| nebbiolo2 | Linux (Ubuntu 20.04.5 LTS) / x86_64 | OK | OK | OK | |||||||||
| palomino4 | Windows Server 2022 Datacenter / x64 | OK | OK | WARNINGS | OK | |||||||||
| lconway | macOS 12.5.1 Monterey / x86_64 | OK | OK | OK | OK | |||||||||
| Package: SPLINTER |
| Version: 1.24.0 |
| Command: F:\biocbuild\bbs-3.16-bioc\R\bin\R.exe CMD check --no-multiarch --install=check:SPLINTER.install-out.txt --library=F:\biocbuild\bbs-3.16-bioc\R\library --no-vignettes --timings SPLINTER_1.24.0.tar.gz |
| StartedAt: 2023-04-11 06:23:13 -0400 (Tue, 11 Apr 2023) |
| EndedAt: 2023-04-11 06:28:33 -0400 (Tue, 11 Apr 2023) |
| EllapsedTime: 320.0 seconds |
| RetCode: 0 |
| Status: WARNINGS |
| CheckDir: SPLINTER.Rcheck |
| Warnings: 1 |
##############################################################################
##############################################################################
###
### Running command:
###
### F:\biocbuild\bbs-3.16-bioc\R\bin\R.exe CMD check --no-multiarch --install=check:SPLINTER.install-out.txt --library=F:\biocbuild\bbs-3.16-bioc\R\library --no-vignettes --timings SPLINTER_1.24.0.tar.gz
###
##############################################################################
##############################################################################
* using log directory 'F:/biocbuild/bbs-3.16-bioc/meat/SPLINTER.Rcheck'
* using R version 4.2.3 (2023-03-15 ucrt)
* using platform: x86_64-w64-mingw32 (64-bit)
* using session charset: UTF-8
* using option '--no-vignettes'
* checking for file 'SPLINTER/DESCRIPTION' ... OK
* checking extension type ... Package
* this is package 'SPLINTER' version '1.24.0'
* package encoding: UTF-8
* checking package namespace information ... OK
* checking package dependencies ... OK
* checking if this is a source package ... OK
* checking if there is a namespace ... OK
* checking for hidden files and directories ... OK
* checking for portable file names ... OK
* checking whether package 'SPLINTER' can be installed ... WARNING
Found the following significant warnings:
Warning: replacing previous import 'IRanges::windows' by 'grDevices::windows' when loading 'SPLINTER'
See 'F:/biocbuild/bbs-3.16-bioc/meat/SPLINTER.Rcheck/00install.out' for details.
* checking installed package size ... OK
* checking package directory ... OK
* checking 'build' directory ... OK
* checking DESCRIPTION meta-information ... OK
* checking top-level files ... OK
* checking for left-over files ... OK
* checking index information ... OK
* checking package subdirectories ... OK
* checking R files for non-ASCII characters ... OK
* checking R files for syntax errors ... OK
* checking whether the package can be loaded ... OK
* checking whether the package can be loaded with stated dependencies ... OK
* checking whether the package can be unloaded cleanly ... OK
* checking whether the namespace can be loaded with stated dependencies ... OK
* checking whether the namespace can be unloaded cleanly ... OK
* checking dependencies in R code ... OK
* checking S3 generic/method consistency ... OK
* checking replacement functions ... OK
* checking foreign function calls ... OK
* checking R code for possible problems ... OK
* checking Rd files ... OK
* checking Rd metadata ... OK
* checking Rd cross-references ... OK
* checking for missing documentation entries ... OK
* checking for code/documentation mismatches ... OK
* checking Rd \usage sections ... OK
* checking Rd contents ... OK
* checking for unstated dependencies in examples ... OK
* checking contents of 'data' directory ... OK
* checking data for non-ASCII characters ... OK
* checking LazyData ... OK
* checking data for ASCII and uncompressed saves ... OK
* checking sizes of PDF files under 'inst/doc' ... OK
* checking files in 'vignettes' ... OK
* checking examples ... OK
Examples with CPU (user + system) or elapsed time > 5s
user system elapsed
eventPlot 12.09 0.11 12.2
getPCRsizes 8.11 0.06 8.2
* checking for unstated dependencies in vignettes ... OK
* checking package vignettes in 'inst/doc' ... OK
* checking running R code from vignettes ... SKIPPED
* checking re-building of vignette outputs ... SKIPPED
* checking PDF version of manual ... OK
* DONE
Status: 1 WARNING
See
'F:/biocbuild/bbs-3.16-bioc/meat/SPLINTER.Rcheck/00check.log'
for details.
SPLINTER.Rcheck/00install.out
############################################################################## ############################################################################## ### ### Running command: ### ### F:\biocbuild\bbs-3.16-bioc\R\bin\R.exe CMD INSTALL SPLINTER ### ############################################################################## ############################################################################## * installing to library 'F:/biocbuild/bbs-3.16-bioc/R/library' * installing *source* package 'SPLINTER' ... ** using staged installation ** R ** data *** moving datasets to lazyload DB ** inst ** byte-compile and prepare package for lazy loading Warning: replacing previous import 'IRanges::windows' by 'grDevices::windows' when loading 'SPLINTER' ** help *** installing help indices ** building package indices ** installing vignettes ** testing if installed package can be loaded from temporary location Warning: replacing previous import 'IRanges::windows' by 'grDevices::windows' when loading 'SPLINTER' ** testing if installed package can be loaded from final location Warning: replacing previous import 'IRanges::windows' by 'grDevices::windows' when loading 'SPLINTER' ** testing if installed package keeps a record of temporary installation path * DONE (SPLINTER)
SPLINTER.Rcheck/SPLINTER-Ex.timings
| name | user | system | elapsed | |
| acceptor.m | 0 | 0 | 0 | |
| addEnsemblAnnotation | 0.02 | 0.00 | 0.02 | |
| callPrimer3 | 0 | 0 | 0 | |
| checkPrimer | 0.09 | 0.00 | 0.09 | |
| compatible_cds | 0 | 0 | 0 | |
| compatible_tx | 0 | 0 | 0 | |
| donor.m | 0 | 0 | 0 | |
| eventOutcomeCompare | 1.42 | 0.07 | 1.51 | |
| eventOutcomeTranslate | 0.39 | 0.05 | 0.46 | |
| eventPlot | 12.09 | 0.11 | 12.20 | |
| extendROI | 0.72 | 0.00 | 0.72 | |
| extractSpliceEvents | 0 | 0 | 0 | |
| extractSpliceSites | 0.10 | 0.00 | 0.09 | |
| findCompatibleEvents | 0.37 | 0.00 | 0.38 | |
| findCompatibleExon | 0.19 | 0.00 | 0.18 | |
| findTX | 0.03 | 0.00 | 0.04 | |
| getPCRsizes | 8.11 | 0.06 | 8.20 | |
| getRegionDNA | 0.48 | 0.03 | 0.51 | |
| insertRegion | 0.22 | 0.00 | 0.22 | |
| makeROI | 0.27 | 0.00 | 0.27 | |
| makeUniqueIDs | 0 | 0 | 0 | |
| pcr_result1 | 0.00 | 0.02 | 0.01 | |
| plot_seqlogo | 0.05 | 0.00 | 0.05 | |
| primers | 0 | 0 | 0 | |
| psiPlot | 0.25 | 0.03 | 0.28 | |
| region_minus_exon | 0 | 0 | 0 | |
| roi | 0.01 | 0.00 | 0.02 | |
| shapiroAcceptor | 0.58 | 0.05 | 0.62 | |
| shapiroDonor | 0.42 | 0.01 | 0.44 | |
| splice_data | 0 | 0 | 0 | |
| splice_fasta | 0 | 0 | 0 | |
| splitPCRhit | 0 | 0 | 0 | |
| thecds | 0.00 | 0.02 | 0.02 | |
| theexons | 0 | 0 | 0 | |
| valid_cds | 0 | 0 | 0 | |
| valid_tx | 0 | 0 | 0 | |