| Back to Multiple platform build/check report for BioC 3.16: simplified long |
|
This page was generated on 2023-04-12 11:05:38 -0400 (Wed, 12 Apr 2023).
| Hostname | OS | Arch (*) | R version | Installed pkgs |
|---|---|---|---|---|
| nebbiolo2 | Linux (Ubuntu 20.04.5 LTS) | x86_64 | 4.2.3 (2023-03-15) -- "Shortstop Beagle" | 4502 |
| palomino4 | Windows Server 2022 Datacenter | x64 | 4.2.3 (2023-03-15 ucrt) -- "Shortstop Beagle" | 4282 |
| lconway | macOS 12.5.1 Monterey | x86_64 | 4.2.3 (2023-03-15) -- "Shortstop Beagle" | 4310 |
| Click on any hostname to see more info about the system (e.g. compilers) (*) as reported by 'uname -p', except on Windows and Mac OS X | ||||
|
To the developers/maintainers of the M3Drop package: - Please allow up to 24 hours (and sometimes 48 hours) for your latest push to git@git.bioconductor.org:packages/M3Drop.git to reflect on this report. See How and When does the builder pull? When will my changes propagate? for more information. - Make sure to use the following settings in order to reproduce any error or warning you see on this page. |
| Package 1068/2183 | Hostname | OS / Arch | INSTALL | BUILD | CHECK | BUILD BIN | ||||||||
| M3Drop 1.24.0 (landing page) Tallulah Andrews
| nebbiolo2 | Linux (Ubuntu 20.04.5 LTS) / x86_64 | OK | OK | WARNINGS | |||||||||
| palomino4 | Windows Server 2022 Datacenter / x64 | OK | OK | WARNINGS | OK | |||||||||
| lconway | macOS 12.5.1 Monterey / x86_64 | OK | OK | WARNINGS | OK | |||||||||
| Package: M3Drop |
| Version: 1.24.0 |
| Command: F:\biocbuild\bbs-3.16-bioc\R\bin\R.exe CMD check --no-multiarch --install=check:M3Drop.install-out.txt --library=F:\biocbuild\bbs-3.16-bioc\R\library --no-vignettes --timings M3Drop_1.24.0.tar.gz |
| StartedAt: 2023-04-11 02:52:33 -0400 (Tue, 11 Apr 2023) |
| EndedAt: 2023-04-11 02:58:47 -0400 (Tue, 11 Apr 2023) |
| EllapsedTime: 374.6 seconds |
| RetCode: 0 |
| Status: WARNINGS |
| CheckDir: M3Drop.Rcheck |
| Warnings: 1 |
##############################################################################
##############################################################################
###
### Running command:
###
### F:\biocbuild\bbs-3.16-bioc\R\bin\R.exe CMD check --no-multiarch --install=check:M3Drop.install-out.txt --library=F:\biocbuild\bbs-3.16-bioc\R\library --no-vignettes --timings M3Drop_1.24.0.tar.gz
###
##############################################################################
##############################################################################
* using log directory 'F:/biocbuild/bbs-3.16-bioc/meat/M3Drop.Rcheck'
* using R version 4.2.3 (2023-03-15 ucrt)
* using platform: x86_64-w64-mingw32 (64-bit)
* using session charset: UTF-8
* using option '--no-vignettes'
* checking for file 'M3Drop/DESCRIPTION' ... OK
* this is package 'M3Drop' version '1.24.0'
* checking package namespace information ... OK
* checking package dependencies ... OK
* checking if this is a source package ... OK
* checking if there is a namespace ... OK
* checking for hidden files and directories ... OK
* checking for portable file names ... OK
* checking whether package 'M3Drop' can be installed ... OK
* checking installed package size ... OK
* checking package directory ... OK
* checking 'build' directory ... OK
* checking DESCRIPTION meta-information ... OK
* checking top-level files ... OK
* checking for left-over files ... OK
* checking index information ... OK
* checking package subdirectories ... OK
* checking R files for non-ASCII characters ... OK
* checking R files for syntax errors ... OK
* checking whether the package can be loaded ... OK
* checking whether the package can be loaded with stated dependencies ... OK
* checking whether the package can be unloaded cleanly ... OK
* checking whether the namespace can be loaded with stated dependencies ... OK
* checking whether the namespace can be unloaded cleanly ... OK
* checking dependencies in R code ... WARNING
Package in Depends field not imported from: 'numDeriv'
These packages need to be imported from (in the NAMESPACE file)
for when this namespace is loaded but not attached.
Missing or unexported object: 'scater::exprs'
* checking S3 generic/method consistency ... OK
* checking replacement functions ... OK
* checking foreign function calls ... OK
* checking R code for possible problems ... NOTE
M3DropConvertData: no visible global function definition for 'assays'
NBumiConvertData: no visible global function definition for 'assays'
bg__filter_cells: no visible binding for global variable 'x'
bg__get_extreme_residuals: no visible binding for global variable 'x'
Undefined global functions or variables:
assays x
* checking Rd files ... NOTE
prepare_Rd: NBumi_FSOther.Rd:8-10: Dropping empty section \usage
prepare_Rd: NBumi_TradDE.Rd:7-8: Dropping empty section \usage
* checking Rd metadata ... OK
* checking Rd cross-references ... OK
* checking for missing documentation entries ... OK
* checking for code/documentation mismatches ... OK
* checking Rd \usage sections ... OK
* checking Rd contents ... OK
* checking for unstated dependencies in examples ... OK
* checking sizes of PDF files under 'inst/doc' ... OK
* checking files in 'vignettes' ... OK
* checking examples ... OK
Examples with CPU (user + system) or elapsed time > 5s
user system elapsed
NewSimulations 124.91 1.92 126.83
Imputation 70.40 0.34 70.75
M3D_getmarkers 34.78 0.57 35.36
* checking for unstated dependencies in vignettes ... OK
* checking package vignettes in 'inst/doc' ... OK
* checking running R code from vignettes ... SKIPPED
* checking re-building of vignette outputs ... SKIPPED
* checking PDF version of manual ... OK
* DONE
Status: 1 WARNING, 2 NOTEs
See
'F:/biocbuild/bbs-3.16-bioc/meat/M3Drop.Rcheck/00check.log'
for details.
M3Drop.Rcheck/00install.out
############################################################################## ############################################################################## ### ### Running command: ### ### F:\biocbuild\bbs-3.16-bioc\R\bin\R.exe CMD INSTALL M3Drop ### ############################################################################## ############################################################################## * installing to library 'F:/biocbuild/bbs-3.16-bioc/R/library' * installing *source* package 'M3Drop' ... ** using staged installation ** R ** inst ** byte-compile and prepare package for lazy loading ** help *** installing help indices ** building package indices ** installing vignettes ** testing if installed package can be loaded from temporary location ** testing if installed package can be loaded from final location ** testing if installed package keeps a record of temporary installation path * DONE (M3Drop)
M3Drop.Rcheck/M3Drop-Ex.timings
| name | user | system | elapsed | |
| Brennecke_getVariableGenes | 3.54 | 0.21 | 3.83 | |
| Consensus_FS | 0.25 | 0.03 | 0.28 | |
| Fitting_Dropout_Models | 0 | 0 | 0 | |
| Imputation | 70.40 | 0.34 | 70.75 | |
| M3D_Clean_Data | 1.63 | 0.16 | 1.80 | |
| M3D_ConverData | 4.51 | 0.33 | 4.90 | |
| M3D_Differential_Expression | 2.00 | 0.04 | 2.05 | |
| M3D_Dropout_Models | 1.01 | 0.05 | 1.06 | |
| M3D_Expression_Heatmap | 0.46 | 0.02 | 0.48 | |
| M3D_Get_Extremes | 2.26 | 0.06 | 2.33 | |
| M3D_Get_Heatmap_Cell_Clusters | 0.46 | 0.00 | 0.45 | |
| M3D_Simulations | 0 | 0 | 0 | |
| M3D_Test_Shift | 0.57 | 0.08 | 0.66 | |
| M3D_ThreeSet_Venn | 0.32 | 0.00 | 0.31 | |
| M3D_TraditionalDE | 0 | 0 | 0 | |
| M3D_getmarkers | 34.78 | 0.57 | 35.36 | |
| M3D_horz_res | 0 | 0 | 0 | |
| NBumi_CheckFit | 2.02 | 0.10 | 2.11 | |
| NBumi_CoExpression | 0.70 | 0.01 | 0.72 | |
| NBumi_CompareModels | 3.24 | 0.19 | 3.42 | |
| NBumi_ConvertToInteger | 0.01 | 0.00 | 0.01 | |
| NBumi_ConvrtData | 0.36 | 0.02 | 0.38 | |
| NBumi_FSDrop | 1.02 | 0.03 | 1.05 | |
| NBumi_FSHighVar | 0.68 | 0.05 | 0.73 | |
| NBumi_FSOther | 0.02 | 0.00 | 0.02 | |
| NBumi_FitDisp | 0 | 0 | 0 | |
| NBumi_FitDispVsMean | 0.45 | 0.01 | 0.46 | |
| NBumi_FitModel | 1.19 | 0.03 | 1.22 | |
| NBumi_HVG | 1.37 | 0.02 | 1.39 | |
| NBumi_TradDE | 0 | 0 | 0 | |
| NewSimulations | 124.91 | 1.92 | 126.83 | |
| Other_FS | 1.59 | 0.09 | 1.69 | |
| PoissonUMIFeatureSelectionDropouts | 0.63 | 0.00 | 0.62 | |
| bg__fit_gamma | 0 | 0 | 0 | |
| bg__get_stats | 0 | 0 | 0 | |
| bg__mean2disp | 0 | 0 | 0 | |
| bg__shift_size | 0 | 0 | 0 | |
| bg__var_vs_drop | 0 | 0 | 0 | |